{"id":199965,"date":"2011-09-15T11:49:00","date_gmt":"2011-09-15T11:49:00","guid":{"rendered":"https:\/\/admin.industriall-union.org\/archive\/imf\/greve-de-solidarite-dans-trois-usines-suzuki-pour-maruti-suzuki\/"},"modified":"2025-01-31T09:04:29","modified_gmt":"2025-01-31T09:04:29","slug":"greve-de-solidarite-dans-trois-usines-suzuki-pour-maruti-suzuki","status":"publish","type":"archive_imf","link":"https:\/\/admin.industriall-union.org\/fr\/archive\/imf\/greve-de-solidarite-dans-trois-usines-suzuki-pour-maruti-suzuki\/","title":{"rendered":"Gr\u00e8ve de solidarit\u00e9 dans trois usines Suzuki pour Maruti-Suzuki"},"content":{"rendered":"<p>INDE: Les gr\u00e9vistes exigent un r\u00e8glement rapide du conflit \u00e0 l&#8217;usine MSIL qui fabrique des voitures. Ils veulent aussi obtenir la r\u00e9gularisation du personnel temporaire qui travaille depuis plus de quatre ans, ainsi que les hausses salariales aff\u00e9rentes. Suzuki Powertrain emploie plus de 3.000 personnes dans son usine \u00e0 Manesar qui fabrique des moteurs diesel et des transmissions pour MSI. Suzuki Castings emploie environ 1.000 personnes et Suzuki Motorcycles India 2.000 personnes dans leurs usines respectives. <\/p><p>Le 13 septembre, la direction de MSIL a annonc\u00e9 avoir embauch\u00e9 une centaine de personnes \u00e0 titre permanent pour remplacer les salari\u00e9s qui avaient refus\u00e9 de signer le pacte de bonne conduite. L&#8217;entreprise reste inflexible et refuse d&#8217;engager un dialogue avec la main-d&#8217;\u0153uvre. Les salari\u00e9s doivent signer le pacte de bonne conduite avant d&#8217;\u00eatre admis \u00e0 p\u00e9n\u00e9trer dans les locaux de l&#8217;entreprise. MSIL continue de recruter du personnel.\u00a0 Le m\u00eame jour, l&#8217;entreprise a licenci\u00e9 cinq autres salari\u00e9s en les accusant d&#8217;avoir agress\u00e9 trois contrema\u00eetres et un travailleur. Il y a maintenant eu 28 licenciements\u00a0 et 34 suspensions. <\/p><p>Le 12 septembre, environ 2.500 salari\u00e9s de MSIL et 50 \u00e9tudiants de l&#8217;Universit\u00e9 Jawaharlal Nehru se sont rassembl\u00e9s devant le sous-secr\u00e9tariat du gouvernement de l&#8217;\u00c9tat de Haryana \u00e0\u00a0 Gurgaon. Une rencontre a eu lieu avec M. V.K. Hooda, commissaire adjoint additionnel de\u00a0 Haryana, lequel a pris note de leurs revendications. Les salari\u00e9s sont pr\u00eats \u00e0 reprendre le travail si les conditions suivantes sont remplies: <\/p><ul><li>Retrait du &#8216;pacte de bonne conduite&#8217; <\/li><li>R\u00e9int\u00e9gration de toutes les personnes licenci\u00e9es et suspendues, et annulation de tous les chefs d&#8217;accusation <\/li><li>Acceptation du nouveau syndicat <\/li><\/ul>Un fait nouveau apparent\u00e9 a eu lieu le 13 septembre quand les salari\u00e9s de l&#8217;usine de Manesar du fabricant de composants automobiles Munjal Showa Ltd, ont d\u00e9cid\u00e9 \u00e9galement d&#8217;avoir recours \u00e0 la gr\u00e8ve pour exiger la r\u00e9gularisation des travailleurs et travailleuses pr\u00e9caires apr\u00e8s cinq ans de formation, ainsi que certaines mesures de protection sociale. Un accord entre le personnel de production et la direction a \u00e9t\u00e9 conclu le m\u00eame jour dans la soir\u00e9e. <br \/><br \/>  ","protected":false},"featured_media":0,"template":"","class_list":["post-199965","archive_imf","type-archive_imf","status-publish","hentry"],"acf":[],"yoast_head":"<!-- This site is optimized with the Yoast SEO Premium plugin v27.1 (Yoast SEO v27.1) - https:\/\/yoast.com\/product\/yoast-seo-premium-wordpress\/ -->\n<title>Gr\u00e8ve de solidarit\u00e9 dans trois usines Suzuki pour Maruti-Suzuki - industriall-union<\/title>\n<meta name=\"robots\" content=\"index, follow, max-snippet:-1, max-image-preview:large, max-video-preview:-1\" \/>\n<link rel=\"canonical\" href=\"https:\/\/admin.industriall-union.org\/fr\/archive\/imf\/greve-de-solidarite-dans-trois-usines-suzuki-pour-maruti-suzuki\/\" \/>\n<meta property=\"og:locale\" content=\"fr_FR\" \/>\n<meta property=\"og:type\" content=\"article\" \/>\n<meta property=\"og:title\" content=\"Gr\u00e8ve de solidarit\u00e9 dans trois usines Suzuki pour Maruti-Suzuki\" \/>\n<meta property=\"og:description\" content=\"INDE: Les gr\u00e9vistes exigent un r\u00e8glement rapide du conflit \u00e0 l&#8217;usine MSIL qui fabrique des voitures. Ils veulent aussi obtenir la r\u00e9gularisation du personnel temporaire qui travaille depuis plus de quatre ans, ainsi que les hausses salariales aff\u00e9rentes. Suzuki Powertrain emploie plus de 3.000 personnes dans son usine \u00e0 Manesar qui fabrique des moteurs diesel [&hellip;]\" \/>\n<meta property=\"og:url\" content=\"https:\/\/admin.industriall-union.org\/fr\/archive\/imf\/greve-de-solidarite-dans-trois-usines-suzuki-pour-maruti-suzuki\/\" \/>\n<meta property=\"og:site_name\" content=\"industriall-union\" \/>\n<meta property=\"article:modified_time\" content=\"2025-01-31T09:04:29+00:00\" \/>\n<meta name=\"twitter:card\" content=\"summary_large_image\" \/>\n<meta name=\"twitter:label1\" content=\"Est. reading time\" \/>\n\t<meta name=\"twitter:data1\" content=\"2 minutes\" \/>\n<script type=\"application\/ld+json\" class=\"yoast-schema-graph\">{\"@context\":\"https:\/\/schema.org\",\"@graph\":[{\"@type\":\"WebPage\",\"@id\":\"https:\/\/admin.industriall-union.org\/fr\/archive\/imf\/greve-de-solidarite-dans-trois-usines-suzuki-pour-maruti-suzuki\/\",\"url\":\"https:\/\/admin.industriall-union.org\/fr\/archive\/imf\/greve-de-solidarite-dans-trois-usines-suzuki-pour-maruti-suzuki\/\",\"name\":\"Gr\u00e8ve de solidarit\u00e9 dans trois usines Suzuki pour Maruti-Suzuki - industriall-union\",\"isPartOf\":{\"@id\":\"https:\/\/admin.industriall-union.org\/#website\"},\"datePublished\":\"2011-09-15T11:49:00+00:00\",\"dateModified\":\"2025-01-31T09:04:29+00:00\",\"breadcrumb\":{\"@id\":\"https:\/\/admin.industriall-union.org\/fr\/archive\/imf\/greve-de-solidarite-dans-trois-usines-suzuki-pour-maruti-suzuki\/#breadcrumb\"},\"inLanguage\":\"fr-FR\",\"potentialAction\":[{\"@type\":\"ReadAction\",\"target\":[\"https:\/\/admin.industriall-union.org\/fr\/archive\/imf\/greve-de-solidarite-dans-trois-usines-suzuki-pour-maruti-suzuki\/\"]}]},{\"@type\":\"BreadcrumbList\",\"@id\":\"https:\/\/admin.industriall-union.org\/fr\/archive\/imf\/greve-de-solidarite-dans-trois-usines-suzuki-pour-maruti-suzuki\/#breadcrumb\",\"itemListElement\":[{\"@type\":\"ListItem\",\"position\":1,\"name\":\"Home\",\"item\":\"https:\/\/admin.industriall-union.org\/\"},{\"@type\":\"ListItem\",\"position\":2,\"name\":\"Archive Imf\",\"item\":\"https:\/\/admin.industriall-union.org\/es\/archive\/imf\/\"},{\"@type\":\"ListItem\",\"position\":3,\"name\":\"Gr\u00e8ve de solidarit\u00e9 dans trois usines Suzuki pour Maruti-Suzuki\"}]},{\"@type\":\"WebSite\",\"@id\":\"https:\/\/admin.industriall-union.org\/#website\",\"url\":\"https:\/\/admin.industriall-union.org\/\",\"name\":\"industriall-union\",\"description\":\"\",\"potentialAction\":[{\"@type\":\"SearchAction\",\"target\":{\"@type\":\"EntryPoint\",\"urlTemplate\":\"https:\/\/admin.industriall-union.org\/?s={search_term_string}\"},\"query-input\":{\"@type\":\"PropertyValueSpecification\",\"valueRequired\":true,\"valueName\":\"search_term_string\"}}],\"inLanguage\":\"fr-FR\"}]}<\/script>\n<!-- \/ Yoast SEO Premium plugin. -->","yoast_head_json":{"title":"Gr\u00e8ve de solidarit\u00e9 dans trois usines Suzuki pour Maruti-Suzuki - industriall-union","robots":{"index":"index","follow":"follow","max-snippet":"max-snippet:-1","max-image-preview":"max-image-preview:large","max-video-preview":"max-video-preview:-1"},"canonical":"https:\/\/admin.industriall-union.org\/fr\/archive\/imf\/greve-de-solidarite-dans-trois-usines-suzuki-pour-maruti-suzuki\/","og_locale":"fr_FR","og_type":"article","og_title":"Gr\u00e8ve de solidarit\u00e9 dans trois usines Suzuki pour Maruti-Suzuki","og_description":"INDE: Les gr\u00e9vistes exigent un r\u00e8glement rapide du conflit \u00e0 l&#8217;usine MSIL qui fabrique des voitures. Ils veulent aussi obtenir la r\u00e9gularisation du personnel temporaire qui travaille depuis plus de quatre ans, ainsi que les hausses salariales aff\u00e9rentes. Suzuki Powertrain emploie plus de 3.000 personnes dans son usine \u00e0 Manesar qui fabrique des moteurs diesel [&hellip;]","og_url":"https:\/\/admin.industriall-union.org\/fr\/archive\/imf\/greve-de-solidarite-dans-trois-usines-suzuki-pour-maruti-suzuki\/","og_site_name":"industriall-union","article_modified_time":"2025-01-31T09:04:29+00:00","twitter_card":"summary_large_image","twitter_misc":{"Est. reading time":"2 minutes"},"schema":{"@context":"https:\/\/schema.org","@graph":[{"@type":"WebPage","@id":"https:\/\/admin.industriall-union.org\/fr\/archive\/imf\/greve-de-solidarite-dans-trois-usines-suzuki-pour-maruti-suzuki\/","url":"https:\/\/admin.industriall-union.org\/fr\/archive\/imf\/greve-de-solidarite-dans-trois-usines-suzuki-pour-maruti-suzuki\/","name":"Gr\u00e8ve de solidarit\u00e9 dans trois usines Suzuki pour Maruti-Suzuki - industriall-union","isPartOf":{"@id":"https:\/\/admin.industriall-union.org\/#website"},"datePublished":"2011-09-15T11:49:00+00:00","dateModified":"2025-01-31T09:04:29+00:00","breadcrumb":{"@id":"https:\/\/admin.industriall-union.org\/fr\/archive\/imf\/greve-de-solidarite-dans-trois-usines-suzuki-pour-maruti-suzuki\/#breadcrumb"},"inLanguage":"fr-FR","potentialAction":[{"@type":"ReadAction","target":["https:\/\/admin.industriall-union.org\/fr\/archive\/imf\/greve-de-solidarite-dans-trois-usines-suzuki-pour-maruti-suzuki\/"]}]},{"@type":"BreadcrumbList","@id":"https:\/\/admin.industriall-union.org\/fr\/archive\/imf\/greve-de-solidarite-dans-trois-usines-suzuki-pour-maruti-suzuki\/#breadcrumb","itemListElement":[{"@type":"ListItem","position":1,"name":"Home","item":"https:\/\/admin.industriall-union.org\/"},{"@type":"ListItem","position":2,"name":"Archive Imf","item":"https:\/\/admin.industriall-union.org\/es\/archive\/imf\/"},{"@type":"ListItem","position":3,"name":"Gr\u00e8ve de solidarit\u00e9 dans trois usines Suzuki pour Maruti-Suzuki"}]},{"@type":"WebSite","@id":"https:\/\/admin.industriall-union.org\/#website","url":"https:\/\/admin.industriall-union.org\/","name":"industriall-union","description":"","potentialAction":[{"@type":"SearchAction","target":{"@type":"EntryPoint","urlTemplate":"https:\/\/admin.industriall-union.org\/?s={search_term_string}"},"query-input":{"@type":"PropertyValueSpecification","valueRequired":true,"valueName":"search_term_string"}}],"inLanguage":"fr-FR"}]}},"_links":{"self":[{"href":"https:\/\/admin.industriall-union.org\/fr\/wp-json\/wp\/v2\/archive_imf\/199965","targetHints":{"allow":["GET"]}}],"collection":[{"href":"https:\/\/admin.industriall-union.org\/fr\/wp-json\/wp\/v2\/archive_imf"}],"about":[{"href":"https:\/\/admin.industriall-union.org\/fr\/wp-json\/wp\/v2\/types\/archive_imf"}],"wp:attachment":[{"href":"https:\/\/admin.industriall-union.org\/fr\/wp-json\/wp\/v2\/media?parent=199965"}],"curies":[{"name":"wp","href":"https:\/\/api.w.org\/{rel}","templated":true}]}}

Grève de solidarité dans trois usines Suzuki pour Maruti-Suzuki

<p>INDE: Les grévistes exigent un règlement rapide du conflit à l&#8217;usine MSIL qui fabrique des voitures. Ils veulent aussi obtenir la régularisation du personnel temporaire qui travaille depuis plus de quatre ans, ainsi que les hausses salariales afférentes. Suzuki Powertrain emploie plus de 3.000 personnes dans son usine à Manesar qui fabrique des moteurs diesel et des transmissions pour MSI. Suzuki Castings emploie environ 1.000 personnes et Suzuki Motorcycles India 2.000 personnes dans leurs usines respectives. </p><p>Le 13 septembre, la direction de MSIL a annoncé avoir embauché une centaine de personnes à titre permanent pour remplacer les salariés qui avaient refusé de signer le pacte de bonne conduite. L&#8217;entreprise reste inflexible et refuse d&#8217;engager un dialogue avec la main-d&#8217;œuvre. Les salariés doivent signer le pacte de bonne conduite avant d&#8217;être admis à pénétrer dans les locaux de l&#8217;entreprise. MSIL continue de recruter du personnel.  Le même jour, l&#8217;entreprise a licencié cinq autres salariés en les accusant d&#8217;avoir agressé trois contremaîtres et un travailleur. Il y a maintenant eu 28 licenciements  et 34 suspensions. </p><p>Le 12 septembre, environ 2.500 salariés de MSIL et 50 étudiants de l&#8217;Université Jawaharlal Nehru se sont rassemblés devant le sous-secrétariat du gouvernement de l&#8217;État de Haryana à  Gurgaon. Une rencontre a eu lieu avec M. V.K. Hooda, commissaire adjoint additionnel de  Haryana, lequel a pris note de leurs revendications. Les salariés sont prêts à reprendre le travail si les conditions suivantes sont remplies: </p><ul><li>Retrait du &#8216;pacte de bonne conduite&#8217; </li><li>Réintégration de toutes les personnes licenciées et suspendues, et annulation de tous les chefs d&#8217;accusation </li><li>Acceptation du nouveau syndicat </li></ul>Un fait nouveau apparenté a eu lieu le 13 septembre quand les salariés de l&#8217;usine de Manesar du fabricant de composants automobiles Munjal Showa Ltd, ont décidé également d&#8217;avoir recours à la grève pour exiger la régularisation des travailleurs et travailleuses précaires après cinq ans de formation, ainsi que certaines mesures de protection sociale. Un accord entre le personnel de production et la direction a été conclu le même jour dans la soirée. <br /><br />

<!-- This site is optimized with the Yoast SEO Premium plugin v27.1 (Yoast SEO v27.1) - https://yoast.com/product/yoast-seo-premium-wordpress/ -->
<title>Grève de solidarité dans trois usines Suzuki pour Maruti-Suzuki - industriall-union</title>
<meta name="robots" content="index, follow, max-snippet:-1, max-image-preview:large, max-video-preview:-1" />
<link rel="canonical" href="https://admin.industriall-union.org/fr/archive/imf/greve-de-solidarite-dans-trois-usines-suzuki-pour-maruti-suzuki/" />
<meta property="og:locale" content="fr_FR" />
<meta property="og:type" content="article" />
<meta property="og:title" content="Grève de solidarité dans trois usines Suzuki pour Maruti-Suzuki" />
<meta property="og:description" content="INDE: Les grévistes exigent un règlement rapide du conflit à l&#8217;usine MSIL qui fabrique des voitures. Ils veulent aussi obtenir la régularisation du personnel temporaire qui travaille depuis plus de quatre ans, ainsi que les hausses salariales afférentes. Suzuki Powertrain emploie plus de 3.000 personnes dans son usine à Manesar qui fabrique des moteurs diesel [&hellip;]" />
<meta property="og:url" content="https://admin.industriall-union.org/fr/archive/imf/greve-de-solidarite-dans-trois-usines-suzuki-pour-maruti-suzuki/" />
<meta property="og:site_name" content="industriall-union" />
<meta property="article:modified_time" content="2025-01-31T09:04:29+00:00" />
<meta name="twitter:card" content="summary_large_image" />
<meta name="twitter:label1" content="Est. reading time" />
	<meta name="twitter:data1" content="2 minutes" />
<script type="application/ld+json" class="yoast-schema-graph">{"@context":"https://schema.org","@graph":[{"@type":"WebPage","@id":"https://admin.industriall-union.org/fr/archive/imf/greve-de-solidarite-dans-trois-usines-suzuki-pour-maruti-suzuki/","url":"https://admin.industriall-union.org/fr/archive/imf/greve-de-solidarite-dans-trois-usines-suzuki-pour-maruti-suzuki/","name":"Grève de solidarité dans trois usines Suzuki pour Maruti-Suzuki - industriall-union","isPartOf":{"@id":"https://admin.industriall-union.org/#website"},"datePublished":"2011-09-15T11:49:00+00:00","dateModified":"2025-01-31T09:04:29+00:00","breadcrumb":{"@id":"https://admin.industriall-union.org/fr/archive/imf/greve-de-solidarite-dans-trois-usines-suzuki-pour-maruti-suzuki/#breadcrumb"},"inLanguage":"fr-FR","potentialAction":[{"@type":"ReadAction","target":["https://admin.industriall-union.org/fr/archive/imf/greve-de-solidarite-dans-trois-usines-suzuki-pour-maruti-suzuki/"]}]},{"@type":"BreadcrumbList","@id":"https://admin.industriall-union.org/fr/archive/imf/greve-de-solidarite-dans-trois-usines-suzuki-pour-maruti-suzuki/#breadcrumb","itemListElement":[{"@type":"ListItem","position":1,"name":"Home","item":"https://admin.industriall-union.org/"},{"@type":"ListItem","position":2,"name":"Archive Imf","item":"https://admin.industriall-union.org/es/archive/imf/"},{"@type":"ListItem","position":3,"name":"Grève de solidarité dans trois usines Suzuki pour Maruti-Suzuki"}]},{"@type":"WebSite","@id":"https://admin.industriall-union.org/#website","url":"https://admin.industriall-union.org/","name":"industriall-union","description":"","potentialAction":[{"@type":"SearchAction","target":{"@type":"EntryPoint","urlTemplate":"https://admin.industriall-union.org/?s={search_term_string}"},"query-input":{"@type":"PropertyValueSpecification","valueRequired":true,"valueName":"search_term_string"}}],"inLanguage":"fr-FR"}]}</script>
<!-- / Yoast SEO Premium plugin. -->

Grève de solidarité dans trois usines Suzuki pour Maruti-Suzuki - industriall-union

INDE: Les grévistes exigent un règlement rapide du conflit à l&#8217;usine MSIL qui fabrique des voitures. Ils veulent aussi obtenir la régularisation du personnel temporaire qui travaille depuis plus de quatre ans, ainsi que les hausses salariales afférentes. Suzuki Powertrain emploie plus de 3.000 personnes dans son usine à Manesar qui fabrique des moteurs diesel [&hellip;]
