{"id":199866,"date":"2011-10-12T09:59:00","date_gmt":"2011-10-12T09:59:00","guid":{"rendered":"https:\/\/admin.industriall-union.org\/archive\/imf\/premiere-convention-collective-avec-tenaris-en-colombie\/"},"modified":"2025-01-31T08:58:35","modified_gmt":"2025-01-31T08:58:35","slug":"premiere-convention-collective-avec-tenaris-en-colombie","status":"publish","type":"archive_imf","link":"https:\/\/admin.industriall-union.org\/fr\/archive\/imf\/premiere-convention-collective-avec-tenaris-en-colombie\/","title":{"rendered":"Premi\u00e8re convention collective avec Tenaris en Colombie"},"content":{"rendered":"COLOMBIE: Les membres de Sintratucar &#8211; Sindicato de Trabajadores de Tubos Caribe &#8211; qui travaillent chez Tenaris Tubos del Caribe Ltd, Colombie, b\u00e9n\u00e9ficieront de nouvelles protections sur le lieu de travail, de salaires plus \u00e9lev\u00e9s, de la possibilit\u00e9 d&#8217;obtenir des pr\u00eats de l&#8217;entreprise pour acheter une maison et d&#8217;un soutien pour l&#8217;\u00e9ducation de leurs enfants, et ce parmi d&#8217;autres r\u00e9alisations.<br \/><br \/>Un gain suppl\u00e9mentaire important concerne l&#8217;obtention du statut permanent \u00e0 30 travailleurs employ\u00e9s sous contrat depuis longtemps, certains depuis 17 ans, tout en accomplissant les m\u00eames t\u00e2ches que les autres travailleurs de Tenaris.<br \/><br \/>Sintratucar remercie le conseil mondial des travailleurs de Tenaris pour son soutien constant depuis la cr\u00e9ation du syndicat. La FIOM f\u00e9licite Sintratucar pour cette r\u00e9ussite.<br \/><br \/>  ","protected":false},"featured_media":0,"template":"","class_list":["post-199866","archive_imf","type-archive_imf","status-publish","hentry"],"acf":[],"yoast_head":"<!-- This site is optimized with the Yoast SEO Premium plugin v27.1 (Yoast SEO v27.1) - https:\/\/yoast.com\/product\/yoast-seo-premium-wordpress\/ -->\n<title>Premi\u00e8re convention collective avec Tenaris en Colombie - industriall-union<\/title>\n<meta name=\"robots\" content=\"index, follow, max-snippet:-1, max-image-preview:large, max-video-preview:-1\" \/>\n<link rel=\"canonical\" href=\"https:\/\/admin.industriall-union.org\/fr\/archive\/imf\/premiere-convention-collective-avec-tenaris-en-colombie\/\" \/>\n<meta property=\"og:locale\" content=\"fr_FR\" \/>\n<meta property=\"og:type\" content=\"article\" \/>\n<meta property=\"og:title\" content=\"Premi\u00e8re convention collective avec Tenaris en Colombie\" \/>\n<meta property=\"og:description\" content=\"COLOMBIE: Les membres de Sintratucar &#8211; Sindicato de Trabajadores de Tubos Caribe &#8211; qui travaillent chez Tenaris Tubos del Caribe Ltd, Colombie, b\u00e9n\u00e9ficieront de nouvelles protections sur le lieu de travail, de salaires plus \u00e9lev\u00e9s, de la possibilit\u00e9 d&#8217;obtenir des pr\u00eats de l&#8217;entreprise pour acheter une maison et d&#8217;un soutien pour l&#8217;\u00e9ducation de leurs enfants, [&hellip;]\" \/>\n<meta property=\"og:url\" content=\"https:\/\/admin.industriall-union.org\/fr\/archive\/imf\/premiere-convention-collective-avec-tenaris-en-colombie\/\" \/>\n<meta property=\"og:site_name\" content=\"industriall-union\" \/>\n<meta property=\"article:modified_time\" content=\"2025-01-31T08:58:35+00:00\" \/>\n<meta name=\"twitter:card\" content=\"summary_large_image\" \/>\n<meta name=\"twitter:label1\" content=\"Est. reading time\" \/>\n\t<meta name=\"twitter:data1\" content=\"1 minute\" \/>\n<script type=\"application\/ld+json\" class=\"yoast-schema-graph\">{\"@context\":\"https:\/\/schema.org\",\"@graph\":[{\"@type\":\"WebPage\",\"@id\":\"https:\/\/admin.industriall-union.org\/fr\/archive\/imf\/premiere-convention-collective-avec-tenaris-en-colombie\/\",\"url\":\"https:\/\/admin.industriall-union.org\/fr\/archive\/imf\/premiere-convention-collective-avec-tenaris-en-colombie\/\",\"name\":\"Premi\u00e8re convention collective avec Tenaris en Colombie - industriall-union\",\"isPartOf\":{\"@id\":\"https:\/\/admin.industriall-union.org\/#website\"},\"datePublished\":\"2011-10-12T09:59:00+00:00\",\"dateModified\":\"2025-01-31T08:58:35+00:00\",\"breadcrumb\":{\"@id\":\"https:\/\/admin.industriall-union.org\/fr\/archive\/imf\/premiere-convention-collective-avec-tenaris-en-colombie\/#breadcrumb\"},\"inLanguage\":\"fr-FR\",\"potentialAction\":[{\"@type\":\"ReadAction\",\"target\":[\"https:\/\/admin.industriall-union.org\/fr\/archive\/imf\/premiere-convention-collective-avec-tenaris-en-colombie\/\"]}]},{\"@type\":\"BreadcrumbList\",\"@id\":\"https:\/\/admin.industriall-union.org\/fr\/archive\/imf\/premiere-convention-collective-avec-tenaris-en-colombie\/#breadcrumb\",\"itemListElement\":[{\"@type\":\"ListItem\",\"position\":1,\"name\":\"Home\",\"item\":\"https:\/\/admin.industriall-union.org\/\"},{\"@type\":\"ListItem\",\"position\":2,\"name\":\"Archive Imf\",\"item\":\"https:\/\/admin.industriall-union.org\/es\/archive\/imf\/\"},{\"@type\":\"ListItem\",\"position\":3,\"name\":\"Premi\u00e8re convention collective avec Tenaris en Colombie\"}]},{\"@type\":\"WebSite\",\"@id\":\"https:\/\/admin.industriall-union.org\/#website\",\"url\":\"https:\/\/admin.industriall-union.org\/\",\"name\":\"industriall-union\",\"description\":\"\",\"potentialAction\":[{\"@type\":\"SearchAction\",\"target\":{\"@type\":\"EntryPoint\",\"urlTemplate\":\"https:\/\/admin.industriall-union.org\/?s={search_term_string}\"},\"query-input\":{\"@type\":\"PropertyValueSpecification\",\"valueRequired\":true,\"valueName\":\"search_term_string\"}}],\"inLanguage\":\"fr-FR\"}]}<\/script>\n<!-- \/ Yoast SEO Premium plugin. -->","yoast_head_json":{"title":"Premi\u00e8re convention collective avec Tenaris en Colombie - industriall-union","robots":{"index":"index","follow":"follow","max-snippet":"max-snippet:-1","max-image-preview":"max-image-preview:large","max-video-preview":"max-video-preview:-1"},"canonical":"https:\/\/admin.industriall-union.org\/fr\/archive\/imf\/premiere-convention-collective-avec-tenaris-en-colombie\/","og_locale":"fr_FR","og_type":"article","og_title":"Premi\u00e8re convention collective avec Tenaris en Colombie","og_description":"COLOMBIE: Les membres de Sintratucar &#8211; Sindicato de Trabajadores de Tubos Caribe &#8211; qui travaillent chez Tenaris Tubos del Caribe Ltd, Colombie, b\u00e9n\u00e9ficieront de nouvelles protections sur le lieu de travail, de salaires plus \u00e9lev\u00e9s, de la possibilit\u00e9 d&#8217;obtenir des pr\u00eats de l&#8217;entreprise pour acheter une maison et d&#8217;un soutien pour l&#8217;\u00e9ducation de leurs enfants, [&hellip;]","og_url":"https:\/\/admin.industriall-union.org\/fr\/archive\/imf\/premiere-convention-collective-avec-tenaris-en-colombie\/","og_site_name":"industriall-union","article_modified_time":"2025-01-31T08:58:35+00:00","twitter_card":"summary_large_image","twitter_misc":{"Est. reading time":"1 minute"},"schema":{"@context":"https:\/\/schema.org","@graph":[{"@type":"WebPage","@id":"https:\/\/admin.industriall-union.org\/fr\/archive\/imf\/premiere-convention-collective-avec-tenaris-en-colombie\/","url":"https:\/\/admin.industriall-union.org\/fr\/archive\/imf\/premiere-convention-collective-avec-tenaris-en-colombie\/","name":"Premi\u00e8re convention collective avec Tenaris en Colombie - industriall-union","isPartOf":{"@id":"https:\/\/admin.industriall-union.org\/#website"},"datePublished":"2011-10-12T09:59:00+00:00","dateModified":"2025-01-31T08:58:35+00:00","breadcrumb":{"@id":"https:\/\/admin.industriall-union.org\/fr\/archive\/imf\/premiere-convention-collective-avec-tenaris-en-colombie\/#breadcrumb"},"inLanguage":"fr-FR","potentialAction":[{"@type":"ReadAction","target":["https:\/\/admin.industriall-union.org\/fr\/archive\/imf\/premiere-convention-collective-avec-tenaris-en-colombie\/"]}]},{"@type":"BreadcrumbList","@id":"https:\/\/admin.industriall-union.org\/fr\/archive\/imf\/premiere-convention-collective-avec-tenaris-en-colombie\/#breadcrumb","itemListElement":[{"@type":"ListItem","position":1,"name":"Home","item":"https:\/\/admin.industriall-union.org\/"},{"@type":"ListItem","position":2,"name":"Archive Imf","item":"https:\/\/admin.industriall-union.org\/es\/archive\/imf\/"},{"@type":"ListItem","position":3,"name":"Premi\u00e8re convention collective avec Tenaris en Colombie"}]},{"@type":"WebSite","@id":"https:\/\/admin.industriall-union.org\/#website","url":"https:\/\/admin.industriall-union.org\/","name":"industriall-union","description":"","potentialAction":[{"@type":"SearchAction","target":{"@type":"EntryPoint","urlTemplate":"https:\/\/admin.industriall-union.org\/?s={search_term_string}"},"query-input":{"@type":"PropertyValueSpecification","valueRequired":true,"valueName":"search_term_string"}}],"inLanguage":"fr-FR"}]}},"_links":{"self":[{"href":"https:\/\/admin.industriall-union.org\/fr\/wp-json\/wp\/v2\/archive_imf\/199866","targetHints":{"allow":["GET"]}}],"collection":[{"href":"https:\/\/admin.industriall-union.org\/fr\/wp-json\/wp\/v2\/archive_imf"}],"about":[{"href":"https:\/\/admin.industriall-union.org\/fr\/wp-json\/wp\/v2\/types\/archive_imf"}],"wp:attachment":[{"href":"https:\/\/admin.industriall-union.org\/fr\/wp-json\/wp\/v2\/media?parent=199866"}],"curies":[{"name":"wp","href":"https:\/\/api.w.org\/{rel}","templated":true}]}}

Première convention collective avec Tenaris en Colombie

COLOMBIE: Les membres de Sintratucar &#8211; Sindicato de Trabajadores de Tubos Caribe &#8211; qui travaillent chez Tenaris Tubos del Caribe Ltd, Colombie, bénéficieront de nouvelles protections sur le lieu de travail, de salaires plus élevés, de la possibilité d&#8217;obtenir des prêts de l&#8217;entreprise pour acheter une maison et d&#8217;un soutien pour l&#8217;éducation de leurs enfants, et ce parmi d&#8217;autres réalisations.<br /><br />Un gain supplémentaire important concerne l&#8217;obtention du statut permanent à 30 travailleurs employés sous contrat depuis longtemps, certains depuis 17 ans, tout en accomplissant les mêmes tâches que les autres travailleurs de Tenaris.<br /><br />Sintratucar remercie le conseil mondial des travailleurs de Tenaris pour son soutien constant depuis la création du syndicat. La FIOM félicite Sintratucar pour cette réussite.<br /><br />

<!-- This site is optimized with the Yoast SEO Premium plugin v27.1 (Yoast SEO v27.1) - https://yoast.com/product/yoast-seo-premium-wordpress/ -->
<title>Première convention collective avec Tenaris en Colombie - industriall-union</title>
<meta name="robots" content="index, follow, max-snippet:-1, max-image-preview:large, max-video-preview:-1" />
<link rel="canonical" href="https://admin.industriall-union.org/fr/archive/imf/premiere-convention-collective-avec-tenaris-en-colombie/" />
<meta property="og:locale" content="fr_FR" />
<meta property="og:type" content="article" />
<meta property="og:title" content="Première convention collective avec Tenaris en Colombie" />
<meta property="og:description" content="COLOMBIE: Les membres de Sintratucar &#8211; Sindicato de Trabajadores de Tubos Caribe &#8211; qui travaillent chez Tenaris Tubos del Caribe Ltd, Colombie, bénéficieront de nouvelles protections sur le lieu de travail, de salaires plus élevés, de la possibilité d&#8217;obtenir des prêts de l&#8217;entreprise pour acheter une maison et d&#8217;un soutien pour l&#8217;éducation de leurs enfants, [&hellip;]" />
<meta property="og:url" content="https://admin.industriall-union.org/fr/archive/imf/premiere-convention-collective-avec-tenaris-en-colombie/" />
<meta property="og:site_name" content="industriall-union" />
<meta property="article:modified_time" content="2025-01-31T08:58:35+00:00" />
<meta name="twitter:card" content="summary_large_image" />
<meta name="twitter:label1" content="Est. reading time" />
	<meta name="twitter:data1" content="1 minute" />
<script type="application/ld+json" class="yoast-schema-graph">{"@context":"https://schema.org","@graph":[{"@type":"WebPage","@id":"https://admin.industriall-union.org/fr/archive/imf/premiere-convention-collective-avec-tenaris-en-colombie/","url":"https://admin.industriall-union.org/fr/archive/imf/premiere-convention-collective-avec-tenaris-en-colombie/","name":"Première convention collective avec Tenaris en Colombie - industriall-union","isPartOf":{"@id":"https://admin.industriall-union.org/#website"},"datePublished":"2011-10-12T09:59:00+00:00","dateModified":"2025-01-31T08:58:35+00:00","breadcrumb":{"@id":"https://admin.industriall-union.org/fr/archive/imf/premiere-convention-collective-avec-tenaris-en-colombie/#breadcrumb"},"inLanguage":"fr-FR","potentialAction":[{"@type":"ReadAction","target":["https://admin.industriall-union.org/fr/archive/imf/premiere-convention-collective-avec-tenaris-en-colombie/"]}]},{"@type":"BreadcrumbList","@id":"https://admin.industriall-union.org/fr/archive/imf/premiere-convention-collective-avec-tenaris-en-colombie/#breadcrumb","itemListElement":[{"@type":"ListItem","position":1,"name":"Home","item":"https://admin.industriall-union.org/"},{"@type":"ListItem","position":2,"name":"Archive Imf","item":"https://admin.industriall-union.org/es/archive/imf/"},{"@type":"ListItem","position":3,"name":"Première convention collective avec Tenaris en Colombie"}]},{"@type":"WebSite","@id":"https://admin.industriall-union.org/#website","url":"https://admin.industriall-union.org/","name":"industriall-union","description":"","potentialAction":[{"@type":"SearchAction","target":{"@type":"EntryPoint","urlTemplate":"https://admin.industriall-union.org/?s={search_term_string}"},"query-input":{"@type":"PropertyValueSpecification","valueRequired":true,"valueName":"search_term_string"}}],"inLanguage":"fr-FR"}]}</script>
<!-- / Yoast SEO Premium plugin. -->

Première convention collective avec Tenaris en Colombie - industriall-union

COLOMBIE: Les membres de Sintratucar &#8211; Sindicato de Trabajadores de Tubos Caribe &#8211; qui travaillent chez Tenaris Tubos del Caribe Ltd, Colombie, bénéficieront de nouvelles protections sur le lieu de travail, de salaires plus élevés, de la possibilité d&#8217;obtenir des prêts de l&#8217;entreprise pour acheter une maison et d&#8217;un soutien pour l&#8217;éducation de leurs enfants, [&hellip;]
