{"id":199730,"date":"2011-11-17T07:15:00","date_gmt":"2011-11-17T07:15:00","guid":{"rendered":"https:\/\/admin.industriall-union.org\/archive\/imf\/cours-de-l-039-universite-ouvriere-mondiale-sur-le-travail-et-la-syndicalisation\/"},"modified":"2025-01-31T08:53:51","modified_gmt":"2025-01-31T08:53:51","slug":"cours-de-l-039-universite-ouvriere-mondiale-sur-le-travail-et-la-syndicalisation","status":"publish","type":"archive_imf","link":"https:\/\/admin.industriall-union.org\/fr\/archive\/imf\/cours-de-l-039-universite-ouvriere-mondiale-sur-le-travail-et-la-syndicalisation\/","title":{"rendered":"Cours de l&#039;Universit\u00e9 ouvri\u00e8re mondiale sur le travail et la syndicalisation"},"content":{"rendered":"<p>MONDE: Le programme &#8216;Engage&#8217; est un cours d&#8217;orientation qui combine un enseignement universitaire \u00e0 la pratique du travail syndical. Il aura lieu du 1er avril au 30 septembre 2012. Le cours se compose de deux \u00e9l\u00e9ments: une premi\u00e8re partie d&#8217;une dur\u00e9e de 3,5 mois sur un programme de formation universitaire \u00e0 la Berlin School of Economics and Law et \u00e0 l&#8217;Universit\u00e9 de Kassel. Le programme universitaire est ensuite suivi de deux mois de travail de terrain o\u00f9 les participant(e)s \u00e9laborent une campagne ou un projet politique avec une organisation syndicale nationale ou internationale. \u00a0<\/p><p>Le cours en 2012 comporte deux priorit\u00e9s th\u00e9matiques: <\/p><p>1. Le r\u00f4le des entreprises multinationales dans l&#8217;\u00e9conomie mondiale, les strat\u00e9gies et campagnes syndicales de solidarit\u00e9 transfrontali\u00e8re et les r\u00e9seaux.\u00a0 Ce th\u00e8me est mis en pratique en coop\u00e9ration avec des f\u00e9d\u00e9rations syndicales internationales. <\/p><p>2. La s\u00e9curit\u00e9 du revenu dans le monde par un salaire minimum et des transferts sociaux.<br \/>Ce th\u00e8me est mis en pratique en coop\u00e9ration avec la CSI et l&#8217;OIT. <\/p><p>Pour tout renseignement compl\u00e9mentaire, formulaire d&#8217;inscription et demande de bourse: <a href=\"http:\/\/www.global-labour-university.org\/216.html\" target=\"_blank\">http:\/\/www.global-labour-university.org\/216.html<\/a>. <br \/><br \/>    <\/p>","protected":false},"featured_media":0,"template":"","class_list":["post-199730","archive_imf","type-archive_imf","status-publish","hentry"],"acf":[],"yoast_head":"<!-- This site is optimized with the Yoast SEO Premium plugin v27.1 (Yoast SEO v27.1) - https:\/\/yoast.com\/product\/yoast-seo-premium-wordpress\/ -->\n<title>Cours de l&#039;Universit\u00e9 ouvri\u00e8re mondiale sur le travail et la syndicalisation - industriall-union<\/title>\n<meta name=\"robots\" content=\"index, follow, max-snippet:-1, max-image-preview:large, max-video-preview:-1\" \/>\n<link rel=\"canonical\" href=\"https:\/\/admin.industriall-union.org\/fr\/archive\/imf\/cours-de-l-039-universite-ouvriere-mondiale-sur-le-travail-et-la-syndicalisation\/\" \/>\n<meta property=\"og:locale\" content=\"fr_FR\" \/>\n<meta property=\"og:type\" content=\"article\" \/>\n<meta property=\"og:title\" content=\"Cours de l&#039;Universit\u00e9 ouvri\u00e8re mondiale sur le travail et la syndicalisation\" \/>\n<meta property=\"og:description\" content=\"MONDE: Le programme &#8216;Engage&#8217; est un cours d&#8217;orientation qui combine un enseignement universitaire \u00e0 la pratique du travail syndical. Il aura lieu du 1er avril au 30 septembre 2012. Le cours se compose de deux \u00e9l\u00e9ments: une premi\u00e8re partie d&#8217;une dur\u00e9e de 3,5 mois sur un programme de formation universitaire \u00e0 la Berlin School of [&hellip;]\" \/>\n<meta property=\"og:url\" content=\"https:\/\/admin.industriall-union.org\/fr\/archive\/imf\/cours-de-l-039-universite-ouvriere-mondiale-sur-le-travail-et-la-syndicalisation\/\" \/>\n<meta property=\"og:site_name\" content=\"industriall-union\" \/>\n<meta property=\"article:modified_time\" content=\"2025-01-31T08:53:51+00:00\" \/>\n<meta name=\"twitter:card\" content=\"summary_large_image\" \/>\n<meta name=\"twitter:label1\" content=\"Est. reading time\" \/>\n\t<meta name=\"twitter:data1\" content=\"1 minute\" \/>\n<script type=\"application\/ld+json\" class=\"yoast-schema-graph\">{\"@context\":\"https:\/\/schema.org\",\"@graph\":[{\"@type\":\"WebPage\",\"@id\":\"https:\/\/admin.industriall-union.org\/fr\/archive\/imf\/cours-de-l-039-universite-ouvriere-mondiale-sur-le-travail-et-la-syndicalisation\/\",\"url\":\"https:\/\/admin.industriall-union.org\/fr\/archive\/imf\/cours-de-l-039-universite-ouvriere-mondiale-sur-le-travail-et-la-syndicalisation\/\",\"name\":\"Cours de l&#039;Universit\u00e9 ouvri\u00e8re mondiale sur le travail et la syndicalisation - industriall-union\",\"isPartOf\":{\"@id\":\"https:\/\/admin.industriall-union.org\/#website\"},\"datePublished\":\"2011-11-17T07:15:00+00:00\",\"dateModified\":\"2025-01-31T08:53:51+00:00\",\"breadcrumb\":{\"@id\":\"https:\/\/admin.industriall-union.org\/fr\/archive\/imf\/cours-de-l-039-universite-ouvriere-mondiale-sur-le-travail-et-la-syndicalisation\/#breadcrumb\"},\"inLanguage\":\"fr-FR\",\"potentialAction\":[{\"@type\":\"ReadAction\",\"target\":[\"https:\/\/admin.industriall-union.org\/fr\/archive\/imf\/cours-de-l-039-universite-ouvriere-mondiale-sur-le-travail-et-la-syndicalisation\/\"]}]},{\"@type\":\"BreadcrumbList\",\"@id\":\"https:\/\/admin.industriall-union.org\/fr\/archive\/imf\/cours-de-l-039-universite-ouvriere-mondiale-sur-le-travail-et-la-syndicalisation\/#breadcrumb\",\"itemListElement\":[{\"@type\":\"ListItem\",\"position\":1,\"name\":\"Home\",\"item\":\"https:\/\/admin.industriall-union.org\/\"},{\"@type\":\"ListItem\",\"position\":2,\"name\":\"Archive Imf\",\"item\":\"https:\/\/admin.industriall-union.org\/es\/archive\/imf\/\"},{\"@type\":\"ListItem\",\"position\":3,\"name\":\"Cours de l&#039;Universit\u00e9 ouvri\u00e8re mondiale sur le travail et la syndicalisation\"}]},{\"@type\":\"WebSite\",\"@id\":\"https:\/\/admin.industriall-union.org\/#website\",\"url\":\"https:\/\/admin.industriall-union.org\/\",\"name\":\"industriall-union\",\"description\":\"\",\"potentialAction\":[{\"@type\":\"SearchAction\",\"target\":{\"@type\":\"EntryPoint\",\"urlTemplate\":\"https:\/\/admin.industriall-union.org\/?s={search_term_string}\"},\"query-input\":{\"@type\":\"PropertyValueSpecification\",\"valueRequired\":true,\"valueName\":\"search_term_string\"}}],\"inLanguage\":\"fr-FR\"}]}<\/script>\n<!-- \/ Yoast SEO Premium plugin. -->","yoast_head_json":{"title":"Cours de l&#039;Universit\u00e9 ouvri\u00e8re mondiale sur le travail et la syndicalisation - industriall-union","robots":{"index":"index","follow":"follow","max-snippet":"max-snippet:-1","max-image-preview":"max-image-preview:large","max-video-preview":"max-video-preview:-1"},"canonical":"https:\/\/admin.industriall-union.org\/fr\/archive\/imf\/cours-de-l-039-universite-ouvriere-mondiale-sur-le-travail-et-la-syndicalisation\/","og_locale":"fr_FR","og_type":"article","og_title":"Cours de l&#039;Universit\u00e9 ouvri\u00e8re mondiale sur le travail et la syndicalisation","og_description":"MONDE: Le programme &#8216;Engage&#8217; est un cours d&#8217;orientation qui combine un enseignement universitaire \u00e0 la pratique du travail syndical. Il aura lieu du 1er avril au 30 septembre 2012. Le cours se compose de deux \u00e9l\u00e9ments: une premi\u00e8re partie d&#8217;une dur\u00e9e de 3,5 mois sur un programme de formation universitaire \u00e0 la Berlin School of [&hellip;]","og_url":"https:\/\/admin.industriall-union.org\/fr\/archive\/imf\/cours-de-l-039-universite-ouvriere-mondiale-sur-le-travail-et-la-syndicalisation\/","og_site_name":"industriall-union","article_modified_time":"2025-01-31T08:53:51+00:00","twitter_card":"summary_large_image","twitter_misc":{"Est. reading time":"1 minute"},"schema":{"@context":"https:\/\/schema.org","@graph":[{"@type":"WebPage","@id":"https:\/\/admin.industriall-union.org\/fr\/archive\/imf\/cours-de-l-039-universite-ouvriere-mondiale-sur-le-travail-et-la-syndicalisation\/","url":"https:\/\/admin.industriall-union.org\/fr\/archive\/imf\/cours-de-l-039-universite-ouvriere-mondiale-sur-le-travail-et-la-syndicalisation\/","name":"Cours de l&#039;Universit\u00e9 ouvri\u00e8re mondiale sur le travail et la syndicalisation - industriall-union","isPartOf":{"@id":"https:\/\/admin.industriall-union.org\/#website"},"datePublished":"2011-11-17T07:15:00+00:00","dateModified":"2025-01-31T08:53:51+00:00","breadcrumb":{"@id":"https:\/\/admin.industriall-union.org\/fr\/archive\/imf\/cours-de-l-039-universite-ouvriere-mondiale-sur-le-travail-et-la-syndicalisation\/#breadcrumb"},"inLanguage":"fr-FR","potentialAction":[{"@type":"ReadAction","target":["https:\/\/admin.industriall-union.org\/fr\/archive\/imf\/cours-de-l-039-universite-ouvriere-mondiale-sur-le-travail-et-la-syndicalisation\/"]}]},{"@type":"BreadcrumbList","@id":"https:\/\/admin.industriall-union.org\/fr\/archive\/imf\/cours-de-l-039-universite-ouvriere-mondiale-sur-le-travail-et-la-syndicalisation\/#breadcrumb","itemListElement":[{"@type":"ListItem","position":1,"name":"Home","item":"https:\/\/admin.industriall-union.org\/"},{"@type":"ListItem","position":2,"name":"Archive Imf","item":"https:\/\/admin.industriall-union.org\/es\/archive\/imf\/"},{"@type":"ListItem","position":3,"name":"Cours de l&#039;Universit\u00e9 ouvri\u00e8re mondiale sur le travail et la syndicalisation"}]},{"@type":"WebSite","@id":"https:\/\/admin.industriall-union.org\/#website","url":"https:\/\/admin.industriall-union.org\/","name":"industriall-union","description":"","potentialAction":[{"@type":"SearchAction","target":{"@type":"EntryPoint","urlTemplate":"https:\/\/admin.industriall-union.org\/?s={search_term_string}"},"query-input":{"@type":"PropertyValueSpecification","valueRequired":true,"valueName":"search_term_string"}}],"inLanguage":"fr-FR"}]}},"_links":{"self":[{"href":"https:\/\/admin.industriall-union.org\/fr\/wp-json\/wp\/v2\/archive_imf\/199730","targetHints":{"allow":["GET"]}}],"collection":[{"href":"https:\/\/admin.industriall-union.org\/fr\/wp-json\/wp\/v2\/archive_imf"}],"about":[{"href":"https:\/\/admin.industriall-union.org\/fr\/wp-json\/wp\/v2\/types\/archive_imf"}],"wp:attachment":[{"href":"https:\/\/admin.industriall-union.org\/fr\/wp-json\/wp\/v2\/media?parent=199730"}],"curies":[{"name":"wp","href":"https:\/\/api.w.org\/{rel}","templated":true}]}}

Cours de l&#039;Université ouvrière mondiale sur le travail et la syndicalisation

<p>MONDE: Le programme &#8216;Engage&#8217; est un cours d&#8217;orientation qui combine un enseignement universitaire à la pratique du travail syndical. Il aura lieu du 1er avril au 30 septembre 2012. Le cours se compose de deux éléments: une première partie d&#8217;une durée de 3,5 mois sur un programme de formation universitaire à la Berlin School of Economics and Law et à l&#8217;Université de Kassel. Le programme universitaire est ensuite suivi de deux mois de travail de terrain où les participant(e)s élaborent une campagne ou un projet politique avec une organisation syndicale nationale ou internationale.  </p><p>Le cours en 2012 comporte deux priorités thématiques: </p><p>1. Le rôle des entreprises multinationales dans l&#8217;économie mondiale, les stratégies et campagnes syndicales de solidarité transfrontalière et les réseaux.  Ce thème est mis en pratique en coopération avec des fédérations syndicales internationales. </p><p>2. La sécurité du revenu dans le monde par un salaire minimum et des transferts sociaux.<br />Ce thème est mis en pratique en coopération avec la CSI et l&#8217;OIT. </p><p>Pour tout renseignement complémentaire, formulaire d&#8217;inscription et demande de bourse: <a href="http://www.global-labour-university.org/216.html" target="_blank">http://www.global-labour-university.org/216.html</a>. <br /><br />    </p>

<!-- This site is optimized with the Yoast SEO Premium plugin v27.1 (Yoast SEO v27.1) - https://yoast.com/product/yoast-seo-premium-wordpress/ -->
<title>Cours de l&#039;Université ouvrière mondiale sur le travail et la syndicalisation - industriall-union</title>
<meta name="robots" content="index, follow, max-snippet:-1, max-image-preview:large, max-video-preview:-1" />
<link rel="canonical" href="https://admin.industriall-union.org/fr/archive/imf/cours-de-l-039-universite-ouvriere-mondiale-sur-le-travail-et-la-syndicalisation/" />
<meta property="og:locale" content="fr_FR" />
<meta property="og:type" content="article" />
<meta property="og:title" content="Cours de l&#039;Université ouvrière mondiale sur le travail et la syndicalisation" />
<meta property="og:description" content="MONDE: Le programme &#8216;Engage&#8217; est un cours d&#8217;orientation qui combine un enseignement universitaire à la pratique du travail syndical. Il aura lieu du 1er avril au 30 septembre 2012. Le cours se compose de deux éléments: une première partie d&#8217;une durée de 3,5 mois sur un programme de formation universitaire à la Berlin School of [&hellip;]" />
<meta property="og:url" content="https://admin.industriall-union.org/fr/archive/imf/cours-de-l-039-universite-ouvriere-mondiale-sur-le-travail-et-la-syndicalisation/" />
<meta property="og:site_name" content="industriall-union" />
<meta property="article:modified_time" content="2025-01-31T08:53:51+00:00" />
<meta name="twitter:card" content="summary_large_image" />
<meta name="twitter:label1" content="Est. reading time" />
	<meta name="twitter:data1" content="1 minute" />
<script type="application/ld+json" class="yoast-schema-graph">{"@context":"https://schema.org","@graph":[{"@type":"WebPage","@id":"https://admin.industriall-union.org/fr/archive/imf/cours-de-l-039-universite-ouvriere-mondiale-sur-le-travail-et-la-syndicalisation/","url":"https://admin.industriall-union.org/fr/archive/imf/cours-de-l-039-universite-ouvriere-mondiale-sur-le-travail-et-la-syndicalisation/","name":"Cours de l&#039;Université ouvrière mondiale sur le travail et la syndicalisation - industriall-union","isPartOf":{"@id":"https://admin.industriall-union.org/#website"},"datePublished":"2011-11-17T07:15:00+00:00","dateModified":"2025-01-31T08:53:51+00:00","breadcrumb":{"@id":"https://admin.industriall-union.org/fr/archive/imf/cours-de-l-039-universite-ouvriere-mondiale-sur-le-travail-et-la-syndicalisation/#breadcrumb"},"inLanguage":"fr-FR","potentialAction":[{"@type":"ReadAction","target":["https://admin.industriall-union.org/fr/archive/imf/cours-de-l-039-universite-ouvriere-mondiale-sur-le-travail-et-la-syndicalisation/"]}]},{"@type":"BreadcrumbList","@id":"https://admin.industriall-union.org/fr/archive/imf/cours-de-l-039-universite-ouvriere-mondiale-sur-le-travail-et-la-syndicalisation/#breadcrumb","itemListElement":[{"@type":"ListItem","position":1,"name":"Home","item":"https://admin.industriall-union.org/"},{"@type":"ListItem","position":2,"name":"Archive Imf","item":"https://admin.industriall-union.org/es/archive/imf/"},{"@type":"ListItem","position":3,"name":"Cours de l&#039;Université ouvrière mondiale sur le travail et la syndicalisation"}]},{"@type":"WebSite","@id":"https://admin.industriall-union.org/#website","url":"https://admin.industriall-union.org/","name":"industriall-union","description":"","potentialAction":[{"@type":"SearchAction","target":{"@type":"EntryPoint","urlTemplate":"https://admin.industriall-union.org/?s={search_term_string}"},"query-input":{"@type":"PropertyValueSpecification","valueRequired":true,"valueName":"search_term_string"}}],"inLanguage":"fr-FR"}]}</script>
<!-- / Yoast SEO Premium plugin. -->

Cours de l&#039;Université ouvrière mondiale sur le travail et la syndicalisation - industriall-union

MONDE: Le programme &#8216;Engage&#8217; est un cours d&#8217;orientation qui combine un enseignement universitaire à la pratique du travail syndical. Il aura lieu du 1er avril au 30 septembre 2012. Le cours se compose de deux éléments: une première partie d&#8217;une durée de 3,5 mois sur un programme de formation universitaire à la Berlin School of [&hellip;]
