{"id":199606,"date":"2011-12-23T10:09:00","date_gmt":"2011-12-23T10:09:00","guid":{"rendered":"https:\/\/admin.industriall-union.org\/archive\/imf\/rassemblement-de-protestation-au-siege-de-gea\/"},"modified":"2025-01-31T08:49:14","modified_gmt":"2025-01-31T08:49:14","slug":"rassemblement-de-protestation-au-siege-de-gea","status":"publish","type":"archive_imf","link":"https:\/\/admin.industriall-union.org\/fr\/archive\/imf\/rassemblement-de-protestation-au-siege-de-gea\/","title":{"rendered":"Rassemblement de protestation au si\u00e8ge de GEA"},"content":{"rendered":"ALLEMAGNE: Le 21 d\u00e9cembre, les travailleurs et travailleuses se sont rendus au si\u00e8ge mondial de GEA \u00e0 D\u00fcsseldorf.\u00a0 L&#8217;entreprise allemande refuse encore de rencontrer le syndicat turc, Birlesik Metal, qui repr\u00e9sente les membres du personnel victimes du lock-out. <br \/>\u00a0<br \/>Plusieurs personnalit\u00e9s et des syndicats en Allemagne et dans le monde se sont trouv\u00e9s impliqu\u00e9s dans le conflit chez GEA en Turquie, et ont contact\u00e9 la direction de GEA. Il s&#8217;agit, par exemple, du pr\u00e9sident de la CSI, Michael Sommer, et de syndicats comme la FIOM, la FIOT et l&#8217;ICEM, ainsi que la conf\u00e9d\u00e9ration nationale de Turquie DISK. Le comit\u00e9 ex\u00e9cutif de la f\u00e9d\u00e9ration allemande des m\u00e9tallurgistes IG Metall a demand\u00e9 r\u00e9cemment \u00e0 la direction de GEA de respecter les normes sociales et d&#8217;engager un dialogue avec le syndicat turc Birlesik-IS.<br \/>\u00a0<br \/>Il faut noter dans l&#8217;action entreprise \u00e0 D\u00fcsseldorf, que pour la premi\u00e8re fois, des repr\u00e9sentants de syndicats en Allemagne expriment publiquement leur soutien aux coll\u00e8gues victimes d&#8217;un lock-out en Turquie, et critiquent la multinationale pour son manque de respect des droits fondamentaux et des normes de l&#8217;OIT.<br \/>\u00a0<br \/>L&#8217;appel lanc\u00e9 pour le rassemblement \u00e0 D\u00fcsseldorf a \u00e9t\u00e9 sign\u00e9 par une longue liste de repr\u00e9sentants syndicaux \u00e9lus de IG Metall, de Verdi et de IG Bau, parmi beaucoup d&#8217;autres.<br \/>\u00a0<br \/>Les repr\u00e9sentants du syndicat allemand de l&#8217;alimentation NGG et les d\u00e9l\u00e9gu\u00e9s syndicaux de Ford, ainsi que la f\u00e9d\u00e9ration des organisations turques des travailleurs immigr\u00e9s en Allemagne DIDF ont particip\u00e9 \u00e0 l&#8217;action entreprise devant le si\u00e8ge de GEA et soulign\u00e9 l&#8217;importance du respect des droits des travailleurs et travailleuses.<br \/><br \/>Le 16 d\u00e9cembre, la FIOM et la FEM ont rejoint le rassemblement organis\u00e9 devant la filiale de GEA en Turquie et pris la parole devant les travailleurs lock-out\u00e9s pour t\u00e9moigner leur solidarit\u00e9 dans la lutte. En novembre, des dirigeants syndicaux internationaux se sont rassembl\u00e9s devant l&#8217;usine de GEA, GEA Klima Sanayi ve Ticaret A.\u015e. (ATR), \u00e0 Gebze, Turquie, \u00e0 l&#8217;occasion de la conf\u00e9rence mondiale sur les droits syndicaux organis\u00e9e \u00e0 Istanbul. Labourstart a \u00e9galement lanc\u00e9 une campagne le 28 novembre.<br \/>\u00a0<br \/>Prendre connaissance ici, en 14 langues, de la campagne de Labourstart: <a href=\"http:\/\/www.labourstart.org\/cgi-bin\/solidarityforever\/show_campaign.cgi?c=1169\" target=\"_blank\">http:\/\/www.labourstart.org\/cgi-bin\/solidarityforever\/show_campaign.cgi?c=1167<\/a>.<br \/>\u00a0","protected":false},"featured_media":0,"template":"","class_list":["post-199606","archive_imf","type-archive_imf","status-publish","hentry"],"acf":[],"yoast_head":"<!-- This site is optimized with the Yoast SEO Premium plugin v27.1 (Yoast SEO v27.1) - https:\/\/yoast.com\/product\/yoast-seo-premium-wordpress\/ -->\n<title>Rassemblement de protestation au si\u00e8ge de GEA - industriall-union<\/title>\n<meta name=\"robots\" content=\"index, follow, max-snippet:-1, max-image-preview:large, max-video-preview:-1\" \/>\n<link rel=\"canonical\" href=\"https:\/\/admin.industriall-union.org\/fr\/archive\/imf\/rassemblement-de-protestation-au-siege-de-gea\/\" \/>\n<meta property=\"og:locale\" content=\"fr_FR\" \/>\n<meta property=\"og:type\" content=\"article\" \/>\n<meta property=\"og:title\" content=\"Rassemblement de protestation au si\u00e8ge de GEA\" \/>\n<meta property=\"og:description\" content=\"ALLEMAGNE: Le 21 d\u00e9cembre, les travailleurs et travailleuses se sont rendus au si\u00e8ge mondial de GEA \u00e0 D\u00fcsseldorf.\u00a0 L&#8217;entreprise allemande refuse encore de rencontrer le syndicat turc, Birlesik Metal, qui repr\u00e9sente les membres du personnel victimes du lock-out. \u00a0Plusieurs personnalit\u00e9s et des syndicats en Allemagne et dans le monde se sont trouv\u00e9s impliqu\u00e9s dans le [&hellip;]\" \/>\n<meta property=\"og:url\" content=\"https:\/\/admin.industriall-union.org\/fr\/archive\/imf\/rassemblement-de-protestation-au-siege-de-gea\/\" \/>\n<meta property=\"og:site_name\" content=\"industriall-union\" \/>\n<meta property=\"article:modified_time\" content=\"2025-01-31T08:49:14+00:00\" \/>\n<meta name=\"twitter:card\" content=\"summary_large_image\" \/>\n<meta name=\"twitter:label1\" content=\"Est. reading time\" \/>\n\t<meta name=\"twitter:data1\" content=\"2 minutes\" \/>\n<script type=\"application\/ld+json\" class=\"yoast-schema-graph\">{\"@context\":\"https:\/\/schema.org\",\"@graph\":[{\"@type\":\"WebPage\",\"@id\":\"https:\/\/admin.industriall-union.org\/fr\/archive\/imf\/rassemblement-de-protestation-au-siege-de-gea\/\",\"url\":\"https:\/\/admin.industriall-union.org\/fr\/archive\/imf\/rassemblement-de-protestation-au-siege-de-gea\/\",\"name\":\"Rassemblement de protestation au si\u00e8ge de GEA - industriall-union\",\"isPartOf\":{\"@id\":\"https:\/\/admin.industriall-union.org\/#website\"},\"datePublished\":\"2011-12-23T10:09:00+00:00\",\"dateModified\":\"2025-01-31T08:49:14+00:00\",\"breadcrumb\":{\"@id\":\"https:\/\/admin.industriall-union.org\/fr\/archive\/imf\/rassemblement-de-protestation-au-siege-de-gea\/#breadcrumb\"},\"inLanguage\":\"fr-FR\",\"potentialAction\":[{\"@type\":\"ReadAction\",\"target\":[\"https:\/\/admin.industriall-union.org\/fr\/archive\/imf\/rassemblement-de-protestation-au-siege-de-gea\/\"]}]},{\"@type\":\"BreadcrumbList\",\"@id\":\"https:\/\/admin.industriall-union.org\/fr\/archive\/imf\/rassemblement-de-protestation-au-siege-de-gea\/#breadcrumb\",\"itemListElement\":[{\"@type\":\"ListItem\",\"position\":1,\"name\":\"Home\",\"item\":\"https:\/\/admin.industriall-union.org\/\"},{\"@type\":\"ListItem\",\"position\":2,\"name\":\"Archive Imf\",\"item\":\"https:\/\/admin.industriall-union.org\/es\/archive\/imf\/\"},{\"@type\":\"ListItem\",\"position\":3,\"name\":\"Rassemblement de protestation au si\u00e8ge de GEA\"}]},{\"@type\":\"WebSite\",\"@id\":\"https:\/\/admin.industriall-union.org\/#website\",\"url\":\"https:\/\/admin.industriall-union.org\/\",\"name\":\"industriall-union\",\"description\":\"\",\"potentialAction\":[{\"@type\":\"SearchAction\",\"target\":{\"@type\":\"EntryPoint\",\"urlTemplate\":\"https:\/\/admin.industriall-union.org\/?s={search_term_string}\"},\"query-input\":{\"@type\":\"PropertyValueSpecification\",\"valueRequired\":true,\"valueName\":\"search_term_string\"}}],\"inLanguage\":\"fr-FR\"}]}<\/script>\n<!-- \/ Yoast SEO Premium plugin. -->","yoast_head_json":{"title":"Rassemblement de protestation au si\u00e8ge de GEA - industriall-union","robots":{"index":"index","follow":"follow","max-snippet":"max-snippet:-1","max-image-preview":"max-image-preview:large","max-video-preview":"max-video-preview:-1"},"canonical":"https:\/\/admin.industriall-union.org\/fr\/archive\/imf\/rassemblement-de-protestation-au-siege-de-gea\/","og_locale":"fr_FR","og_type":"article","og_title":"Rassemblement de protestation au si\u00e8ge de GEA","og_description":"ALLEMAGNE: Le 21 d\u00e9cembre, les travailleurs et travailleuses se sont rendus au si\u00e8ge mondial de GEA \u00e0 D\u00fcsseldorf.\u00a0 L&#8217;entreprise allemande refuse encore de rencontrer le syndicat turc, Birlesik Metal, qui repr\u00e9sente les membres du personnel victimes du lock-out. \u00a0Plusieurs personnalit\u00e9s et des syndicats en Allemagne et dans le monde se sont trouv\u00e9s impliqu\u00e9s dans le [&hellip;]","og_url":"https:\/\/admin.industriall-union.org\/fr\/archive\/imf\/rassemblement-de-protestation-au-siege-de-gea\/","og_site_name":"industriall-union","article_modified_time":"2025-01-31T08:49:14+00:00","twitter_card":"summary_large_image","twitter_misc":{"Est. reading time":"2 minutes"},"schema":{"@context":"https:\/\/schema.org","@graph":[{"@type":"WebPage","@id":"https:\/\/admin.industriall-union.org\/fr\/archive\/imf\/rassemblement-de-protestation-au-siege-de-gea\/","url":"https:\/\/admin.industriall-union.org\/fr\/archive\/imf\/rassemblement-de-protestation-au-siege-de-gea\/","name":"Rassemblement de protestation au si\u00e8ge de GEA - industriall-union","isPartOf":{"@id":"https:\/\/admin.industriall-union.org\/#website"},"datePublished":"2011-12-23T10:09:00+00:00","dateModified":"2025-01-31T08:49:14+00:00","breadcrumb":{"@id":"https:\/\/admin.industriall-union.org\/fr\/archive\/imf\/rassemblement-de-protestation-au-siege-de-gea\/#breadcrumb"},"inLanguage":"fr-FR","potentialAction":[{"@type":"ReadAction","target":["https:\/\/admin.industriall-union.org\/fr\/archive\/imf\/rassemblement-de-protestation-au-siege-de-gea\/"]}]},{"@type":"BreadcrumbList","@id":"https:\/\/admin.industriall-union.org\/fr\/archive\/imf\/rassemblement-de-protestation-au-siege-de-gea\/#breadcrumb","itemListElement":[{"@type":"ListItem","position":1,"name":"Home","item":"https:\/\/admin.industriall-union.org\/"},{"@type":"ListItem","position":2,"name":"Archive Imf","item":"https:\/\/admin.industriall-union.org\/es\/archive\/imf\/"},{"@type":"ListItem","position":3,"name":"Rassemblement de protestation au si\u00e8ge de GEA"}]},{"@type":"WebSite","@id":"https:\/\/admin.industriall-union.org\/#website","url":"https:\/\/admin.industriall-union.org\/","name":"industriall-union","description":"","potentialAction":[{"@type":"SearchAction","target":{"@type":"EntryPoint","urlTemplate":"https:\/\/admin.industriall-union.org\/?s={search_term_string}"},"query-input":{"@type":"PropertyValueSpecification","valueRequired":true,"valueName":"search_term_string"}}],"inLanguage":"fr-FR"}]}},"_links":{"self":[{"href":"https:\/\/admin.industriall-union.org\/fr\/wp-json\/wp\/v2\/archive_imf\/199606","targetHints":{"allow":["GET"]}}],"collection":[{"href":"https:\/\/admin.industriall-union.org\/fr\/wp-json\/wp\/v2\/archive_imf"}],"about":[{"href":"https:\/\/admin.industriall-union.org\/fr\/wp-json\/wp\/v2\/types\/archive_imf"}],"wp:attachment":[{"href":"https:\/\/admin.industriall-union.org\/fr\/wp-json\/wp\/v2\/media?parent=199606"}],"curies":[{"name":"wp","href":"https:\/\/api.w.org\/{rel}","templated":true}]}}

Rassemblement de protestation au siège de GEA

ALLEMAGNE: Le 21 décembre, les travailleurs et travailleuses se sont rendus au siège mondial de GEA à Düsseldorf.  L&#8217;entreprise allemande refuse encore de rencontrer le syndicat turc, Birlesik Metal, qui représente les membres du personnel victimes du lock-out. <br /> <br />Plusieurs personnalités et des syndicats en Allemagne et dans le monde se sont trouvés impliqués dans le conflit chez GEA en Turquie, et ont contacté la direction de GEA. Il s&#8217;agit, par exemple, du président de la CSI, Michael Sommer, et de syndicats comme la FIOM, la FIOT et l&#8217;ICEM, ainsi que la confédération nationale de Turquie DISK. Le comité exécutif de la fédération allemande des métallurgistes IG Metall a demandé récemment à la direction de GEA de respecter les normes sociales et d&#8217;engager un dialogue avec le syndicat turc Birlesik-IS.<br /> <br />Il faut noter dans l&#8217;action entreprise à Düsseldorf, que pour la première fois, des représentants de syndicats en Allemagne expriment publiquement leur soutien aux collègues victimes d&#8217;un lock-out en Turquie, et critiquent la multinationale pour son manque de respect des droits fondamentaux et des normes de l&#8217;OIT.<br /> <br />L&#8217;appel lancé pour le rassemblement à Düsseldorf a été signé par une longue liste de représentants syndicaux élus de IG Metall, de Verdi et de IG Bau, parmi beaucoup d&#8217;autres.<br /> <br />Les représentants du syndicat allemand de l&#8217;alimentation NGG et les délégués syndicaux de Ford, ainsi que la fédération des organisations turques des travailleurs immigrés en Allemagne DIDF ont participé à l&#8217;action entreprise devant le siège de GEA et souligné l&#8217;importance du respect des droits des travailleurs et travailleuses.<br /><br />Le 16 décembre, la FIOM et la FEM ont rejoint le rassemblement organisé devant la filiale de GEA en Turquie et pris la parole devant les travailleurs lock-outés pour témoigner leur solidarité dans la lutte. En novembre, des dirigeants syndicaux internationaux se sont rassemblés devant l&#8217;usine de GEA, GEA Klima Sanayi ve Ticaret A.Ş. (ATR), à Gebze, Turquie, à l&#8217;occasion de la conférence mondiale sur les droits syndicaux organisée à Istanbul. Labourstart a également lancé une campagne le 28 novembre.<br /> <br />Prendre connaissance ici, en 14 langues, de la campagne de Labourstart: <a href="http://www.labourstart.org/cgi-bin/solidarityforever/show_campaign.cgi?c=1169" target="_blank">http://www.labourstart.org/cgi-bin/solidarityforever/show_campaign.cgi?c=1167</a>.<br />

<!-- This site is optimized with the Yoast SEO Premium plugin v27.1 (Yoast SEO v27.1) - https://yoast.com/product/yoast-seo-premium-wordpress/ -->
<title>Rassemblement de protestation au siège de GEA - industriall-union</title>
<meta name="robots" content="index, follow, max-snippet:-1, max-image-preview:large, max-video-preview:-1" />
<link rel="canonical" href="https://admin.industriall-union.org/fr/archive/imf/rassemblement-de-protestation-au-siege-de-gea/" />
<meta property="og:locale" content="fr_FR" />
<meta property="og:type" content="article" />
<meta property="og:title" content="Rassemblement de protestation au siège de GEA" />
<meta property="og:description" content="ALLEMAGNE: Le 21 décembre, les travailleurs et travailleuses se sont rendus au siège mondial de GEA à Düsseldorf.  L&#8217;entreprise allemande refuse encore de rencontrer le syndicat turc, Birlesik Metal, qui représente les membres du personnel victimes du lock-out.  Plusieurs personnalités et des syndicats en Allemagne et dans le monde se sont trouvés impliqués dans le [&hellip;]" />
<meta property="og:url" content="https://admin.industriall-union.org/fr/archive/imf/rassemblement-de-protestation-au-siege-de-gea/" />
<meta property="og:site_name" content="industriall-union" />
<meta property="article:modified_time" content="2025-01-31T08:49:14+00:00" />
<meta name="twitter:card" content="summary_large_image" />
<meta name="twitter:label1" content="Est. reading time" />
	<meta name="twitter:data1" content="2 minutes" />
<script type="application/ld+json" class="yoast-schema-graph">{"@context":"https://schema.org","@graph":[{"@type":"WebPage","@id":"https://admin.industriall-union.org/fr/archive/imf/rassemblement-de-protestation-au-siege-de-gea/","url":"https://admin.industriall-union.org/fr/archive/imf/rassemblement-de-protestation-au-siege-de-gea/","name":"Rassemblement de protestation au siège de GEA - industriall-union","isPartOf":{"@id":"https://admin.industriall-union.org/#website"},"datePublished":"2011-12-23T10:09:00+00:00","dateModified":"2025-01-31T08:49:14+00:00","breadcrumb":{"@id":"https://admin.industriall-union.org/fr/archive/imf/rassemblement-de-protestation-au-siege-de-gea/#breadcrumb"},"inLanguage":"fr-FR","potentialAction":[{"@type":"ReadAction","target":["https://admin.industriall-union.org/fr/archive/imf/rassemblement-de-protestation-au-siege-de-gea/"]}]},{"@type":"BreadcrumbList","@id":"https://admin.industriall-union.org/fr/archive/imf/rassemblement-de-protestation-au-siege-de-gea/#breadcrumb","itemListElement":[{"@type":"ListItem","position":1,"name":"Home","item":"https://admin.industriall-union.org/"},{"@type":"ListItem","position":2,"name":"Archive Imf","item":"https://admin.industriall-union.org/es/archive/imf/"},{"@type":"ListItem","position":3,"name":"Rassemblement de protestation au siège de GEA"}]},{"@type":"WebSite","@id":"https://admin.industriall-union.org/#website","url":"https://admin.industriall-union.org/","name":"industriall-union","description":"","potentialAction":[{"@type":"SearchAction","target":{"@type":"EntryPoint","urlTemplate":"https://admin.industriall-union.org/?s={search_term_string}"},"query-input":{"@type":"PropertyValueSpecification","valueRequired":true,"valueName":"search_term_string"}}],"inLanguage":"fr-FR"}]}</script>
<!-- / Yoast SEO Premium plugin. -->

Rassemblement de protestation au siège de GEA - industriall-union

ALLEMAGNE: Le 21 décembre, les travailleurs et travailleuses se sont rendus au siège mondial de GEA à Düsseldorf.  L&#8217;entreprise allemande refuse encore de rencontrer le syndicat turc, Birlesik Metal, qui représente les membres du personnel victimes du lock-out.  Plusieurs personnalités et des syndicats en Allemagne et dans le monde se sont trouvés impliqués dans le [&hellip;]
