{"id":199544,"date":"2012-01-25T10:11:00","date_gmt":"2012-01-25T10:11:00","guid":{"rendered":"https:\/\/admin.industriall-union.org\/archive\/imf\/lock-out-depuis-pres-d-039-un-mois-chez-rio-tinto-au-canada\/"},"modified":"2025-01-31T08:48:52","modified_gmt":"2025-01-31T08:48:52","slug":"lock-out-depuis-pres-d-039-un-mois-chez-rio-tinto-au-canada","status":"publish","type":"archive_imf","link":"https:\/\/admin.industriall-union.org\/fr\/archive\/imf\/lock-out-depuis-pres-d-039-un-mois-chez-rio-tinto-au-canada\/","title":{"rendered":"Lock-out depuis pr\u00e8s d&#039;un mois chez Rio Tinto au Canada"},"content":{"rendered":"<p>CANADA: L&#8217;entreprise veut disposer du droit de sous-traiter sans restrictions le travail, et a remplac\u00e9 du personnel employ\u00e9 \u00e0 temps plein et repr\u00e9sent\u00e9 par l&#8217;USW, par du personnel en sous-traitance dans des conditions bien plus mauvaises, au moment du d\u00e9part \u00e0 la retraite. Le travail en sous-traitance dans l&#8217;entreprise devrait augmenter et passer de 10 pour cent en 2010 \u00e0 27 pour cent in 2012. L&#8217;USW veut cr\u00e9er un socle de 750 emplois permanents sur le site d&#8217;Alma.<\/p><p>La l\u00e9gislation du travail interdit au Qu\u00e9bec d&#8217;embaucher des jaunes ou du personnel de remplacement lors d&#8217;un conflit du travail. Selon l&#8217;entreprise, le site fonctionne au tiers de sa capacit\u00e9 avec l&#8217;aide de 200 personnes assurant la &quot;gestion&quot;. L&#8217;USW a pr\u00e9sent\u00e9 une plainte au conseil provincial du travail.<\/p><p>La FIOM et l&#8217;ICEM ont adress\u00e9 une <a href=\"..\/files\/12012511200682\/ICEM-IMFletterRioTintoAlma1.18Jan.pdf\" target=\"_blank\">ferme protestation \u00e0 Tom Albanese, directeur g\u00e9n\u00e9ral de Rio Tinto<\/a>: &quot;C&#8217;est un fait sans pr\u00e9c\u00e9dent en Am\u00e9rique du Nord qu&#8217;une entreprise demande \u00e0 un syndicat d&#8217;accepter le remplacement de tous les postes permanents par des contractuels quand les travailleurs et travailleuses prennent leur retraite&quot;. <br \/><br \/>Les affili\u00e9s sont invit\u00e9s \u00e0 envoyer des lettres \u00e0 Albanese (avec copies \u00e0 la FIOM, \u00e0 l&#8217;ICEM et \u00e0 l&#8217;USW), en faisant clairement \u00e9tat de leur opinion. Voire <a href=\"..\/files\/12013109364482\/AlcanModelLetter%20FR.pdf\" target=\"_blank\">un mod\u00e8le ici<\/a>.<\/p><p>Les lettres peuvent \u00eatre envoy\u00e9es par t\u00e9l\u00e9copie aux bureaux de Rio Tinto \u00e0 Londres (+44 20 7781 1800) et \u00e0 Melbourne (+62 3 9283 3707), avec copies \u00e0 la FIOM, \u00e0 l&#8217;ICEM et \u00e0 l&#8217;USW. <br \/><br \/>Pour un <a href=\"..\/files\/12012511253582\/RioTintoAlcan-Bckgrndr-FR.pdf\" target=\"_blank\">historique d\u00e9taill\u00e9 du conflit, cliquer ici<\/a>.<br \/><br \/><strong>Contacts: <\/strong><\/p><p>Clairandr\u00e9e Cauchy, Syndicat des M\u00e9tallos\/Communications de l&#8217;USW, 514-774-4001, <a href=\"mailto:ccauchy@usw.ca\">ccauchy@usw.ca<\/a>;<br \/>Joe Drexler, Syndicat des M\u00e9tallos\/Campagnes strat\u00e9giques de l&#8217;USW, 416-544 6009, 416-434 7907, <a href=\"mailto:jdrexler@usw.ca\">jdrexler@usw.ca<\/a>.<\/p>","protected":false},"featured_media":0,"template":"","class_list":["post-199544","archive_imf","type-archive_imf","status-publish","hentry"],"acf":[],"yoast_head":"<!-- This site is optimized with the Yoast SEO Premium plugin v27.1 (Yoast SEO v27.1) - https:\/\/yoast.com\/product\/yoast-seo-premium-wordpress\/ -->\n<title>Lock-out depuis pr\u00e8s d&#039;un mois chez Rio Tinto au Canada - industriall-union<\/title>\n<meta name=\"robots\" content=\"index, follow, max-snippet:-1, max-image-preview:large, max-video-preview:-1\" \/>\n<link rel=\"canonical\" href=\"https:\/\/admin.industriall-union.org\/fr\/archive\/imf\/lock-out-depuis-pres-d-039-un-mois-chez-rio-tinto-au-canada\/\" \/>\n<meta property=\"og:locale\" content=\"fr_FR\" \/>\n<meta property=\"og:type\" content=\"article\" \/>\n<meta property=\"og:title\" content=\"Lock-out depuis pr\u00e8s d&#039;un mois chez Rio Tinto au Canada\" \/>\n<meta property=\"og:description\" content=\"CANADA: L&#8217;entreprise veut disposer du droit de sous-traiter sans restrictions le travail, et a remplac\u00e9 du personnel employ\u00e9 \u00e0 temps plein et repr\u00e9sent\u00e9 par l&#8217;USW, par du personnel en sous-traitance dans des conditions bien plus mauvaises, au moment du d\u00e9part \u00e0 la retraite. Le travail en sous-traitance dans l&#8217;entreprise devrait augmenter et passer de 10 [&hellip;]\" \/>\n<meta property=\"og:url\" content=\"https:\/\/admin.industriall-union.org\/fr\/archive\/imf\/lock-out-depuis-pres-d-039-un-mois-chez-rio-tinto-au-canada\/\" \/>\n<meta property=\"og:site_name\" content=\"industriall-union\" \/>\n<meta property=\"article:modified_time\" content=\"2025-01-31T08:48:52+00:00\" \/>\n<meta name=\"twitter:card\" content=\"summary_large_image\" \/>\n<meta name=\"twitter:label1\" content=\"Est. reading time\" \/>\n\t<meta name=\"twitter:data1\" content=\"1 minute\" \/>\n<script type=\"application\/ld+json\" class=\"yoast-schema-graph\">{\"@context\":\"https:\/\/schema.org\",\"@graph\":[{\"@type\":\"WebPage\",\"@id\":\"https:\/\/admin.industriall-union.org\/fr\/archive\/imf\/lock-out-depuis-pres-d-039-un-mois-chez-rio-tinto-au-canada\/\",\"url\":\"https:\/\/admin.industriall-union.org\/fr\/archive\/imf\/lock-out-depuis-pres-d-039-un-mois-chez-rio-tinto-au-canada\/\",\"name\":\"Lock-out depuis pr\u00e8s d&#039;un mois chez Rio Tinto au Canada - industriall-union\",\"isPartOf\":{\"@id\":\"https:\/\/admin.industriall-union.org\/#website\"},\"datePublished\":\"2012-01-25T10:11:00+00:00\",\"dateModified\":\"2025-01-31T08:48:52+00:00\",\"breadcrumb\":{\"@id\":\"https:\/\/admin.industriall-union.org\/fr\/archive\/imf\/lock-out-depuis-pres-d-039-un-mois-chez-rio-tinto-au-canada\/#breadcrumb\"},\"inLanguage\":\"fr-FR\",\"potentialAction\":[{\"@type\":\"ReadAction\",\"target\":[\"https:\/\/admin.industriall-union.org\/fr\/archive\/imf\/lock-out-depuis-pres-d-039-un-mois-chez-rio-tinto-au-canada\/\"]}]},{\"@type\":\"BreadcrumbList\",\"@id\":\"https:\/\/admin.industriall-union.org\/fr\/archive\/imf\/lock-out-depuis-pres-d-039-un-mois-chez-rio-tinto-au-canada\/#breadcrumb\",\"itemListElement\":[{\"@type\":\"ListItem\",\"position\":1,\"name\":\"Home\",\"item\":\"https:\/\/admin.industriall-union.org\/\"},{\"@type\":\"ListItem\",\"position\":2,\"name\":\"Archive Imf\",\"item\":\"https:\/\/admin.industriall-union.org\/es\/archive\/imf\/\"},{\"@type\":\"ListItem\",\"position\":3,\"name\":\"Lock-out depuis pr\u00e8s d&#039;un mois chez Rio Tinto au Canada\"}]},{\"@type\":\"WebSite\",\"@id\":\"https:\/\/admin.industriall-union.org\/#website\",\"url\":\"https:\/\/admin.industriall-union.org\/\",\"name\":\"industriall-union\",\"description\":\"\",\"potentialAction\":[{\"@type\":\"SearchAction\",\"target\":{\"@type\":\"EntryPoint\",\"urlTemplate\":\"https:\/\/admin.industriall-union.org\/?s={search_term_string}\"},\"query-input\":{\"@type\":\"PropertyValueSpecification\",\"valueRequired\":true,\"valueName\":\"search_term_string\"}}],\"inLanguage\":\"fr-FR\"}]}<\/script>\n<!-- \/ Yoast SEO Premium plugin. -->","yoast_head_json":{"title":"Lock-out depuis pr\u00e8s d&#039;un mois chez Rio Tinto au Canada - industriall-union","robots":{"index":"index","follow":"follow","max-snippet":"max-snippet:-1","max-image-preview":"max-image-preview:large","max-video-preview":"max-video-preview:-1"},"canonical":"https:\/\/admin.industriall-union.org\/fr\/archive\/imf\/lock-out-depuis-pres-d-039-un-mois-chez-rio-tinto-au-canada\/","og_locale":"fr_FR","og_type":"article","og_title":"Lock-out depuis pr\u00e8s d&#039;un mois chez Rio Tinto au Canada","og_description":"CANADA: L&#8217;entreprise veut disposer du droit de sous-traiter sans restrictions le travail, et a remplac\u00e9 du personnel employ\u00e9 \u00e0 temps plein et repr\u00e9sent\u00e9 par l&#8217;USW, par du personnel en sous-traitance dans des conditions bien plus mauvaises, au moment du d\u00e9part \u00e0 la retraite. Le travail en sous-traitance dans l&#8217;entreprise devrait augmenter et passer de 10 [&hellip;]","og_url":"https:\/\/admin.industriall-union.org\/fr\/archive\/imf\/lock-out-depuis-pres-d-039-un-mois-chez-rio-tinto-au-canada\/","og_site_name":"industriall-union","article_modified_time":"2025-01-31T08:48:52+00:00","twitter_card":"summary_large_image","twitter_misc":{"Est. reading time":"1 minute"},"schema":{"@context":"https:\/\/schema.org","@graph":[{"@type":"WebPage","@id":"https:\/\/admin.industriall-union.org\/fr\/archive\/imf\/lock-out-depuis-pres-d-039-un-mois-chez-rio-tinto-au-canada\/","url":"https:\/\/admin.industriall-union.org\/fr\/archive\/imf\/lock-out-depuis-pres-d-039-un-mois-chez-rio-tinto-au-canada\/","name":"Lock-out depuis pr\u00e8s d&#039;un mois chez Rio Tinto au Canada - industriall-union","isPartOf":{"@id":"https:\/\/admin.industriall-union.org\/#website"},"datePublished":"2012-01-25T10:11:00+00:00","dateModified":"2025-01-31T08:48:52+00:00","breadcrumb":{"@id":"https:\/\/admin.industriall-union.org\/fr\/archive\/imf\/lock-out-depuis-pres-d-039-un-mois-chez-rio-tinto-au-canada\/#breadcrumb"},"inLanguage":"fr-FR","potentialAction":[{"@type":"ReadAction","target":["https:\/\/admin.industriall-union.org\/fr\/archive\/imf\/lock-out-depuis-pres-d-039-un-mois-chez-rio-tinto-au-canada\/"]}]},{"@type":"BreadcrumbList","@id":"https:\/\/admin.industriall-union.org\/fr\/archive\/imf\/lock-out-depuis-pres-d-039-un-mois-chez-rio-tinto-au-canada\/#breadcrumb","itemListElement":[{"@type":"ListItem","position":1,"name":"Home","item":"https:\/\/admin.industriall-union.org\/"},{"@type":"ListItem","position":2,"name":"Archive Imf","item":"https:\/\/admin.industriall-union.org\/es\/archive\/imf\/"},{"@type":"ListItem","position":3,"name":"Lock-out depuis pr\u00e8s d&#039;un mois chez Rio Tinto au Canada"}]},{"@type":"WebSite","@id":"https:\/\/admin.industriall-union.org\/#website","url":"https:\/\/admin.industriall-union.org\/","name":"industriall-union","description":"","potentialAction":[{"@type":"SearchAction","target":{"@type":"EntryPoint","urlTemplate":"https:\/\/admin.industriall-union.org\/?s={search_term_string}"},"query-input":{"@type":"PropertyValueSpecification","valueRequired":true,"valueName":"search_term_string"}}],"inLanguage":"fr-FR"}]}},"_links":{"self":[{"href":"https:\/\/admin.industriall-union.org\/fr\/wp-json\/wp\/v2\/archive_imf\/199544","targetHints":{"allow":["GET"]}}],"collection":[{"href":"https:\/\/admin.industriall-union.org\/fr\/wp-json\/wp\/v2\/archive_imf"}],"about":[{"href":"https:\/\/admin.industriall-union.org\/fr\/wp-json\/wp\/v2\/types\/archive_imf"}],"wp:attachment":[{"href":"https:\/\/admin.industriall-union.org\/fr\/wp-json\/wp\/v2\/media?parent=199544"}],"curies":[{"name":"wp","href":"https:\/\/api.w.org\/{rel}","templated":true}]}}

Lock-out depuis près d&#039;un mois chez Rio Tinto au Canada

<p>CANADA: L&#8217;entreprise veut disposer du droit de sous-traiter sans restrictions le travail, et a remplacé du personnel employé à temps plein et représenté par l&#8217;USW, par du personnel en sous-traitance dans des conditions bien plus mauvaises, au moment du départ à la retraite. Le travail en sous-traitance dans l&#8217;entreprise devrait augmenter et passer de 10 pour cent en 2010 à 27 pour cent in 2012. L&#8217;USW veut créer un socle de 750 emplois permanents sur le site d&#8217;Alma.</p><p>La législation du travail interdit au Québec d&#8217;embaucher des jaunes ou du personnel de remplacement lors d&#8217;un conflit du travail. Selon l&#8217;entreprise, le site fonctionne au tiers de sa capacité avec l&#8217;aide de 200 personnes assurant la &quot;gestion&quot;. L&#8217;USW a présenté une plainte au conseil provincial du travail.</p><p>La FIOM et l&#8217;ICEM ont adressé une <a href="../files/12012511200682/ICEM-IMFletterRioTintoAlma1.18Jan.pdf" target="_blank">ferme protestation à Tom Albanese, directeur général de Rio Tinto</a>: &quot;C&#8217;est un fait sans précédent en Amérique du Nord qu&#8217;une entreprise demande à un syndicat d&#8217;accepter le remplacement de tous les postes permanents par des contractuels quand les travailleurs et travailleuses prennent leur retraite&quot;. <br /><br />Les affiliés sont invités à envoyer des lettres à Albanese (avec copies à la FIOM, à l&#8217;ICEM et à l&#8217;USW), en faisant clairement état de leur opinion. Voire <a href="../files/12013109364482/AlcanModelLetter%20FR.pdf" target="_blank">un modèle ici</a>.</p><p>Les lettres peuvent être envoyées par télécopie aux bureaux de Rio Tinto à Londres (+44 20 7781 1800) et à Melbourne (+62 3 9283 3707), avec copies à la FIOM, à l&#8217;ICEM et à l&#8217;USW. <br /><br />Pour un <a href="../files/12012511253582/RioTintoAlcan-Bckgrndr-FR.pdf" target="_blank">historique détaillé du conflit, cliquer ici</a>.<br /><br /><strong>Contacts: </strong></p><p>Clairandrée Cauchy, Syndicat des Métallos/Communications de l&#8217;USW, 514-774-4001, <a href="mailto:ccauchy@usw.ca">ccauchy@usw.ca</a>;<br />Joe Drexler, Syndicat des Métallos/Campagnes stratégiques de l&#8217;USW, 416-544 6009, 416-434 7907, <a href="mailto:jdrexler@usw.ca">jdrexler@usw.ca</a>.</p>

<!-- This site is optimized with the Yoast SEO Premium plugin v27.1 (Yoast SEO v27.1) - https://yoast.com/product/yoast-seo-premium-wordpress/ -->
<title>Lock-out depuis près d&#039;un mois chez Rio Tinto au Canada - industriall-union</title>
<meta name="robots" content="index, follow, max-snippet:-1, max-image-preview:large, max-video-preview:-1" />
<link rel="canonical" href="https://admin.industriall-union.org/fr/archive/imf/lock-out-depuis-pres-d-039-un-mois-chez-rio-tinto-au-canada/" />
<meta property="og:locale" content="fr_FR" />
<meta property="og:type" content="article" />
<meta property="og:title" content="Lock-out depuis près d&#039;un mois chez Rio Tinto au Canada" />
<meta property="og:description" content="CANADA: L&#8217;entreprise veut disposer du droit de sous-traiter sans restrictions le travail, et a remplacé du personnel employé à temps plein et représenté par l&#8217;USW, par du personnel en sous-traitance dans des conditions bien plus mauvaises, au moment du départ à la retraite. Le travail en sous-traitance dans l&#8217;entreprise devrait augmenter et passer de 10 [&hellip;]" />
<meta property="og:url" content="https://admin.industriall-union.org/fr/archive/imf/lock-out-depuis-pres-d-039-un-mois-chez-rio-tinto-au-canada/" />
<meta property="og:site_name" content="industriall-union" />
<meta property="article:modified_time" content="2025-01-31T08:48:52+00:00" />
<meta name="twitter:card" content="summary_large_image" />
<meta name="twitter:label1" content="Est. reading time" />
	<meta name="twitter:data1" content="1 minute" />
<script type="application/ld+json" class="yoast-schema-graph">{"@context":"https://schema.org","@graph":[{"@type":"WebPage","@id":"https://admin.industriall-union.org/fr/archive/imf/lock-out-depuis-pres-d-039-un-mois-chez-rio-tinto-au-canada/","url":"https://admin.industriall-union.org/fr/archive/imf/lock-out-depuis-pres-d-039-un-mois-chez-rio-tinto-au-canada/","name":"Lock-out depuis près d&#039;un mois chez Rio Tinto au Canada - industriall-union","isPartOf":{"@id":"https://admin.industriall-union.org/#website"},"datePublished":"2012-01-25T10:11:00+00:00","dateModified":"2025-01-31T08:48:52+00:00","breadcrumb":{"@id":"https://admin.industriall-union.org/fr/archive/imf/lock-out-depuis-pres-d-039-un-mois-chez-rio-tinto-au-canada/#breadcrumb"},"inLanguage":"fr-FR","potentialAction":[{"@type":"ReadAction","target":["https://admin.industriall-union.org/fr/archive/imf/lock-out-depuis-pres-d-039-un-mois-chez-rio-tinto-au-canada/"]}]},{"@type":"BreadcrumbList","@id":"https://admin.industriall-union.org/fr/archive/imf/lock-out-depuis-pres-d-039-un-mois-chez-rio-tinto-au-canada/#breadcrumb","itemListElement":[{"@type":"ListItem","position":1,"name":"Home","item":"https://admin.industriall-union.org/"},{"@type":"ListItem","position":2,"name":"Archive Imf","item":"https://admin.industriall-union.org/es/archive/imf/"},{"@type":"ListItem","position":3,"name":"Lock-out depuis près d&#039;un mois chez Rio Tinto au Canada"}]},{"@type":"WebSite","@id":"https://admin.industriall-union.org/#website","url":"https://admin.industriall-union.org/","name":"industriall-union","description":"","potentialAction":[{"@type":"SearchAction","target":{"@type":"EntryPoint","urlTemplate":"https://admin.industriall-union.org/?s={search_term_string}"},"query-input":{"@type":"PropertyValueSpecification","valueRequired":true,"valueName":"search_term_string"}}],"inLanguage":"fr-FR"}]}</script>
<!-- / Yoast SEO Premium plugin. -->

Lock-out depuis près d&#039;un mois chez Rio Tinto au Canada - industriall-union

CANADA: L&#8217;entreprise veut disposer du droit de sous-traiter sans restrictions le travail, et a remplacé du personnel employé à temps plein et représenté par l&#8217;USW, par du personnel en sous-traitance dans des conditions bien plus mauvaises, au moment du départ à la retraite. Le travail en sous-traitance dans l&#8217;entreprise devrait augmenter et passer de 10 [&hellip;]
