{"id":199197,"date":"2012-04-19T05:39:00","date_gmt":"2012-04-19T05:39:00","guid":{"rendered":"https:\/\/admin.industriall-union.org\/archive\/imf\/28-avril-les-travailleurs-de-gerdau-et-de-tenaris-se-souviennent-des-blesses-et-des-tues-au-travail\/"},"modified":"2025-01-31T08:33:12","modified_gmt":"2025-01-31T08:33:12","slug":"28-avril-les-travailleurs-de-gerdau-et-de-tenaris-se-souviennent-des-blesses-et-des-tues-au-travail","status":"publish","type":"archive_imf","link":"https:\/\/admin.industriall-union.org\/fr\/archive\/imf\/28-avril-les-travailleurs-de-gerdau-et-de-tenaris-se-souviennent-des-blesses-et-des-tues-au-travail\/","title":{"rendered":"28 avril: Les travailleurs de Gerdau et de Tenaris se souviennent des bless\u00e9s et des tu\u00e9s au travail"},"content":{"rendered":"<p>MONDE: Chaque ann\u00e9e, le 28 avril, pour la Journ\u00e9e mondiale sur la s\u00e9curit\u00e9 et la sant\u00e9 au travail, les travailleurs et travailleuses s&#8217;accordent un moment de r\u00e9flexion sur le nombre de victimes, sur les d\u00e9c\u00e8s, les blessures et les maladies professionnelles qui surviennent dans le travail.<\/p><p>On estime \u00e0 16.400 le nombre de personnes qui mourront au travail en 2012. Cela correspond \u00e0 45 d\u00e9c\u00e8s par jour. En outre, 1.570.000 autres seront diagnostiqu\u00e9es avec une maladie professionnelle non mortelle. Un nombre \u00e9norme de personnes, impossible \u00e0 d\u00e9terminer avec pr\u00e9cision, mais de l&#8217;ordre de plusieurs millions, seront bless\u00e9es au travail.<\/p><p>Les r\u00e9seaux mondiaux des syndicats de Gerdau et de Tenaris vont distribuer des tracts, le 28 avril, aux travailleurs et travailleuses dans toutes les installations de ces entreprises pour attirer l&#8217;attention sur l&#8217;importance de la sant\u00e9 et de la s\u00e9curit\u00e9 au travail.<\/p><p>Les syndicats vont rappeler \u00e0 la direction de ces entreprises qu&#8217;il n&#8217;y a pas de solution simple et magique \u00e0 appliquer rapidement. \u00c0 l&#8217;inverse, la sant\u00e9 et la s\u00e9curit\u00e9 au travail exigent un dur labeur et une coordination des efforts par les syndicats et la direction des entreprises pour am\u00e9liorer continuellement les conditions de travail dans leurs usines.<\/p><p>Le Conseil mondial des travailleurs de Gerdau et le Conseil mondial des travailleurs de Tenaris lancent un appel aux deux entreprises pour qu&#8217;elles s&#8217;engagent dans la cr\u00e9ation de comit\u00e9s internationaux paritaires de sant\u00e9 et de s\u00e9curit\u00e9 avec les syndicats appartenant \u00e0 ces conseils.<\/p>","protected":false},"featured_media":0,"template":"","class_list":["post-199197","archive_imf","type-archive_imf","status-publish","hentry"],"acf":[],"yoast_head":"<!-- This site is optimized with the Yoast SEO Premium plugin v27.1 (Yoast SEO v27.1) - https:\/\/yoast.com\/product\/yoast-seo-premium-wordpress\/ -->\n<title>28 avril: Les travailleurs de Gerdau et de Tenaris se souviennent des bless\u00e9s et des tu\u00e9s au travail - industriall-union<\/title>\n<meta name=\"robots\" content=\"index, follow, max-snippet:-1, max-image-preview:large, max-video-preview:-1\" \/>\n<link rel=\"canonical\" href=\"https:\/\/admin.industriall-union.org\/fr\/archive\/imf\/28-avril-les-travailleurs-de-gerdau-et-de-tenaris-se-souviennent-des-blesses-et-des-tues-au-travail\/\" \/>\n<meta property=\"og:locale\" content=\"fr_FR\" \/>\n<meta property=\"og:type\" content=\"article\" \/>\n<meta property=\"og:title\" content=\"28 avril: Les travailleurs de Gerdau et de Tenaris se souviennent des bless\u00e9s et des tu\u00e9s au travail\" \/>\n<meta property=\"og:description\" content=\"MONDE: Chaque ann\u00e9e, le 28 avril, pour la Journ\u00e9e mondiale sur la s\u00e9curit\u00e9 et la sant\u00e9 au travail, les travailleurs et travailleuses s&#8217;accordent un moment de r\u00e9flexion sur le nombre de victimes, sur les d\u00e9c\u00e8s, les blessures et les maladies professionnelles qui surviennent dans le travail. On estime \u00e0 16.400 le nombre de personnes qui [&hellip;]\" \/>\n<meta property=\"og:url\" content=\"https:\/\/admin.industriall-union.org\/fr\/archive\/imf\/28-avril-les-travailleurs-de-gerdau-et-de-tenaris-se-souviennent-des-blesses-et-des-tues-au-travail\/\" \/>\n<meta property=\"og:site_name\" content=\"industriall-union\" \/>\n<meta property=\"article:modified_time\" content=\"2025-01-31T08:33:12+00:00\" \/>\n<meta name=\"twitter:card\" content=\"summary_large_image\" \/>\n<meta name=\"twitter:label1\" content=\"Est. reading time\" \/>\n\t<meta name=\"twitter:data1\" content=\"1 minute\" \/>\n<script type=\"application\/ld+json\" class=\"yoast-schema-graph\">{\"@context\":\"https:\/\/schema.org\",\"@graph\":[{\"@type\":\"WebPage\",\"@id\":\"https:\/\/admin.industriall-union.org\/fr\/archive\/imf\/28-avril-les-travailleurs-de-gerdau-et-de-tenaris-se-souviennent-des-blesses-et-des-tues-au-travail\/\",\"url\":\"https:\/\/admin.industriall-union.org\/fr\/archive\/imf\/28-avril-les-travailleurs-de-gerdau-et-de-tenaris-se-souviennent-des-blesses-et-des-tues-au-travail\/\",\"name\":\"28 avril: Les travailleurs de Gerdau et de Tenaris se souviennent des bless\u00e9s et des tu\u00e9s au travail - industriall-union\",\"isPartOf\":{\"@id\":\"https:\/\/admin.industriall-union.org\/#website\"},\"datePublished\":\"2012-04-19T05:39:00+00:00\",\"dateModified\":\"2025-01-31T08:33:12+00:00\",\"breadcrumb\":{\"@id\":\"https:\/\/admin.industriall-union.org\/fr\/archive\/imf\/28-avril-les-travailleurs-de-gerdau-et-de-tenaris-se-souviennent-des-blesses-et-des-tues-au-travail\/#breadcrumb\"},\"inLanguage\":\"fr-FR\",\"potentialAction\":[{\"@type\":\"ReadAction\",\"target\":[\"https:\/\/admin.industriall-union.org\/fr\/archive\/imf\/28-avril-les-travailleurs-de-gerdau-et-de-tenaris-se-souviennent-des-blesses-et-des-tues-au-travail\/\"]}]},{\"@type\":\"BreadcrumbList\",\"@id\":\"https:\/\/admin.industriall-union.org\/fr\/archive\/imf\/28-avril-les-travailleurs-de-gerdau-et-de-tenaris-se-souviennent-des-blesses-et-des-tues-au-travail\/#breadcrumb\",\"itemListElement\":[{\"@type\":\"ListItem\",\"position\":1,\"name\":\"Home\",\"item\":\"https:\/\/admin.industriall-union.org\/\"},{\"@type\":\"ListItem\",\"position\":2,\"name\":\"Archive Imf\",\"item\":\"https:\/\/admin.industriall-union.org\/es\/archive\/imf\/\"},{\"@type\":\"ListItem\",\"position\":3,\"name\":\"28 avril: Les travailleurs de Gerdau et de Tenaris se souviennent des bless\u00e9s et des tu\u00e9s au travail\"}]},{\"@type\":\"WebSite\",\"@id\":\"https:\/\/admin.industriall-union.org\/#website\",\"url\":\"https:\/\/admin.industriall-union.org\/\",\"name\":\"industriall-union\",\"description\":\"\",\"potentialAction\":[{\"@type\":\"SearchAction\",\"target\":{\"@type\":\"EntryPoint\",\"urlTemplate\":\"https:\/\/admin.industriall-union.org\/?s={search_term_string}\"},\"query-input\":{\"@type\":\"PropertyValueSpecification\",\"valueRequired\":true,\"valueName\":\"search_term_string\"}}],\"inLanguage\":\"fr-FR\"}]}<\/script>\n<!-- \/ Yoast SEO Premium plugin. -->","yoast_head_json":{"title":"28 avril: Les travailleurs de Gerdau et de Tenaris se souviennent des bless\u00e9s et des tu\u00e9s au travail - industriall-union","robots":{"index":"index","follow":"follow","max-snippet":"max-snippet:-1","max-image-preview":"max-image-preview:large","max-video-preview":"max-video-preview:-1"},"canonical":"https:\/\/admin.industriall-union.org\/fr\/archive\/imf\/28-avril-les-travailleurs-de-gerdau-et-de-tenaris-se-souviennent-des-blesses-et-des-tues-au-travail\/","og_locale":"fr_FR","og_type":"article","og_title":"28 avril: Les travailleurs de Gerdau et de Tenaris se souviennent des bless\u00e9s et des tu\u00e9s au travail","og_description":"MONDE: Chaque ann\u00e9e, le 28 avril, pour la Journ\u00e9e mondiale sur la s\u00e9curit\u00e9 et la sant\u00e9 au travail, les travailleurs et travailleuses s&#8217;accordent un moment de r\u00e9flexion sur le nombre de victimes, sur les d\u00e9c\u00e8s, les blessures et les maladies professionnelles qui surviennent dans le travail. On estime \u00e0 16.400 le nombre de personnes qui [&hellip;]","og_url":"https:\/\/admin.industriall-union.org\/fr\/archive\/imf\/28-avril-les-travailleurs-de-gerdau-et-de-tenaris-se-souviennent-des-blesses-et-des-tues-au-travail\/","og_site_name":"industriall-union","article_modified_time":"2025-01-31T08:33:12+00:00","twitter_card":"summary_large_image","twitter_misc":{"Est. reading time":"1 minute"},"schema":{"@context":"https:\/\/schema.org","@graph":[{"@type":"WebPage","@id":"https:\/\/admin.industriall-union.org\/fr\/archive\/imf\/28-avril-les-travailleurs-de-gerdau-et-de-tenaris-se-souviennent-des-blesses-et-des-tues-au-travail\/","url":"https:\/\/admin.industriall-union.org\/fr\/archive\/imf\/28-avril-les-travailleurs-de-gerdau-et-de-tenaris-se-souviennent-des-blesses-et-des-tues-au-travail\/","name":"28 avril: Les travailleurs de Gerdau et de Tenaris se souviennent des bless\u00e9s et des tu\u00e9s au travail - industriall-union","isPartOf":{"@id":"https:\/\/admin.industriall-union.org\/#website"},"datePublished":"2012-04-19T05:39:00+00:00","dateModified":"2025-01-31T08:33:12+00:00","breadcrumb":{"@id":"https:\/\/admin.industriall-union.org\/fr\/archive\/imf\/28-avril-les-travailleurs-de-gerdau-et-de-tenaris-se-souviennent-des-blesses-et-des-tues-au-travail\/#breadcrumb"},"inLanguage":"fr-FR","potentialAction":[{"@type":"ReadAction","target":["https:\/\/admin.industriall-union.org\/fr\/archive\/imf\/28-avril-les-travailleurs-de-gerdau-et-de-tenaris-se-souviennent-des-blesses-et-des-tues-au-travail\/"]}]},{"@type":"BreadcrumbList","@id":"https:\/\/admin.industriall-union.org\/fr\/archive\/imf\/28-avril-les-travailleurs-de-gerdau-et-de-tenaris-se-souviennent-des-blesses-et-des-tues-au-travail\/#breadcrumb","itemListElement":[{"@type":"ListItem","position":1,"name":"Home","item":"https:\/\/admin.industriall-union.org\/"},{"@type":"ListItem","position":2,"name":"Archive Imf","item":"https:\/\/admin.industriall-union.org\/es\/archive\/imf\/"},{"@type":"ListItem","position":3,"name":"28 avril: Les travailleurs de Gerdau et de Tenaris se souviennent des bless\u00e9s et des tu\u00e9s au travail"}]},{"@type":"WebSite","@id":"https:\/\/admin.industriall-union.org\/#website","url":"https:\/\/admin.industriall-union.org\/","name":"industriall-union","description":"","potentialAction":[{"@type":"SearchAction","target":{"@type":"EntryPoint","urlTemplate":"https:\/\/admin.industriall-union.org\/?s={search_term_string}"},"query-input":{"@type":"PropertyValueSpecification","valueRequired":true,"valueName":"search_term_string"}}],"inLanguage":"fr-FR"}]}},"_links":{"self":[{"href":"https:\/\/admin.industriall-union.org\/fr\/wp-json\/wp\/v2\/archive_imf\/199197","targetHints":{"allow":["GET"]}}],"collection":[{"href":"https:\/\/admin.industriall-union.org\/fr\/wp-json\/wp\/v2\/archive_imf"}],"about":[{"href":"https:\/\/admin.industriall-union.org\/fr\/wp-json\/wp\/v2\/types\/archive_imf"}],"wp:attachment":[{"href":"https:\/\/admin.industriall-union.org\/fr\/wp-json\/wp\/v2\/media?parent=199197"}],"curies":[{"name":"wp","href":"https:\/\/api.w.org\/{rel}","templated":true}]}}

28 avril: Les travailleurs de Gerdau et de Tenaris se souviennent des blessés et des tués au travail

<p>MONDE: Chaque année, le 28 avril, pour la Journée mondiale sur la sécurité et la santé au travail, les travailleurs et travailleuses s&#8217;accordent un moment de réflexion sur le nombre de victimes, sur les décès, les blessures et les maladies professionnelles qui surviennent dans le travail.</p><p>On estime à 16.400 le nombre de personnes qui mourront au travail en 2012. Cela correspond à 45 décès par jour. En outre, 1.570.000 autres seront diagnostiquées avec une maladie professionnelle non mortelle. Un nombre énorme de personnes, impossible à déterminer avec précision, mais de l&#8217;ordre de plusieurs millions, seront blessées au travail.</p><p>Les réseaux mondiaux des syndicats de Gerdau et de Tenaris vont distribuer des tracts, le 28 avril, aux travailleurs et travailleuses dans toutes les installations de ces entreprises pour attirer l&#8217;attention sur l&#8217;importance de la santé et de la sécurité au travail.</p><p>Les syndicats vont rappeler à la direction de ces entreprises qu&#8217;il n&#8217;y a pas de solution simple et magique à appliquer rapidement. À l&#8217;inverse, la santé et la sécurité au travail exigent un dur labeur et une coordination des efforts par les syndicats et la direction des entreprises pour améliorer continuellement les conditions de travail dans leurs usines.</p><p>Le Conseil mondial des travailleurs de Gerdau et le Conseil mondial des travailleurs de Tenaris lancent un appel aux deux entreprises pour qu&#8217;elles s&#8217;engagent dans la création de comités internationaux paritaires de santé et de sécurité avec les syndicats appartenant à ces conseils.</p>

<!-- This site is optimized with the Yoast SEO Premium plugin v27.1 (Yoast SEO v27.1) - https://yoast.com/product/yoast-seo-premium-wordpress/ -->
<title>28 avril: Les travailleurs de Gerdau et de Tenaris se souviennent des blessés et des tués au travail - industriall-union</title>
<meta name="robots" content="index, follow, max-snippet:-1, max-image-preview:large, max-video-preview:-1" />
<link rel="canonical" href="https://admin.industriall-union.org/fr/archive/imf/28-avril-les-travailleurs-de-gerdau-et-de-tenaris-se-souviennent-des-blesses-et-des-tues-au-travail/" />
<meta property="og:locale" content="fr_FR" />
<meta property="og:type" content="article" />
<meta property="og:title" content="28 avril: Les travailleurs de Gerdau et de Tenaris se souviennent des blessés et des tués au travail" />
<meta property="og:description" content="MONDE: Chaque année, le 28 avril, pour la Journée mondiale sur la sécurité et la santé au travail, les travailleurs et travailleuses s&#8217;accordent un moment de réflexion sur le nombre de victimes, sur les décès, les blessures et les maladies professionnelles qui surviennent dans le travail. On estime à 16.400 le nombre de personnes qui [&hellip;]" />
<meta property="og:url" content="https://admin.industriall-union.org/fr/archive/imf/28-avril-les-travailleurs-de-gerdau-et-de-tenaris-se-souviennent-des-blesses-et-des-tues-au-travail/" />
<meta property="og:site_name" content="industriall-union" />
<meta property="article:modified_time" content="2025-01-31T08:33:12+00:00" />
<meta name="twitter:card" content="summary_large_image" />
<meta name="twitter:label1" content="Est. reading time" />
	<meta name="twitter:data1" content="1 minute" />
<script type="application/ld+json" class="yoast-schema-graph">{"@context":"https://schema.org","@graph":[{"@type":"WebPage","@id":"https://admin.industriall-union.org/fr/archive/imf/28-avril-les-travailleurs-de-gerdau-et-de-tenaris-se-souviennent-des-blesses-et-des-tues-au-travail/","url":"https://admin.industriall-union.org/fr/archive/imf/28-avril-les-travailleurs-de-gerdau-et-de-tenaris-se-souviennent-des-blesses-et-des-tues-au-travail/","name":"28 avril: Les travailleurs de Gerdau et de Tenaris se souviennent des blessés et des tués au travail - industriall-union","isPartOf":{"@id":"https://admin.industriall-union.org/#website"},"datePublished":"2012-04-19T05:39:00+00:00","dateModified":"2025-01-31T08:33:12+00:00","breadcrumb":{"@id":"https://admin.industriall-union.org/fr/archive/imf/28-avril-les-travailleurs-de-gerdau-et-de-tenaris-se-souviennent-des-blesses-et-des-tues-au-travail/#breadcrumb"},"inLanguage":"fr-FR","potentialAction":[{"@type":"ReadAction","target":["https://admin.industriall-union.org/fr/archive/imf/28-avril-les-travailleurs-de-gerdau-et-de-tenaris-se-souviennent-des-blesses-et-des-tues-au-travail/"]}]},{"@type":"BreadcrumbList","@id":"https://admin.industriall-union.org/fr/archive/imf/28-avril-les-travailleurs-de-gerdau-et-de-tenaris-se-souviennent-des-blesses-et-des-tues-au-travail/#breadcrumb","itemListElement":[{"@type":"ListItem","position":1,"name":"Home","item":"https://admin.industriall-union.org/"},{"@type":"ListItem","position":2,"name":"Archive Imf","item":"https://admin.industriall-union.org/es/archive/imf/"},{"@type":"ListItem","position":3,"name":"28 avril: Les travailleurs de Gerdau et de Tenaris se souviennent des blessés et des tués au travail"}]},{"@type":"WebSite","@id":"https://admin.industriall-union.org/#website","url":"https://admin.industriall-union.org/","name":"industriall-union","description":"","potentialAction":[{"@type":"SearchAction","target":{"@type":"EntryPoint","urlTemplate":"https://admin.industriall-union.org/?s={search_term_string}"},"query-input":{"@type":"PropertyValueSpecification","valueRequired":true,"valueName":"search_term_string"}}],"inLanguage":"fr-FR"}]}</script>
<!-- / Yoast SEO Premium plugin. -->

28 avril: Les travailleurs de Gerdau et de Tenaris se souviennent des blessés et des tués au travail - industriall-union

MONDE: Chaque année, le 28 avril, pour la Journée mondiale sur la sécurité et la santé au travail, les travailleurs et travailleuses s&#8217;accordent un moment de réflexion sur le nombre de victimes, sur les décès, les blessures et les maladies professionnelles qui surviennent dans le travail. On estime à 16.400 le nombre de personnes qui [&hellip;]
