{"id":199160,"date":"2012-04-27T10:42:00","date_gmt":"2012-04-27T10:42:00","guid":{"rendered":"https:\/\/admin.industriall-union.org\/archive\/imf\/un-tribunal-annule-un-mandat-d-039-arret-contre-napoleon-gomez-urrutia\/"},"modified":"2025-01-31T08:33:00","modified_gmt":"2025-01-31T08:33:00","slug":"un-tribunal-annule-un-mandat-d-039-arret-contre-napoleon-gomez-urrutia","status":"publish","type":"archive_imf","link":"https:\/\/admin.industriall-union.org\/fr\/archive\/imf\/un-tribunal-annule-un-mandat-d-039-arret-contre-napoleon-gomez-urrutia\/","title":{"rendered":"Un tribunal annule un mandat d&#039;arr\u00eat contre Napole\u00f3n G\u00f3mez Urrutia"},"content":{"rendered":"<p>MEXIQUE: Le 24 avril, le tribunal f\u00e9d\u00e9ral a annul\u00e9 le seul mandat d&#8217;arr\u00eat restant contre le dirigeant du syndicat mexicain des mineurs (SNTMMSRM), Napole\u00f3n G\u00f3mez Urrutia, concernant 55 millions de dollars de fonds syndicaux.<\/p><p>Le mardi 24 avril, la premi\u00e8re cour p\u00e9nale unitaire de Mexico a annonc\u00e9 au syndicat que le syst\u00e8me f\u00e9d\u00e9ral de justice avait annul\u00e9 la mesure pr\u00e9ventive.<\/p><p>L&#8217;avocat de Napole\u00f3n G\u00f3mez Urrutia, Marco Del Toro, a d\u00e9clar\u00e9: &quot;Tous les mandats d&#8217;arr\u00eat d\u00e9livr\u00e9s dans le cadre de cette campagne sans pr\u00e9c\u00e9dent de harc\u00e8lement politique sont tomb\u00e9s l&#8217;un apr\u00e8s l&#8217;autre. Nous sommes tr\u00e8s satisfaits de la d\u00e9cision prise aujourd&#8217;hui. Que cela serve de le\u00e7on \u00e0 ceux qui estiment au Mexique qu&#8217;ils pourraient encore mener ce genre de harc\u00e8lement immoral, qui est \u00e9tranger \u00e0 notre syst\u00e8me juridique&quot;. \u00a0<\/p><p>&quot;La preuve nous est donn\u00e9e, une nouvelle fois, de la totale ill\u00e9galit\u00e9 du harc\u00e8lement politique contre le syndicat des mineurs et contre son dirigeant. La v\u00e9rit\u00e9 a triomph\u00e9 une fois de plus. Napole\u00f3n G\u00f3mez Urrutia n&#8217;a jamais commis d&#8217;acte criminel d&#8217;aucune sorte&quot;, a d\u00e9clar\u00e9 le syndicat dans un communiqu\u00e9 de presse.<\/p><p>G\u00f3mez Urrutia vit en exil au Canada depuis six ans, p\u00e9riode pendant laquelle il a travaill\u00e9 sans rel\u00e2che pour prouver son innocence et assurer la direction du syndicat des mineurs.<\/p>","protected":false},"featured_media":0,"template":"","class_list":["post-199160","archive_imf","type-archive_imf","status-publish","hentry"],"acf":[],"yoast_head":"<!-- This site is optimized with the Yoast SEO Premium plugin v27.1 (Yoast SEO v27.1) - https:\/\/yoast.com\/product\/yoast-seo-premium-wordpress\/ -->\n<title>Un tribunal annule un mandat d&#039;arr\u00eat contre Napole\u00f3n G\u00f3mez Urrutia - industriall-union<\/title>\n<meta name=\"robots\" content=\"index, follow, max-snippet:-1, max-image-preview:large, max-video-preview:-1\" \/>\n<link rel=\"canonical\" href=\"https:\/\/admin.industriall-union.org\/fr\/archive\/imf\/un-tribunal-annule-un-mandat-d-039-arret-contre-napoleon-gomez-urrutia\/\" \/>\n<meta property=\"og:locale\" content=\"fr_FR\" \/>\n<meta property=\"og:type\" content=\"article\" \/>\n<meta property=\"og:title\" content=\"Un tribunal annule un mandat d&#039;arr\u00eat contre Napole\u00f3n G\u00f3mez Urrutia\" \/>\n<meta property=\"og:description\" content=\"MEXIQUE: Le 24 avril, le tribunal f\u00e9d\u00e9ral a annul\u00e9 le seul mandat d&#8217;arr\u00eat restant contre le dirigeant du syndicat mexicain des mineurs (SNTMMSRM), Napole\u00f3n G\u00f3mez Urrutia, concernant 55 millions de dollars de fonds syndicaux. Le mardi 24 avril, la premi\u00e8re cour p\u00e9nale unitaire de Mexico a annonc\u00e9 au syndicat que le syst\u00e8me f\u00e9d\u00e9ral de justice [&hellip;]\" \/>\n<meta property=\"og:url\" content=\"https:\/\/admin.industriall-union.org\/fr\/archive\/imf\/un-tribunal-annule-un-mandat-d-039-arret-contre-napoleon-gomez-urrutia\/\" \/>\n<meta property=\"og:site_name\" content=\"industriall-union\" \/>\n<meta property=\"article:modified_time\" content=\"2025-01-31T08:33:00+00:00\" \/>\n<meta name=\"twitter:card\" content=\"summary_large_image\" \/>\n<meta name=\"twitter:label1\" content=\"Est. reading time\" \/>\n\t<meta name=\"twitter:data1\" content=\"1 minute\" \/>\n<script type=\"application\/ld+json\" class=\"yoast-schema-graph\">{\"@context\":\"https:\/\/schema.org\",\"@graph\":[{\"@type\":\"WebPage\",\"@id\":\"https:\/\/admin.industriall-union.org\/fr\/archive\/imf\/un-tribunal-annule-un-mandat-d-039-arret-contre-napoleon-gomez-urrutia\/\",\"url\":\"https:\/\/admin.industriall-union.org\/fr\/archive\/imf\/un-tribunal-annule-un-mandat-d-039-arret-contre-napoleon-gomez-urrutia\/\",\"name\":\"Un tribunal annule un mandat d&#039;arr\u00eat contre Napole\u00f3n G\u00f3mez Urrutia - industriall-union\",\"isPartOf\":{\"@id\":\"https:\/\/admin.industriall-union.org\/#website\"},\"datePublished\":\"2012-04-27T10:42:00+00:00\",\"dateModified\":\"2025-01-31T08:33:00+00:00\",\"breadcrumb\":{\"@id\":\"https:\/\/admin.industriall-union.org\/fr\/archive\/imf\/un-tribunal-annule-un-mandat-d-039-arret-contre-napoleon-gomez-urrutia\/#breadcrumb\"},\"inLanguage\":\"fr-FR\",\"potentialAction\":[{\"@type\":\"ReadAction\",\"target\":[\"https:\/\/admin.industriall-union.org\/fr\/archive\/imf\/un-tribunal-annule-un-mandat-d-039-arret-contre-napoleon-gomez-urrutia\/\"]}]},{\"@type\":\"BreadcrumbList\",\"@id\":\"https:\/\/admin.industriall-union.org\/fr\/archive\/imf\/un-tribunal-annule-un-mandat-d-039-arret-contre-napoleon-gomez-urrutia\/#breadcrumb\",\"itemListElement\":[{\"@type\":\"ListItem\",\"position\":1,\"name\":\"Home\",\"item\":\"https:\/\/admin.industriall-union.org\/\"},{\"@type\":\"ListItem\",\"position\":2,\"name\":\"Archive Imf\",\"item\":\"https:\/\/admin.industriall-union.org\/es\/archive\/imf\/\"},{\"@type\":\"ListItem\",\"position\":3,\"name\":\"Un tribunal annule un mandat d&#039;arr\u00eat contre Napole\u00f3n G\u00f3mez Urrutia\"}]},{\"@type\":\"WebSite\",\"@id\":\"https:\/\/admin.industriall-union.org\/#website\",\"url\":\"https:\/\/admin.industriall-union.org\/\",\"name\":\"industriall-union\",\"description\":\"\",\"potentialAction\":[{\"@type\":\"SearchAction\",\"target\":{\"@type\":\"EntryPoint\",\"urlTemplate\":\"https:\/\/admin.industriall-union.org\/?s={search_term_string}\"},\"query-input\":{\"@type\":\"PropertyValueSpecification\",\"valueRequired\":true,\"valueName\":\"search_term_string\"}}],\"inLanguage\":\"fr-FR\"}]}<\/script>\n<!-- \/ Yoast SEO Premium plugin. -->","yoast_head_json":{"title":"Un tribunal annule un mandat d&#039;arr\u00eat contre Napole\u00f3n G\u00f3mez Urrutia - industriall-union","robots":{"index":"index","follow":"follow","max-snippet":"max-snippet:-1","max-image-preview":"max-image-preview:large","max-video-preview":"max-video-preview:-1"},"canonical":"https:\/\/admin.industriall-union.org\/fr\/archive\/imf\/un-tribunal-annule-un-mandat-d-039-arret-contre-napoleon-gomez-urrutia\/","og_locale":"fr_FR","og_type":"article","og_title":"Un tribunal annule un mandat d&#039;arr\u00eat contre Napole\u00f3n G\u00f3mez Urrutia","og_description":"MEXIQUE: Le 24 avril, le tribunal f\u00e9d\u00e9ral a annul\u00e9 le seul mandat d&#8217;arr\u00eat restant contre le dirigeant du syndicat mexicain des mineurs (SNTMMSRM), Napole\u00f3n G\u00f3mez Urrutia, concernant 55 millions de dollars de fonds syndicaux. Le mardi 24 avril, la premi\u00e8re cour p\u00e9nale unitaire de Mexico a annonc\u00e9 au syndicat que le syst\u00e8me f\u00e9d\u00e9ral de justice [&hellip;]","og_url":"https:\/\/admin.industriall-union.org\/fr\/archive\/imf\/un-tribunal-annule-un-mandat-d-039-arret-contre-napoleon-gomez-urrutia\/","og_site_name":"industriall-union","article_modified_time":"2025-01-31T08:33:00+00:00","twitter_card":"summary_large_image","twitter_misc":{"Est. reading time":"1 minute"},"schema":{"@context":"https:\/\/schema.org","@graph":[{"@type":"WebPage","@id":"https:\/\/admin.industriall-union.org\/fr\/archive\/imf\/un-tribunal-annule-un-mandat-d-039-arret-contre-napoleon-gomez-urrutia\/","url":"https:\/\/admin.industriall-union.org\/fr\/archive\/imf\/un-tribunal-annule-un-mandat-d-039-arret-contre-napoleon-gomez-urrutia\/","name":"Un tribunal annule un mandat d&#039;arr\u00eat contre Napole\u00f3n G\u00f3mez Urrutia - industriall-union","isPartOf":{"@id":"https:\/\/admin.industriall-union.org\/#website"},"datePublished":"2012-04-27T10:42:00+00:00","dateModified":"2025-01-31T08:33:00+00:00","breadcrumb":{"@id":"https:\/\/admin.industriall-union.org\/fr\/archive\/imf\/un-tribunal-annule-un-mandat-d-039-arret-contre-napoleon-gomez-urrutia\/#breadcrumb"},"inLanguage":"fr-FR","potentialAction":[{"@type":"ReadAction","target":["https:\/\/admin.industriall-union.org\/fr\/archive\/imf\/un-tribunal-annule-un-mandat-d-039-arret-contre-napoleon-gomez-urrutia\/"]}]},{"@type":"BreadcrumbList","@id":"https:\/\/admin.industriall-union.org\/fr\/archive\/imf\/un-tribunal-annule-un-mandat-d-039-arret-contre-napoleon-gomez-urrutia\/#breadcrumb","itemListElement":[{"@type":"ListItem","position":1,"name":"Home","item":"https:\/\/admin.industriall-union.org\/"},{"@type":"ListItem","position":2,"name":"Archive Imf","item":"https:\/\/admin.industriall-union.org\/es\/archive\/imf\/"},{"@type":"ListItem","position":3,"name":"Un tribunal annule un mandat d&#039;arr\u00eat contre Napole\u00f3n G\u00f3mez Urrutia"}]},{"@type":"WebSite","@id":"https:\/\/admin.industriall-union.org\/#website","url":"https:\/\/admin.industriall-union.org\/","name":"industriall-union","description":"","potentialAction":[{"@type":"SearchAction","target":{"@type":"EntryPoint","urlTemplate":"https:\/\/admin.industriall-union.org\/?s={search_term_string}"},"query-input":{"@type":"PropertyValueSpecification","valueRequired":true,"valueName":"search_term_string"}}],"inLanguage":"fr-FR"}]}},"_links":{"self":[{"href":"https:\/\/admin.industriall-union.org\/fr\/wp-json\/wp\/v2\/archive_imf\/199160","targetHints":{"allow":["GET"]}}],"collection":[{"href":"https:\/\/admin.industriall-union.org\/fr\/wp-json\/wp\/v2\/archive_imf"}],"about":[{"href":"https:\/\/admin.industriall-union.org\/fr\/wp-json\/wp\/v2\/types\/archive_imf"}],"wp:attachment":[{"href":"https:\/\/admin.industriall-union.org\/fr\/wp-json\/wp\/v2\/media?parent=199160"}],"curies":[{"name":"wp","href":"https:\/\/api.w.org\/{rel}","templated":true}]}}

Un tribunal annule un mandat d&#039;arrêt contre Napoleón Gómez Urrutia

<p>MEXIQUE: Le 24 avril, le tribunal fédéral a annulé le seul mandat d&#8217;arrêt restant contre le dirigeant du syndicat mexicain des mineurs (SNTMMSRM), Napoleón Gómez Urrutia, concernant 55 millions de dollars de fonds syndicaux.</p><p>Le mardi 24 avril, la première cour pénale unitaire de Mexico a annoncé au syndicat que le système fédéral de justice avait annulé la mesure préventive.</p><p>L&#8217;avocat de Napoleón Gómez Urrutia, Marco Del Toro, a déclaré: &quot;Tous les mandats d&#8217;arrêt délivrés dans le cadre de cette campagne sans précédent de harcèlement politique sont tombés l&#8217;un après l&#8217;autre. Nous sommes très satisfaits de la décision prise aujourd&#8217;hui. Que cela serve de leçon à ceux qui estiment au Mexique qu&#8217;ils pourraient encore mener ce genre de harcèlement immoral, qui est étranger à notre système juridique&quot;.  </p><p>&quot;La preuve nous est donnée, une nouvelle fois, de la totale illégalité du harcèlement politique contre le syndicat des mineurs et contre son dirigeant. La vérité a triomphé une fois de plus. Napoleón Gómez Urrutia n&#8217;a jamais commis d&#8217;acte criminel d&#8217;aucune sorte&quot;, a déclaré le syndicat dans un communiqué de presse.</p><p>Gómez Urrutia vit en exil au Canada depuis six ans, période pendant laquelle il a travaillé sans relâche pour prouver son innocence et assurer la direction du syndicat des mineurs.</p>

<!-- This site is optimized with the Yoast SEO Premium plugin v27.1 (Yoast SEO v27.1) - https://yoast.com/product/yoast-seo-premium-wordpress/ -->
<title>Un tribunal annule un mandat d&#039;arrêt contre Napoleón Gómez Urrutia - industriall-union</title>
<meta name="robots" content="index, follow, max-snippet:-1, max-image-preview:large, max-video-preview:-1" />
<link rel="canonical" href="https://admin.industriall-union.org/fr/archive/imf/un-tribunal-annule-un-mandat-d-039-arret-contre-napoleon-gomez-urrutia/" />
<meta property="og:locale" content="fr_FR" />
<meta property="og:type" content="article" />
<meta property="og:title" content="Un tribunal annule un mandat d&#039;arrêt contre Napoleón Gómez Urrutia" />
<meta property="og:description" content="MEXIQUE: Le 24 avril, le tribunal fédéral a annulé le seul mandat d&#8217;arrêt restant contre le dirigeant du syndicat mexicain des mineurs (SNTMMSRM), Napoleón Gómez Urrutia, concernant 55 millions de dollars de fonds syndicaux. Le mardi 24 avril, la première cour pénale unitaire de Mexico a annoncé au syndicat que le système fédéral de justice [&hellip;]" />
<meta property="og:url" content="https://admin.industriall-union.org/fr/archive/imf/un-tribunal-annule-un-mandat-d-039-arret-contre-napoleon-gomez-urrutia/" />
<meta property="og:site_name" content="industriall-union" />
<meta property="article:modified_time" content="2025-01-31T08:33:00+00:00" />
<meta name="twitter:card" content="summary_large_image" />
<meta name="twitter:label1" content="Est. reading time" />
	<meta name="twitter:data1" content="1 minute" />
<script type="application/ld+json" class="yoast-schema-graph">{"@context":"https://schema.org","@graph":[{"@type":"WebPage","@id":"https://admin.industriall-union.org/fr/archive/imf/un-tribunal-annule-un-mandat-d-039-arret-contre-napoleon-gomez-urrutia/","url":"https://admin.industriall-union.org/fr/archive/imf/un-tribunal-annule-un-mandat-d-039-arret-contre-napoleon-gomez-urrutia/","name":"Un tribunal annule un mandat d&#039;arrêt contre Napoleón Gómez Urrutia - industriall-union","isPartOf":{"@id":"https://admin.industriall-union.org/#website"},"datePublished":"2012-04-27T10:42:00+00:00","dateModified":"2025-01-31T08:33:00+00:00","breadcrumb":{"@id":"https://admin.industriall-union.org/fr/archive/imf/un-tribunal-annule-un-mandat-d-039-arret-contre-napoleon-gomez-urrutia/#breadcrumb"},"inLanguage":"fr-FR","potentialAction":[{"@type":"ReadAction","target":["https://admin.industriall-union.org/fr/archive/imf/un-tribunal-annule-un-mandat-d-039-arret-contre-napoleon-gomez-urrutia/"]}]},{"@type":"BreadcrumbList","@id":"https://admin.industriall-union.org/fr/archive/imf/un-tribunal-annule-un-mandat-d-039-arret-contre-napoleon-gomez-urrutia/#breadcrumb","itemListElement":[{"@type":"ListItem","position":1,"name":"Home","item":"https://admin.industriall-union.org/"},{"@type":"ListItem","position":2,"name":"Archive Imf","item":"https://admin.industriall-union.org/es/archive/imf/"},{"@type":"ListItem","position":3,"name":"Un tribunal annule un mandat d&#039;arrêt contre Napoleón Gómez Urrutia"}]},{"@type":"WebSite","@id":"https://admin.industriall-union.org/#website","url":"https://admin.industriall-union.org/","name":"industriall-union","description":"","potentialAction":[{"@type":"SearchAction","target":{"@type":"EntryPoint","urlTemplate":"https://admin.industriall-union.org/?s={search_term_string}"},"query-input":{"@type":"PropertyValueSpecification","valueRequired":true,"valueName":"search_term_string"}}],"inLanguage":"fr-FR"}]}</script>
<!-- / Yoast SEO Premium plugin. -->

Un tribunal annule un mandat d&#039;arrêt contre Napoleón Gómez Urrutia - industriall-union

MEXIQUE: Le 24 avril, le tribunal fédéral a annulé le seul mandat d&#8217;arrêt restant contre le dirigeant du syndicat mexicain des mineurs (SNTMMSRM), Napoleón Gómez Urrutia, concernant 55 millions de dollars de fonds syndicaux. Le mardi 24 avril, la première cour pénale unitaire de Mexico a annoncé au syndicat que le système fédéral de justice [&hellip;]
