{"id":199146,"date":"2012-05-02T13:59:00","date_gmt":"2012-05-02T13:59:00","guid":{"rendered":"https:\/\/admin.industriall-union.org\/archive\/imf\/os-kovo-conclut-un-nouvel-accord-avec-skoda\/"},"modified":"2025-01-31T08:28:25","modified_gmt":"2025-01-31T08:28:25","slug":"os-kovo-conclut-un-nouvel-accord-avec-skoda","status":"publish","type":"archive_imf","link":"https:\/\/admin.industriall-union.org\/fr\/archive\/imf\/os-kovo-conclut-un-nouvel-accord-avec-skoda\/","title":{"rendered":"OS KOVO conclut un nouvel accord avec Skoda"},"content":{"rendered":"<p>R\u00c9PUBLIQUE TCH\u00c8QUE: Le 20 avril 2012, lors d&#8217;une r\u00e9union extraordinaire, le conseil d&#8217;entreprise OS KOVO de Skoda a approuv\u00e9 les r\u00e9sultats obtenus au cours des n\u00e9gociations collectives avec la direction de Skoda Auto qui a habilit\u00e9 les pr\u00e9sidents des organisations syndicales de l&#8217;entreprise \u00e0 signer les diff\u00e9rents accords. En cons\u00e9quence, les pr\u00e9avis de gr\u00e8ve d\u00e9cid\u00e9s pr\u00e9c\u00e9demment ont \u00e9t\u00e9 annul\u00e9s.<\/p><p>Apr\u00e8s la 16\u00e8me s\u00e9rie de n\u00e9gociations collectives qui a eu lieu \u00e0 Vrchlab\u00ed (dans le nord du pays) les n\u00e9gociations entre le syndicat et l&#8217;employeur ont permis d&#8217;obtenir les r\u00e9sultats suivants:<\/p><ul><li>les accords salariaux restent en vigueur durant la p\u00e9riode du 4 avril 2012 au 31 mars 2013;<\/li><li>la hausse tarifaire est d&#8217;environ cinq pour cent;<\/li><li>augmentation de la contribution patronale \u00e0 l&#8217;assurance de retraite jusqu&#8217;\u00e0 800 CZK (40 USD) par mois;<\/li><li>le montant total des primes variables en fonction des r\u00e9sultats en 2011 atteindra 20.000 CZK (1.000 USD) et sera vers\u00e9 avec le salaire d&#8217;avril 2012.<\/li><\/ul><p>Le conseil d&#8217;entreprise Skoda remercie tous les salari\u00e9s et coll\u00e8gues de  leur soutien durant la n\u00e9gociation collective et les r\u00e9unions  d&#8217;information. Il remercie en particulier les coll\u00e8gues des comit\u00e9s  d&#8217;entreprise europ\u00e9en et mondial, et toutes les f\u00e9d\u00e9rations et  organisations syndicales qui ont accord\u00e9 leur soutien.<\/p>","protected":false},"featured_media":0,"template":"","class_list":["post-199146","archive_imf","type-archive_imf","status-publish","hentry"],"acf":[],"yoast_head":"<!-- This site is optimized with the Yoast SEO Premium plugin v27.1 (Yoast SEO v27.1) - https:\/\/yoast.com\/product\/yoast-seo-premium-wordpress\/ -->\n<title>OS KOVO conclut un nouvel accord avec Skoda - industriall-union<\/title>\n<meta name=\"robots\" content=\"index, follow, max-snippet:-1, max-image-preview:large, max-video-preview:-1\" \/>\n<link rel=\"canonical\" href=\"https:\/\/admin.industriall-union.org\/fr\/archive\/imf\/os-kovo-conclut-un-nouvel-accord-avec-skoda\/\" \/>\n<meta property=\"og:locale\" content=\"fr_FR\" \/>\n<meta property=\"og:type\" content=\"article\" \/>\n<meta property=\"og:title\" content=\"OS KOVO conclut un nouvel accord avec Skoda\" \/>\n<meta property=\"og:description\" content=\"R\u00c9PUBLIQUE TCH\u00c8QUE: Le 20 avril 2012, lors d&#8217;une r\u00e9union extraordinaire, le conseil d&#8217;entreprise OS KOVO de Skoda a approuv\u00e9 les r\u00e9sultats obtenus au cours des n\u00e9gociations collectives avec la direction de Skoda Auto qui a habilit\u00e9 les pr\u00e9sidents des organisations syndicales de l&#8217;entreprise \u00e0 signer les diff\u00e9rents accords. En cons\u00e9quence, les pr\u00e9avis de gr\u00e8ve d\u00e9cid\u00e9s [&hellip;]\" \/>\n<meta property=\"og:url\" content=\"https:\/\/admin.industriall-union.org\/fr\/archive\/imf\/os-kovo-conclut-un-nouvel-accord-avec-skoda\/\" \/>\n<meta property=\"og:site_name\" content=\"industriall-union\" \/>\n<meta property=\"article:modified_time\" content=\"2025-01-31T08:28:25+00:00\" \/>\n<meta name=\"twitter:card\" content=\"summary_large_image\" \/>\n<meta name=\"twitter:label1\" content=\"Est. reading time\" \/>\n\t<meta name=\"twitter:data1\" content=\"1 minute\" \/>\n<script type=\"application\/ld+json\" class=\"yoast-schema-graph\">{\"@context\":\"https:\/\/schema.org\",\"@graph\":[{\"@type\":\"WebPage\",\"@id\":\"https:\/\/admin.industriall-union.org\/fr\/archive\/imf\/os-kovo-conclut-un-nouvel-accord-avec-skoda\/\",\"url\":\"https:\/\/admin.industriall-union.org\/fr\/archive\/imf\/os-kovo-conclut-un-nouvel-accord-avec-skoda\/\",\"name\":\"OS KOVO conclut un nouvel accord avec Skoda - industriall-union\",\"isPartOf\":{\"@id\":\"https:\/\/admin.industriall-union.org\/#website\"},\"datePublished\":\"2012-05-02T13:59:00+00:00\",\"dateModified\":\"2025-01-31T08:28:25+00:00\",\"breadcrumb\":{\"@id\":\"https:\/\/admin.industriall-union.org\/fr\/archive\/imf\/os-kovo-conclut-un-nouvel-accord-avec-skoda\/#breadcrumb\"},\"inLanguage\":\"fr-FR\",\"potentialAction\":[{\"@type\":\"ReadAction\",\"target\":[\"https:\/\/admin.industriall-union.org\/fr\/archive\/imf\/os-kovo-conclut-un-nouvel-accord-avec-skoda\/\"]}]},{\"@type\":\"BreadcrumbList\",\"@id\":\"https:\/\/admin.industriall-union.org\/fr\/archive\/imf\/os-kovo-conclut-un-nouvel-accord-avec-skoda\/#breadcrumb\",\"itemListElement\":[{\"@type\":\"ListItem\",\"position\":1,\"name\":\"Home\",\"item\":\"https:\/\/admin.industriall-union.org\/\"},{\"@type\":\"ListItem\",\"position\":2,\"name\":\"Archive Imf\",\"item\":\"https:\/\/admin.industriall-union.org\/es\/archive\/imf\/\"},{\"@type\":\"ListItem\",\"position\":3,\"name\":\"OS KOVO conclut un nouvel accord avec Skoda\"}]},{\"@type\":\"WebSite\",\"@id\":\"https:\/\/admin.industriall-union.org\/#website\",\"url\":\"https:\/\/admin.industriall-union.org\/\",\"name\":\"industriall-union\",\"description\":\"\",\"potentialAction\":[{\"@type\":\"SearchAction\",\"target\":{\"@type\":\"EntryPoint\",\"urlTemplate\":\"https:\/\/admin.industriall-union.org\/?s={search_term_string}\"},\"query-input\":{\"@type\":\"PropertyValueSpecification\",\"valueRequired\":true,\"valueName\":\"search_term_string\"}}],\"inLanguage\":\"fr-FR\"}]}<\/script>\n<!-- \/ Yoast SEO Premium plugin. -->","yoast_head_json":{"title":"OS KOVO conclut un nouvel accord avec Skoda - industriall-union","robots":{"index":"index","follow":"follow","max-snippet":"max-snippet:-1","max-image-preview":"max-image-preview:large","max-video-preview":"max-video-preview:-1"},"canonical":"https:\/\/admin.industriall-union.org\/fr\/archive\/imf\/os-kovo-conclut-un-nouvel-accord-avec-skoda\/","og_locale":"fr_FR","og_type":"article","og_title":"OS KOVO conclut un nouvel accord avec Skoda","og_description":"R\u00c9PUBLIQUE TCH\u00c8QUE: Le 20 avril 2012, lors d&#8217;une r\u00e9union extraordinaire, le conseil d&#8217;entreprise OS KOVO de Skoda a approuv\u00e9 les r\u00e9sultats obtenus au cours des n\u00e9gociations collectives avec la direction de Skoda Auto qui a habilit\u00e9 les pr\u00e9sidents des organisations syndicales de l&#8217;entreprise \u00e0 signer les diff\u00e9rents accords. En cons\u00e9quence, les pr\u00e9avis de gr\u00e8ve d\u00e9cid\u00e9s [&hellip;]","og_url":"https:\/\/admin.industriall-union.org\/fr\/archive\/imf\/os-kovo-conclut-un-nouvel-accord-avec-skoda\/","og_site_name":"industriall-union","article_modified_time":"2025-01-31T08:28:25+00:00","twitter_card":"summary_large_image","twitter_misc":{"Est. reading time":"1 minute"},"schema":{"@context":"https:\/\/schema.org","@graph":[{"@type":"WebPage","@id":"https:\/\/admin.industriall-union.org\/fr\/archive\/imf\/os-kovo-conclut-un-nouvel-accord-avec-skoda\/","url":"https:\/\/admin.industriall-union.org\/fr\/archive\/imf\/os-kovo-conclut-un-nouvel-accord-avec-skoda\/","name":"OS KOVO conclut un nouvel accord avec Skoda - industriall-union","isPartOf":{"@id":"https:\/\/admin.industriall-union.org\/#website"},"datePublished":"2012-05-02T13:59:00+00:00","dateModified":"2025-01-31T08:28:25+00:00","breadcrumb":{"@id":"https:\/\/admin.industriall-union.org\/fr\/archive\/imf\/os-kovo-conclut-un-nouvel-accord-avec-skoda\/#breadcrumb"},"inLanguage":"fr-FR","potentialAction":[{"@type":"ReadAction","target":["https:\/\/admin.industriall-union.org\/fr\/archive\/imf\/os-kovo-conclut-un-nouvel-accord-avec-skoda\/"]}]},{"@type":"BreadcrumbList","@id":"https:\/\/admin.industriall-union.org\/fr\/archive\/imf\/os-kovo-conclut-un-nouvel-accord-avec-skoda\/#breadcrumb","itemListElement":[{"@type":"ListItem","position":1,"name":"Home","item":"https:\/\/admin.industriall-union.org\/"},{"@type":"ListItem","position":2,"name":"Archive Imf","item":"https:\/\/admin.industriall-union.org\/es\/archive\/imf\/"},{"@type":"ListItem","position":3,"name":"OS KOVO conclut un nouvel accord avec Skoda"}]},{"@type":"WebSite","@id":"https:\/\/admin.industriall-union.org\/#website","url":"https:\/\/admin.industriall-union.org\/","name":"industriall-union","description":"","potentialAction":[{"@type":"SearchAction","target":{"@type":"EntryPoint","urlTemplate":"https:\/\/admin.industriall-union.org\/?s={search_term_string}"},"query-input":{"@type":"PropertyValueSpecification","valueRequired":true,"valueName":"search_term_string"}}],"inLanguage":"fr-FR"}]}},"_links":{"self":[{"href":"https:\/\/admin.industriall-union.org\/fr\/wp-json\/wp\/v2\/archive_imf\/199146","targetHints":{"allow":["GET"]}}],"collection":[{"href":"https:\/\/admin.industriall-union.org\/fr\/wp-json\/wp\/v2\/archive_imf"}],"about":[{"href":"https:\/\/admin.industriall-union.org\/fr\/wp-json\/wp\/v2\/types\/archive_imf"}],"wp:attachment":[{"href":"https:\/\/admin.industriall-union.org\/fr\/wp-json\/wp\/v2\/media?parent=199146"}],"curies":[{"name":"wp","href":"https:\/\/api.w.org\/{rel}","templated":true}]}}

<p>RÉPUBLIQUE TCHÈQUE: Le 20 avril 2012, lors d&#8217;une réunion extraordinaire, le conseil d&#8217;entreprise OS KOVO de Skoda a approuvé les résultats obtenus au cours des négociations collectives avec la direction de Skoda Auto qui a habilité les présidents des organisations syndicales de l&#8217;entreprise à signer les différents accords. En conséquence, les préavis de grève décidés précédemment ont été annulés.</p><p>Après la 16ème série de négociations collectives qui a eu lieu à Vrchlabí (dans le nord du pays) les négociations entre le syndicat et l&#8217;employeur ont permis d&#8217;obtenir les résultats suivants:</p><ul><li>les accords salariaux restent en vigueur durant la période du 4 avril 2012 au 31 mars 2013;</li><li>la hausse tarifaire est d&#8217;environ cinq pour cent;</li><li>augmentation de la contribution patronale à l&#8217;assurance de retraite jusqu&#8217;à 800 CZK (40 USD) par mois;</li><li>le montant total des primes variables en fonction des résultats en 2011 atteindra 20.000 CZK (1.000 USD) et sera versé avec le salaire d&#8217;avril 2012.</li></ul><p>Le conseil d&#8217;entreprise Skoda remercie tous les salariés et collègues de  leur soutien durant la négociation collective et les réunions  d&#8217;information. Il remercie en particulier les collègues des comités  d&#8217;entreprise européen et mondial, et toutes les fédérations et  organisations syndicales qui ont accordé leur soutien.</p>

<!-- This site is optimized with the Yoast SEO Premium plugin v27.1 (Yoast SEO v27.1) - https://yoast.com/product/yoast-seo-premium-wordpress/ -->
<title>OS KOVO conclut un nouvel accord avec Skoda - industriall-union</title>
<meta name="robots" content="index, follow, max-snippet:-1, max-image-preview:large, max-video-preview:-1" />
<link rel="canonical" href="https://admin.industriall-union.org/fr/archive/imf/os-kovo-conclut-un-nouvel-accord-avec-skoda/" />
<meta property="og:locale" content="fr_FR" />
<meta property="og:type" content="article" />
<meta property="og:title" content="OS KOVO conclut un nouvel accord avec Skoda" />
<meta property="og:description" content="RÉPUBLIQUE TCHÈQUE: Le 20 avril 2012, lors d&#8217;une réunion extraordinaire, le conseil d&#8217;entreprise OS KOVO de Skoda a approuvé les résultats obtenus au cours des négociations collectives avec la direction de Skoda Auto qui a habilité les présidents des organisations syndicales de l&#8217;entreprise à signer les différents accords. En conséquence, les préavis de grève décidés [&hellip;]" />
<meta property="og:url" content="https://admin.industriall-union.org/fr/archive/imf/os-kovo-conclut-un-nouvel-accord-avec-skoda/" />
<meta property="og:site_name" content="industriall-union" />
<meta property="article:modified_time" content="2025-01-31T08:28:25+00:00" />
<meta name="twitter:card" content="summary_large_image" />
<meta name="twitter:label1" content="Est. reading time" />
	<meta name="twitter:data1" content="1 minute" />
<script type="application/ld+json" class="yoast-schema-graph">{"@context":"https://schema.org","@graph":[{"@type":"WebPage","@id":"https://admin.industriall-union.org/fr/archive/imf/os-kovo-conclut-un-nouvel-accord-avec-skoda/","url":"https://admin.industriall-union.org/fr/archive/imf/os-kovo-conclut-un-nouvel-accord-avec-skoda/","name":"OS KOVO conclut un nouvel accord avec Skoda - industriall-union","isPartOf":{"@id":"https://admin.industriall-union.org/#website"},"datePublished":"2012-05-02T13:59:00+00:00","dateModified":"2025-01-31T08:28:25+00:00","breadcrumb":{"@id":"https://admin.industriall-union.org/fr/archive/imf/os-kovo-conclut-un-nouvel-accord-avec-skoda/#breadcrumb"},"inLanguage":"fr-FR","potentialAction":[{"@type":"ReadAction","target":["https://admin.industriall-union.org/fr/archive/imf/os-kovo-conclut-un-nouvel-accord-avec-skoda/"]}]},{"@type":"BreadcrumbList","@id":"https://admin.industriall-union.org/fr/archive/imf/os-kovo-conclut-un-nouvel-accord-avec-skoda/#breadcrumb","itemListElement":[{"@type":"ListItem","position":1,"name":"Home","item":"https://admin.industriall-union.org/"},{"@type":"ListItem","position":2,"name":"Archive Imf","item":"https://admin.industriall-union.org/es/archive/imf/"},{"@type":"ListItem","position":3,"name":"OS KOVO conclut un nouvel accord avec Skoda"}]},{"@type":"WebSite","@id":"https://admin.industriall-union.org/#website","url":"https://admin.industriall-union.org/","name":"industriall-union","description":"","potentialAction":[{"@type":"SearchAction","target":{"@type":"EntryPoint","urlTemplate":"https://admin.industriall-union.org/?s={search_term_string}"},"query-input":{"@type":"PropertyValueSpecification","valueRequired":true,"valueName":"search_term_string"}}],"inLanguage":"fr-FR"}]}</script>
<!-- / Yoast SEO Premium plugin. -->

RÉPUBLIQUE TCHÈQUE: Le 20 avril 2012, lors d&#8217;une réunion extraordinaire, le conseil d&#8217;entreprise OS KOVO de Skoda a approuvé les résultats obtenus au cours des négociations collectives avec la direction de Skoda Auto qui a habilité les présidents des organisations syndicales de l&#8217;entreprise à signer les différents accords. En conséquence, les préavis de grève décidés [&hellip;]
