{"id":199067,"date":"2012-05-21T15:12:00","date_gmt":"2012-05-21T15:12:00","guid":{"rendered":"https:\/\/admin.industriall-union.org\/archive\/imf\/ig-metall-obtient-4-3-pour-cent-de-hausse-salariale\/"},"modified":"2025-01-31T08:28:01","modified_gmt":"2025-01-31T08:28:01","slug":"ig-metall-obtient-4-3-pour-cent-de-hausse-salariale","status":"publish","type":"archive_imf","link":"https:\/\/admin.industriall-union.org\/fr\/archive\/imf\/ig-metall-obtient-4-3-pour-cent-de-hausse-salariale\/","title":{"rendered":"IG Metall obtient 4,3 pour cent de hausse salariale"},"content":{"rendered":"<p>ALLEMAGNE: Avec une hausse salariale de 4,3 pour cent pour 800.000 travailleurs et travailleuses applicable \u00e0 partir du 1er mai 2012, IG Metall a mis fin aux n\u00e9gociations dans les premi\u00e8res heures du 19 mai apr\u00e8s des discussions marathon et de puissantes gr\u00e8ves d&#8217;avertissement de ses membres. Il s&#8217;agit de la plus forte hausse salariale de ces 20 derni\u00e8res ann\u00e9es qui correspond \u00e0 plus du double du taux d&#8217;inflation, et repr\u00e9sente une augmentation r\u00e9elle des salaires des travailleurs et travailleuses.<\/p><p>IG Metall a \u00e9galement n\u00e9goci\u00e9 deux autres questions tr\u00e8s importantes: la r\u00e9glementation du travail fourni par des agences d&#8217;emploi temporaire et une garantie d&#8217;emploi pour les apprentis.<\/p><p>En ce qui concerne les agences d&#8217;emploi temporaire, un droit r\u00e9el de gestion en commun pour les comit\u00e9s d&#8217;entreprise a \u00e9t\u00e9 conclu dans le cas o\u00f9 l&#8217;employeur aurait l&#8217;intention d&#8217;embaucher du personnel par le biais d&#8217;une agence de travail temporaire. Le comit\u00e9 d&#8217;entreprise a maintenant le droit de s&#8217;opposer \u00e0 recourir \u00e0 une agence de travail temporaire, et en cas de d\u00e9saccord, l&#8217;employeur doit porter l&#8217;affaire au tribunal. L&#8217;autre option pour l&#8217;employeur consiste \u00e0 n\u00e9gocier un accord optionnel sur une embauche r\u00e9alis\u00e9e par une agence de travail temporaire, indiquant le nombre de personnes engag\u00e9es, les limites de la p\u00e9riode de temps et un accord sur les salaires. On s&#8217;attend \u00e0 ce que la plupart des employeurs choisissent l&#8217;accord optionnel, donnant ainsi au comit\u00e9 d&#8217;entreprise un v\u00e9ritable droit de gestion en commun pour r\u00e9duire le travail int\u00e9rimaire et garantir l&#8217;\u00e9galit\u00e9 salariale.<\/p><p>Un autre succ\u00e8s remport\u00e9 avec le nouvel accord concerne une garantie d&#8217;emploi pour les apprentis. L&#8217;employeur doit obtenir l&#8217;accord du comit\u00e9 d&#8217;entreprise sur le besoin de personnel suppl\u00e9mentaire, et offrir alors un emploi \u00e0 dur\u00e9e ind\u00e9termin\u00e9e \u00e0 un nombre convenu d&#8217;apprentis. D&#8217;autre part, dans le cas o\u00f9 un tel accord n&#8217;existerait pas, l&#8217;employeur doit examiner avec le comit\u00e9 d&#8217;entreprise le besoin r\u00e9el de personnel six mois avant la fin de la p\u00e9riode d&#8217;apprentissage, et offrir alors un nombre convenu d&#8217;emplois \u00e0 dur\u00e9e ind\u00e9termin\u00e9e aux apprentis, et pour les autres, offrir un emploi d&#8217;une dur\u00e9e minimum d&#8217;un an. Trois mois avant la fin de ce temps, l&#8217;employeur doit une nouvelle fois n\u00e9gocier avec le comit\u00e9 d&#8217;entreprise sur le besoin en personnel suppl\u00e9mentaire, et donc de la possibilit\u00e9 d&#8217;offrir \u00e0 d&#8217;autres apprentis un emploi \u00e0 dur\u00e9e ind\u00e9termin\u00e9e.<\/p>","protected":false},"featured_media":0,"template":"","class_list":["post-199067","archive_imf","type-archive_imf","status-publish","hentry"],"acf":[],"yoast_head":"<!-- This site is optimized with the Yoast SEO Premium plugin v27.1 (Yoast SEO v27.1) - https:\/\/yoast.com\/product\/yoast-seo-premium-wordpress\/ -->\n<title>IG Metall obtient 4,3 pour cent de hausse salariale - industriall-union<\/title>\n<meta name=\"robots\" content=\"index, follow, max-snippet:-1, max-image-preview:large, max-video-preview:-1\" \/>\n<link rel=\"canonical\" href=\"https:\/\/admin.industriall-union.org\/fr\/archive\/imf\/ig-metall-obtient-4-3-pour-cent-de-hausse-salariale\/\" \/>\n<meta property=\"og:locale\" content=\"fr_FR\" \/>\n<meta property=\"og:type\" content=\"article\" \/>\n<meta property=\"og:title\" content=\"IG Metall obtient 4,3 pour cent de hausse salariale\" \/>\n<meta property=\"og:description\" content=\"ALLEMAGNE: Avec une hausse salariale de 4,3 pour cent pour 800.000 travailleurs et travailleuses applicable \u00e0 partir du 1er mai 2012, IG Metall a mis fin aux n\u00e9gociations dans les premi\u00e8res heures du 19 mai apr\u00e8s des discussions marathon et de puissantes gr\u00e8ves d&#8217;avertissement de ses membres. Il s&#8217;agit de la plus forte hausse salariale [&hellip;]\" \/>\n<meta property=\"og:url\" content=\"https:\/\/admin.industriall-union.org\/fr\/archive\/imf\/ig-metall-obtient-4-3-pour-cent-de-hausse-salariale\/\" \/>\n<meta property=\"og:site_name\" content=\"industriall-union\" \/>\n<meta property=\"article:modified_time\" content=\"2025-01-31T08:28:01+00:00\" \/>\n<meta name=\"twitter:card\" content=\"summary_large_image\" \/>\n<meta name=\"twitter:label1\" content=\"Est. reading time\" \/>\n\t<meta name=\"twitter:data1\" content=\"2 minutes\" \/>\n<script type=\"application\/ld+json\" class=\"yoast-schema-graph\">{\"@context\":\"https:\/\/schema.org\",\"@graph\":[{\"@type\":\"WebPage\",\"@id\":\"https:\/\/admin.industriall-union.org\/fr\/archive\/imf\/ig-metall-obtient-4-3-pour-cent-de-hausse-salariale\/\",\"url\":\"https:\/\/admin.industriall-union.org\/fr\/archive\/imf\/ig-metall-obtient-4-3-pour-cent-de-hausse-salariale\/\",\"name\":\"IG Metall obtient 4,3 pour cent de hausse salariale - industriall-union\",\"isPartOf\":{\"@id\":\"https:\/\/admin.industriall-union.org\/#website\"},\"datePublished\":\"2012-05-21T15:12:00+00:00\",\"dateModified\":\"2025-01-31T08:28:01+00:00\",\"breadcrumb\":{\"@id\":\"https:\/\/admin.industriall-union.org\/fr\/archive\/imf\/ig-metall-obtient-4-3-pour-cent-de-hausse-salariale\/#breadcrumb\"},\"inLanguage\":\"fr-FR\",\"potentialAction\":[{\"@type\":\"ReadAction\",\"target\":[\"https:\/\/admin.industriall-union.org\/fr\/archive\/imf\/ig-metall-obtient-4-3-pour-cent-de-hausse-salariale\/\"]}]},{\"@type\":\"BreadcrumbList\",\"@id\":\"https:\/\/admin.industriall-union.org\/fr\/archive\/imf\/ig-metall-obtient-4-3-pour-cent-de-hausse-salariale\/#breadcrumb\",\"itemListElement\":[{\"@type\":\"ListItem\",\"position\":1,\"name\":\"Home\",\"item\":\"https:\/\/admin.industriall-union.org\/\"},{\"@type\":\"ListItem\",\"position\":2,\"name\":\"Archive Imf\",\"item\":\"https:\/\/admin.industriall-union.org\/es\/archive\/imf\/\"},{\"@type\":\"ListItem\",\"position\":3,\"name\":\"IG Metall obtient 4,3 pour cent de hausse salariale\"}]},{\"@type\":\"WebSite\",\"@id\":\"https:\/\/admin.industriall-union.org\/#website\",\"url\":\"https:\/\/admin.industriall-union.org\/\",\"name\":\"industriall-union\",\"description\":\"\",\"potentialAction\":[{\"@type\":\"SearchAction\",\"target\":{\"@type\":\"EntryPoint\",\"urlTemplate\":\"https:\/\/admin.industriall-union.org\/?s={search_term_string}\"},\"query-input\":{\"@type\":\"PropertyValueSpecification\",\"valueRequired\":true,\"valueName\":\"search_term_string\"}}],\"inLanguage\":\"fr-FR\"}]}<\/script>\n<!-- \/ Yoast SEO Premium plugin. -->","yoast_head_json":{"title":"IG Metall obtient 4,3 pour cent de hausse salariale - industriall-union","robots":{"index":"index","follow":"follow","max-snippet":"max-snippet:-1","max-image-preview":"max-image-preview:large","max-video-preview":"max-video-preview:-1"},"canonical":"https:\/\/admin.industriall-union.org\/fr\/archive\/imf\/ig-metall-obtient-4-3-pour-cent-de-hausse-salariale\/","og_locale":"fr_FR","og_type":"article","og_title":"IG Metall obtient 4,3 pour cent de hausse salariale","og_description":"ALLEMAGNE: Avec une hausse salariale de 4,3 pour cent pour 800.000 travailleurs et travailleuses applicable \u00e0 partir du 1er mai 2012, IG Metall a mis fin aux n\u00e9gociations dans les premi\u00e8res heures du 19 mai apr\u00e8s des discussions marathon et de puissantes gr\u00e8ves d&#8217;avertissement de ses membres. Il s&#8217;agit de la plus forte hausse salariale [&hellip;]","og_url":"https:\/\/admin.industriall-union.org\/fr\/archive\/imf\/ig-metall-obtient-4-3-pour-cent-de-hausse-salariale\/","og_site_name":"industriall-union","article_modified_time":"2025-01-31T08:28:01+00:00","twitter_card":"summary_large_image","twitter_misc":{"Est. reading time":"2 minutes"},"schema":{"@context":"https:\/\/schema.org","@graph":[{"@type":"WebPage","@id":"https:\/\/admin.industriall-union.org\/fr\/archive\/imf\/ig-metall-obtient-4-3-pour-cent-de-hausse-salariale\/","url":"https:\/\/admin.industriall-union.org\/fr\/archive\/imf\/ig-metall-obtient-4-3-pour-cent-de-hausse-salariale\/","name":"IG Metall obtient 4,3 pour cent de hausse salariale - industriall-union","isPartOf":{"@id":"https:\/\/admin.industriall-union.org\/#website"},"datePublished":"2012-05-21T15:12:00+00:00","dateModified":"2025-01-31T08:28:01+00:00","breadcrumb":{"@id":"https:\/\/admin.industriall-union.org\/fr\/archive\/imf\/ig-metall-obtient-4-3-pour-cent-de-hausse-salariale\/#breadcrumb"},"inLanguage":"fr-FR","potentialAction":[{"@type":"ReadAction","target":["https:\/\/admin.industriall-union.org\/fr\/archive\/imf\/ig-metall-obtient-4-3-pour-cent-de-hausse-salariale\/"]}]},{"@type":"BreadcrumbList","@id":"https:\/\/admin.industriall-union.org\/fr\/archive\/imf\/ig-metall-obtient-4-3-pour-cent-de-hausse-salariale\/#breadcrumb","itemListElement":[{"@type":"ListItem","position":1,"name":"Home","item":"https:\/\/admin.industriall-union.org\/"},{"@type":"ListItem","position":2,"name":"Archive Imf","item":"https:\/\/admin.industriall-union.org\/es\/archive\/imf\/"},{"@type":"ListItem","position":3,"name":"IG Metall obtient 4,3 pour cent de hausse salariale"}]},{"@type":"WebSite","@id":"https:\/\/admin.industriall-union.org\/#website","url":"https:\/\/admin.industriall-union.org\/","name":"industriall-union","description":"","potentialAction":[{"@type":"SearchAction","target":{"@type":"EntryPoint","urlTemplate":"https:\/\/admin.industriall-union.org\/?s={search_term_string}"},"query-input":{"@type":"PropertyValueSpecification","valueRequired":true,"valueName":"search_term_string"}}],"inLanguage":"fr-FR"}]}},"_links":{"self":[{"href":"https:\/\/admin.industriall-union.org\/fr\/wp-json\/wp\/v2\/archive_imf\/199067","targetHints":{"allow":["GET"]}}],"collection":[{"href":"https:\/\/admin.industriall-union.org\/fr\/wp-json\/wp\/v2\/archive_imf"}],"about":[{"href":"https:\/\/admin.industriall-union.org\/fr\/wp-json\/wp\/v2\/types\/archive_imf"}],"wp:attachment":[{"href":"https:\/\/admin.industriall-union.org\/fr\/wp-json\/wp\/v2\/media?parent=199067"}],"curies":[{"name":"wp","href":"https:\/\/api.w.org\/{rel}","templated":true}]}}

<p>ALLEMAGNE: Avec une hausse salariale de 4,3 pour cent pour 800.000 travailleurs et travailleuses applicable à partir du 1er mai 2012, IG Metall a mis fin aux négociations dans les premières heures du 19 mai après des discussions marathon et de puissantes grèves d&#8217;avertissement de ses membres. Il s&#8217;agit de la plus forte hausse salariale de ces 20 dernières années qui correspond à plus du double du taux d&#8217;inflation, et représente une augmentation réelle des salaires des travailleurs et travailleuses.</p><p>IG Metall a également négocié deux autres questions très importantes: la réglementation du travail fourni par des agences d&#8217;emploi temporaire et une garantie d&#8217;emploi pour les apprentis.</p><p>En ce qui concerne les agences d&#8217;emploi temporaire, un droit réel de gestion en commun pour les comités d&#8217;entreprise a été conclu dans le cas où l&#8217;employeur aurait l&#8217;intention d&#8217;embaucher du personnel par le biais d&#8217;une agence de travail temporaire. Le comité d&#8217;entreprise a maintenant le droit de s&#8217;opposer à recourir à une agence de travail temporaire, et en cas de désaccord, l&#8217;employeur doit porter l&#8217;affaire au tribunal. L&#8217;autre option pour l&#8217;employeur consiste à négocier un accord optionnel sur une embauche réalisée par une agence de travail temporaire, indiquant le nombre de personnes engagées, les limites de la période de temps et un accord sur les salaires. On s&#8217;attend à ce que la plupart des employeurs choisissent l&#8217;accord optionnel, donnant ainsi au comité d&#8217;entreprise un véritable droit de gestion en commun pour réduire le travail intérimaire et garantir l&#8217;égalité salariale.</p><p>Un autre succès remporté avec le nouvel accord concerne une garantie d&#8217;emploi pour les apprentis. L&#8217;employeur doit obtenir l&#8217;accord du comité d&#8217;entreprise sur le besoin de personnel supplémentaire, et offrir alors un emploi à durée indéterminée à un nombre convenu d&#8217;apprentis. D&#8217;autre part, dans le cas où un tel accord n&#8217;existerait pas, l&#8217;employeur doit examiner avec le comité d&#8217;entreprise le besoin réel de personnel six mois avant la fin de la période d&#8217;apprentissage, et offrir alors un nombre convenu d&#8217;emplois à durée indéterminée aux apprentis, et pour les autres, offrir un emploi d&#8217;une durée minimum d&#8217;un an. Trois mois avant la fin de ce temps, l&#8217;employeur doit une nouvelle fois négocier avec le comité d&#8217;entreprise sur le besoin en personnel supplémentaire, et donc de la possibilité d&#8217;offrir à d&#8217;autres apprentis un emploi à durée indéterminée.</p>

<!-- This site is optimized with the Yoast SEO Premium plugin v27.1 (Yoast SEO v27.1) - https://yoast.com/product/yoast-seo-premium-wordpress/ -->
<title>IG Metall obtient 4,3 pour cent de hausse salariale - industriall-union</title>
<meta name="robots" content="index, follow, max-snippet:-1, max-image-preview:large, max-video-preview:-1" />
<link rel="canonical" href="https://admin.industriall-union.org/fr/archive/imf/ig-metall-obtient-4-3-pour-cent-de-hausse-salariale/" />
<meta property="og:locale" content="fr_FR" />
<meta property="og:type" content="article" />
<meta property="og:title" content="IG Metall obtient 4,3 pour cent de hausse salariale" />
<meta property="og:description" content="ALLEMAGNE: Avec une hausse salariale de 4,3 pour cent pour 800.000 travailleurs et travailleuses applicable à partir du 1er mai 2012, IG Metall a mis fin aux négociations dans les premières heures du 19 mai après des discussions marathon et de puissantes grèves d&#8217;avertissement de ses membres. Il s&#8217;agit de la plus forte hausse salariale [&hellip;]" />
<meta property="og:url" content="https://admin.industriall-union.org/fr/archive/imf/ig-metall-obtient-4-3-pour-cent-de-hausse-salariale/" />
<meta property="og:site_name" content="industriall-union" />
<meta property="article:modified_time" content="2025-01-31T08:28:01+00:00" />
<meta name="twitter:card" content="summary_large_image" />
<meta name="twitter:label1" content="Est. reading time" />
	<meta name="twitter:data1" content="2 minutes" />
<script type="application/ld+json" class="yoast-schema-graph">{"@context":"https://schema.org","@graph":[{"@type":"WebPage","@id":"https://admin.industriall-union.org/fr/archive/imf/ig-metall-obtient-4-3-pour-cent-de-hausse-salariale/","url":"https://admin.industriall-union.org/fr/archive/imf/ig-metall-obtient-4-3-pour-cent-de-hausse-salariale/","name":"IG Metall obtient 4,3 pour cent de hausse salariale - industriall-union","isPartOf":{"@id":"https://admin.industriall-union.org/#website"},"datePublished":"2012-05-21T15:12:00+00:00","dateModified":"2025-01-31T08:28:01+00:00","breadcrumb":{"@id":"https://admin.industriall-union.org/fr/archive/imf/ig-metall-obtient-4-3-pour-cent-de-hausse-salariale/#breadcrumb"},"inLanguage":"fr-FR","potentialAction":[{"@type":"ReadAction","target":["https://admin.industriall-union.org/fr/archive/imf/ig-metall-obtient-4-3-pour-cent-de-hausse-salariale/"]}]},{"@type":"BreadcrumbList","@id":"https://admin.industriall-union.org/fr/archive/imf/ig-metall-obtient-4-3-pour-cent-de-hausse-salariale/#breadcrumb","itemListElement":[{"@type":"ListItem","position":1,"name":"Home","item":"https://admin.industriall-union.org/"},{"@type":"ListItem","position":2,"name":"Archive Imf","item":"https://admin.industriall-union.org/es/archive/imf/"},{"@type":"ListItem","position":3,"name":"IG Metall obtient 4,3 pour cent de hausse salariale"}]},{"@type":"WebSite","@id":"https://admin.industriall-union.org/#website","url":"https://admin.industriall-union.org/","name":"industriall-union","description":"","potentialAction":[{"@type":"SearchAction","target":{"@type":"EntryPoint","urlTemplate":"https://admin.industriall-union.org/?s={search_term_string}"},"query-input":{"@type":"PropertyValueSpecification","valueRequired":true,"valueName":"search_term_string"}}],"inLanguage":"fr-FR"}]}</script>
<!-- / Yoast SEO Premium plugin. -->

ALLEMAGNE: Avec une hausse salariale de 4,3 pour cent pour 800.000 travailleurs et travailleuses applicable à partir du 1er mai 2012, IG Metall a mis fin aux négociations dans les premières heures du 19 mai après des discussions marathon et de puissantes grèves d&#8217;avertissement de ses membres. Il s&#8217;agit de la plus forte hausse salariale [&hellip;]
