{"id":198090,"date":"2007-06-06T11:41:05","date_gmt":"2007-06-06T11:41:05","guid":{"rendered":"https:\/\/admin.industriall-union.org\/archive\/icem\/l-icem-s-oppose-a-l-intervention-militaire-en-reponse-a-la-greve-des-travailleurs-du-petrole-en-irak\/"},"modified":"2025-01-31T15:41:31","modified_gmt":"2025-01-31T15:41:31","slug":"l-icem-s-oppose-a-l-intervention-militaire-en-reponse-a-la-greve-des-travailleurs-du-petrole-en-irak","status":"publish","type":"archive_icem","link":"https:\/\/admin.industriall-union.org\/fr\/archive\/icem\/l-icem-s-oppose-a-l-intervention-militaire-en-reponse-a-la-greve-des-travailleurs-du-petrole-en-irak\/","title":{"rendered":"L\u2019ICEM s\u2019oppose \u00e0 l\u2019intervention militaire en r\u00e9ponse \u00e0 la gr\u00e8ve des travailleurs du p\u00e9trole en Irak"},"content":{"rendered":"<p align=\"justify\">Suite &agrave; l&rsquo;encerclement des gr&eacute;vistes par les troupes iraquiennes, l&rsquo;ICEM (F&eacute;d&eacute;ration internationale des syndicats de travailleurs de la chimie, de l&#8217;&eacute;nergie, des mines et des industries diverses) forte de ses 20 millions de membres, exhorte le gouvernement de Nouri al-Maliki &agrave; retirer ses troupes et entamer des n&eacute;gociations pacifiques avec la f&eacute;d&eacute;ration IFOU, le plus grand syndicat des travailleurs du secteur p&eacute;trolier en Irak, comprenant pas moins de 26000 membres. <\/p>\n<p align=\"center\"><img loading=\"lazy\" decoding=\"async\" height=\"100\" src=\"\" width=\"100\" alt=\"\" \/><\/p>\n<p align=\"justify\">Dans sa lettre au premier ministre, Manfred Warda, le secr&eacute;taire g&eacute;n&eacute;ral de l&rsquo;ICEM explique &laquo; Mardi soir, nous avons appris que l&rsquo;arm&eacute;e iraquienne avait encercl&eacute; les gr&eacute;vistes de la compagnie p&eacute;troli&egrave;re de Basra. Selon nos sources, la situation &eacute;tait extr&ecirc;mement tendue, mais suite aux discussions tenues par vos repr&eacute;sentants, les ouvriers ont accept&eacute; de reprendre temporairement le travail et ainsi permettre le bon d&eacute;roulement des n&eacute;gociations. Par cons&eacute;quent, vous devriez retirer vos troupes de mani&egrave;re &agrave; &eacute;viter de nouvelles tensions. &raquo; <br \/>\n<br \/>\nMardi 4 juin, t&ocirc;t dans la matin&eacute;e, les travailleurs de la compagnie p&eacute;troli&egrave;re de Basra, d&eacute;cidaient de stopper la circulation du p&eacute;trole &agrave; travers le pipeline n&deg; 42. Apr&egrave;s de nombreuses semaines de n&eacute;gociations au sujet de leurs conditions de travail, sant&eacute; et s&eacute;curit&eacute;, ils apprenaient que la compagnie comptait supprimer les allocations habituelles. <\/p>\n<p align=\"justify\">Le jour suivant, apr&egrave;s avoir ferm&eacute; un autre pipeline, les gr&eacute;vistes se retrouvaient assi&eacute;g&eacute;s par l&rsquo;arm&eacute;e. <\/p>\n<p align=\"center\"><img loading=\"lazy\" decoding=\"async\" height=\"115\" src=\"\" width=\"250\" alt=\"\" \/><\/p>\n<p align=\"justify\">Manfred Warda ajoute qu&rsquo; &laquo; envoyer des troupes n&rsquo;est pas la meilleure mani&egrave;re de r&eacute;soudre le probl&egrave;me. Nous vous demandons express&eacute;ment de vous assurer qu&rsquo;aucune arrestation d&rsquo;ouvriers ou de leader syndicaliste n&rsquo;ait lieu et que personne ne soit bless&eacute;. Il vous faut &agrave; tout prix reprendre des n&eacute;gociations pacifiques et cette fois-ci, prendre en compte les griefs bel et bien l&eacute;gitimes des gr&eacute;vistes. &raquo; <br \/>\n<br \/>\nL&rsquo;ICEM ainsi que l&rsquo;International Trade Union Confederation (Association Internationale des Travailleurs), le US Solidarity Center (Centre de Solidarit&eacute; des Etats-Unis), et le UK&rsquo;s Trades Union Congress (Conf&eacute;d&eacute;ration des syndicats du Royaume Uni) coordonne les efforts d&rsquo;assistance &agrave; l&rsquo;IFOU et compte sur ses 384 syndicats affili&eacute;s dans 124 pays pour envoyer leurs messages de soutien. <\/p>","protected":false},"featured_media":0,"template":"","class_list":["post-198090","archive_icem","type-archive_icem","status-publish","hentry"],"acf":[],"yoast_head":"<!-- This site is optimized with the Yoast SEO Premium plugin v27.1 (Yoast SEO v27.1) - https:\/\/yoast.com\/product\/yoast-seo-premium-wordpress\/ -->\n<title>L\u2019ICEM s\u2019oppose \u00e0 l\u2019intervention militaire en r\u00e9ponse \u00e0 la gr\u00e8ve des travailleurs du p\u00e9trole en Irak - industriall-union<\/title>\n<meta name=\"robots\" content=\"index, follow, max-snippet:-1, max-image-preview:large, max-video-preview:-1\" \/>\n<link rel=\"canonical\" href=\"https:\/\/admin.industriall-union.org\/fr\/archive\/icem\/l-icem-s-oppose-a-l-intervention-militaire-en-reponse-a-la-greve-des-travailleurs-du-petrole-en-irak\/\" \/>\n<meta property=\"og:locale\" content=\"fr_FR\" \/>\n<meta property=\"og:type\" content=\"article\" \/>\n<meta property=\"og:title\" content=\"L\u2019ICEM s\u2019oppose \u00e0 l\u2019intervention militaire en r\u00e9ponse \u00e0 la gr\u00e8ve des travailleurs du p\u00e9trole en Irak\" \/>\n<meta property=\"og:description\" content=\"Suite &agrave; l&rsquo;encerclement des gr&eacute;vistes par les troupes iraquiennes, l&rsquo;ICEM (F&eacute;d&eacute;ration internationale des syndicats de travailleurs de la chimie, de l&#8217;&eacute;nergie, des mines et des industries diverses) forte de ses 20 millions de membres, exhorte le gouvernement de Nouri al-Maliki &agrave; retirer ses troupes et entamer des n&eacute;gociations pacifiques avec la f&eacute;d&eacute;ration IFOU, le plus [&hellip;]\" \/>\n<meta property=\"og:url\" content=\"https:\/\/admin.industriall-union.org\/fr\/archive\/icem\/l-icem-s-oppose-a-l-intervention-militaire-en-reponse-a-la-greve-des-travailleurs-du-petrole-en-irak\/\" \/>\n<meta property=\"og:site_name\" content=\"industriall-union\" \/>\n<meta property=\"article:modified_time\" content=\"2025-01-31T15:41:31+00:00\" \/>\n<meta name=\"twitter:card\" content=\"summary_large_image\" \/>\n<meta name=\"twitter:label1\" content=\"Est. reading time\" \/>\n\t<meta name=\"twitter:data1\" content=\"2 minutes\" \/>\n<script type=\"application\/ld+json\" class=\"yoast-schema-graph\">{\"@context\":\"https:\/\/schema.org\",\"@graph\":[{\"@type\":\"WebPage\",\"@id\":\"https:\/\/admin.industriall-union.org\/fr\/archive\/icem\/l-icem-s-oppose-a-l-intervention-militaire-en-reponse-a-la-greve-des-travailleurs-du-petrole-en-irak\/\",\"url\":\"https:\/\/admin.industriall-union.org\/fr\/archive\/icem\/l-icem-s-oppose-a-l-intervention-militaire-en-reponse-a-la-greve-des-travailleurs-du-petrole-en-irak\/\",\"name\":\"L\u2019ICEM s\u2019oppose \u00e0 l\u2019intervention militaire en r\u00e9ponse \u00e0 la gr\u00e8ve des travailleurs du p\u00e9trole en Irak - industriall-union\",\"isPartOf\":{\"@id\":\"https:\/\/admin.industriall-union.org\/#website\"},\"datePublished\":\"2007-06-06T11:41:05+00:00\",\"dateModified\":\"2025-01-31T15:41:31+00:00\",\"breadcrumb\":{\"@id\":\"https:\/\/admin.industriall-union.org\/fr\/archive\/icem\/l-icem-s-oppose-a-l-intervention-militaire-en-reponse-a-la-greve-des-travailleurs-du-petrole-en-irak\/#breadcrumb\"},\"inLanguage\":\"fr-FR\",\"potentialAction\":[{\"@type\":\"ReadAction\",\"target\":[\"https:\/\/admin.industriall-union.org\/fr\/archive\/icem\/l-icem-s-oppose-a-l-intervention-militaire-en-reponse-a-la-greve-des-travailleurs-du-petrole-en-irak\/\"]}]},{\"@type\":\"BreadcrumbList\",\"@id\":\"https:\/\/admin.industriall-union.org\/fr\/archive\/icem\/l-icem-s-oppose-a-l-intervention-militaire-en-reponse-a-la-greve-des-travailleurs-du-petrole-en-irak\/#breadcrumb\",\"itemListElement\":[{\"@type\":\"ListItem\",\"position\":1,\"name\":\"Home\",\"item\":\"https:\/\/admin.industriall-union.org\/\"},{\"@type\":\"ListItem\",\"position\":2,\"name\":\"Archive icem\",\"item\":\"https:\/\/admin.industriall-union.org\/archive\/icem\/\"},{\"@type\":\"ListItem\",\"position\":3,\"name\":\"L\u2019ICEM s\u2019oppose \u00e0 l\u2019intervention militaire en r\u00e9ponse \u00e0 la gr\u00e8ve des travailleurs du p\u00e9trole en Irak\"}]},{\"@type\":\"WebSite\",\"@id\":\"https:\/\/admin.industriall-union.org\/#website\",\"url\":\"https:\/\/admin.industriall-union.org\/\",\"name\":\"industriall-union\",\"description\":\"\",\"potentialAction\":[{\"@type\":\"SearchAction\",\"target\":{\"@type\":\"EntryPoint\",\"urlTemplate\":\"https:\/\/admin.industriall-union.org\/?s={search_term_string}\"},\"query-input\":{\"@type\":\"PropertyValueSpecification\",\"valueRequired\":true,\"valueName\":\"search_term_string\"}}],\"inLanguage\":\"fr-FR\"}]}<\/script>\n<!-- \/ Yoast SEO Premium plugin. -->","yoast_head_json":{"title":"L\u2019ICEM s\u2019oppose \u00e0 l\u2019intervention militaire en r\u00e9ponse \u00e0 la gr\u00e8ve des travailleurs du p\u00e9trole en Irak - industriall-union","robots":{"index":"index","follow":"follow","max-snippet":"max-snippet:-1","max-image-preview":"max-image-preview:large","max-video-preview":"max-video-preview:-1"},"canonical":"https:\/\/admin.industriall-union.org\/fr\/archive\/icem\/l-icem-s-oppose-a-l-intervention-militaire-en-reponse-a-la-greve-des-travailleurs-du-petrole-en-irak\/","og_locale":"fr_FR","og_type":"article","og_title":"L\u2019ICEM s\u2019oppose \u00e0 l\u2019intervention militaire en r\u00e9ponse \u00e0 la gr\u00e8ve des travailleurs du p\u00e9trole en Irak","og_description":"Suite &agrave; l&rsquo;encerclement des gr&eacute;vistes par les troupes iraquiennes, l&rsquo;ICEM (F&eacute;d&eacute;ration internationale des syndicats de travailleurs de la chimie, de l&#8217;&eacute;nergie, des mines et des industries diverses) forte de ses 20 millions de membres, exhorte le gouvernement de Nouri al-Maliki &agrave; retirer ses troupes et entamer des n&eacute;gociations pacifiques avec la f&eacute;d&eacute;ration IFOU, le plus [&hellip;]","og_url":"https:\/\/admin.industriall-union.org\/fr\/archive\/icem\/l-icem-s-oppose-a-l-intervention-militaire-en-reponse-a-la-greve-des-travailleurs-du-petrole-en-irak\/","og_site_name":"industriall-union","article_modified_time":"2025-01-31T15:41:31+00:00","twitter_card":"summary_large_image","twitter_misc":{"Est. reading time":"2 minutes"},"schema":{"@context":"https:\/\/schema.org","@graph":[{"@type":"WebPage","@id":"https:\/\/admin.industriall-union.org\/fr\/archive\/icem\/l-icem-s-oppose-a-l-intervention-militaire-en-reponse-a-la-greve-des-travailleurs-du-petrole-en-irak\/","url":"https:\/\/admin.industriall-union.org\/fr\/archive\/icem\/l-icem-s-oppose-a-l-intervention-militaire-en-reponse-a-la-greve-des-travailleurs-du-petrole-en-irak\/","name":"L\u2019ICEM s\u2019oppose \u00e0 l\u2019intervention militaire en r\u00e9ponse \u00e0 la gr\u00e8ve des travailleurs du p\u00e9trole en Irak - industriall-union","isPartOf":{"@id":"https:\/\/admin.industriall-union.org\/#website"},"datePublished":"2007-06-06T11:41:05+00:00","dateModified":"2025-01-31T15:41:31+00:00","breadcrumb":{"@id":"https:\/\/admin.industriall-union.org\/fr\/archive\/icem\/l-icem-s-oppose-a-l-intervention-militaire-en-reponse-a-la-greve-des-travailleurs-du-petrole-en-irak\/#breadcrumb"},"inLanguage":"fr-FR","potentialAction":[{"@type":"ReadAction","target":["https:\/\/admin.industriall-union.org\/fr\/archive\/icem\/l-icem-s-oppose-a-l-intervention-militaire-en-reponse-a-la-greve-des-travailleurs-du-petrole-en-irak\/"]}]},{"@type":"BreadcrumbList","@id":"https:\/\/admin.industriall-union.org\/fr\/archive\/icem\/l-icem-s-oppose-a-l-intervention-militaire-en-reponse-a-la-greve-des-travailleurs-du-petrole-en-irak\/#breadcrumb","itemListElement":[{"@type":"ListItem","position":1,"name":"Home","item":"https:\/\/admin.industriall-union.org\/"},{"@type":"ListItem","position":2,"name":"Archive icem","item":"https:\/\/admin.industriall-union.org\/archive\/icem\/"},{"@type":"ListItem","position":3,"name":"L\u2019ICEM s\u2019oppose \u00e0 l\u2019intervention militaire en r\u00e9ponse \u00e0 la gr\u00e8ve des travailleurs du p\u00e9trole en Irak"}]},{"@type":"WebSite","@id":"https:\/\/admin.industriall-union.org\/#website","url":"https:\/\/admin.industriall-union.org\/","name":"industriall-union","description":"","potentialAction":[{"@type":"SearchAction","target":{"@type":"EntryPoint","urlTemplate":"https:\/\/admin.industriall-union.org\/?s={search_term_string}"},"query-input":{"@type":"PropertyValueSpecification","valueRequired":true,"valueName":"search_term_string"}}],"inLanguage":"fr-FR"}]}},"_links":{"self":[{"href":"https:\/\/admin.industriall-union.org\/fr\/wp-json\/wp\/v2\/archive_icem\/198090","targetHints":{"allow":["GET"]}}],"collection":[{"href":"https:\/\/admin.industriall-union.org\/fr\/wp-json\/wp\/v2\/archive_icem"}],"about":[{"href":"https:\/\/admin.industriall-union.org\/fr\/wp-json\/wp\/v2\/types\/archive_icem"}],"wp:attachment":[{"href":"https:\/\/admin.industriall-union.org\/fr\/wp-json\/wp\/v2\/media?parent=198090"}],"curies":[{"name":"wp","href":"https:\/\/api.w.org\/{rel}","templated":true}]}}

L’ICEM s’oppose à l’intervention militaire en réponse à la grève des travailleurs du pétrole en Irak

<!-- This site is optimized with the Yoast SEO Premium plugin v27.1 (Yoast SEO v27.1) - https://yoast.com/product/yoast-seo-premium-wordpress/ -->
<title>L’ICEM s’oppose à l’intervention militaire en réponse à la grève des travailleurs du pétrole en Irak - industriall-union</title>
<meta name="robots" content="index, follow, max-snippet:-1, max-image-preview:large, max-video-preview:-1" />
<link rel="canonical" href="https://admin.industriall-union.org/fr/archive/icem/l-icem-s-oppose-a-l-intervention-militaire-en-reponse-a-la-greve-des-travailleurs-du-petrole-en-irak/" />
<meta property="og:locale" content="fr_FR" />
<meta property="og:type" content="article" />
<meta property="og:title" content="L’ICEM s’oppose à l’intervention militaire en réponse à la grève des travailleurs du pétrole en Irak" />
<meta property="og:description" content="Suite &agrave; l&rsquo;encerclement des gr&eacute;vistes par les troupes iraquiennes, l&rsquo;ICEM (F&eacute;d&eacute;ration internationale des syndicats de travailleurs de la chimie, de l&#8217;&eacute;nergie, des mines et des industries diverses) forte de ses 20 millions de membres, exhorte le gouvernement de Nouri al-Maliki &agrave; retirer ses troupes et entamer des n&eacute;gociations pacifiques avec la f&eacute;d&eacute;ration IFOU, le plus [&hellip;]" />
<meta property="og:url" content="https://admin.industriall-union.org/fr/archive/icem/l-icem-s-oppose-a-l-intervention-militaire-en-reponse-a-la-greve-des-travailleurs-du-petrole-en-irak/" />
<meta property="og:site_name" content="industriall-union" />
<meta property="article:modified_time" content="2025-01-31T15:41:31+00:00" />
<meta name="twitter:card" content="summary_large_image" />
<meta name="twitter:label1" content="Est. reading time" />
	<meta name="twitter:data1" content="2 minutes" />
<script type="application/ld+json" class="yoast-schema-graph">{"@context":"https://schema.org","@graph":[{"@type":"WebPage","@id":"https://admin.industriall-union.org/fr/archive/icem/l-icem-s-oppose-a-l-intervention-militaire-en-reponse-a-la-greve-des-travailleurs-du-petrole-en-irak/","url":"https://admin.industriall-union.org/fr/archive/icem/l-icem-s-oppose-a-l-intervention-militaire-en-reponse-a-la-greve-des-travailleurs-du-petrole-en-irak/","name":"L’ICEM s’oppose à l’intervention militaire en réponse à la grève des travailleurs du pétrole en Irak - industriall-union","isPartOf":{"@id":"https://admin.industriall-union.org/#website"},"datePublished":"2007-06-06T11:41:05+00:00","dateModified":"2025-01-31T15:41:31+00:00","breadcrumb":{"@id":"https://admin.industriall-union.org/fr/archive/icem/l-icem-s-oppose-a-l-intervention-militaire-en-reponse-a-la-greve-des-travailleurs-du-petrole-en-irak/#breadcrumb"},"inLanguage":"fr-FR","potentialAction":[{"@type":"ReadAction","target":["https://admin.industriall-union.org/fr/archive/icem/l-icem-s-oppose-a-l-intervention-militaire-en-reponse-a-la-greve-des-travailleurs-du-petrole-en-irak/"]}]},{"@type":"BreadcrumbList","@id":"https://admin.industriall-union.org/fr/archive/icem/l-icem-s-oppose-a-l-intervention-militaire-en-reponse-a-la-greve-des-travailleurs-du-petrole-en-irak/#breadcrumb","itemListElement":[{"@type":"ListItem","position":1,"name":"Home","item":"https://admin.industriall-union.org/"},{"@type":"ListItem","position":2,"name":"Archive icem","item":"https://admin.industriall-union.org/archive/icem/"},{"@type":"ListItem","position":3,"name":"L’ICEM s’oppose à l’intervention militaire en réponse à la grève des travailleurs du pétrole en Irak"}]},{"@type":"WebSite","@id":"https://admin.industriall-union.org/#website","url":"https://admin.industriall-union.org/","name":"industriall-union","description":"","potentialAction":[{"@type":"SearchAction","target":{"@type":"EntryPoint","urlTemplate":"https://admin.industriall-union.org/?s={search_term_string}"},"query-input":{"@type":"PropertyValueSpecification","valueRequired":true,"valueName":"search_term_string"}}],"inLanguage":"fr-FR"}]}</script>
<!-- / Yoast SEO Premium plugin. -->

L’ICEM s’oppose à l’intervention militaire en réponse à la grève des travailleurs du pétrole en Irak - industriall-union
