{"id":195667,"date":"2009-01-26T10:44:35","date_gmt":"2009-01-26T10:44:35","guid":{"rendered":"https:\/\/admin.industriall-union.org\/archive\/icem\/les-syndicats-francais-du-gaz-et-de-l-039-electricite-unis-pour-l-039-emploi-la-formation-et-des-salaires\/"},"modified":"2025-01-31T15:23:44","modified_gmt":"2025-01-31T15:23:44","slug":"les-syndicats-francais-du-gaz-et-de-l-039-electricite-unis-pour-l-039-emploi-la-formation-et-des-salaires","status":"publish","type":"archive_icem","link":"https:\/\/admin.industriall-union.org\/fr\/archive\/icem\/les-syndicats-francais-du-gaz-et-de-l-039-electricite-unis-pour-l-039-emploi-la-formation-et-des-salaires\/","title":{"rendered":"Les syndicats fran\u00e7ais du gaz et de l&#039;\u00e9lectricit\u00e9 unis pour l&#039;emploi, la formation et des salaires"},"content":{"rendered":"<p align=\"center\"><img loading=\"lazy\" decoding=\"async\" height=\"39\" alt=\"\" src=\"\" width=\"100\" \/><\/p>\n<p align=\"justify\">Les syndicats fran&ccedil;ais vont se mobiliser, le 29 janvier &agrave; Paris, apr&egrave;s l&#8217;&eacute;chec des n&eacute;gociations sociales dans les entreprises publiques du gaz et de l&#8217;&eacute;lectricit&eacute;. Leur action porte sur le maintien de l&#8217;emploi, la formation professionnelle et les salaires &eacute;quitables, le non-respect des accords sociaux &eacute;tant, selon les syndicats, imputable au gouvernement et au Medef, la f&eacute;d&eacute;ration du patronat fran&ccedil;ais. <br \/>\n<\/p>\n<p align=\"center\"><img loading=\"lazy\" decoding=\"async\" height=\"59\" alt=\"\" src=\"\" width=\"175\" \/><\/p>\n<p align=\"justify\">Huit organisations syndicales, dont les f&eacute;d&eacute;rations CGT, CFDT, FO, CFE-CGC, et CFTC, ont fix&eacute; la date de cette action d&eacute;but janvier, alors que la reprise des n&eacute;gociations sociales est pr&eacute;vue pour le d&eacute;but f&eacute;vrier. Leur d&eacute;claration en trois pages est d&eacute;crite comme un compromis sur la question des salaires entre les repr&eacute;sentants des travailleurs de plusieurs compagnies de gaz et d&#8217;&eacute;lectricit&eacute; fran&ccedil;aises. Elle r&eacute;clame du gouvernement des mesures urgentes pour donner la priorit&eacute; au maintien de l&#8217;emploi, &agrave; la r&eacute;mun&eacute;ration et &agrave; la relance &eacute;conomique qui doit d&eacute;marrer sur le lieu de travail. <br \/>\n<\/p>\n<p align=\"center\"><img loading=\"lazy\" decoding=\"async\" height=\"112\" alt=\"\" src=\"\" width=\"81\" \/><\/p>\n<p align=\"justify\">Cette d&eacute;claration dit aussi qu&#8217;il est temps d&#8217;augmenter les bas salaires, les minima sociaux, et de d&eacute;velopper les possibilit&eacute;s de formation professionnelle, ce qui constitue un terrain d&#8217;entente pour les trois parties. Mais les syndicats d&eacute;noncent avec &eacute;nergie les projets du gouvernement fran&ccedil;ais de supprimer 30.000 postes dans la fonction publique. <br \/>\n<\/p>\n<p align=\"center\"><img loading=\"lazy\" decoding=\"async\" height=\"93\" alt=\"\" src=\"\" width=\"100\" \/><\/p>\n<p align=\"justify\">L&#8217;appel de l&#8217;intersyndicale fran&ccedil;aise &agrave; une participation massive le 29 janvier est urgent; ce sera un r&eacute;veil l&eacute;gitime des travailleurs dans la r&eacute;sistance au programme n&eacute;olib&eacute;ral. <\/p>","protected":false},"featured_media":0,"template":"","class_list":["post-195667","archive_icem","type-archive_icem","status-publish","hentry"],"acf":[],"yoast_head":"<!-- This site is optimized with the Yoast SEO Premium plugin v27.1 (Yoast SEO v27.1) - https:\/\/yoast.com\/product\/yoast-seo-premium-wordpress\/ -->\n<title>Les syndicats fran\u00e7ais du gaz et de l&#039;\u00e9lectricit\u00e9 unis pour l&#039;emploi, la formation et des salaires - industriall-union<\/title>\n<meta name=\"robots\" content=\"index, follow, max-snippet:-1, max-image-preview:large, max-video-preview:-1\" \/>\n<link rel=\"canonical\" href=\"https:\/\/admin.industriall-union.org\/fr\/archive\/icem\/les-syndicats-francais-du-gaz-et-de-l-039-electricite-unis-pour-l-039-emploi-la-formation-et-des-salaires\/\" \/>\n<meta property=\"og:locale\" content=\"fr_FR\" \/>\n<meta property=\"og:type\" content=\"article\" \/>\n<meta property=\"og:title\" content=\"Les syndicats fran\u00e7ais du gaz et de l&#039;\u00e9lectricit\u00e9 unis pour l&#039;emploi, la formation et des salaires\" \/>\n<meta property=\"og:description\" content=\"Les syndicats fran&ccedil;ais vont se mobiliser, le 29 janvier &agrave; Paris, apr&egrave;s l&#8217;&eacute;chec des n&eacute;gociations sociales dans les entreprises publiques du gaz et de l&#8217;&eacute;lectricit&eacute;. Leur action porte sur le maintien de l&#8217;emploi, la formation professionnelle et les salaires &eacute;quitables, le non-respect des accords sociaux &eacute;tant, selon les syndicats, imputable au gouvernement et au Medef, [&hellip;]\" \/>\n<meta property=\"og:url\" content=\"https:\/\/admin.industriall-union.org\/fr\/archive\/icem\/les-syndicats-francais-du-gaz-et-de-l-039-electricite-unis-pour-l-039-emploi-la-formation-et-des-salaires\/\" \/>\n<meta property=\"og:site_name\" content=\"industriall-union\" \/>\n<meta property=\"article:modified_time\" content=\"2025-01-31T15:23:44+00:00\" \/>\n<meta name=\"twitter:card\" content=\"summary_large_image\" \/>\n<meta name=\"twitter:label1\" content=\"Est. reading time\" \/>\n\t<meta name=\"twitter:data1\" content=\"2 minutes\" \/>\n<script type=\"application\/ld+json\" class=\"yoast-schema-graph\">{\"@context\":\"https:\/\/schema.org\",\"@graph\":[{\"@type\":\"WebPage\",\"@id\":\"https:\/\/admin.industriall-union.org\/fr\/archive\/icem\/les-syndicats-francais-du-gaz-et-de-l-039-electricite-unis-pour-l-039-emploi-la-formation-et-des-salaires\/\",\"url\":\"https:\/\/admin.industriall-union.org\/fr\/archive\/icem\/les-syndicats-francais-du-gaz-et-de-l-039-electricite-unis-pour-l-039-emploi-la-formation-et-des-salaires\/\",\"name\":\"Les syndicats fran\u00e7ais du gaz et de l&#039;\u00e9lectricit\u00e9 unis pour l&#039;emploi, la formation et des salaires - industriall-union\",\"isPartOf\":{\"@id\":\"https:\/\/admin.industriall-union.org\/#website\"},\"datePublished\":\"2009-01-26T10:44:35+00:00\",\"dateModified\":\"2025-01-31T15:23:44+00:00\",\"breadcrumb\":{\"@id\":\"https:\/\/admin.industriall-union.org\/fr\/archive\/icem\/les-syndicats-francais-du-gaz-et-de-l-039-electricite-unis-pour-l-039-emploi-la-formation-et-des-salaires\/#breadcrumb\"},\"inLanguage\":\"fr-FR\",\"potentialAction\":[{\"@type\":\"ReadAction\",\"target\":[\"https:\/\/admin.industriall-union.org\/fr\/archive\/icem\/les-syndicats-francais-du-gaz-et-de-l-039-electricite-unis-pour-l-039-emploi-la-formation-et-des-salaires\/\"]}]},{\"@type\":\"BreadcrumbList\",\"@id\":\"https:\/\/admin.industriall-union.org\/fr\/archive\/icem\/les-syndicats-francais-du-gaz-et-de-l-039-electricite-unis-pour-l-039-emploi-la-formation-et-des-salaires\/#breadcrumb\",\"itemListElement\":[{\"@type\":\"ListItem\",\"position\":1,\"name\":\"Home\",\"item\":\"https:\/\/admin.industriall-union.org\/\"},{\"@type\":\"ListItem\",\"position\":2,\"name\":\"Archive icem\",\"item\":\"https:\/\/admin.industriall-union.org\/archive\/icem\/\"},{\"@type\":\"ListItem\",\"position\":3,\"name\":\"Les syndicats fran\u00e7ais du gaz et de l&#039;\u00e9lectricit\u00e9 unis pour l&#039;emploi, la formation et des salaires\"}]},{\"@type\":\"WebSite\",\"@id\":\"https:\/\/admin.industriall-union.org\/#website\",\"url\":\"https:\/\/admin.industriall-union.org\/\",\"name\":\"industriall-union\",\"description\":\"\",\"potentialAction\":[{\"@type\":\"SearchAction\",\"target\":{\"@type\":\"EntryPoint\",\"urlTemplate\":\"https:\/\/admin.industriall-union.org\/?s={search_term_string}\"},\"query-input\":{\"@type\":\"PropertyValueSpecification\",\"valueRequired\":true,\"valueName\":\"search_term_string\"}}],\"inLanguage\":\"fr-FR\"}]}<\/script>\n<!-- \/ Yoast SEO Premium plugin. -->","yoast_head_json":{"title":"Les syndicats fran\u00e7ais du gaz et de l&#039;\u00e9lectricit\u00e9 unis pour l&#039;emploi, la formation et des salaires - industriall-union","robots":{"index":"index","follow":"follow","max-snippet":"max-snippet:-1","max-image-preview":"max-image-preview:large","max-video-preview":"max-video-preview:-1"},"canonical":"https:\/\/admin.industriall-union.org\/fr\/archive\/icem\/les-syndicats-francais-du-gaz-et-de-l-039-electricite-unis-pour-l-039-emploi-la-formation-et-des-salaires\/","og_locale":"fr_FR","og_type":"article","og_title":"Les syndicats fran\u00e7ais du gaz et de l&#039;\u00e9lectricit\u00e9 unis pour l&#039;emploi, la formation et des salaires","og_description":"Les syndicats fran&ccedil;ais vont se mobiliser, le 29 janvier &agrave; Paris, apr&egrave;s l&#8217;&eacute;chec des n&eacute;gociations sociales dans les entreprises publiques du gaz et de l&#8217;&eacute;lectricit&eacute;. Leur action porte sur le maintien de l&#8217;emploi, la formation professionnelle et les salaires &eacute;quitables, le non-respect des accords sociaux &eacute;tant, selon les syndicats, imputable au gouvernement et au Medef, [&hellip;]","og_url":"https:\/\/admin.industriall-union.org\/fr\/archive\/icem\/les-syndicats-francais-du-gaz-et-de-l-039-electricite-unis-pour-l-039-emploi-la-formation-et-des-salaires\/","og_site_name":"industriall-union","article_modified_time":"2025-01-31T15:23:44+00:00","twitter_card":"summary_large_image","twitter_misc":{"Est. reading time":"2 minutes"},"schema":{"@context":"https:\/\/schema.org","@graph":[{"@type":"WebPage","@id":"https:\/\/admin.industriall-union.org\/fr\/archive\/icem\/les-syndicats-francais-du-gaz-et-de-l-039-electricite-unis-pour-l-039-emploi-la-formation-et-des-salaires\/","url":"https:\/\/admin.industriall-union.org\/fr\/archive\/icem\/les-syndicats-francais-du-gaz-et-de-l-039-electricite-unis-pour-l-039-emploi-la-formation-et-des-salaires\/","name":"Les syndicats fran\u00e7ais du gaz et de l&#039;\u00e9lectricit\u00e9 unis pour l&#039;emploi, la formation et des salaires - industriall-union","isPartOf":{"@id":"https:\/\/admin.industriall-union.org\/#website"},"datePublished":"2009-01-26T10:44:35+00:00","dateModified":"2025-01-31T15:23:44+00:00","breadcrumb":{"@id":"https:\/\/admin.industriall-union.org\/fr\/archive\/icem\/les-syndicats-francais-du-gaz-et-de-l-039-electricite-unis-pour-l-039-emploi-la-formation-et-des-salaires\/#breadcrumb"},"inLanguage":"fr-FR","potentialAction":[{"@type":"ReadAction","target":["https:\/\/admin.industriall-union.org\/fr\/archive\/icem\/les-syndicats-francais-du-gaz-et-de-l-039-electricite-unis-pour-l-039-emploi-la-formation-et-des-salaires\/"]}]},{"@type":"BreadcrumbList","@id":"https:\/\/admin.industriall-union.org\/fr\/archive\/icem\/les-syndicats-francais-du-gaz-et-de-l-039-electricite-unis-pour-l-039-emploi-la-formation-et-des-salaires\/#breadcrumb","itemListElement":[{"@type":"ListItem","position":1,"name":"Home","item":"https:\/\/admin.industriall-union.org\/"},{"@type":"ListItem","position":2,"name":"Archive icem","item":"https:\/\/admin.industriall-union.org\/archive\/icem\/"},{"@type":"ListItem","position":3,"name":"Les syndicats fran\u00e7ais du gaz et de l&#039;\u00e9lectricit\u00e9 unis pour l&#039;emploi, la formation et des salaires"}]},{"@type":"WebSite","@id":"https:\/\/admin.industriall-union.org\/#website","url":"https:\/\/admin.industriall-union.org\/","name":"industriall-union","description":"","potentialAction":[{"@type":"SearchAction","target":{"@type":"EntryPoint","urlTemplate":"https:\/\/admin.industriall-union.org\/?s={search_term_string}"},"query-input":{"@type":"PropertyValueSpecification","valueRequired":true,"valueName":"search_term_string"}}],"inLanguage":"fr-FR"}]}},"_links":{"self":[{"href":"https:\/\/admin.industriall-union.org\/fr\/wp-json\/wp\/v2\/archive_icem\/195667","targetHints":{"allow":["GET"]}}],"collection":[{"href":"https:\/\/admin.industriall-union.org\/fr\/wp-json\/wp\/v2\/archive_icem"}],"about":[{"href":"https:\/\/admin.industriall-union.org\/fr\/wp-json\/wp\/v2\/types\/archive_icem"}],"wp:attachment":[{"href":"https:\/\/admin.industriall-union.org\/fr\/wp-json\/wp\/v2\/media?parent=195667"}],"curies":[{"name":"wp","href":"https:\/\/api.w.org\/{rel}","templated":true}]}}

Les syndicats français du gaz et de l&#039;électricité unis pour l&#039;emploi, la formation et des salaires

<!-- This site is optimized with the Yoast SEO Premium plugin v27.1 (Yoast SEO v27.1) - https://yoast.com/product/yoast-seo-premium-wordpress/ -->
<title>Les syndicats français du gaz et de l&#039;électricité unis pour l&#039;emploi, la formation et des salaires - industriall-union</title>
<meta name="robots" content="index, follow, max-snippet:-1, max-image-preview:large, max-video-preview:-1" />
<link rel="canonical" href="https://admin.industriall-union.org/fr/archive/icem/les-syndicats-francais-du-gaz-et-de-l-039-electricite-unis-pour-l-039-emploi-la-formation-et-des-salaires/" />
<meta property="og:locale" content="fr_FR" />
<meta property="og:type" content="article" />
<meta property="og:title" content="Les syndicats français du gaz et de l&#039;électricité unis pour l&#039;emploi, la formation et des salaires" />
<meta property="og:description" content="Les syndicats fran&ccedil;ais vont se mobiliser, le 29 janvier &agrave; Paris, apr&egrave;s l&#8217;&eacute;chec des n&eacute;gociations sociales dans les entreprises publiques du gaz et de l&#8217;&eacute;lectricit&eacute;. Leur action porte sur le maintien de l&#8217;emploi, la formation professionnelle et les salaires &eacute;quitables, le non-respect des accords sociaux &eacute;tant, selon les syndicats, imputable au gouvernement et au Medef, [&hellip;]" />
<meta property="og:url" content="https://admin.industriall-union.org/fr/archive/icem/les-syndicats-francais-du-gaz-et-de-l-039-electricite-unis-pour-l-039-emploi-la-formation-et-des-salaires/" />
<meta property="og:site_name" content="industriall-union" />
<meta property="article:modified_time" content="2025-01-31T15:23:44+00:00" />
<meta name="twitter:card" content="summary_large_image" />
<meta name="twitter:label1" content="Est. reading time" />
	<meta name="twitter:data1" content="2 minutes" />
<script type="application/ld+json" class="yoast-schema-graph">{"@context":"https://schema.org","@graph":[{"@type":"WebPage","@id":"https://admin.industriall-union.org/fr/archive/icem/les-syndicats-francais-du-gaz-et-de-l-039-electricite-unis-pour-l-039-emploi-la-formation-et-des-salaires/","url":"https://admin.industriall-union.org/fr/archive/icem/les-syndicats-francais-du-gaz-et-de-l-039-electricite-unis-pour-l-039-emploi-la-formation-et-des-salaires/","name":"Les syndicats français du gaz et de l&#039;électricité unis pour l&#039;emploi, la formation et des salaires - industriall-union","isPartOf":{"@id":"https://admin.industriall-union.org/#website"},"datePublished":"2009-01-26T10:44:35+00:00","dateModified":"2025-01-31T15:23:44+00:00","breadcrumb":{"@id":"https://admin.industriall-union.org/fr/archive/icem/les-syndicats-francais-du-gaz-et-de-l-039-electricite-unis-pour-l-039-emploi-la-formation-et-des-salaires/#breadcrumb"},"inLanguage":"fr-FR","potentialAction":[{"@type":"ReadAction","target":["https://admin.industriall-union.org/fr/archive/icem/les-syndicats-francais-du-gaz-et-de-l-039-electricite-unis-pour-l-039-emploi-la-formation-et-des-salaires/"]}]},{"@type":"BreadcrumbList","@id":"https://admin.industriall-union.org/fr/archive/icem/les-syndicats-francais-du-gaz-et-de-l-039-electricite-unis-pour-l-039-emploi-la-formation-et-des-salaires/#breadcrumb","itemListElement":[{"@type":"ListItem","position":1,"name":"Home","item":"https://admin.industriall-union.org/"},{"@type":"ListItem","position":2,"name":"Archive icem","item":"https://admin.industriall-union.org/archive/icem/"},{"@type":"ListItem","position":3,"name":"Les syndicats français du gaz et de l&#039;électricité unis pour l&#039;emploi, la formation et des salaires"}]},{"@type":"WebSite","@id":"https://admin.industriall-union.org/#website","url":"https://admin.industriall-union.org/","name":"industriall-union","description":"","potentialAction":[{"@type":"SearchAction","target":{"@type":"EntryPoint","urlTemplate":"https://admin.industriall-union.org/?s={search_term_string}"},"query-input":{"@type":"PropertyValueSpecification","valueRequired":true,"valueName":"search_term_string"}}],"inLanguage":"fr-FR"}]}</script>
<!-- / Yoast SEO Premium plugin. -->

Les syndicats français du gaz et de l&#039;électricité unis pour l&#039;emploi, la formation et des salaires - industriall-union
