{"id":195210,"date":"2009-03-09T10:21:06","date_gmt":"2009-03-09T10:21:06","guid":{"rendered":"https:\/\/admin.industriall-union.org\/archive\/icem\/les-syndicats-francais-appellent-les-travailleurs-a-la-greve-pour-le-19-mars\/"},"modified":"2025-01-31T15:21:16","modified_gmt":"2025-01-31T15:21:16","slug":"les-syndicats-francais-appellent-les-travailleurs-a-la-greve-pour-le-19-mars","status":"publish","type":"archive_icem","link":"https:\/\/admin.industriall-union.org\/fr\/archive\/icem\/les-syndicats-francais-appellent-les-travailleurs-a-la-greve-pour-le-19-mars\/","title":{"rendered":"Les syndicats fran\u00e7ais appellent les travailleurs \u00e0 la gr\u00e8ve pour le 19 mars"},"content":{"rendered":"<p align=\"center\"><img loading=\"lazy\" decoding=\"async\" height=\"39\" src=\"\" width=\"100\" alt=\"\" \/><\/p>\n<p align=\"justify\">Les syndicats fran&ccedil;ais ont confirm&eacute; fin f&eacute;vrier qu&rsquo;ils lanceraient pour le jeudi 19 mars un appel &agrave; une journ&eacute;e de mobilisation &laquo; marqu&eacute;e par des gr&egrave;ves et des manifestations dans tout le pays &raquo;. La d&eacute;claration conjointe &eacute;manait de membres de l&rsquo;Intersyndicale au si&egrave;ge de la CFTC. <br \/>\n<br \/>\nLa CFDT, FO, la CFTC, la CFE-CGC, la CGT, la FSU, Solidaires, et l&rsquo;UNSA continuent &agrave; d&eacute;montrer leur unit&eacute; syndicale dans le prolongement de la journ&eacute;e de gr&egrave;ve g&eacute;n&eacute;rale du 19 janvier. <br \/>\n<br \/>\nBien que la journ&eacute;e d&rsquo;action du 19 janvier ait effectivement conduit le gouvernement &agrave; modifier quelque peu la l&eacute;gislation, par exemple en instituant un Fonds social d&rsquo;investissement, les affili&eacute;s &agrave; l&rsquo;ICEM en France jugent ces mesures trop morcel&eacute;es pour infl&eacute;chir la politique &eacute;conomique en ces temps difficiles. <br \/>\n<br \/>\nLe pr&eacute;sident fran&ccedil;ais Nicolas Sarkozy a refus&eacute; d&rsquo;augmenter le salaire minimum, de modifier sa politique de l&rsquo;emploi dans le secteur public et de taxer &agrave; nouveau les heures suppl&eacute;mentaires. Par ailleurs, cette gr&egrave;ve du 19 mars est motiv&eacute;e par la poursuite des licenciements, la multiplication des emplois &agrave; temps partiel, les coupes claires dans le pouvoir d&rsquo;achat des travailleurs, tout cela ne faisant qu&rsquo;amplifier l&rsquo;actuelle r&eacute;cession &eacute;conomique au d&eacute;triment des travailleurs fran&ccedil;ais. <br \/>\n<\/p>\n<p align=\"center\"><img loading=\"lazy\" decoding=\"async\" height=\"136\" alt=\"\" src=\"\" width=\"140\" \/><\/p>\n<p align=\"justify\">Plusieurs manifestations ouvri&egrave;res ont d&eacute;but&eacute; la semaine pass&eacute;e. Des travailleurs fran&ccedil;ais de deux usines implant&eacute;es dans la r&eacute;gion de Grenoble et appartenant &agrave; la soci&eacute;t&eacute; Caterpillar bas&eacute;e aux &Eacute;tats-Unis ont protest&eacute; dans la cit&eacute; alpine avant de d&eacute;filer &agrave; Paris &agrave; l&rsquo;annonce d&rsquo;une fermeture d&rsquo;usine. Au nord de Paris, des travailleurs d&rsquo;une usine de pneumatiques Continental ont &eacute;galement protest&eacute; contre une menace de fermeture. <br \/>\n<br \/>\n&Agrave; Lyon &eacute;galement, 40 travailleurs de l&rsquo;&eacute;quipementier automobile Preciturn ont occup&eacute; pendant 30 heures les locaux d&rsquo;une filiale de la Royal Bank of Scotland. Surcharg&eacute;e de dettes, cette filiale d&rsquo;affacturage a rompu le contrat sign&eacute; avec Preciturn, laissant des factures impay&eacute;es et incapable d&rsquo;honorer les salaires. <br \/>\n<br \/>\nEn &eacute;largissant leur d&eacute;claration conjointe du 5 janvier, les huit syndicats ont &eacute;num&eacute;r&eacute; leurs objectifs : &laquo; D&eacute;fendre l&rsquo;emploi priv&eacute; et public ; lutter contre la pr&eacute;carit&eacute; de l&rsquo;emploi et les d&eacute;r&eacute;glementations &eacute;conomiques et sociales ; exiger des politiques de r&eacute;mun&eacute;ration qui assurent le maintien du pouvoir d&rsquo;achat des salari&eacute;s, des ch&ocirc;meurs et des retrait&eacute;s ; d&eacute;fendre le cadre collectif et solidaire de la protection sociale &raquo;. <br \/>\n<br \/>\nIl est &agrave; pr&eacute;voir que la contestation sociale de la semaine derni&egrave;re gagne de l&rsquo;ampleur d&rsquo;ici au 19 mars, des appels &agrave; la mobilisation &eacute;tant en effet lanc&eacute;s parmi les employ&eacute;s de l&rsquo;&eacute;ducation nationale, les m&eacute;decins, le personnel hospitalier et m&ecirc;me la police. D&rsquo;apr&egrave;s un sondage du 2 mars, 58 % des cadres en entreprise soutiennent la manifestation du 19 mars. Des travailleurs d&rsquo;Air France ont d&eacute;j&agrave; confirm&eacute; qu&rsquo;ils se joindraient &agrave; la gr&egrave;ve. <br \/>\n<br \/>\n<br \/>\nLes huit formations de l&rsquo;intersyndicale vont se retrouver le 20 mars 2009. <\/p>","protected":false},"featured_media":0,"template":"","class_list":["post-195210","archive_icem","type-archive_icem","status-publish","hentry"],"acf":[],"yoast_head":"<!-- This site is optimized with the Yoast SEO Premium plugin v27.1 (Yoast SEO v27.1) - https:\/\/yoast.com\/product\/yoast-seo-premium-wordpress\/ -->\n<title>Les syndicats fran\u00e7ais appellent les travailleurs \u00e0 la gr\u00e8ve pour le 19 mars - industriall-union<\/title>\n<meta name=\"robots\" content=\"index, follow, max-snippet:-1, max-image-preview:large, max-video-preview:-1\" \/>\n<link rel=\"canonical\" href=\"https:\/\/admin.industriall-union.org\/fr\/archive\/icem\/les-syndicats-francais-appellent-les-travailleurs-a-la-greve-pour-le-19-mars\/\" \/>\n<meta property=\"og:locale\" content=\"fr_FR\" \/>\n<meta property=\"og:type\" content=\"article\" \/>\n<meta property=\"og:title\" content=\"Les syndicats fran\u00e7ais appellent les travailleurs \u00e0 la gr\u00e8ve pour le 19 mars\" \/>\n<meta property=\"og:description\" content=\"Les syndicats fran&ccedil;ais ont confirm&eacute; fin f&eacute;vrier qu&rsquo;ils lanceraient pour le jeudi 19 mars un appel &agrave; une journ&eacute;e de mobilisation &laquo; marqu&eacute;e par des gr&egrave;ves et des manifestations dans tout le pays &raquo;. La d&eacute;claration conjointe &eacute;manait de membres de l&rsquo;Intersyndicale au si&egrave;ge de la CFTC. La CFDT, FO, la CFTC, la CFE-CGC, la [&hellip;]\" \/>\n<meta property=\"og:url\" content=\"https:\/\/admin.industriall-union.org\/fr\/archive\/icem\/les-syndicats-francais-appellent-les-travailleurs-a-la-greve-pour-le-19-mars\/\" \/>\n<meta property=\"og:site_name\" content=\"industriall-union\" \/>\n<meta property=\"article:modified_time\" content=\"2025-01-31T15:21:16+00:00\" \/>\n<meta name=\"twitter:card\" content=\"summary_large_image\" \/>\n<meta name=\"twitter:label1\" content=\"Est. reading time\" \/>\n\t<meta name=\"twitter:data1\" content=\"3 minutes\" \/>\n<script type=\"application\/ld+json\" class=\"yoast-schema-graph\">{\"@context\":\"https:\/\/schema.org\",\"@graph\":[{\"@type\":\"WebPage\",\"@id\":\"https:\/\/admin.industriall-union.org\/fr\/archive\/icem\/les-syndicats-francais-appellent-les-travailleurs-a-la-greve-pour-le-19-mars\/\",\"url\":\"https:\/\/admin.industriall-union.org\/fr\/archive\/icem\/les-syndicats-francais-appellent-les-travailleurs-a-la-greve-pour-le-19-mars\/\",\"name\":\"Les syndicats fran\u00e7ais appellent les travailleurs \u00e0 la gr\u00e8ve pour le 19 mars - industriall-union\",\"isPartOf\":{\"@id\":\"https:\/\/admin.industriall-union.org\/#website\"},\"datePublished\":\"2009-03-09T10:21:06+00:00\",\"dateModified\":\"2025-01-31T15:21:16+00:00\",\"breadcrumb\":{\"@id\":\"https:\/\/admin.industriall-union.org\/fr\/archive\/icem\/les-syndicats-francais-appellent-les-travailleurs-a-la-greve-pour-le-19-mars\/#breadcrumb\"},\"inLanguage\":\"fr-FR\",\"potentialAction\":[{\"@type\":\"ReadAction\",\"target\":[\"https:\/\/admin.industriall-union.org\/fr\/archive\/icem\/les-syndicats-francais-appellent-les-travailleurs-a-la-greve-pour-le-19-mars\/\"]}]},{\"@type\":\"BreadcrumbList\",\"@id\":\"https:\/\/admin.industriall-union.org\/fr\/archive\/icem\/les-syndicats-francais-appellent-les-travailleurs-a-la-greve-pour-le-19-mars\/#breadcrumb\",\"itemListElement\":[{\"@type\":\"ListItem\",\"position\":1,\"name\":\"Home\",\"item\":\"https:\/\/admin.industriall-union.org\/\"},{\"@type\":\"ListItem\",\"position\":2,\"name\":\"Archive icem\",\"item\":\"https:\/\/admin.industriall-union.org\/archive\/icem\/\"},{\"@type\":\"ListItem\",\"position\":3,\"name\":\"Les syndicats fran\u00e7ais appellent les travailleurs \u00e0 la gr\u00e8ve pour le 19 mars\"}]},{\"@type\":\"WebSite\",\"@id\":\"https:\/\/admin.industriall-union.org\/#website\",\"url\":\"https:\/\/admin.industriall-union.org\/\",\"name\":\"industriall-union\",\"description\":\"\",\"potentialAction\":[{\"@type\":\"SearchAction\",\"target\":{\"@type\":\"EntryPoint\",\"urlTemplate\":\"https:\/\/admin.industriall-union.org\/?s={search_term_string}\"},\"query-input\":{\"@type\":\"PropertyValueSpecification\",\"valueRequired\":true,\"valueName\":\"search_term_string\"}}],\"inLanguage\":\"fr-FR\"}]}<\/script>\n<!-- \/ Yoast SEO Premium plugin. -->","yoast_head_json":{"title":"Les syndicats fran\u00e7ais appellent les travailleurs \u00e0 la gr\u00e8ve pour le 19 mars - industriall-union","robots":{"index":"index","follow":"follow","max-snippet":"max-snippet:-1","max-image-preview":"max-image-preview:large","max-video-preview":"max-video-preview:-1"},"canonical":"https:\/\/admin.industriall-union.org\/fr\/archive\/icem\/les-syndicats-francais-appellent-les-travailleurs-a-la-greve-pour-le-19-mars\/","og_locale":"fr_FR","og_type":"article","og_title":"Les syndicats fran\u00e7ais appellent les travailleurs \u00e0 la gr\u00e8ve pour le 19 mars","og_description":"Les syndicats fran&ccedil;ais ont confirm&eacute; fin f&eacute;vrier qu&rsquo;ils lanceraient pour le jeudi 19 mars un appel &agrave; une journ&eacute;e de mobilisation &laquo; marqu&eacute;e par des gr&egrave;ves et des manifestations dans tout le pays &raquo;. La d&eacute;claration conjointe &eacute;manait de membres de l&rsquo;Intersyndicale au si&egrave;ge de la CFTC. La CFDT, FO, la CFTC, la CFE-CGC, la [&hellip;]","og_url":"https:\/\/admin.industriall-union.org\/fr\/archive\/icem\/les-syndicats-francais-appellent-les-travailleurs-a-la-greve-pour-le-19-mars\/","og_site_name":"industriall-union","article_modified_time":"2025-01-31T15:21:16+00:00","twitter_card":"summary_large_image","twitter_misc":{"Est. reading time":"3 minutes"},"schema":{"@context":"https:\/\/schema.org","@graph":[{"@type":"WebPage","@id":"https:\/\/admin.industriall-union.org\/fr\/archive\/icem\/les-syndicats-francais-appellent-les-travailleurs-a-la-greve-pour-le-19-mars\/","url":"https:\/\/admin.industriall-union.org\/fr\/archive\/icem\/les-syndicats-francais-appellent-les-travailleurs-a-la-greve-pour-le-19-mars\/","name":"Les syndicats fran\u00e7ais appellent les travailleurs \u00e0 la gr\u00e8ve pour le 19 mars - industriall-union","isPartOf":{"@id":"https:\/\/admin.industriall-union.org\/#website"},"datePublished":"2009-03-09T10:21:06+00:00","dateModified":"2025-01-31T15:21:16+00:00","breadcrumb":{"@id":"https:\/\/admin.industriall-union.org\/fr\/archive\/icem\/les-syndicats-francais-appellent-les-travailleurs-a-la-greve-pour-le-19-mars\/#breadcrumb"},"inLanguage":"fr-FR","potentialAction":[{"@type":"ReadAction","target":["https:\/\/admin.industriall-union.org\/fr\/archive\/icem\/les-syndicats-francais-appellent-les-travailleurs-a-la-greve-pour-le-19-mars\/"]}]},{"@type":"BreadcrumbList","@id":"https:\/\/admin.industriall-union.org\/fr\/archive\/icem\/les-syndicats-francais-appellent-les-travailleurs-a-la-greve-pour-le-19-mars\/#breadcrumb","itemListElement":[{"@type":"ListItem","position":1,"name":"Home","item":"https:\/\/admin.industriall-union.org\/"},{"@type":"ListItem","position":2,"name":"Archive icem","item":"https:\/\/admin.industriall-union.org\/archive\/icem\/"},{"@type":"ListItem","position":3,"name":"Les syndicats fran\u00e7ais appellent les travailleurs \u00e0 la gr\u00e8ve pour le 19 mars"}]},{"@type":"WebSite","@id":"https:\/\/admin.industriall-union.org\/#website","url":"https:\/\/admin.industriall-union.org\/","name":"industriall-union","description":"","potentialAction":[{"@type":"SearchAction","target":{"@type":"EntryPoint","urlTemplate":"https:\/\/admin.industriall-union.org\/?s={search_term_string}"},"query-input":{"@type":"PropertyValueSpecification","valueRequired":true,"valueName":"search_term_string"}}],"inLanguage":"fr-FR"}]}},"_links":{"self":[{"href":"https:\/\/admin.industriall-union.org\/fr\/wp-json\/wp\/v2\/archive_icem\/195210","targetHints":{"allow":["GET"]}}],"collection":[{"href":"https:\/\/admin.industriall-union.org\/fr\/wp-json\/wp\/v2\/archive_icem"}],"about":[{"href":"https:\/\/admin.industriall-union.org\/fr\/wp-json\/wp\/v2\/types\/archive_icem"}],"wp:attachment":[{"href":"https:\/\/admin.industriall-union.org\/fr\/wp-json\/wp\/v2\/media?parent=195210"}],"curies":[{"name":"wp","href":"https:\/\/api.w.org\/{rel}","templated":true}]}}

Les syndicats français appellent les travailleurs à la grève pour le 19 mars

<!-- This site is optimized with the Yoast SEO Premium plugin v27.1 (Yoast SEO v27.1) - https://yoast.com/product/yoast-seo-premium-wordpress/ -->
<title>Les syndicats français appellent les travailleurs à la grève pour le 19 mars - industriall-union</title>
<meta name="robots" content="index, follow, max-snippet:-1, max-image-preview:large, max-video-preview:-1" />
<link rel="canonical" href="https://admin.industriall-union.org/fr/archive/icem/les-syndicats-francais-appellent-les-travailleurs-a-la-greve-pour-le-19-mars/" />
<meta property="og:locale" content="fr_FR" />
<meta property="og:type" content="article" />
<meta property="og:title" content="Les syndicats français appellent les travailleurs à la grève pour le 19 mars" />
<meta property="og:description" content="Les syndicats fran&ccedil;ais ont confirm&eacute; fin f&eacute;vrier qu&rsquo;ils lanceraient pour le jeudi 19 mars un appel &agrave; une journ&eacute;e de mobilisation &laquo; marqu&eacute;e par des gr&egrave;ves et des manifestations dans tout le pays &raquo;. La d&eacute;claration conjointe &eacute;manait de membres de l&rsquo;Intersyndicale au si&egrave;ge de la CFTC. La CFDT, FO, la CFTC, la CFE-CGC, la [&hellip;]" />
<meta property="og:url" content="https://admin.industriall-union.org/fr/archive/icem/les-syndicats-francais-appellent-les-travailleurs-a-la-greve-pour-le-19-mars/" />
<meta property="og:site_name" content="industriall-union" />
<meta property="article:modified_time" content="2025-01-31T15:21:16+00:00" />
<meta name="twitter:card" content="summary_large_image" />
<meta name="twitter:label1" content="Est. reading time" />
	<meta name="twitter:data1" content="3 minutes" />
<script type="application/ld+json" class="yoast-schema-graph">{"@context":"https://schema.org","@graph":[{"@type":"WebPage","@id":"https://admin.industriall-union.org/fr/archive/icem/les-syndicats-francais-appellent-les-travailleurs-a-la-greve-pour-le-19-mars/","url":"https://admin.industriall-union.org/fr/archive/icem/les-syndicats-francais-appellent-les-travailleurs-a-la-greve-pour-le-19-mars/","name":"Les syndicats français appellent les travailleurs à la grève pour le 19 mars - industriall-union","isPartOf":{"@id":"https://admin.industriall-union.org/#website"},"datePublished":"2009-03-09T10:21:06+00:00","dateModified":"2025-01-31T15:21:16+00:00","breadcrumb":{"@id":"https://admin.industriall-union.org/fr/archive/icem/les-syndicats-francais-appellent-les-travailleurs-a-la-greve-pour-le-19-mars/#breadcrumb"},"inLanguage":"fr-FR","potentialAction":[{"@type":"ReadAction","target":["https://admin.industriall-union.org/fr/archive/icem/les-syndicats-francais-appellent-les-travailleurs-a-la-greve-pour-le-19-mars/"]}]},{"@type":"BreadcrumbList","@id":"https://admin.industriall-union.org/fr/archive/icem/les-syndicats-francais-appellent-les-travailleurs-a-la-greve-pour-le-19-mars/#breadcrumb","itemListElement":[{"@type":"ListItem","position":1,"name":"Home","item":"https://admin.industriall-union.org/"},{"@type":"ListItem","position":2,"name":"Archive icem","item":"https://admin.industriall-union.org/archive/icem/"},{"@type":"ListItem","position":3,"name":"Les syndicats français appellent les travailleurs à la grève pour le 19 mars"}]},{"@type":"WebSite","@id":"https://admin.industriall-union.org/#website","url":"https://admin.industriall-union.org/","name":"industriall-union","description":"","potentialAction":[{"@type":"SearchAction","target":{"@type":"EntryPoint","urlTemplate":"https://admin.industriall-union.org/?s={search_term_string}"},"query-input":{"@type":"PropertyValueSpecification","valueRequired":true,"valueName":"search_term_string"}}],"inLanguage":"fr-FR"}]}</script>
<!-- / Yoast SEO Premium plugin. -->

Les syndicats français appellent les travailleurs à la grève pour le 19 mars - industriall-union
