{"id":194795,"date":"2009-04-20T13:22:02","date_gmt":"2009-04-20T13:22:02","guid":{"rendered":"https:\/\/admin.industriall-union.org\/archive\/icem\/la-mort-d-039-un-travailleur-contractuel-declenche-une-greve-de-securite-chez-drummond-en-colombie\/"},"modified":"2025-01-31T15:20:13","modified_gmt":"2025-01-31T15:20:13","slug":"la-mort-d-039-un-travailleur-contractuel-declenche-une-greve-de-securite-chez-drummond-en-colombie","status":"publish","type":"archive_icem","link":"https:\/\/admin.industriall-union.org\/fr\/archive\/icem\/la-mort-d-039-un-travailleur-contractuel-declenche-une-greve-de-securite-chez-drummond-en-colombie\/","title":{"rendered":"La mort d&#039;un travailleur contractuel d\u00e9clenche une gr\u00e8ve de s\u00e9curit\u00e9 chez Drummond, en Colombie"},"content":{"rendered":"<p align=\"center\"><img loading=\"lazy\" decoding=\"async\" height=\"39\" src=\"\" width=\"100\" alt=\"\" \/><\/p>\n<p align=\"justify\">R&eacute;agissant ensemble aux carences de la s&eacute;curit&eacute; qui ont tu&eacute; un salari&eacute; d&#8217;un sous-traitant au charbonnage de Drummond de La Loma, 8.000 adh&eacute;rents de Sintramienerg&eacute;tica et d&#8217;autres agents contractuels ont entam&eacute;, fin mars, une gr&egrave;ve de quatre jours qui a arr&ecirc;t&eacute; la production du deuxi&egrave;me plus grand charbonnage de Colombie. <br \/>\n<br \/>\nDagoberto Clavijo Barranco, qui travaillait depuis un mois &agrave; La Loma pour le compte d&#8217;une agence d&#8217;int&eacute;rim, a &eacute;t&eacute; tu&eacute; le 23 mars lorsque l&#8217;engin de transport de charbon qu&#8217;il man&oelig;uvrait a bascul&eacute; dans une mine &agrave; ciel ouvert. <br \/>\n<br \/>\n&Agrave; la suite de cette trag&eacute;die, Drummond a donn&eacute; cong&eacute; &agrave; tous les travailleurs mais, lorsque la gr&egrave;ve a fait tache d&#8217;huile dans les jours qui ont suivi, les travailleurs r&eacute;clamant des am&eacute;liorations &agrave; la s&eacute;curit&eacute;, la direction a publi&eacute; un communiqu&eacute; d&eacute;clarant la gr&egrave;ve ill&eacute;gale. <br \/>\n<\/p>\n<p align=\"center\"><img loading=\"lazy\" decoding=\"async\" height=\"92\" alt=\"\" src=\"\" width=\"200\" \/><\/p>\n<p align=\"justify\">Un dirigeant de Sintramienerg&eacute;tica a d&eacute;clar&eacute; que Drummond avait accept&eacute; de rencontrer le syndicat pour discuter de la s&eacute;curit&eacute; mais qu&#8217;elle &quot;perdait les p&eacute;dales&quot; lorsqu&#8217;elle d&eacute;clarait que les conditions de s&eacute;curit&eacute; ne s&#8217;am&eacute;lioreraient pas, quoi qu&#8217;on n&eacute;gocie. Le 27 mars, la direction a publi&eacute; une autre d&eacute;claration apr&egrave;s la reprise compl&egrave;te de l&#8217;activit&eacute; &agrave; La Loma. Cette fois, Drummond a d&eacute;clar&eacute; qu&#8217;elle regrettait l&#8217;accident et qu&#8217;elle continuerait &agrave; &quot;s&#8217;efforcer, avec les autorit&eacute;s comp&eacute;tentes, de faire toute la lumi&egrave;re sur ce malheureux incident&quot;. <br \/>\n<br \/>\nNeuf mineurs sont morts &agrave; la mine Drummond de La Loma, dans l&#8217;&Eacute;tat de C&eacute;sar, au cours des dix derni&egrave;res ann&eacute;es. Trois autres sont d&eacute;c&eacute;d&eacute;s dans ses installations portuaires pr&egrave;s de Barranquilla. <br \/>\n<br \/>\nDans les jours qui ont suivi la fin de la gr&egrave;ve de s&eacute;curit&eacute;, Drummond a licenci&eacute; 600 travailleurs &agrave; cause d&#8217;une gr&egrave;ve du syndicat du transport, Sintraime. Des travailleurs des soci&eacute;t&eacute;s de transport de charbon Carbograneles et Fenoco (dont Drummond est en partie propri&eacute;taire) ont entam&eacute;, le 25 mars, des gr&egrave;ves qui &eacute;taient toujours en cours fin de la semaine derni&egrave;re. Les ouvriers du transport font gr&egrave;ve pour obtenir une reconnaissance syndicale totale sur les lignes de chemin de fer et dans les installations portuaires, et aussi pour protester contre les proc&eacute;dures en mati&egrave;re d&#8217;heures suppl&eacute;mentaires. <br \/>\n<br \/>\nLe syndicat des mineurs Sintramienerg&eacute;tica r&eacute;clame la r&eacute;int&eacute;gration des 600 travailleurs de Drummond, niant qu&#8217;ils aient la moindre responsabilit&eacute; dans la gr&egrave;ve du transport. <br \/>\n<br \/>\nDrummond emploie, directement ou indirectement, 9.000 personnes &agrave; La Loma et la firme am&eacute;ricaine va bient&ocirc;t mettre en activit&eacute; sa mine de El Descanso, dans l&#8217;&Eacute;tat de C&eacute;sar, un investissement de 1,8 milliard $ qui portera la production charbonni&egrave;re de Drummond &agrave; 27 millions de tonnes par an. <br \/>\n<\/p>","protected":false},"featured_media":0,"template":"","class_list":["post-194795","archive_icem","type-archive_icem","status-publish","hentry"],"acf":[],"yoast_head":"<!-- This site is optimized with the Yoast SEO Premium plugin v27.1 (Yoast SEO v27.1) - https:\/\/yoast.com\/product\/yoast-seo-premium-wordpress\/ -->\n<title>La mort d&#039;un travailleur contractuel d\u00e9clenche une gr\u00e8ve de s\u00e9curit\u00e9 chez Drummond, en Colombie - industriall-union<\/title>\n<meta name=\"robots\" content=\"index, follow, max-snippet:-1, max-image-preview:large, max-video-preview:-1\" \/>\n<link rel=\"canonical\" href=\"https:\/\/admin.industriall-union.org\/fr\/archive\/icem\/la-mort-d-039-un-travailleur-contractuel-declenche-une-greve-de-securite-chez-drummond-en-colombie\/\" \/>\n<meta property=\"og:locale\" content=\"fr_FR\" \/>\n<meta property=\"og:type\" content=\"article\" \/>\n<meta property=\"og:title\" content=\"La mort d&#039;un travailleur contractuel d\u00e9clenche une gr\u00e8ve de s\u00e9curit\u00e9 chez Drummond, en Colombie\" \/>\n<meta property=\"og:description\" content=\"R&eacute;agissant ensemble aux carences de la s&eacute;curit&eacute; qui ont tu&eacute; un salari&eacute; d&#8217;un sous-traitant au charbonnage de Drummond de La Loma, 8.000 adh&eacute;rents de Sintramienerg&eacute;tica et d&#8217;autres agents contractuels ont entam&eacute;, fin mars, une gr&egrave;ve de quatre jours qui a arr&ecirc;t&eacute; la production du deuxi&egrave;me plus grand charbonnage de Colombie. Dagoberto Clavijo Barranco, qui travaillait [&hellip;]\" \/>\n<meta property=\"og:url\" content=\"https:\/\/admin.industriall-union.org\/fr\/archive\/icem\/la-mort-d-039-un-travailleur-contractuel-declenche-une-greve-de-securite-chez-drummond-en-colombie\/\" \/>\n<meta property=\"og:site_name\" content=\"industriall-union\" \/>\n<meta property=\"article:modified_time\" content=\"2025-01-31T15:20:13+00:00\" \/>\n<meta name=\"twitter:card\" content=\"summary_large_image\" \/>\n<meta name=\"twitter:label1\" content=\"Est. reading time\" \/>\n\t<meta name=\"twitter:data1\" content=\"3 minutes\" \/>\n<script type=\"application\/ld+json\" class=\"yoast-schema-graph\">{\"@context\":\"https:\/\/schema.org\",\"@graph\":[{\"@type\":\"WebPage\",\"@id\":\"https:\/\/admin.industriall-union.org\/fr\/archive\/icem\/la-mort-d-039-un-travailleur-contractuel-declenche-une-greve-de-securite-chez-drummond-en-colombie\/\",\"url\":\"https:\/\/admin.industriall-union.org\/fr\/archive\/icem\/la-mort-d-039-un-travailleur-contractuel-declenche-une-greve-de-securite-chez-drummond-en-colombie\/\",\"name\":\"La mort d&#039;un travailleur contractuel d\u00e9clenche une gr\u00e8ve de s\u00e9curit\u00e9 chez Drummond, en Colombie - industriall-union\",\"isPartOf\":{\"@id\":\"https:\/\/admin.industriall-union.org\/#website\"},\"datePublished\":\"2009-04-20T13:22:02+00:00\",\"dateModified\":\"2025-01-31T15:20:13+00:00\",\"breadcrumb\":{\"@id\":\"https:\/\/admin.industriall-union.org\/fr\/archive\/icem\/la-mort-d-039-un-travailleur-contractuel-declenche-une-greve-de-securite-chez-drummond-en-colombie\/#breadcrumb\"},\"inLanguage\":\"fr-FR\",\"potentialAction\":[{\"@type\":\"ReadAction\",\"target\":[\"https:\/\/admin.industriall-union.org\/fr\/archive\/icem\/la-mort-d-039-un-travailleur-contractuel-declenche-une-greve-de-securite-chez-drummond-en-colombie\/\"]}]},{\"@type\":\"BreadcrumbList\",\"@id\":\"https:\/\/admin.industriall-union.org\/fr\/archive\/icem\/la-mort-d-039-un-travailleur-contractuel-declenche-une-greve-de-securite-chez-drummond-en-colombie\/#breadcrumb\",\"itemListElement\":[{\"@type\":\"ListItem\",\"position\":1,\"name\":\"Home\",\"item\":\"https:\/\/admin.industriall-union.org\/\"},{\"@type\":\"ListItem\",\"position\":2,\"name\":\"Archive icem\",\"item\":\"https:\/\/admin.industriall-union.org\/archive\/icem\/\"},{\"@type\":\"ListItem\",\"position\":3,\"name\":\"La mort d&#039;un travailleur contractuel d\u00e9clenche une gr\u00e8ve de s\u00e9curit\u00e9 chez Drummond, en Colombie\"}]},{\"@type\":\"WebSite\",\"@id\":\"https:\/\/admin.industriall-union.org\/#website\",\"url\":\"https:\/\/admin.industriall-union.org\/\",\"name\":\"industriall-union\",\"description\":\"\",\"potentialAction\":[{\"@type\":\"SearchAction\",\"target\":{\"@type\":\"EntryPoint\",\"urlTemplate\":\"https:\/\/admin.industriall-union.org\/?s={search_term_string}\"},\"query-input\":{\"@type\":\"PropertyValueSpecification\",\"valueRequired\":true,\"valueName\":\"search_term_string\"}}],\"inLanguage\":\"fr-FR\"}]}<\/script>\n<!-- \/ Yoast SEO Premium plugin. -->","yoast_head_json":{"title":"La mort d&#039;un travailleur contractuel d\u00e9clenche une gr\u00e8ve de s\u00e9curit\u00e9 chez Drummond, en Colombie - industriall-union","robots":{"index":"index","follow":"follow","max-snippet":"max-snippet:-1","max-image-preview":"max-image-preview:large","max-video-preview":"max-video-preview:-1"},"canonical":"https:\/\/admin.industriall-union.org\/fr\/archive\/icem\/la-mort-d-039-un-travailleur-contractuel-declenche-une-greve-de-securite-chez-drummond-en-colombie\/","og_locale":"fr_FR","og_type":"article","og_title":"La mort d&#039;un travailleur contractuel d\u00e9clenche une gr\u00e8ve de s\u00e9curit\u00e9 chez Drummond, en Colombie","og_description":"R&eacute;agissant ensemble aux carences de la s&eacute;curit&eacute; qui ont tu&eacute; un salari&eacute; d&#8217;un sous-traitant au charbonnage de Drummond de La Loma, 8.000 adh&eacute;rents de Sintramienerg&eacute;tica et d&#8217;autres agents contractuels ont entam&eacute;, fin mars, une gr&egrave;ve de quatre jours qui a arr&ecirc;t&eacute; la production du deuxi&egrave;me plus grand charbonnage de Colombie. Dagoberto Clavijo Barranco, qui travaillait [&hellip;]","og_url":"https:\/\/admin.industriall-union.org\/fr\/archive\/icem\/la-mort-d-039-un-travailleur-contractuel-declenche-une-greve-de-securite-chez-drummond-en-colombie\/","og_site_name":"industriall-union","article_modified_time":"2025-01-31T15:20:13+00:00","twitter_card":"summary_large_image","twitter_misc":{"Est. reading time":"3 minutes"},"schema":{"@context":"https:\/\/schema.org","@graph":[{"@type":"WebPage","@id":"https:\/\/admin.industriall-union.org\/fr\/archive\/icem\/la-mort-d-039-un-travailleur-contractuel-declenche-une-greve-de-securite-chez-drummond-en-colombie\/","url":"https:\/\/admin.industriall-union.org\/fr\/archive\/icem\/la-mort-d-039-un-travailleur-contractuel-declenche-une-greve-de-securite-chez-drummond-en-colombie\/","name":"La mort d&#039;un travailleur contractuel d\u00e9clenche une gr\u00e8ve de s\u00e9curit\u00e9 chez Drummond, en Colombie - industriall-union","isPartOf":{"@id":"https:\/\/admin.industriall-union.org\/#website"},"datePublished":"2009-04-20T13:22:02+00:00","dateModified":"2025-01-31T15:20:13+00:00","breadcrumb":{"@id":"https:\/\/admin.industriall-union.org\/fr\/archive\/icem\/la-mort-d-039-un-travailleur-contractuel-declenche-une-greve-de-securite-chez-drummond-en-colombie\/#breadcrumb"},"inLanguage":"fr-FR","potentialAction":[{"@type":"ReadAction","target":["https:\/\/admin.industriall-union.org\/fr\/archive\/icem\/la-mort-d-039-un-travailleur-contractuel-declenche-une-greve-de-securite-chez-drummond-en-colombie\/"]}]},{"@type":"BreadcrumbList","@id":"https:\/\/admin.industriall-union.org\/fr\/archive\/icem\/la-mort-d-039-un-travailleur-contractuel-declenche-une-greve-de-securite-chez-drummond-en-colombie\/#breadcrumb","itemListElement":[{"@type":"ListItem","position":1,"name":"Home","item":"https:\/\/admin.industriall-union.org\/"},{"@type":"ListItem","position":2,"name":"Archive icem","item":"https:\/\/admin.industriall-union.org\/archive\/icem\/"},{"@type":"ListItem","position":3,"name":"La mort d&#039;un travailleur contractuel d\u00e9clenche une gr\u00e8ve de s\u00e9curit\u00e9 chez Drummond, en Colombie"}]},{"@type":"WebSite","@id":"https:\/\/admin.industriall-union.org\/#website","url":"https:\/\/admin.industriall-union.org\/","name":"industriall-union","description":"","potentialAction":[{"@type":"SearchAction","target":{"@type":"EntryPoint","urlTemplate":"https:\/\/admin.industriall-union.org\/?s={search_term_string}"},"query-input":{"@type":"PropertyValueSpecification","valueRequired":true,"valueName":"search_term_string"}}],"inLanguage":"fr-FR"}]}},"_links":{"self":[{"href":"https:\/\/admin.industriall-union.org\/fr\/wp-json\/wp\/v2\/archive_icem\/194795","targetHints":{"allow":["GET"]}}],"collection":[{"href":"https:\/\/admin.industriall-union.org\/fr\/wp-json\/wp\/v2\/archive_icem"}],"about":[{"href":"https:\/\/admin.industriall-union.org\/fr\/wp-json\/wp\/v2\/types\/archive_icem"}],"wp:attachment":[{"href":"https:\/\/admin.industriall-union.org\/fr\/wp-json\/wp\/v2\/media?parent=194795"}],"curies":[{"name":"wp","href":"https:\/\/api.w.org\/{rel}","templated":true}]}}

La mort d&#039;un travailleur contractuel déclenche une grève de sécurité chez Drummond, en Colombie

<!-- This site is optimized with the Yoast SEO Premium plugin v27.1 (Yoast SEO v27.1) - https://yoast.com/product/yoast-seo-premium-wordpress/ -->
<title>La mort d&#039;un travailleur contractuel déclenche une grève de sécurité chez Drummond, en Colombie - industriall-union</title>
<meta name="robots" content="index, follow, max-snippet:-1, max-image-preview:large, max-video-preview:-1" />
<link rel="canonical" href="https://admin.industriall-union.org/fr/archive/icem/la-mort-d-039-un-travailleur-contractuel-declenche-une-greve-de-securite-chez-drummond-en-colombie/" />
<meta property="og:locale" content="fr_FR" />
<meta property="og:type" content="article" />
<meta property="og:title" content="La mort d&#039;un travailleur contractuel déclenche une grève de sécurité chez Drummond, en Colombie" />
<meta property="og:description" content="R&eacute;agissant ensemble aux carences de la s&eacute;curit&eacute; qui ont tu&eacute; un salari&eacute; d&#8217;un sous-traitant au charbonnage de Drummond de La Loma, 8.000 adh&eacute;rents de Sintramienerg&eacute;tica et d&#8217;autres agents contractuels ont entam&eacute;, fin mars, une gr&egrave;ve de quatre jours qui a arr&ecirc;t&eacute; la production du deuxi&egrave;me plus grand charbonnage de Colombie. Dagoberto Clavijo Barranco, qui travaillait [&hellip;]" />
<meta property="og:url" content="https://admin.industriall-union.org/fr/archive/icem/la-mort-d-039-un-travailleur-contractuel-declenche-une-greve-de-securite-chez-drummond-en-colombie/" />
<meta property="og:site_name" content="industriall-union" />
<meta property="article:modified_time" content="2025-01-31T15:20:13+00:00" />
<meta name="twitter:card" content="summary_large_image" />
<meta name="twitter:label1" content="Est. reading time" />
	<meta name="twitter:data1" content="3 minutes" />
<script type="application/ld+json" class="yoast-schema-graph">{"@context":"https://schema.org","@graph":[{"@type":"WebPage","@id":"https://admin.industriall-union.org/fr/archive/icem/la-mort-d-039-un-travailleur-contractuel-declenche-une-greve-de-securite-chez-drummond-en-colombie/","url":"https://admin.industriall-union.org/fr/archive/icem/la-mort-d-039-un-travailleur-contractuel-declenche-une-greve-de-securite-chez-drummond-en-colombie/","name":"La mort d&#039;un travailleur contractuel déclenche une grève de sécurité chez Drummond, en Colombie - industriall-union","isPartOf":{"@id":"https://admin.industriall-union.org/#website"},"datePublished":"2009-04-20T13:22:02+00:00","dateModified":"2025-01-31T15:20:13+00:00","breadcrumb":{"@id":"https://admin.industriall-union.org/fr/archive/icem/la-mort-d-039-un-travailleur-contractuel-declenche-une-greve-de-securite-chez-drummond-en-colombie/#breadcrumb"},"inLanguage":"fr-FR","potentialAction":[{"@type":"ReadAction","target":["https://admin.industriall-union.org/fr/archive/icem/la-mort-d-039-un-travailleur-contractuel-declenche-une-greve-de-securite-chez-drummond-en-colombie/"]}]},{"@type":"BreadcrumbList","@id":"https://admin.industriall-union.org/fr/archive/icem/la-mort-d-039-un-travailleur-contractuel-declenche-une-greve-de-securite-chez-drummond-en-colombie/#breadcrumb","itemListElement":[{"@type":"ListItem","position":1,"name":"Home","item":"https://admin.industriall-union.org/"},{"@type":"ListItem","position":2,"name":"Archive icem","item":"https://admin.industriall-union.org/archive/icem/"},{"@type":"ListItem","position":3,"name":"La mort d&#039;un travailleur contractuel déclenche une grève de sécurité chez Drummond, en Colombie"}]},{"@type":"WebSite","@id":"https://admin.industriall-union.org/#website","url":"https://admin.industriall-union.org/","name":"industriall-union","description":"","potentialAction":[{"@type":"SearchAction","target":{"@type":"EntryPoint","urlTemplate":"https://admin.industriall-union.org/?s={search_term_string}"},"query-input":{"@type":"PropertyValueSpecification","valueRequired":true,"valueName":"search_term_string"}}],"inLanguage":"fr-FR"}]}</script>
<!-- / Yoast SEO Premium plugin. -->

La mort d&#039;un travailleur contractuel déclenche une grève de sécurité chez Drummond, en Colombie - industriall-union
