{"id":190905,"date":"2010-02-22T13:28:57","date_gmt":"2010-02-22T13:28:57","guid":{"rendered":"https:\/\/admin.industriall-union.org\/archive\/icem\/les-metallos-allemands-et-les-employeurs-concluent-un-pacte-historique-sur-la-securite-d-039-emploi\/"},"modified":"2025-01-31T15:04:56","modified_gmt":"2025-01-31T15:04:56","slug":"les-metallos-allemands-et-les-employeurs-concluent-un-pacte-historique-sur-la-securite-d-039-emploi","status":"publish","type":"archive_icem","link":"https:\/\/admin.industriall-union.org\/fr\/archive\/icem\/les-metallos-allemands-et-les-employeurs-concluent-un-pacte-historique-sur-la-securite-d-039-emploi\/","title":{"rendered":"Les m\u00e9tallos allemands et les employeurs concluent un pacte historique sur la s\u00e9curit\u00e9 d&#039;emploi"},"content":{"rendered":"<p align=\"center\"><img loading=\"lazy\" decoding=\"async\" alt=\"\" src=\"\" width=\"100\" height=\"39\" \/><\/p>\n<p align=\"justify\">Le syndicat allemand IG Metall et la f&eacute;d&eacute;ration du patronat Gesamtmetall ont donn&eacute; le ton pour la campagne de n&eacute;gociations 2010-2011 en Allemagne en concluant d&eacute;j&agrave; deux conventions collectives couvrant 700.000 salari&eacute;s de la m&eacute;tallurgie et de l&#8217;&eacute;lectronique du Land de Rh&eacute;nanie-du-Nord-Westphalie. Cet accord, survenu deux mois avant terme, ne manquera pas d&#8217;influencer les autres n&eacute;gociations concernant 3,4 millions de travailleurs des m&ecirc;mes secteurs. Mais surtout, il garantit la s&eacute;curit&eacute; d&#8217;emploi jusqu&#8217;&agrave; la mi 2012 et &eacute;tablit un pr&eacute;c&eacute;dent contre les licenciements collectifs qui servira d&#8217;exemple en cette p&eacute;riode de crise &eacute;conomique. <br \/>\n<br \/>\nLes deux accords ont &eacute;t&eacute; conclus &agrave; l&#8217;amiable pour 25 mois &agrave; D&uuml;sseldorf entre IG Metall et la f&eacute;d&eacute;ration des employeurs apr&egrave;s deux s&eacute;ances de n&eacute;gociations, aux petites heures du 18 f&eacute;vrier. L&#8217;un reporte une hausse des salaires jusqu&#8217;au printemps 2011 tandis que l&#8217;autre garantit qu&#8217;il n&#8217;y aura pas de licenciements op&eacute;rationnels avant le 30 juin 2012. Il fixe aussi de nouvelles r&egrave;gles d&#8217;une grande port&eacute;e en mati&egrave;re de r&eacute;duction du temps de travail, notamment des ajustements salariaux partiels pour le travail de courte dur&eacute;e et un abaissement des co&ucirc;ts pour les employeurs faisant appel &agrave; des travailleurs de courte dur&eacute;e. <br \/>\n<\/p>\n<p align=\"center\"><img loading=\"lazy\" decoding=\"async\" alt=\"\" src=\"\" width=\"120\" height=\"120\" \/><\/p>\n<p align=\"justify\">Un &eacute;l&eacute;ment fondamental et uniformis&eacute; de l&#8217;accord sur la s&eacute;curit&eacute; d&#8217;emploi, baptis&eacute; pacte pour &quot;l&#8217;avenir au travail&quot; est un appel commun et ferme lanc&eacute; au gouvernement allemand pour qu&#8217;il &eacute;tende l&#8217;application des prestations de crise au-del&agrave; de la fin de l&#8217;ann&eacute;e pour les travailleurs optant pour la dur&eacute;e de travail hebdomadaire r&eacute;duite. Il garantit aussi que la semaine de travail courte, de 28 &agrave; 35 heures, r&eacute;mun&eacute;r&eacute;es sur 29,5 heures, constituera une option assortie de primes de maladie, de vacances et de cong&eacute; de No&euml;l calcul&eacute;es sur une base annualis&eacute;e. <\/p>\n<p align=\"justify\">Une hausse des salaires de 2,7% prendra effet en avril 2011, les comit&eacute;s d&#8217;entreprise &eacute;tant charg&eacute;s de n&eacute;gocier le montant dans les deux mois qui pr&eacute;c&eacute;deront ou suivront cette date. Entre mai 2010 et mars 2011, chaque travailleur recevra deux versements uniques totalisant 320 &euro;. Un &eacute;l&eacute;ment majeur de l&#8217;accord est qu&#8217;il permet aux employeurs de dresser un planning pr&eacute;cis qui est n&eacute;cessaire pour sortir de la crise. <br \/>\n<\/p>\n<p align=\"center\"><img loading=\"lazy\" decoding=\"async\" alt=\"\" src=\"\" width=\"142\" height=\"158\" \/><\/p>\n<p align=\"center\"><font color=\"#ff0000\">Le Pr&eacute;sident d&#8217;IG Metall, Berthold Huber<\/font><\/p>\n<p align=\"justify\">Le Pr&eacute;sident d&#8217;IG Metall, Berthold Huber, a qualifi&eacute; les clauses de protection de l&#8217;emploi de l&#8217;accord de &quot;bon r&eacute;sultat pour garantir l&#8217;emploi dans la crise &eacute;conomique la plus grave depuis 80 ans.&quot; Il a ajout&eacute; que le gouvernement doit maintenant faire sa part en assortissant l&#8217;accord de prestations sociales &eacute;tendues. Et, dans le cas de l&#8217;&eacute;conomie allemande en particulier, cet accord fait figure de pr&eacute;curseur dont le message est que les licenciements massifs affaiblissent le pouvoir d&#8217;achat bien plus que les hausses nominales des salaires ne le rel&egrave;vent. <\/p>\n<p align=\"justify\">Il va non seulement prot&eacute;ger l&#8217;emploi de centaines de milliers de travailleurs, mais aussi donner la garantie aux entreprises allemandes qu&#8217;elles vont conserver un personnel qualifi&eacute; et exp&eacute;riment&eacute; dans un secteur vital pour l&#8217;&eacute;conomie allemande. <br \/>\n<br \/>\nFin de la semaine derni&egrave;re, IG Metall et les employeurs de la m&eacute;tallurgie et de l&#8217;&eacute;lectronique ont d&eacute;j&agrave; mis l&#8217;accord sur la table des n&eacute;gociations dans le Land de Bade-Wurtemberg. Et, cette semaine, il sera soumis aux interlocuteurs dans les L&auml;nder de Basse-Saxe et de Saxe-Anhalt, dont les n&eacute;gociations auront lieu &agrave; Hanovre. <\/p>","protected":false},"featured_media":0,"template":"","class_list":["post-190905","archive_icem","type-archive_icem","status-publish","hentry"],"acf":[],"yoast_head":"<!-- This site is optimized with the Yoast SEO Premium plugin v27.1 (Yoast SEO v27.1) - https:\/\/yoast.com\/product\/yoast-seo-premium-wordpress\/ -->\n<title>Les m\u00e9tallos allemands et les employeurs concluent un pacte historique sur la s\u00e9curit\u00e9 d&#039;emploi - industriall-union<\/title>\n<meta name=\"robots\" content=\"index, follow, max-snippet:-1, max-image-preview:large, max-video-preview:-1\" \/>\n<link rel=\"canonical\" href=\"https:\/\/admin.industriall-union.org\/fr\/archive\/icem\/les-metallos-allemands-et-les-employeurs-concluent-un-pacte-historique-sur-la-securite-d-039-emploi\/\" \/>\n<meta property=\"og:locale\" content=\"fr_FR\" \/>\n<meta property=\"og:type\" content=\"article\" \/>\n<meta property=\"og:title\" content=\"Les m\u00e9tallos allemands et les employeurs concluent un pacte historique sur la s\u00e9curit\u00e9 d&#039;emploi\" \/>\n<meta property=\"og:description\" content=\"Le syndicat allemand IG Metall et la f&eacute;d&eacute;ration du patronat Gesamtmetall ont donn&eacute; le ton pour la campagne de n&eacute;gociations 2010-2011 en Allemagne en concluant d&eacute;j&agrave; deux conventions collectives couvrant 700.000 salari&eacute;s de la m&eacute;tallurgie et de l&#8217;&eacute;lectronique du Land de Rh&eacute;nanie-du-Nord-Westphalie. Cet accord, survenu deux mois avant terme, ne manquera pas d&#8217;influencer les autres [&hellip;]\" \/>\n<meta property=\"og:url\" content=\"https:\/\/admin.industriall-union.org\/fr\/archive\/icem\/les-metallos-allemands-et-les-employeurs-concluent-un-pacte-historique-sur-la-securite-d-039-emploi\/\" \/>\n<meta property=\"og:site_name\" content=\"industriall-union\" \/>\n<meta property=\"article:modified_time\" content=\"2025-01-31T15:04:56+00:00\" \/>\n<meta name=\"twitter:card\" content=\"summary_large_image\" \/>\n<meta name=\"twitter:label1\" content=\"Est. reading time\" \/>\n\t<meta name=\"twitter:data1\" content=\"3 minutes\" \/>\n<script type=\"application\/ld+json\" class=\"yoast-schema-graph\">{\"@context\":\"https:\/\/schema.org\",\"@graph\":[{\"@type\":\"WebPage\",\"@id\":\"https:\/\/admin.industriall-union.org\/fr\/archive\/icem\/les-metallos-allemands-et-les-employeurs-concluent-un-pacte-historique-sur-la-securite-d-039-emploi\/\",\"url\":\"https:\/\/admin.industriall-union.org\/fr\/archive\/icem\/les-metallos-allemands-et-les-employeurs-concluent-un-pacte-historique-sur-la-securite-d-039-emploi\/\",\"name\":\"Les m\u00e9tallos allemands et les employeurs concluent un pacte historique sur la s\u00e9curit\u00e9 d&#039;emploi - industriall-union\",\"isPartOf\":{\"@id\":\"https:\/\/admin.industriall-union.org\/#website\"},\"datePublished\":\"2010-02-22T13:28:57+00:00\",\"dateModified\":\"2025-01-31T15:04:56+00:00\",\"breadcrumb\":{\"@id\":\"https:\/\/admin.industriall-union.org\/fr\/archive\/icem\/les-metallos-allemands-et-les-employeurs-concluent-un-pacte-historique-sur-la-securite-d-039-emploi\/#breadcrumb\"},\"inLanguage\":\"fr-FR\",\"potentialAction\":[{\"@type\":\"ReadAction\",\"target\":[\"https:\/\/admin.industriall-union.org\/fr\/archive\/icem\/les-metallos-allemands-et-les-employeurs-concluent-un-pacte-historique-sur-la-securite-d-039-emploi\/\"]}]},{\"@type\":\"BreadcrumbList\",\"@id\":\"https:\/\/admin.industriall-union.org\/fr\/archive\/icem\/les-metallos-allemands-et-les-employeurs-concluent-un-pacte-historique-sur-la-securite-d-039-emploi\/#breadcrumb\",\"itemListElement\":[{\"@type\":\"ListItem\",\"position\":1,\"name\":\"Home\",\"item\":\"https:\/\/admin.industriall-union.org\/\"},{\"@type\":\"ListItem\",\"position\":2,\"name\":\"Archive icem\",\"item\":\"https:\/\/admin.industriall-union.org\/archive\/icem\/\"},{\"@type\":\"ListItem\",\"position\":3,\"name\":\"Les m\u00e9tallos allemands et les employeurs concluent un pacte historique sur la s\u00e9curit\u00e9 d&#039;emploi\"}]},{\"@type\":\"WebSite\",\"@id\":\"https:\/\/admin.industriall-union.org\/#website\",\"url\":\"https:\/\/admin.industriall-union.org\/\",\"name\":\"industriall-union\",\"description\":\"\",\"potentialAction\":[{\"@type\":\"SearchAction\",\"target\":{\"@type\":\"EntryPoint\",\"urlTemplate\":\"https:\/\/admin.industriall-union.org\/?s={search_term_string}\"},\"query-input\":{\"@type\":\"PropertyValueSpecification\",\"valueRequired\":true,\"valueName\":\"search_term_string\"}}],\"inLanguage\":\"fr-FR\"}]}<\/script>\n<!-- \/ Yoast SEO Premium plugin. -->","yoast_head_json":{"title":"Les m\u00e9tallos allemands et les employeurs concluent un pacte historique sur la s\u00e9curit\u00e9 d&#039;emploi - industriall-union","robots":{"index":"index","follow":"follow","max-snippet":"max-snippet:-1","max-image-preview":"max-image-preview:large","max-video-preview":"max-video-preview:-1"},"canonical":"https:\/\/admin.industriall-union.org\/fr\/archive\/icem\/les-metallos-allemands-et-les-employeurs-concluent-un-pacte-historique-sur-la-securite-d-039-emploi\/","og_locale":"fr_FR","og_type":"article","og_title":"Les m\u00e9tallos allemands et les employeurs concluent un pacte historique sur la s\u00e9curit\u00e9 d&#039;emploi","og_description":"Le syndicat allemand IG Metall et la f&eacute;d&eacute;ration du patronat Gesamtmetall ont donn&eacute; le ton pour la campagne de n&eacute;gociations 2010-2011 en Allemagne en concluant d&eacute;j&agrave; deux conventions collectives couvrant 700.000 salari&eacute;s de la m&eacute;tallurgie et de l&#8217;&eacute;lectronique du Land de Rh&eacute;nanie-du-Nord-Westphalie. Cet accord, survenu deux mois avant terme, ne manquera pas d&#8217;influencer les autres [&hellip;]","og_url":"https:\/\/admin.industriall-union.org\/fr\/archive\/icem\/les-metallos-allemands-et-les-employeurs-concluent-un-pacte-historique-sur-la-securite-d-039-emploi\/","og_site_name":"industriall-union","article_modified_time":"2025-01-31T15:04:56+00:00","twitter_card":"summary_large_image","twitter_misc":{"Est. reading time":"3 minutes"},"schema":{"@context":"https:\/\/schema.org","@graph":[{"@type":"WebPage","@id":"https:\/\/admin.industriall-union.org\/fr\/archive\/icem\/les-metallos-allemands-et-les-employeurs-concluent-un-pacte-historique-sur-la-securite-d-039-emploi\/","url":"https:\/\/admin.industriall-union.org\/fr\/archive\/icem\/les-metallos-allemands-et-les-employeurs-concluent-un-pacte-historique-sur-la-securite-d-039-emploi\/","name":"Les m\u00e9tallos allemands et les employeurs concluent un pacte historique sur la s\u00e9curit\u00e9 d&#039;emploi - industriall-union","isPartOf":{"@id":"https:\/\/admin.industriall-union.org\/#website"},"datePublished":"2010-02-22T13:28:57+00:00","dateModified":"2025-01-31T15:04:56+00:00","breadcrumb":{"@id":"https:\/\/admin.industriall-union.org\/fr\/archive\/icem\/les-metallos-allemands-et-les-employeurs-concluent-un-pacte-historique-sur-la-securite-d-039-emploi\/#breadcrumb"},"inLanguage":"fr-FR","potentialAction":[{"@type":"ReadAction","target":["https:\/\/admin.industriall-union.org\/fr\/archive\/icem\/les-metallos-allemands-et-les-employeurs-concluent-un-pacte-historique-sur-la-securite-d-039-emploi\/"]}]},{"@type":"BreadcrumbList","@id":"https:\/\/admin.industriall-union.org\/fr\/archive\/icem\/les-metallos-allemands-et-les-employeurs-concluent-un-pacte-historique-sur-la-securite-d-039-emploi\/#breadcrumb","itemListElement":[{"@type":"ListItem","position":1,"name":"Home","item":"https:\/\/admin.industriall-union.org\/"},{"@type":"ListItem","position":2,"name":"Archive icem","item":"https:\/\/admin.industriall-union.org\/archive\/icem\/"},{"@type":"ListItem","position":3,"name":"Les m\u00e9tallos allemands et les employeurs concluent un pacte historique sur la s\u00e9curit\u00e9 d&#039;emploi"}]},{"@type":"WebSite","@id":"https:\/\/admin.industriall-union.org\/#website","url":"https:\/\/admin.industriall-union.org\/","name":"industriall-union","description":"","potentialAction":[{"@type":"SearchAction","target":{"@type":"EntryPoint","urlTemplate":"https:\/\/admin.industriall-union.org\/?s={search_term_string}"},"query-input":{"@type":"PropertyValueSpecification","valueRequired":true,"valueName":"search_term_string"}}],"inLanguage":"fr-FR"}]}},"_links":{"self":[{"href":"https:\/\/admin.industriall-union.org\/fr\/wp-json\/wp\/v2\/archive_icem\/190905","targetHints":{"allow":["GET"]}}],"collection":[{"href":"https:\/\/admin.industriall-union.org\/fr\/wp-json\/wp\/v2\/archive_icem"}],"about":[{"href":"https:\/\/admin.industriall-union.org\/fr\/wp-json\/wp\/v2\/types\/archive_icem"}],"wp:attachment":[{"href":"https:\/\/admin.industriall-union.org\/fr\/wp-json\/wp\/v2\/media?parent=190905"}],"curies":[{"name":"wp","href":"https:\/\/api.w.org\/{rel}","templated":true}]}}

Les métallos allemands et les employeurs concluent un pacte historique sur la sécurité d&#039;emploi

<!-- This site is optimized with the Yoast SEO Premium plugin v27.1 (Yoast SEO v27.1) - https://yoast.com/product/yoast-seo-premium-wordpress/ -->
<title>Les métallos allemands et les employeurs concluent un pacte historique sur la sécurité d&#039;emploi - industriall-union</title>
<meta name="robots" content="index, follow, max-snippet:-1, max-image-preview:large, max-video-preview:-1" />
<link rel="canonical" href="https://admin.industriall-union.org/fr/archive/icem/les-metallos-allemands-et-les-employeurs-concluent-un-pacte-historique-sur-la-securite-d-039-emploi/" />
<meta property="og:locale" content="fr_FR" />
<meta property="og:type" content="article" />
<meta property="og:title" content="Les métallos allemands et les employeurs concluent un pacte historique sur la sécurité d&#039;emploi" />
<meta property="og:description" content="Le syndicat allemand IG Metall et la f&eacute;d&eacute;ration du patronat Gesamtmetall ont donn&eacute; le ton pour la campagne de n&eacute;gociations 2010-2011 en Allemagne en concluant d&eacute;j&agrave; deux conventions collectives couvrant 700.000 salari&eacute;s de la m&eacute;tallurgie et de l&#8217;&eacute;lectronique du Land de Rh&eacute;nanie-du-Nord-Westphalie. Cet accord, survenu deux mois avant terme, ne manquera pas d&#8217;influencer les autres [&hellip;]" />
<meta property="og:url" content="https://admin.industriall-union.org/fr/archive/icem/les-metallos-allemands-et-les-employeurs-concluent-un-pacte-historique-sur-la-securite-d-039-emploi/" />
<meta property="og:site_name" content="industriall-union" />
<meta property="article:modified_time" content="2025-01-31T15:04:56+00:00" />
<meta name="twitter:card" content="summary_large_image" />
<meta name="twitter:label1" content="Est. reading time" />
	<meta name="twitter:data1" content="3 minutes" />
<script type="application/ld+json" class="yoast-schema-graph">{"@context":"https://schema.org","@graph":[{"@type":"WebPage","@id":"https://admin.industriall-union.org/fr/archive/icem/les-metallos-allemands-et-les-employeurs-concluent-un-pacte-historique-sur-la-securite-d-039-emploi/","url":"https://admin.industriall-union.org/fr/archive/icem/les-metallos-allemands-et-les-employeurs-concluent-un-pacte-historique-sur-la-securite-d-039-emploi/","name":"Les métallos allemands et les employeurs concluent un pacte historique sur la sécurité d&#039;emploi - industriall-union","isPartOf":{"@id":"https://admin.industriall-union.org/#website"},"datePublished":"2010-02-22T13:28:57+00:00","dateModified":"2025-01-31T15:04:56+00:00","breadcrumb":{"@id":"https://admin.industriall-union.org/fr/archive/icem/les-metallos-allemands-et-les-employeurs-concluent-un-pacte-historique-sur-la-securite-d-039-emploi/#breadcrumb"},"inLanguage":"fr-FR","potentialAction":[{"@type":"ReadAction","target":["https://admin.industriall-union.org/fr/archive/icem/les-metallos-allemands-et-les-employeurs-concluent-un-pacte-historique-sur-la-securite-d-039-emploi/"]}]},{"@type":"BreadcrumbList","@id":"https://admin.industriall-union.org/fr/archive/icem/les-metallos-allemands-et-les-employeurs-concluent-un-pacte-historique-sur-la-securite-d-039-emploi/#breadcrumb","itemListElement":[{"@type":"ListItem","position":1,"name":"Home","item":"https://admin.industriall-union.org/"},{"@type":"ListItem","position":2,"name":"Archive icem","item":"https://admin.industriall-union.org/archive/icem/"},{"@type":"ListItem","position":3,"name":"Les métallos allemands et les employeurs concluent un pacte historique sur la sécurité d&#039;emploi"}]},{"@type":"WebSite","@id":"https://admin.industriall-union.org/#website","url":"https://admin.industriall-union.org/","name":"industriall-union","description":"","potentialAction":[{"@type":"SearchAction","target":{"@type":"EntryPoint","urlTemplate":"https://admin.industriall-union.org/?s={search_term_string}"},"query-input":{"@type":"PropertyValueSpecification","valueRequired":true,"valueName":"search_term_string"}}],"inLanguage":"fr-FR"}]}</script>
<!-- / Yoast SEO Premium plugin. -->

Les métallos allemands et les employeurs concluent un pacte historique sur la sécurité d&#039;emploi - industriall-union
