{"id":190722,"date":"2010-03-08T18:05:24","date_gmt":"2010-03-08T18:05:24","guid":{"rendered":"https:\/\/admin.industriall-union.org\/archive\/icem\/geneve-celebre-la-journee-internationale-de-la-femme\/"},"modified":"2025-01-31T15:04:29","modified_gmt":"2025-01-31T15:04:29","slug":"geneve-celebre-la-journee-internationale-de-la-femme","status":"publish","type":"archive_icem","link":"https:\/\/admin.industriall-union.org\/fr\/archive\/icem\/geneve-celebre-la-journee-internationale-de-la-femme\/","title":{"rendered":"Gen\u00e8ve c\u00e9l\u00e8bre la Journ\u00e9e internationale de la Femme"},"content":{"rendered":"<p align=\"center\"><img loading=\"lazy\" decoding=\"async\" src=\"\" width=\"100\" height=\"39\" alt=\"\" \/><\/p>\n<p align=\"justify\">Avec d&rsquo;autres F&eacute;d&eacute;rations syndicales internationales bas&eacute;es &agrave; Gen&egrave;ve, l&rsquo;ICEM a particip&eacute; &agrave; une grande manifestation de soutien, aujourd&#8217;hui entre midi et 2 h sur la Plaine de Plainpalais, pour marquer la Journ&eacute;e internationale de la Femme. <br \/>\n<br \/>\nOrganis&eacute;e par l&rsquo;UNIA, affili&eacute;e suisse de l&rsquo;ICEM. cette manifestation en faveur de l&rsquo;&eacute;galit&eacute; salariale entre les sexes et de l&rsquo;application effective de la l&eacute;gislation en la mati&egrave;re, s&rsquo;opposait au rel&egrave;vement de l&rsquo;&acirc;ge de la retraite pour les femmes et &agrave; l&rsquo;allongement des horaires d&rsquo;ouverture des magasins en Suisse, secteur dans lequel les femmes sont en surnombre par rapport aux hommes. <\/p>\n<p align=\"center\"><img loading=\"lazy\" decoding=\"async\" alt=\"\" src=\"\" width=\"220\" height=\"148\" \/><\/p>\n<p align=\"justify\">La manifestation d&rsquo;aujourd&rsquo;hui sera suivie, le samedi 13 mars, d&rsquo;une Marche nationale des femmes &agrave; Berne, organis&eacute;e cette fois encore par l&rsquo;UNIA. Point et heure de ralliement &agrave; Gen&egrave;ve : Place des 22 Cantons, 10 heures du matin. Merci d&rsquo;appeler le secr&eacute;tariat de l&rsquo;UNIA au <font color=\"#ff0000\"><strong>+41 22 949 1200<\/strong><\/font> pour souscrire &agrave; la manifestation de ce samedi. <br \/>\n<br \/>\nLa Conf&eacute;d&eacute;ration syndicale internationale (CSI) a r&eacute;cemment publi&eacute; un rapport intitul&eacute; &laquo; An examination of the factors influencing women&rsquo;s decisions for work &raquo; (&laquo; &Eacute;tude des facteurs ayant un impact sur le choix de travailler des femmes &raquo;), consultable &agrave; l&rsquo;adresse suivante : <a href=\"http:\/\/www.ituc-csi.org\/ituc-report-decisions-for-work.html\"><font color=\"#ff0000\">http:\/\/www.ituc-csi.org\/ituc-report-decisions-for-work.html<\/font><\/a> <br \/>\n<br \/>\nPour conna&icirc;tre les initiatives entreprises dans votre pays, consultez <a href=\"http:\/\/www.internationalwomensday.com\/default.asp\"><font color=\"#ff0000\">le site officiel<\/font><\/a> de la Journ&eacute;e internationale de la Femme.&nbsp;<\/p>","protected":false},"featured_media":0,"template":"","class_list":["post-190722","archive_icem","type-archive_icem","status-publish","hentry"],"acf":[],"yoast_head":"<!-- This site is optimized with the Yoast SEO Premium plugin v27.1 (Yoast SEO v27.1) - https:\/\/yoast.com\/product\/yoast-seo-premium-wordpress\/ -->\n<title>Gen\u00e8ve c\u00e9l\u00e8bre la Journ\u00e9e internationale de la Femme - industriall-union<\/title>\n<meta name=\"robots\" content=\"index, follow, max-snippet:-1, max-image-preview:large, max-video-preview:-1\" \/>\n<link rel=\"canonical\" href=\"https:\/\/admin.industriall-union.org\/fr\/archive\/icem\/geneve-celebre-la-journee-internationale-de-la-femme\/\" \/>\n<meta property=\"og:locale\" content=\"fr_FR\" \/>\n<meta property=\"og:type\" content=\"article\" \/>\n<meta property=\"og:title\" content=\"Gen\u00e8ve c\u00e9l\u00e8bre la Journ\u00e9e internationale de la Femme\" \/>\n<meta property=\"og:description\" content=\"Avec d&rsquo;autres F&eacute;d&eacute;rations syndicales internationales bas&eacute;es &agrave; Gen&egrave;ve, l&rsquo;ICEM a particip&eacute; &agrave; une grande manifestation de soutien, aujourd&#8217;hui entre midi et 2 h sur la Plaine de Plainpalais, pour marquer la Journ&eacute;e internationale de la Femme. Organis&eacute;e par l&rsquo;UNIA, affili&eacute;e suisse de l&rsquo;ICEM. cette manifestation en faveur de l&rsquo;&eacute;galit&eacute; salariale entre les sexes et de [&hellip;]\" \/>\n<meta property=\"og:url\" content=\"https:\/\/admin.industriall-union.org\/fr\/archive\/icem\/geneve-celebre-la-journee-internationale-de-la-femme\/\" \/>\n<meta property=\"og:site_name\" content=\"industriall-union\" \/>\n<meta property=\"article:modified_time\" content=\"2025-01-31T15:04:29+00:00\" \/>\n<meta name=\"twitter:card\" content=\"summary_large_image\" \/>\n<meta name=\"twitter:label1\" content=\"Est. reading time\" \/>\n\t<meta name=\"twitter:data1\" content=\"1 minute\" \/>\n<script type=\"application\/ld+json\" class=\"yoast-schema-graph\">{\"@context\":\"https:\/\/schema.org\",\"@graph\":[{\"@type\":\"WebPage\",\"@id\":\"https:\/\/admin.industriall-union.org\/fr\/archive\/icem\/geneve-celebre-la-journee-internationale-de-la-femme\/\",\"url\":\"https:\/\/admin.industriall-union.org\/fr\/archive\/icem\/geneve-celebre-la-journee-internationale-de-la-femme\/\",\"name\":\"Gen\u00e8ve c\u00e9l\u00e8bre la Journ\u00e9e internationale de la Femme - industriall-union\",\"isPartOf\":{\"@id\":\"https:\/\/admin.industriall-union.org\/#website\"},\"datePublished\":\"2010-03-08T18:05:24+00:00\",\"dateModified\":\"2025-01-31T15:04:29+00:00\",\"breadcrumb\":{\"@id\":\"https:\/\/admin.industriall-union.org\/fr\/archive\/icem\/geneve-celebre-la-journee-internationale-de-la-femme\/#breadcrumb\"},\"inLanguage\":\"fr-FR\",\"potentialAction\":[{\"@type\":\"ReadAction\",\"target\":[\"https:\/\/admin.industriall-union.org\/fr\/archive\/icem\/geneve-celebre-la-journee-internationale-de-la-femme\/\"]}]},{\"@type\":\"BreadcrumbList\",\"@id\":\"https:\/\/admin.industriall-union.org\/fr\/archive\/icem\/geneve-celebre-la-journee-internationale-de-la-femme\/#breadcrumb\",\"itemListElement\":[{\"@type\":\"ListItem\",\"position\":1,\"name\":\"Home\",\"item\":\"https:\/\/admin.industriall-union.org\/\"},{\"@type\":\"ListItem\",\"position\":2,\"name\":\"Archive icem\",\"item\":\"https:\/\/admin.industriall-union.org\/archive\/icem\/\"},{\"@type\":\"ListItem\",\"position\":3,\"name\":\"Gen\u00e8ve c\u00e9l\u00e8bre la Journ\u00e9e internationale de la Femme\"}]},{\"@type\":\"WebSite\",\"@id\":\"https:\/\/admin.industriall-union.org\/#website\",\"url\":\"https:\/\/admin.industriall-union.org\/\",\"name\":\"industriall-union\",\"description\":\"\",\"potentialAction\":[{\"@type\":\"SearchAction\",\"target\":{\"@type\":\"EntryPoint\",\"urlTemplate\":\"https:\/\/admin.industriall-union.org\/?s={search_term_string}\"},\"query-input\":{\"@type\":\"PropertyValueSpecification\",\"valueRequired\":true,\"valueName\":\"search_term_string\"}}],\"inLanguage\":\"fr-FR\"}]}<\/script>\n<!-- \/ Yoast SEO Premium plugin. -->","yoast_head_json":{"title":"Gen\u00e8ve c\u00e9l\u00e8bre la Journ\u00e9e internationale de la Femme - industriall-union","robots":{"index":"index","follow":"follow","max-snippet":"max-snippet:-1","max-image-preview":"max-image-preview:large","max-video-preview":"max-video-preview:-1"},"canonical":"https:\/\/admin.industriall-union.org\/fr\/archive\/icem\/geneve-celebre-la-journee-internationale-de-la-femme\/","og_locale":"fr_FR","og_type":"article","og_title":"Gen\u00e8ve c\u00e9l\u00e8bre la Journ\u00e9e internationale de la Femme","og_description":"Avec d&rsquo;autres F&eacute;d&eacute;rations syndicales internationales bas&eacute;es &agrave; Gen&egrave;ve, l&rsquo;ICEM a particip&eacute; &agrave; une grande manifestation de soutien, aujourd&#8217;hui entre midi et 2 h sur la Plaine de Plainpalais, pour marquer la Journ&eacute;e internationale de la Femme. Organis&eacute;e par l&rsquo;UNIA, affili&eacute;e suisse de l&rsquo;ICEM. cette manifestation en faveur de l&rsquo;&eacute;galit&eacute; salariale entre les sexes et de [&hellip;]","og_url":"https:\/\/admin.industriall-union.org\/fr\/archive\/icem\/geneve-celebre-la-journee-internationale-de-la-femme\/","og_site_name":"industriall-union","article_modified_time":"2025-01-31T15:04:29+00:00","twitter_card":"summary_large_image","twitter_misc":{"Est. reading time":"1 minute"},"schema":{"@context":"https:\/\/schema.org","@graph":[{"@type":"WebPage","@id":"https:\/\/admin.industriall-union.org\/fr\/archive\/icem\/geneve-celebre-la-journee-internationale-de-la-femme\/","url":"https:\/\/admin.industriall-union.org\/fr\/archive\/icem\/geneve-celebre-la-journee-internationale-de-la-femme\/","name":"Gen\u00e8ve c\u00e9l\u00e8bre la Journ\u00e9e internationale de la Femme - industriall-union","isPartOf":{"@id":"https:\/\/admin.industriall-union.org\/#website"},"datePublished":"2010-03-08T18:05:24+00:00","dateModified":"2025-01-31T15:04:29+00:00","breadcrumb":{"@id":"https:\/\/admin.industriall-union.org\/fr\/archive\/icem\/geneve-celebre-la-journee-internationale-de-la-femme\/#breadcrumb"},"inLanguage":"fr-FR","potentialAction":[{"@type":"ReadAction","target":["https:\/\/admin.industriall-union.org\/fr\/archive\/icem\/geneve-celebre-la-journee-internationale-de-la-femme\/"]}]},{"@type":"BreadcrumbList","@id":"https:\/\/admin.industriall-union.org\/fr\/archive\/icem\/geneve-celebre-la-journee-internationale-de-la-femme\/#breadcrumb","itemListElement":[{"@type":"ListItem","position":1,"name":"Home","item":"https:\/\/admin.industriall-union.org\/"},{"@type":"ListItem","position":2,"name":"Archive icem","item":"https:\/\/admin.industriall-union.org\/archive\/icem\/"},{"@type":"ListItem","position":3,"name":"Gen\u00e8ve c\u00e9l\u00e8bre la Journ\u00e9e internationale de la Femme"}]},{"@type":"WebSite","@id":"https:\/\/admin.industriall-union.org\/#website","url":"https:\/\/admin.industriall-union.org\/","name":"industriall-union","description":"","potentialAction":[{"@type":"SearchAction","target":{"@type":"EntryPoint","urlTemplate":"https:\/\/admin.industriall-union.org\/?s={search_term_string}"},"query-input":{"@type":"PropertyValueSpecification","valueRequired":true,"valueName":"search_term_string"}}],"inLanguage":"fr-FR"}]}},"_links":{"self":[{"href":"https:\/\/admin.industriall-union.org\/fr\/wp-json\/wp\/v2\/archive_icem\/190722","targetHints":{"allow":["GET"]}}],"collection":[{"href":"https:\/\/admin.industriall-union.org\/fr\/wp-json\/wp\/v2\/archive_icem"}],"about":[{"href":"https:\/\/admin.industriall-union.org\/fr\/wp-json\/wp\/v2\/types\/archive_icem"}],"wp:attachment":[{"href":"https:\/\/admin.industriall-union.org\/fr\/wp-json\/wp\/v2\/media?parent=190722"}],"curies":[{"name":"wp","href":"https:\/\/api.w.org\/{rel}","templated":true}]}}

Genève célèbre la Journée internationale de la Femme

<!-- This site is optimized with the Yoast SEO Premium plugin v27.1 (Yoast SEO v27.1) - https://yoast.com/product/yoast-seo-premium-wordpress/ -->
<title>Genève célèbre la Journée internationale de la Femme - industriall-union</title>
<meta name="robots" content="index, follow, max-snippet:-1, max-image-preview:large, max-video-preview:-1" />
<link rel="canonical" href="https://admin.industriall-union.org/fr/archive/icem/geneve-celebre-la-journee-internationale-de-la-femme/" />
<meta property="og:locale" content="fr_FR" />
<meta property="og:type" content="article" />
<meta property="og:title" content="Genève célèbre la Journée internationale de la Femme" />
<meta property="og:description" content="Avec d&rsquo;autres F&eacute;d&eacute;rations syndicales internationales bas&eacute;es &agrave; Gen&egrave;ve, l&rsquo;ICEM a particip&eacute; &agrave; une grande manifestation de soutien, aujourd&#8217;hui entre midi et 2 h sur la Plaine de Plainpalais, pour marquer la Journ&eacute;e internationale de la Femme. Organis&eacute;e par l&rsquo;UNIA, affili&eacute;e suisse de l&rsquo;ICEM. cette manifestation en faveur de l&rsquo;&eacute;galit&eacute; salariale entre les sexes et de [&hellip;]" />
<meta property="og:url" content="https://admin.industriall-union.org/fr/archive/icem/geneve-celebre-la-journee-internationale-de-la-femme/" />
<meta property="og:site_name" content="industriall-union" />
<meta property="article:modified_time" content="2025-01-31T15:04:29+00:00" />
<meta name="twitter:card" content="summary_large_image" />
<meta name="twitter:label1" content="Est. reading time" />
	<meta name="twitter:data1" content="1 minute" />
<script type="application/ld+json" class="yoast-schema-graph">{"@context":"https://schema.org","@graph":[{"@type":"WebPage","@id":"https://admin.industriall-union.org/fr/archive/icem/geneve-celebre-la-journee-internationale-de-la-femme/","url":"https://admin.industriall-union.org/fr/archive/icem/geneve-celebre-la-journee-internationale-de-la-femme/","name":"Genève célèbre la Journée internationale de la Femme - industriall-union","isPartOf":{"@id":"https://admin.industriall-union.org/#website"},"datePublished":"2010-03-08T18:05:24+00:00","dateModified":"2025-01-31T15:04:29+00:00","breadcrumb":{"@id":"https://admin.industriall-union.org/fr/archive/icem/geneve-celebre-la-journee-internationale-de-la-femme/#breadcrumb"},"inLanguage":"fr-FR","potentialAction":[{"@type":"ReadAction","target":["https://admin.industriall-union.org/fr/archive/icem/geneve-celebre-la-journee-internationale-de-la-femme/"]}]},{"@type":"BreadcrumbList","@id":"https://admin.industriall-union.org/fr/archive/icem/geneve-celebre-la-journee-internationale-de-la-femme/#breadcrumb","itemListElement":[{"@type":"ListItem","position":1,"name":"Home","item":"https://admin.industriall-union.org/"},{"@type":"ListItem","position":2,"name":"Archive icem","item":"https://admin.industriall-union.org/archive/icem/"},{"@type":"ListItem","position":3,"name":"Genève célèbre la Journée internationale de la Femme"}]},{"@type":"WebSite","@id":"https://admin.industriall-union.org/#website","url":"https://admin.industriall-union.org/","name":"industriall-union","description":"","potentialAction":[{"@type":"SearchAction","target":{"@type":"EntryPoint","urlTemplate":"https://admin.industriall-union.org/?s={search_term_string}"},"query-input":{"@type":"PropertyValueSpecification","valueRequired":true,"valueName":"search_term_string"}}],"inLanguage":"fr-FR"}]}</script>
<!-- / Yoast SEO Premium plugin. -->

Genève célèbre la Journée internationale de la Femme - industriall-union
