{"id":190340,"date":"2010-03-22T13:55:06","date_gmt":"2010-03-22T13:55:06","guid":{"rendered":"https:\/\/admin.industriall-union.org\/archive\/icem\/les-mineurs-peruviens-en-lutte-pour-conserver-leur-participation-aux-benefices\/"},"modified":"2025-01-31T15:02:14","modified_gmt":"2025-01-31T15:02:14","slug":"les-mineurs-peruviens-en-lutte-pour-conserver-leur-participation-aux-benefices","status":"publish","type":"archive_icem","link":"https:\/\/admin.industriall-union.org\/fr\/archive\/icem\/les-mineurs-peruviens-en-lutte-pour-conserver-leur-participation-aux-benefices\/","title":{"rendered":"Les mineurs p\u00e9ruviens en lutte pour conserver leur participation aux b\u00e9n\u00e9fices"},"content":{"rendered":"<p align=\"center\"><img loading=\"lazy\" decoding=\"async\" alt=\"\" src=\"\" width=\"100\" height=\"39\" \/><\/p>\n<p align=\"justify\">L&#8217;ICEM avait signal&eacute; dans InBrief n&deg;150 du 22 f&eacute;vrier que son affili&eacute; p&eacute;ruvien, la F&eacute;d&eacute;ration nationale des mineurs et m&eacute;tallurgistes (FNTMMSP), premier syndicat de mineurs du pays, avait d&eacute;clench&eacute; des gr&egrave;ves dans trois mines de m&eacute;taux pr&eacute;cieux de Buenaventura. La loi p&eacute;ruvienne stipule que les compagnies doivent reverser 8% au moins de leurs b&eacute;n&eacute;fices aux travailleurs. Or, le syndicat affirme que Buenaventura dissimule des informations financi&egrave;res relatives &agrave; la p&eacute;riode 2006-2009 qui avait connu une envol&eacute;e des cours mondiaux, pour &eacute;viter de verser leur part des profits &agrave; ses 4.000 salari&eacute;s. <br \/>\n<br \/>\nLe minist&egrave;re du Travail p&eacute;ruvien ayant pris le parti de la direction et d&eacute;clar&eacute; la gr&egrave;ve ill&eacute;gale, les travailleurs ont &eacute;t&eacute; contraints de reprendre le travail pour ne pas perdre leur emploi. Cette d&eacute;cision a pouss&eacute; la FNTMMSP &agrave; d&eacute;clencher des gr&egrave;ves tournantes de courte dur&eacute;e. Les travailleurs poseront une nouvelle fois l&#8217;outil ce vendredi 26 mars &agrave; la mine d&#8217;or d&#8217;Antapite, puis le lendemain &agrave; la mine d&#8217;argent d&#8217;Uchucchacua et &agrave; celle d&#8217;or d&#8217;Orcopampa. <br \/>\n<\/p>\n<p align=\"center\"><img loading=\"lazy\" decoding=\"async\" alt=\"\" src=\"\" width=\"175\" height=\"125\" \/><\/p>\n<p align=\"justify\">Un responsable local de la FNTMMSP de la mine d&#8217;Orcopampa a pr&eacute;cis&eacute; que les revendications des gr&eacute;vistes portent sur l&#8217;am&eacute;lioration des conditions de travail, sur la r&eacute;int&eacute;gration d&#8217;un mineur renvoy&eacute; lors d&#8217;une pr&eacute;c&eacute;dente gr&egrave;ve et sur une augmentation des primes d&#8217;int&eacute;ressement aux b&eacute;n&eacute;fices. <br \/>\n<br \/>\nJusqu&#8217;&agrave; pr&eacute;sent, la direction de Buenaventura refuse de n&eacute;gocier, son P-DG, Carlos G&aacute;lvez, ayant dit que seuls les actionnaires peuvent augmenter les salaires. Il a ajout&eacute; que la direction n&#8217;avait pas les moyens d&#8217;&eacute;viter les gr&egrave;ves tournantes. <br \/>\n<br \/>\nLa mine d&#8217;Uchucchacua est situ&eacute;e dans la province d&#8217;Oy&oacute;n, pr&egrave;s de Lima, celle d&#8217;Orcopampa dans la r&eacute;gion d&#8217;Arequipa, et celle d&#8217;Antapite dans la r&eacute;gion de Huancavelica. Buenaventura exploite quatre autres mines et a une part de contr&ocirc;le dans les compagnies mini&egrave;res Cedimin et El Brocal. Le personnel de cette derni&egrave;re s&#8217;est mis en gr&egrave;ve le 13 mars parce que la direction n&#8217;avait pas vers&eacute; les hausses de salaires convenues. <br \/>\n<br \/>\nAilleurs, dans l&#8217;industrie mini&egrave;re p&eacute;ruvienne, 630 travailleurs de la mine de cuivre Cobriza de Doe Run ont mis fin &agrave; leur gr&egrave;ve d&egrave;s le premier jour lorsque la direction a imm&eacute;diatement entam&eacute; des n&eacute;gociations tripartites avec la FNTMMSP et le minist&egrave;re du Travail. <br \/>\n<\/p>\n<p align=\"center\"><img loading=\"lazy\" decoding=\"async\" alt=\"\" src=\"\" width=\"160\" height=\"120\" \/><\/p>\n<p align=\"center\"><font color=\"#ff0000\">Le Secr&eacute;taire g&eacute;n&eacute;ral de la FNTMMSP, Luis Castillo<\/font><\/p>\n<p align=\"justify\">Le Secr&eacute;taire g&eacute;n&eacute;ral de la FNTMMSP, Luis Castillo, a dirig&eacute; les n&eacute;gociations pour le compte des mineurs de Doe Run. Il estime que, contrairement aux travailleurs, la direction n&#8217;a pas respect&eacute; la convention collective conclue il y a un an. <br \/>\n<br \/>\nDoe Run Peru, filiale de l&#8217;am&eacute;ricain Renco Group, a &eacute;t&eacute; durement touch&eacute;e par la r&eacute;cession financi&egrave;re et a vu sa ligne de cr&eacute;dit coup&eacute;e il y a six mois. <br \/>\n<br \/>\nElle a &eacute;t&eacute; exclue de l&#8217;Association nationale de la mine et de l&#8217;&eacute;nergie pour ne pas avoir donn&eacute; suite &agrave; un d&eacute;cret gouvernemental ordonnant l&#8217;assainissement d&#8217;un complexe de transformation de m&eacute;taux &agrave; La Oroya, dans le centre du pays, un des sites les plus pollu&eacute;s au monde selon les organisations de d&eacute;fense de l&rsquo;environnement. <br \/>\n<br \/>\nAu d&eacute;but du mois, Doe Run Peru a sign&eacute; une lettre d&#8217;intention avec la multinationale mini&egrave;re suisse Glencore. Si la vente se r&eacute;alise, Glencore apportera &agrave; Doe Run un cr&eacute;dit de 100 millions $ et financera aussi l&#8217;assainissement ordonn&eacute; par les autorit&eacute;s. <br \/>\n<br \/>\nLe chiffre des ventes &agrave; l&#8217;exportation de l&#8217;industrie mini&egrave;re p&eacute;ruvienne a atteint 16,36 milliards $ l&#8217;an dernier, ce qui repr&eacute;sente pr&egrave;s de 61% de l&#8217;ensemble des exportations du pays. <\/p>","protected":false},"featured_media":0,"template":"","class_list":["post-190340","archive_icem","type-archive_icem","status-publish","hentry"],"acf":[],"yoast_head":"<!-- This site is optimized with the Yoast SEO Premium plugin v27.1 (Yoast SEO v27.1) - https:\/\/yoast.com\/product\/yoast-seo-premium-wordpress\/ -->\n<title>Les mineurs p\u00e9ruviens en lutte pour conserver leur participation aux b\u00e9n\u00e9fices - industriall-union<\/title>\n<meta name=\"robots\" content=\"index, follow, max-snippet:-1, max-image-preview:large, max-video-preview:-1\" \/>\n<link rel=\"canonical\" href=\"https:\/\/admin.industriall-union.org\/fr\/archive\/icem\/les-mineurs-peruviens-en-lutte-pour-conserver-leur-participation-aux-benefices\/\" \/>\n<meta property=\"og:locale\" content=\"fr_FR\" \/>\n<meta property=\"og:type\" content=\"article\" \/>\n<meta property=\"og:title\" content=\"Les mineurs p\u00e9ruviens en lutte pour conserver leur participation aux b\u00e9n\u00e9fices\" \/>\n<meta property=\"og:description\" content=\"L&#8217;ICEM avait signal&eacute; dans InBrief n&deg;150 du 22 f&eacute;vrier que son affili&eacute; p&eacute;ruvien, la F&eacute;d&eacute;ration nationale des mineurs et m&eacute;tallurgistes (FNTMMSP), premier syndicat de mineurs du pays, avait d&eacute;clench&eacute; des gr&egrave;ves dans trois mines de m&eacute;taux pr&eacute;cieux de Buenaventura. La loi p&eacute;ruvienne stipule que les compagnies doivent reverser 8% au moins de leurs b&eacute;n&eacute;fices aux [&hellip;]\" \/>\n<meta property=\"og:url\" content=\"https:\/\/admin.industriall-union.org\/fr\/archive\/icem\/les-mineurs-peruviens-en-lutte-pour-conserver-leur-participation-aux-benefices\/\" \/>\n<meta property=\"og:site_name\" content=\"industriall-union\" \/>\n<meta property=\"article:modified_time\" content=\"2025-01-31T15:02:14+00:00\" \/>\n<meta name=\"twitter:card\" content=\"summary_large_image\" \/>\n<meta name=\"twitter:label1\" content=\"Est. reading time\" \/>\n\t<meta name=\"twitter:data1\" content=\"4 minutes\" \/>\n<script type=\"application\/ld+json\" class=\"yoast-schema-graph\">{\"@context\":\"https:\/\/schema.org\",\"@graph\":[{\"@type\":\"WebPage\",\"@id\":\"https:\/\/admin.industriall-union.org\/fr\/archive\/icem\/les-mineurs-peruviens-en-lutte-pour-conserver-leur-participation-aux-benefices\/\",\"url\":\"https:\/\/admin.industriall-union.org\/fr\/archive\/icem\/les-mineurs-peruviens-en-lutte-pour-conserver-leur-participation-aux-benefices\/\",\"name\":\"Les mineurs p\u00e9ruviens en lutte pour conserver leur participation aux b\u00e9n\u00e9fices - industriall-union\",\"isPartOf\":{\"@id\":\"https:\/\/admin.industriall-union.org\/#website\"},\"datePublished\":\"2010-03-22T13:55:06+00:00\",\"dateModified\":\"2025-01-31T15:02:14+00:00\",\"breadcrumb\":{\"@id\":\"https:\/\/admin.industriall-union.org\/fr\/archive\/icem\/les-mineurs-peruviens-en-lutte-pour-conserver-leur-participation-aux-benefices\/#breadcrumb\"},\"inLanguage\":\"fr-FR\",\"potentialAction\":[{\"@type\":\"ReadAction\",\"target\":[\"https:\/\/admin.industriall-union.org\/fr\/archive\/icem\/les-mineurs-peruviens-en-lutte-pour-conserver-leur-participation-aux-benefices\/\"]}]},{\"@type\":\"BreadcrumbList\",\"@id\":\"https:\/\/admin.industriall-union.org\/fr\/archive\/icem\/les-mineurs-peruviens-en-lutte-pour-conserver-leur-participation-aux-benefices\/#breadcrumb\",\"itemListElement\":[{\"@type\":\"ListItem\",\"position\":1,\"name\":\"Home\",\"item\":\"https:\/\/admin.industriall-union.org\/\"},{\"@type\":\"ListItem\",\"position\":2,\"name\":\"Archive icem\",\"item\":\"https:\/\/admin.industriall-union.org\/archive\/icem\/\"},{\"@type\":\"ListItem\",\"position\":3,\"name\":\"Les mineurs p\u00e9ruviens en lutte pour conserver leur participation aux b\u00e9n\u00e9fices\"}]},{\"@type\":\"WebSite\",\"@id\":\"https:\/\/admin.industriall-union.org\/#website\",\"url\":\"https:\/\/admin.industriall-union.org\/\",\"name\":\"industriall-union\",\"description\":\"\",\"potentialAction\":[{\"@type\":\"SearchAction\",\"target\":{\"@type\":\"EntryPoint\",\"urlTemplate\":\"https:\/\/admin.industriall-union.org\/?s={search_term_string}\"},\"query-input\":{\"@type\":\"PropertyValueSpecification\",\"valueRequired\":true,\"valueName\":\"search_term_string\"}}],\"inLanguage\":\"fr-FR\"}]}<\/script>\n<!-- \/ Yoast SEO Premium plugin. -->","yoast_head_json":{"title":"Les mineurs p\u00e9ruviens en lutte pour conserver leur participation aux b\u00e9n\u00e9fices - industriall-union","robots":{"index":"index","follow":"follow","max-snippet":"max-snippet:-1","max-image-preview":"max-image-preview:large","max-video-preview":"max-video-preview:-1"},"canonical":"https:\/\/admin.industriall-union.org\/fr\/archive\/icem\/les-mineurs-peruviens-en-lutte-pour-conserver-leur-participation-aux-benefices\/","og_locale":"fr_FR","og_type":"article","og_title":"Les mineurs p\u00e9ruviens en lutte pour conserver leur participation aux b\u00e9n\u00e9fices","og_description":"L&#8217;ICEM avait signal&eacute; dans InBrief n&deg;150 du 22 f&eacute;vrier que son affili&eacute; p&eacute;ruvien, la F&eacute;d&eacute;ration nationale des mineurs et m&eacute;tallurgistes (FNTMMSP), premier syndicat de mineurs du pays, avait d&eacute;clench&eacute; des gr&egrave;ves dans trois mines de m&eacute;taux pr&eacute;cieux de Buenaventura. La loi p&eacute;ruvienne stipule que les compagnies doivent reverser 8% au moins de leurs b&eacute;n&eacute;fices aux [&hellip;]","og_url":"https:\/\/admin.industriall-union.org\/fr\/archive\/icem\/les-mineurs-peruviens-en-lutte-pour-conserver-leur-participation-aux-benefices\/","og_site_name":"industriall-union","article_modified_time":"2025-01-31T15:02:14+00:00","twitter_card":"summary_large_image","twitter_misc":{"Est. reading time":"4 minutes"},"schema":{"@context":"https:\/\/schema.org","@graph":[{"@type":"WebPage","@id":"https:\/\/admin.industriall-union.org\/fr\/archive\/icem\/les-mineurs-peruviens-en-lutte-pour-conserver-leur-participation-aux-benefices\/","url":"https:\/\/admin.industriall-union.org\/fr\/archive\/icem\/les-mineurs-peruviens-en-lutte-pour-conserver-leur-participation-aux-benefices\/","name":"Les mineurs p\u00e9ruviens en lutte pour conserver leur participation aux b\u00e9n\u00e9fices - industriall-union","isPartOf":{"@id":"https:\/\/admin.industriall-union.org\/#website"},"datePublished":"2010-03-22T13:55:06+00:00","dateModified":"2025-01-31T15:02:14+00:00","breadcrumb":{"@id":"https:\/\/admin.industriall-union.org\/fr\/archive\/icem\/les-mineurs-peruviens-en-lutte-pour-conserver-leur-participation-aux-benefices\/#breadcrumb"},"inLanguage":"fr-FR","potentialAction":[{"@type":"ReadAction","target":["https:\/\/admin.industriall-union.org\/fr\/archive\/icem\/les-mineurs-peruviens-en-lutte-pour-conserver-leur-participation-aux-benefices\/"]}]},{"@type":"BreadcrumbList","@id":"https:\/\/admin.industriall-union.org\/fr\/archive\/icem\/les-mineurs-peruviens-en-lutte-pour-conserver-leur-participation-aux-benefices\/#breadcrumb","itemListElement":[{"@type":"ListItem","position":1,"name":"Home","item":"https:\/\/admin.industriall-union.org\/"},{"@type":"ListItem","position":2,"name":"Archive icem","item":"https:\/\/admin.industriall-union.org\/archive\/icem\/"},{"@type":"ListItem","position":3,"name":"Les mineurs p\u00e9ruviens en lutte pour conserver leur participation aux b\u00e9n\u00e9fices"}]},{"@type":"WebSite","@id":"https:\/\/admin.industriall-union.org\/#website","url":"https:\/\/admin.industriall-union.org\/","name":"industriall-union","description":"","potentialAction":[{"@type":"SearchAction","target":{"@type":"EntryPoint","urlTemplate":"https:\/\/admin.industriall-union.org\/?s={search_term_string}"},"query-input":{"@type":"PropertyValueSpecification","valueRequired":true,"valueName":"search_term_string"}}],"inLanguage":"fr-FR"}]}},"_links":{"self":[{"href":"https:\/\/admin.industriall-union.org\/fr\/wp-json\/wp\/v2\/archive_icem\/190340","targetHints":{"allow":["GET"]}}],"collection":[{"href":"https:\/\/admin.industriall-union.org\/fr\/wp-json\/wp\/v2\/archive_icem"}],"about":[{"href":"https:\/\/admin.industriall-union.org\/fr\/wp-json\/wp\/v2\/types\/archive_icem"}],"wp:attachment":[{"href":"https:\/\/admin.industriall-union.org\/fr\/wp-json\/wp\/v2\/media?parent=190340"}],"curies":[{"name":"wp","href":"https:\/\/api.w.org\/{rel}","templated":true}]}}

Les mineurs péruviens en lutte pour conserver leur participation aux bénéfices

<!-- This site is optimized with the Yoast SEO Premium plugin v27.1 (Yoast SEO v27.1) - https://yoast.com/product/yoast-seo-premium-wordpress/ -->
<title>Les mineurs péruviens en lutte pour conserver leur participation aux bénéfices - industriall-union</title>
<meta name="robots" content="index, follow, max-snippet:-1, max-image-preview:large, max-video-preview:-1" />
<link rel="canonical" href="https://admin.industriall-union.org/fr/archive/icem/les-mineurs-peruviens-en-lutte-pour-conserver-leur-participation-aux-benefices/" />
<meta property="og:locale" content="fr_FR" />
<meta property="og:type" content="article" />
<meta property="og:title" content="Les mineurs péruviens en lutte pour conserver leur participation aux bénéfices" />
<meta property="og:description" content="L&#8217;ICEM avait signal&eacute; dans InBrief n&deg;150 du 22 f&eacute;vrier que son affili&eacute; p&eacute;ruvien, la F&eacute;d&eacute;ration nationale des mineurs et m&eacute;tallurgistes (FNTMMSP), premier syndicat de mineurs du pays, avait d&eacute;clench&eacute; des gr&egrave;ves dans trois mines de m&eacute;taux pr&eacute;cieux de Buenaventura. La loi p&eacute;ruvienne stipule que les compagnies doivent reverser 8% au moins de leurs b&eacute;n&eacute;fices aux [&hellip;]" />
<meta property="og:url" content="https://admin.industriall-union.org/fr/archive/icem/les-mineurs-peruviens-en-lutte-pour-conserver-leur-participation-aux-benefices/" />
<meta property="og:site_name" content="industriall-union" />
<meta property="article:modified_time" content="2025-01-31T15:02:14+00:00" />
<meta name="twitter:card" content="summary_large_image" />
<meta name="twitter:label1" content="Est. reading time" />
	<meta name="twitter:data1" content="4 minutes" />
<script type="application/ld+json" class="yoast-schema-graph">{"@context":"https://schema.org","@graph":[{"@type":"WebPage","@id":"https://admin.industriall-union.org/fr/archive/icem/les-mineurs-peruviens-en-lutte-pour-conserver-leur-participation-aux-benefices/","url":"https://admin.industriall-union.org/fr/archive/icem/les-mineurs-peruviens-en-lutte-pour-conserver-leur-participation-aux-benefices/","name":"Les mineurs péruviens en lutte pour conserver leur participation aux bénéfices - industriall-union","isPartOf":{"@id":"https://admin.industriall-union.org/#website"},"datePublished":"2010-03-22T13:55:06+00:00","dateModified":"2025-01-31T15:02:14+00:00","breadcrumb":{"@id":"https://admin.industriall-union.org/fr/archive/icem/les-mineurs-peruviens-en-lutte-pour-conserver-leur-participation-aux-benefices/#breadcrumb"},"inLanguage":"fr-FR","potentialAction":[{"@type":"ReadAction","target":["https://admin.industriall-union.org/fr/archive/icem/les-mineurs-peruviens-en-lutte-pour-conserver-leur-participation-aux-benefices/"]}]},{"@type":"BreadcrumbList","@id":"https://admin.industriall-union.org/fr/archive/icem/les-mineurs-peruviens-en-lutte-pour-conserver-leur-participation-aux-benefices/#breadcrumb","itemListElement":[{"@type":"ListItem","position":1,"name":"Home","item":"https://admin.industriall-union.org/"},{"@type":"ListItem","position":2,"name":"Archive icem","item":"https://admin.industriall-union.org/archive/icem/"},{"@type":"ListItem","position":3,"name":"Les mineurs péruviens en lutte pour conserver leur participation aux bénéfices"}]},{"@type":"WebSite","@id":"https://admin.industriall-union.org/#website","url":"https://admin.industriall-union.org/","name":"industriall-union","description":"","potentialAction":[{"@type":"SearchAction","target":{"@type":"EntryPoint","urlTemplate":"https://admin.industriall-union.org/?s={search_term_string}"},"query-input":{"@type":"PropertyValueSpecification","valueRequired":true,"valueName":"search_term_string"}}],"inLanguage":"fr-FR"}]}</script>
<!-- / Yoast SEO Premium plugin. -->

Les mineurs péruviens en lutte pour conserver leur participation aux bénéfices - industriall-union
