{"id":190080,"date":"2010-04-05T15:08:08","date_gmt":"2010-04-05T15:08:08","guid":{"rendered":"https:\/\/admin.industriall-union.org\/archive\/icem\/des-syndicats-creent-une-organisation-de-cooperation-euro-mediterraneenne\/"},"modified":"2025-01-31T15:01:38","modified_gmt":"2025-01-31T15:01:38","slug":"des-syndicats-creent-une-organisation-de-cooperation-euro-mediterraneenne","status":"publish","type":"archive_icem","link":"https:\/\/admin.industriall-union.org\/fr\/archive\/icem\/des-syndicats-creent-une-organisation-de-cooperation-euro-mediterraneenne\/","title":{"rendered":"Des syndicats cr\u00e9ent une Organisation de coop\u00e9ration euro-m\u00e9diterran\u00e9enne"},"content":{"rendered":"<p align=\"center\"><img loading=\"lazy\" decoding=\"async\" src=\"\" width=\"100\" height=\"39\" alt=\"\" \/><\/p>\n<p align=\"justify\">Les affili&eacute;s de l&#8217;ICEM FCE-CFDT (France), FIA-UGT (Espagne) et FEMCA-CISL (Italie) ont cr&eacute;&eacute; ensemble une Association pour l&#8217;Europe solidaire pour la Coop&eacute;ration m&eacute;diterran&eacute;enne (AESCOOMED). Cette nouvelle organisation a pour objet de d&eacute;velopper une vision europ&eacute;enne commune ; d&#8217;&eacute;changer des informations entre les f&eacute;d&eacute;rations membres sur toutes les questions li&eacute;es &agrave; l&rsquo;&eacute;conomie, au social, &agrave; l&rsquo;environnemental, &agrave; la vie conventionnelle, aux relations industrielles et au dialogue social. <br \/>\n<br \/>\nLa vision de l&#8217;AESCOOMED consiste &agrave; d&eacute;velopper un travail en commun dans les comit&eacute;s d&rsquo;entreprise europ&eacute;ens ; promouvoir les pratiques d&rsquo;information, de consultation et de participation des travailleurs dans les syndicats membres et promouvoir la coop&eacute;ration avec les pays du pourtour m&eacute;diterran&eacute;en. <\/p>\n<p align=\"center\"><img loading=\"lazy\" decoding=\"async\" alt=\"\" src=\"\" width=\"100\" height=\"93\" \/>&nbsp;&nbsp; <img loading=\"lazy\" decoding=\"async\" alt=\"\" src=\"\" width=\"100\" height=\"85\" \/>&nbsp;&nbsp; <img loading=\"lazy\" decoding=\"async\" alt=\"\" src=\"\" width=\"90\" height=\"90\" \/><\/p>\n<p align=\"justify\">La nouvelle organisation a tenu sa premi&egrave;re conf&eacute;rence &agrave; Barcelone les 8 et 9 mars 2010 sur le th&egrave;me &quot;&Eacute;nergie, Politique industrielle et Dialogue social dans la R&eacute;gion M&eacute;diterran&eacute;e&quot;. Des syndicats de sept pays (Belgique, France, Italie, Portugal, Espagne, Tunisie et Turquie) ont d&eacute;battu avec des repr&eacute;sentants de l&#8217;ICEM de questions li&eacute;es &agrave; l&#8217;industrie et &agrave; l&#8217;&eacute;nergie dans la r&eacute;gion. <br \/>\n<br \/>\nOn y a parl&eacute; des questions de s&eacute;curit&eacute; de l&#8217;approvisionnement en &eacute;nergie, de la place de l&#8217;&eacute;nergie dans le d&eacute;veloppement industriel et de l&#8217;impact sur l&rsquo;environnement dans les pays m&eacute;diterran&eacute;ens. Les participants ont constat&eacute; que l&rsquo;environnement est fragile et se d&eacute;grade, que la protection et l&#8217;am&eacute;lioration des &eacute;cosyst&egrave;mes sont devenues un probl&egrave;me essentiel pour la r&eacute;gion euro-m&eacute;diterran&eacute;enne, en particulier du fait de la nouvelle dynamique industrielle. Cette coop&eacute;ration euro-m&eacute;diterran&eacute;enne porte sur les probl&egrave;mes de p&eacute;nurie d&#8217;eau et de qualit&eacute; de l&#8217;eau, sur la r&eacute;forme des normes d&#8217;environnement, l&#8217;am&eacute;lioration des infrastructures et la pr&eacute;servation de l&rsquo;environnement. <br \/>\n<\/p>\n<p align=\"center\"><img loading=\"lazy\" decoding=\"async\" alt=\"\" src=\"\" width=\"226\" height=\"79\" \/><\/p>\n<p align=\"justify\">L&#8217;ICEM &eacute;tait invit&eacute;e &agrave; cette conf&eacute;rence et elle &eacute;tait repr&eacute;sent&eacute;e par son Responsable du caoutchouc et de la chimie, Kemal &Ouml;zkan. Il a pr&eacute;sent&eacute; un expos&eacute; sur les activit&eacute;s de l&#8217;ICEM dans le domaine du dialogue social &agrave; l&#8217;&eacute;chelon mondial et sur les activit&eacute;s de renforcement et de soutien syndical dans la r&eacute;gion du Moyen-Orient et de l&#8217;Afrique du Nord. <br \/>\n<br \/>\nEn conclusion, tous les participants se sont f&eacute;licit&eacute;s de l&#8217;initiative de l&#8217;AESCOOMED et ont pris la mesure de l&#8217;importance de la solidarit&eacute; internationale entre les travailleurs. <\/p>","protected":false},"featured_media":0,"template":"","class_list":["post-190080","archive_icem","type-archive_icem","status-publish","hentry"],"acf":[],"yoast_head":"<!-- This site is optimized with the Yoast SEO Premium plugin v27.1 (Yoast SEO v27.1) - https:\/\/yoast.com\/product\/yoast-seo-premium-wordpress\/ -->\n<title>Des syndicats cr\u00e9ent une Organisation de coop\u00e9ration euro-m\u00e9diterran\u00e9enne - industriall-union<\/title>\n<meta name=\"robots\" content=\"index, follow, max-snippet:-1, max-image-preview:large, max-video-preview:-1\" \/>\n<link rel=\"canonical\" href=\"https:\/\/admin.industriall-union.org\/fr\/archive\/icem\/des-syndicats-creent-une-organisation-de-cooperation-euro-mediterraneenne\/\" \/>\n<meta property=\"og:locale\" content=\"fr_FR\" \/>\n<meta property=\"og:type\" content=\"article\" \/>\n<meta property=\"og:title\" content=\"Des syndicats cr\u00e9ent une Organisation de coop\u00e9ration euro-m\u00e9diterran\u00e9enne\" \/>\n<meta property=\"og:description\" content=\"Les affili&eacute;s de l&#8217;ICEM FCE-CFDT (France), FIA-UGT (Espagne) et FEMCA-CISL (Italie) ont cr&eacute;&eacute; ensemble une Association pour l&#8217;Europe solidaire pour la Coop&eacute;ration m&eacute;diterran&eacute;enne (AESCOOMED). Cette nouvelle organisation a pour objet de d&eacute;velopper une vision europ&eacute;enne commune ; d&#8217;&eacute;changer des informations entre les f&eacute;d&eacute;rations membres sur toutes les questions li&eacute;es &agrave; l&rsquo;&eacute;conomie, au social, &agrave; l&rsquo;environnemental, [&hellip;]\" \/>\n<meta property=\"og:url\" content=\"https:\/\/admin.industriall-union.org\/fr\/archive\/icem\/des-syndicats-creent-une-organisation-de-cooperation-euro-mediterraneenne\/\" \/>\n<meta property=\"og:site_name\" content=\"industriall-union\" \/>\n<meta property=\"article:modified_time\" content=\"2025-01-31T15:01:38+00:00\" \/>\n<meta name=\"twitter:card\" content=\"summary_large_image\" \/>\n<meta name=\"twitter:label1\" content=\"Est. reading time\" \/>\n\t<meta name=\"twitter:data1\" content=\"2 minutes\" \/>\n<script type=\"application\/ld+json\" class=\"yoast-schema-graph\">{\"@context\":\"https:\/\/schema.org\",\"@graph\":[{\"@type\":\"WebPage\",\"@id\":\"https:\/\/admin.industriall-union.org\/fr\/archive\/icem\/des-syndicats-creent-une-organisation-de-cooperation-euro-mediterraneenne\/\",\"url\":\"https:\/\/admin.industriall-union.org\/fr\/archive\/icem\/des-syndicats-creent-une-organisation-de-cooperation-euro-mediterraneenne\/\",\"name\":\"Des syndicats cr\u00e9ent une Organisation de coop\u00e9ration euro-m\u00e9diterran\u00e9enne - industriall-union\",\"isPartOf\":{\"@id\":\"https:\/\/admin.industriall-union.org\/#website\"},\"datePublished\":\"2010-04-05T15:08:08+00:00\",\"dateModified\":\"2025-01-31T15:01:38+00:00\",\"breadcrumb\":{\"@id\":\"https:\/\/admin.industriall-union.org\/fr\/archive\/icem\/des-syndicats-creent-une-organisation-de-cooperation-euro-mediterraneenne\/#breadcrumb\"},\"inLanguage\":\"fr-FR\",\"potentialAction\":[{\"@type\":\"ReadAction\",\"target\":[\"https:\/\/admin.industriall-union.org\/fr\/archive\/icem\/des-syndicats-creent-une-organisation-de-cooperation-euro-mediterraneenne\/\"]}]},{\"@type\":\"BreadcrumbList\",\"@id\":\"https:\/\/admin.industriall-union.org\/fr\/archive\/icem\/des-syndicats-creent-une-organisation-de-cooperation-euro-mediterraneenne\/#breadcrumb\",\"itemListElement\":[{\"@type\":\"ListItem\",\"position\":1,\"name\":\"Home\",\"item\":\"https:\/\/admin.industriall-union.org\/\"},{\"@type\":\"ListItem\",\"position\":2,\"name\":\"Archive icem\",\"item\":\"https:\/\/admin.industriall-union.org\/archive\/icem\/\"},{\"@type\":\"ListItem\",\"position\":3,\"name\":\"Des syndicats cr\u00e9ent une Organisation de coop\u00e9ration euro-m\u00e9diterran\u00e9enne\"}]},{\"@type\":\"WebSite\",\"@id\":\"https:\/\/admin.industriall-union.org\/#website\",\"url\":\"https:\/\/admin.industriall-union.org\/\",\"name\":\"industriall-union\",\"description\":\"\",\"potentialAction\":[{\"@type\":\"SearchAction\",\"target\":{\"@type\":\"EntryPoint\",\"urlTemplate\":\"https:\/\/admin.industriall-union.org\/?s={search_term_string}\"},\"query-input\":{\"@type\":\"PropertyValueSpecification\",\"valueRequired\":true,\"valueName\":\"search_term_string\"}}],\"inLanguage\":\"fr-FR\"}]}<\/script>\n<!-- \/ Yoast SEO Premium plugin. -->","yoast_head_json":{"title":"Des syndicats cr\u00e9ent une Organisation de coop\u00e9ration euro-m\u00e9diterran\u00e9enne - industriall-union","robots":{"index":"index","follow":"follow","max-snippet":"max-snippet:-1","max-image-preview":"max-image-preview:large","max-video-preview":"max-video-preview:-1"},"canonical":"https:\/\/admin.industriall-union.org\/fr\/archive\/icem\/des-syndicats-creent-une-organisation-de-cooperation-euro-mediterraneenne\/","og_locale":"fr_FR","og_type":"article","og_title":"Des syndicats cr\u00e9ent une Organisation de coop\u00e9ration euro-m\u00e9diterran\u00e9enne","og_description":"Les affili&eacute;s de l&#8217;ICEM FCE-CFDT (France), FIA-UGT (Espagne) et FEMCA-CISL (Italie) ont cr&eacute;&eacute; ensemble une Association pour l&#8217;Europe solidaire pour la Coop&eacute;ration m&eacute;diterran&eacute;enne (AESCOOMED). Cette nouvelle organisation a pour objet de d&eacute;velopper une vision europ&eacute;enne commune ; d&#8217;&eacute;changer des informations entre les f&eacute;d&eacute;rations membres sur toutes les questions li&eacute;es &agrave; l&rsquo;&eacute;conomie, au social, &agrave; l&rsquo;environnemental, [&hellip;]","og_url":"https:\/\/admin.industriall-union.org\/fr\/archive\/icem\/des-syndicats-creent-une-organisation-de-cooperation-euro-mediterraneenne\/","og_site_name":"industriall-union","article_modified_time":"2025-01-31T15:01:38+00:00","twitter_card":"summary_large_image","twitter_misc":{"Est. reading time":"2 minutes"},"schema":{"@context":"https:\/\/schema.org","@graph":[{"@type":"WebPage","@id":"https:\/\/admin.industriall-union.org\/fr\/archive\/icem\/des-syndicats-creent-une-organisation-de-cooperation-euro-mediterraneenne\/","url":"https:\/\/admin.industriall-union.org\/fr\/archive\/icem\/des-syndicats-creent-une-organisation-de-cooperation-euro-mediterraneenne\/","name":"Des syndicats cr\u00e9ent une Organisation de coop\u00e9ration euro-m\u00e9diterran\u00e9enne - industriall-union","isPartOf":{"@id":"https:\/\/admin.industriall-union.org\/#website"},"datePublished":"2010-04-05T15:08:08+00:00","dateModified":"2025-01-31T15:01:38+00:00","breadcrumb":{"@id":"https:\/\/admin.industriall-union.org\/fr\/archive\/icem\/des-syndicats-creent-une-organisation-de-cooperation-euro-mediterraneenne\/#breadcrumb"},"inLanguage":"fr-FR","potentialAction":[{"@type":"ReadAction","target":["https:\/\/admin.industriall-union.org\/fr\/archive\/icem\/des-syndicats-creent-une-organisation-de-cooperation-euro-mediterraneenne\/"]}]},{"@type":"BreadcrumbList","@id":"https:\/\/admin.industriall-union.org\/fr\/archive\/icem\/des-syndicats-creent-une-organisation-de-cooperation-euro-mediterraneenne\/#breadcrumb","itemListElement":[{"@type":"ListItem","position":1,"name":"Home","item":"https:\/\/admin.industriall-union.org\/"},{"@type":"ListItem","position":2,"name":"Archive icem","item":"https:\/\/admin.industriall-union.org\/archive\/icem\/"},{"@type":"ListItem","position":3,"name":"Des syndicats cr\u00e9ent une Organisation de coop\u00e9ration euro-m\u00e9diterran\u00e9enne"}]},{"@type":"WebSite","@id":"https:\/\/admin.industriall-union.org\/#website","url":"https:\/\/admin.industriall-union.org\/","name":"industriall-union","description":"","potentialAction":[{"@type":"SearchAction","target":{"@type":"EntryPoint","urlTemplate":"https:\/\/admin.industriall-union.org\/?s={search_term_string}"},"query-input":{"@type":"PropertyValueSpecification","valueRequired":true,"valueName":"search_term_string"}}],"inLanguage":"fr-FR"}]}},"_links":{"self":[{"href":"https:\/\/admin.industriall-union.org\/fr\/wp-json\/wp\/v2\/archive_icem\/190080","targetHints":{"allow":["GET"]}}],"collection":[{"href":"https:\/\/admin.industriall-union.org\/fr\/wp-json\/wp\/v2\/archive_icem"}],"about":[{"href":"https:\/\/admin.industriall-union.org\/fr\/wp-json\/wp\/v2\/types\/archive_icem"}],"wp:attachment":[{"href":"https:\/\/admin.industriall-union.org\/fr\/wp-json\/wp\/v2\/media?parent=190080"}],"curies":[{"name":"wp","href":"https:\/\/api.w.org\/{rel}","templated":true}]}}

Des syndicats créent une Organisation de coopération euro-méditerranéenne

<!-- This site is optimized with the Yoast SEO Premium plugin v27.1 (Yoast SEO v27.1) - https://yoast.com/product/yoast-seo-premium-wordpress/ -->
<title>Des syndicats créent une Organisation de coopération euro-méditerranéenne - industriall-union</title>
<meta name="robots" content="index, follow, max-snippet:-1, max-image-preview:large, max-video-preview:-1" />
<link rel="canonical" href="https://admin.industriall-union.org/fr/archive/icem/des-syndicats-creent-une-organisation-de-cooperation-euro-mediterraneenne/" />
<meta property="og:locale" content="fr_FR" />
<meta property="og:type" content="article" />
<meta property="og:title" content="Des syndicats créent une Organisation de coopération euro-méditerranéenne" />
<meta property="og:description" content="Les affili&eacute;s de l&#8217;ICEM FCE-CFDT (France), FIA-UGT (Espagne) et FEMCA-CISL (Italie) ont cr&eacute;&eacute; ensemble une Association pour l&#8217;Europe solidaire pour la Coop&eacute;ration m&eacute;diterran&eacute;enne (AESCOOMED). Cette nouvelle organisation a pour objet de d&eacute;velopper une vision europ&eacute;enne commune ; d&#8217;&eacute;changer des informations entre les f&eacute;d&eacute;rations membres sur toutes les questions li&eacute;es &agrave; l&rsquo;&eacute;conomie, au social, &agrave; l&rsquo;environnemental, [&hellip;]" />
<meta property="og:url" content="https://admin.industriall-union.org/fr/archive/icem/des-syndicats-creent-une-organisation-de-cooperation-euro-mediterraneenne/" />
<meta property="og:site_name" content="industriall-union" />
<meta property="article:modified_time" content="2025-01-31T15:01:38+00:00" />
<meta name="twitter:card" content="summary_large_image" />
<meta name="twitter:label1" content="Est. reading time" />
	<meta name="twitter:data1" content="2 minutes" />
<script type="application/ld+json" class="yoast-schema-graph">{"@context":"https://schema.org","@graph":[{"@type":"WebPage","@id":"https://admin.industriall-union.org/fr/archive/icem/des-syndicats-creent-une-organisation-de-cooperation-euro-mediterraneenne/","url":"https://admin.industriall-union.org/fr/archive/icem/des-syndicats-creent-une-organisation-de-cooperation-euro-mediterraneenne/","name":"Des syndicats créent une Organisation de coopération euro-méditerranéenne - industriall-union","isPartOf":{"@id":"https://admin.industriall-union.org/#website"},"datePublished":"2010-04-05T15:08:08+00:00","dateModified":"2025-01-31T15:01:38+00:00","breadcrumb":{"@id":"https://admin.industriall-union.org/fr/archive/icem/des-syndicats-creent-une-organisation-de-cooperation-euro-mediterraneenne/#breadcrumb"},"inLanguage":"fr-FR","potentialAction":[{"@type":"ReadAction","target":["https://admin.industriall-union.org/fr/archive/icem/des-syndicats-creent-une-organisation-de-cooperation-euro-mediterraneenne/"]}]},{"@type":"BreadcrumbList","@id":"https://admin.industriall-union.org/fr/archive/icem/des-syndicats-creent-une-organisation-de-cooperation-euro-mediterraneenne/#breadcrumb","itemListElement":[{"@type":"ListItem","position":1,"name":"Home","item":"https://admin.industriall-union.org/"},{"@type":"ListItem","position":2,"name":"Archive icem","item":"https://admin.industriall-union.org/archive/icem/"},{"@type":"ListItem","position":3,"name":"Des syndicats créent une Organisation de coopération euro-méditerranéenne"}]},{"@type":"WebSite","@id":"https://admin.industriall-union.org/#website","url":"https://admin.industriall-union.org/","name":"industriall-union","description":"","potentialAction":[{"@type":"SearchAction","target":{"@type":"EntryPoint","urlTemplate":"https://admin.industriall-union.org/?s={search_term_string}"},"query-input":{"@type":"PropertyValueSpecification","valueRequired":true,"valueName":"search_term_string"}}],"inLanguage":"fr-FR"}]}</script>
<!-- / Yoast SEO Premium plugin. -->

Des syndicats créent une Organisation de coopération euro-méditerranéenne - industriall-union
