{"id":188589,"date":"2010-06-28T13:28:59","date_gmt":"2010-06-28T13:28:59","guid":{"rendered":"https:\/\/admin.industriall-union.org\/archive\/icem\/un-seminaire-mexicain-oriente-la-solidarite-syndicale-en-amerique-du-nord\/"},"modified":"2025-01-31T14:54:24","modified_gmt":"2025-01-31T14:54:24","slug":"un-seminaire-mexicain-oriente-la-solidarite-syndicale-en-amerique-du-nord","status":"publish","type":"archive_icem","link":"https:\/\/admin.industriall-union.org\/fr\/archive\/icem\/un-seminaire-mexicain-oriente-la-solidarite-syndicale-en-amerique-du-nord\/","title":{"rendered":"Un s\u00e9minaire mexicain oriente la solidarit\u00e9 syndicale en Am\u00e9rique du Nord"},"content":{"rendered":"<p align=\"center\"><img loading=\"lazy\" decoding=\"async\" src=\"\" width=\"100\" height=\"39\" alt=\"\" \/><\/p>\n<p align=\"justify\">Pour la premi&egrave;re fois s&#8217;est tenu &agrave; Toronto (Canada), le 20 juin, un forum trinational r&eacute;unissant les syndicats en lutte pour l&#8217;autonomie d&eacute;mocratique au Mexique et des syndicats am&eacute;ricains et canadiens. Quelque 120 syndicalistes, repr&eacute;sentants d&#8217;ONG et militants de la soci&eacute;t&eacute; civile canadiens &eacute;taient r&eacute;unis pour une conf&eacute;rence d&#8217;un jour sur le th&egrave;me &quot;B&acirc;tir la solidarit&eacute; avec le mouvement syndical d&eacute;mocratique au Mexique&quot;. <br \/>\n<br \/>\nComme l&#8217;a dit Dave Coles, le Pr&eacute;sident du Syndicat canadien des communications, de l&#8217;&eacute;nergie et du papier (SCEP), cette conf&eacute;rence a rassembl&eacute; des dirigeants syndicaux du Mexique qui, autrement, ne seraient jamais autoris&eacute;s &agrave; se r&eacute;unir de la sorte au Mexique. Parmi eux figuraient Napole&oacute;n Gomez, le Pr&eacute;sident en exil du Syndicat national des travailleurs de la mine, de la m&eacute;tallurgie et apparent&eacute;s (SNTMMSRM), Mart&iacute;n Esparza Flores, du Syndicat mexicain des travailleurs de l&#8217;&eacute;lectricit&eacute; (SME), Francisco Hern&aacute;ndez Ju&aacute;rez, du Syndicat mexicain des travailleurs du t&eacute;l&eacute;phone (Telefonistas), et plusieurs autres que nous citons plus loin. <br \/>\n<\/p>\n<p align=\"center\"><img loading=\"lazy\" decoding=\"async\" alt=\"\" src=\"\" width=\"300\" height=\"200\" \/><\/p>\n<p align=\"center\"><font color=\"#ff0000\">Napole&oacute;n Gomez, S&eacute;cretaire g&eacute;n&eacute;ral de Los Mineros<\/font><\/p>\n<p align=\"justify\">Les participants ont pu entendre les expos&eacute;s de deux avocats mexicains sp&eacute;cialistes des questions de travail qui leur ont d&eacute;crit les obstacles l&eacute;gaux, politiques et institutionnels qui emp&ecirc;chent un mouvement syndical libre et d&eacute;mocratique au Mexique; ils leur ont aussi expliqu&eacute; en quoi consistent les redout&eacute;s mais tr&egrave;s r&eacute;pandus contrats de protection qui annulent les droits syndicaux dans la pratique. <br \/>\n<br \/>\nUn th&egrave;me r&eacute;current de la conf&eacute;rence &eacute;tait les cons&eacute;quences n&eacute;fastes que continue de produire l&#8217;Accord de libre-&eacute;change nord-am&eacute;ricain (ALENA) sign&eacute; il y a 16 ans entre le Canada, le Mexique et les &Eacute;tats-Unis. <br \/>\n<\/p>\n<p align=\"center\"><img loading=\"lazy\" decoding=\"async\" alt=\"\" src=\"\" width=\"160\" height=\"106\" \/><\/p>\n<p align=\"center\"><font color=\"#ff0000\">Ben Davis, Solidarity Center<\/font><\/p>\n<p align=\"justify\">Ben Davis, du Solidarity Center am&eacute;ricain, a donn&eacute; quelques exemples &eacute;difiants de la mani&egrave;re dont le SNTMMSRM (Los Mineros) continue &agrave; organiser les travailleurs en d&eacute;pit de la r&eacute;pression organis&eacute;e ouvertement par le gouvernement mexicain. Il a aussi d&eacute;crit les d&eacute;marches men&eacute;es aupr&egrave;s de l&#8217;administration Obama pour qu&#8217;elle prenne une position plus ferme face &agrave; la r&eacute;pression syndicale au Mexique. &Agrave; l&#8217;&eacute;chelon mondial, Ben Davis a aussi parl&eacute; des pressions exerc&eacute;es &agrave; l&#8217;OIT contre les contrats de protection et de celles des actionnaires institutionnels contre Grupo M&eacute;xico, principal adversaire de Los Mineros. <br \/>\n<br \/>\nJorge Robles, du Front authentique des travailleurs mexicains (FAT) a parl&eacute; des carences inh&eacute;rentes &agrave; l&#8217;actuelle r&eacute;forme du droit du travail au Mexique tandis qu&#8217;Alberto Espinosa Rocha, le Secr&eacute;taire g&eacute;n&eacute;ral du Syndicat national des travailleurs de General Tire et Continental (SNTGTM), a parl&eacute; des effets pr&eacute;judiciables de l&#8217;accord de libre-&eacute;change. <br \/>\n<\/p>\n<p align=\"center\"><img loading=\"lazy\" decoding=\"async\" alt=\"\" src=\"\" width=\"199\" height=\"182\" \/><\/p>\n<p align=\"center\"><font color=\"#ff0000\">Alberto Espinosa Rocha,&nbsp;Secr&eacute;taire g&eacute;n&eacute;ral du SNTGTM<\/font><\/p>\n<p align=\"justify\">Alberto Espinosa a dit que l&#8217;ALENA est &quot;un mal pour le Mexique&quot; qui a entra&icirc;n&eacute; une &eacute;rosion de salaires et de prestations autrefois corrects. Il a ajout&eacute; que, dans l&#8217;industrie du pneu et celle des pi&egrave;ces pour automobiles, &quot;une ann&eacute;e apr&egrave;s l&#8217;autre, les employeurs enl&egrave;vent des droits contractuels&quot; aux travailleurs. <br \/>\n<br \/>\nLui-m&ecirc;me a &eacute;t&eacute; licenci&eacute; en 2003 pour s&#8217;&ecirc;tre oppos&eacute; &agrave; la volont&eacute; de General Tire pendant les n&eacute;gociations collectives, mais il a poursuivi ses activit&eacute;s syndicales les trois ann&eacute;es pendant lesquelles il est rest&eacute; sans travail. En 2006, il a &eacute;t&eacute; r&eacute;int&eacute;gr&eacute; en tant que technicien de maintenance et, en 2008, il &eacute;tait &eacute;lu Secr&eacute;taire g&eacute;n&eacute;ral du SNTGTM. <br \/>\n<br \/>\nDans les conclusions de la conf&eacute;rence, les d&eacute;l&eacute;gu&eacute;s ont arr&ecirc;t&eacute; un plan strat&eacute;gique pr&eacute;voyant l&#8217;insertion dans l&#8217;ALENA de clauses strictes de protection des travailleurs, la poursuite de l&#8217;action sur les contrats de protection mexicains et une action de solidarit&eacute; et de campagne sur des conflits du travail particuliers au Mexique. <br \/>\n<br \/>\nCette conf&eacute;rence &eacute;tait parrain&eacute;e par plusieurs organisations syndicales nord-am&eacute;ricaines, par l&#8217;ICEM, la F&eacute;d&eacute;ration internationale des organisations de travailleurs de la m&eacute;tallurgie (FIOM) et Union Network International (UNI). <\/p>","protected":false},"featured_media":0,"template":"","class_list":["post-188589","archive_icem","type-archive_icem","status-publish","hentry"],"acf":[],"yoast_head":"<!-- This site is optimized with the Yoast SEO Premium plugin v27.1 (Yoast SEO v27.1) - https:\/\/yoast.com\/product\/yoast-seo-premium-wordpress\/ -->\n<title>Un s\u00e9minaire mexicain oriente la solidarit\u00e9 syndicale en Am\u00e9rique du Nord - industriall-union<\/title>\n<meta name=\"robots\" content=\"index, follow, max-snippet:-1, max-image-preview:large, max-video-preview:-1\" \/>\n<link rel=\"canonical\" href=\"https:\/\/admin.industriall-union.org\/fr\/archive\/icem\/un-seminaire-mexicain-oriente-la-solidarite-syndicale-en-amerique-du-nord\/\" \/>\n<meta property=\"og:locale\" content=\"fr_FR\" \/>\n<meta property=\"og:type\" content=\"article\" \/>\n<meta property=\"og:title\" content=\"Un s\u00e9minaire mexicain oriente la solidarit\u00e9 syndicale en Am\u00e9rique du Nord\" \/>\n<meta property=\"og:description\" content=\"Pour la premi&egrave;re fois s&#8217;est tenu &agrave; Toronto (Canada), le 20 juin, un forum trinational r&eacute;unissant les syndicats en lutte pour l&#8217;autonomie d&eacute;mocratique au Mexique et des syndicats am&eacute;ricains et canadiens. Quelque 120 syndicalistes, repr&eacute;sentants d&#8217;ONG et militants de la soci&eacute;t&eacute; civile canadiens &eacute;taient r&eacute;unis pour une conf&eacute;rence d&#8217;un jour sur le th&egrave;me &quot;B&acirc;tir la [&hellip;]\" \/>\n<meta property=\"og:url\" content=\"https:\/\/admin.industriall-union.org\/fr\/archive\/icem\/un-seminaire-mexicain-oriente-la-solidarite-syndicale-en-amerique-du-nord\/\" \/>\n<meta property=\"og:site_name\" content=\"industriall-union\" \/>\n<meta property=\"article:modified_time\" content=\"2025-01-31T14:54:24+00:00\" \/>\n<meta name=\"twitter:card\" content=\"summary_large_image\" \/>\n<meta name=\"twitter:label1\" content=\"Est. reading time\" \/>\n\t<meta name=\"twitter:data1\" content=\"4 minutes\" \/>\n<script type=\"application\/ld+json\" class=\"yoast-schema-graph\">{\"@context\":\"https:\/\/schema.org\",\"@graph\":[{\"@type\":\"WebPage\",\"@id\":\"https:\/\/admin.industriall-union.org\/fr\/archive\/icem\/un-seminaire-mexicain-oriente-la-solidarite-syndicale-en-amerique-du-nord\/\",\"url\":\"https:\/\/admin.industriall-union.org\/fr\/archive\/icem\/un-seminaire-mexicain-oriente-la-solidarite-syndicale-en-amerique-du-nord\/\",\"name\":\"Un s\u00e9minaire mexicain oriente la solidarit\u00e9 syndicale en Am\u00e9rique du Nord - industriall-union\",\"isPartOf\":{\"@id\":\"https:\/\/admin.industriall-union.org\/#website\"},\"datePublished\":\"2010-06-28T13:28:59+00:00\",\"dateModified\":\"2025-01-31T14:54:24+00:00\",\"breadcrumb\":{\"@id\":\"https:\/\/admin.industriall-union.org\/fr\/archive\/icem\/un-seminaire-mexicain-oriente-la-solidarite-syndicale-en-amerique-du-nord\/#breadcrumb\"},\"inLanguage\":\"fr-FR\",\"potentialAction\":[{\"@type\":\"ReadAction\",\"target\":[\"https:\/\/admin.industriall-union.org\/fr\/archive\/icem\/un-seminaire-mexicain-oriente-la-solidarite-syndicale-en-amerique-du-nord\/\"]}]},{\"@type\":\"BreadcrumbList\",\"@id\":\"https:\/\/admin.industriall-union.org\/fr\/archive\/icem\/un-seminaire-mexicain-oriente-la-solidarite-syndicale-en-amerique-du-nord\/#breadcrumb\",\"itemListElement\":[{\"@type\":\"ListItem\",\"position\":1,\"name\":\"Home\",\"item\":\"https:\/\/admin.industriall-union.org\/\"},{\"@type\":\"ListItem\",\"position\":2,\"name\":\"Archive icem\",\"item\":\"https:\/\/admin.industriall-union.org\/archive\/icem\/\"},{\"@type\":\"ListItem\",\"position\":3,\"name\":\"Un s\u00e9minaire mexicain oriente la solidarit\u00e9 syndicale en Am\u00e9rique du Nord\"}]},{\"@type\":\"WebSite\",\"@id\":\"https:\/\/admin.industriall-union.org\/#website\",\"url\":\"https:\/\/admin.industriall-union.org\/\",\"name\":\"industriall-union\",\"description\":\"\",\"potentialAction\":[{\"@type\":\"SearchAction\",\"target\":{\"@type\":\"EntryPoint\",\"urlTemplate\":\"https:\/\/admin.industriall-union.org\/?s={search_term_string}\"},\"query-input\":{\"@type\":\"PropertyValueSpecification\",\"valueRequired\":true,\"valueName\":\"search_term_string\"}}],\"inLanguage\":\"fr-FR\"}]}<\/script>\n<!-- \/ Yoast SEO Premium plugin. -->","yoast_head_json":{"title":"Un s\u00e9minaire mexicain oriente la solidarit\u00e9 syndicale en Am\u00e9rique du Nord - industriall-union","robots":{"index":"index","follow":"follow","max-snippet":"max-snippet:-1","max-image-preview":"max-image-preview:large","max-video-preview":"max-video-preview:-1"},"canonical":"https:\/\/admin.industriall-union.org\/fr\/archive\/icem\/un-seminaire-mexicain-oriente-la-solidarite-syndicale-en-amerique-du-nord\/","og_locale":"fr_FR","og_type":"article","og_title":"Un s\u00e9minaire mexicain oriente la solidarit\u00e9 syndicale en Am\u00e9rique du Nord","og_description":"Pour la premi&egrave;re fois s&#8217;est tenu &agrave; Toronto (Canada), le 20 juin, un forum trinational r&eacute;unissant les syndicats en lutte pour l&#8217;autonomie d&eacute;mocratique au Mexique et des syndicats am&eacute;ricains et canadiens. Quelque 120 syndicalistes, repr&eacute;sentants d&#8217;ONG et militants de la soci&eacute;t&eacute; civile canadiens &eacute;taient r&eacute;unis pour une conf&eacute;rence d&#8217;un jour sur le th&egrave;me &quot;B&acirc;tir la [&hellip;]","og_url":"https:\/\/admin.industriall-union.org\/fr\/archive\/icem\/un-seminaire-mexicain-oriente-la-solidarite-syndicale-en-amerique-du-nord\/","og_site_name":"industriall-union","article_modified_time":"2025-01-31T14:54:24+00:00","twitter_card":"summary_large_image","twitter_misc":{"Est. reading time":"4 minutes"},"schema":{"@context":"https:\/\/schema.org","@graph":[{"@type":"WebPage","@id":"https:\/\/admin.industriall-union.org\/fr\/archive\/icem\/un-seminaire-mexicain-oriente-la-solidarite-syndicale-en-amerique-du-nord\/","url":"https:\/\/admin.industriall-union.org\/fr\/archive\/icem\/un-seminaire-mexicain-oriente-la-solidarite-syndicale-en-amerique-du-nord\/","name":"Un s\u00e9minaire mexicain oriente la solidarit\u00e9 syndicale en Am\u00e9rique du Nord - industriall-union","isPartOf":{"@id":"https:\/\/admin.industriall-union.org\/#website"},"datePublished":"2010-06-28T13:28:59+00:00","dateModified":"2025-01-31T14:54:24+00:00","breadcrumb":{"@id":"https:\/\/admin.industriall-union.org\/fr\/archive\/icem\/un-seminaire-mexicain-oriente-la-solidarite-syndicale-en-amerique-du-nord\/#breadcrumb"},"inLanguage":"fr-FR","potentialAction":[{"@type":"ReadAction","target":["https:\/\/admin.industriall-union.org\/fr\/archive\/icem\/un-seminaire-mexicain-oriente-la-solidarite-syndicale-en-amerique-du-nord\/"]}]},{"@type":"BreadcrumbList","@id":"https:\/\/admin.industriall-union.org\/fr\/archive\/icem\/un-seminaire-mexicain-oriente-la-solidarite-syndicale-en-amerique-du-nord\/#breadcrumb","itemListElement":[{"@type":"ListItem","position":1,"name":"Home","item":"https:\/\/admin.industriall-union.org\/"},{"@type":"ListItem","position":2,"name":"Archive icem","item":"https:\/\/admin.industriall-union.org\/archive\/icem\/"},{"@type":"ListItem","position":3,"name":"Un s\u00e9minaire mexicain oriente la solidarit\u00e9 syndicale en Am\u00e9rique du Nord"}]},{"@type":"WebSite","@id":"https:\/\/admin.industriall-union.org\/#website","url":"https:\/\/admin.industriall-union.org\/","name":"industriall-union","description":"","potentialAction":[{"@type":"SearchAction","target":{"@type":"EntryPoint","urlTemplate":"https:\/\/admin.industriall-union.org\/?s={search_term_string}"},"query-input":{"@type":"PropertyValueSpecification","valueRequired":true,"valueName":"search_term_string"}}],"inLanguage":"fr-FR"}]}},"_links":{"self":[{"href":"https:\/\/admin.industriall-union.org\/fr\/wp-json\/wp\/v2\/archive_icem\/188589","targetHints":{"allow":["GET"]}}],"collection":[{"href":"https:\/\/admin.industriall-union.org\/fr\/wp-json\/wp\/v2\/archive_icem"}],"about":[{"href":"https:\/\/admin.industriall-union.org\/fr\/wp-json\/wp\/v2\/types\/archive_icem"}],"wp:attachment":[{"href":"https:\/\/admin.industriall-union.org\/fr\/wp-json\/wp\/v2\/media?parent=188589"}],"curies":[{"name":"wp","href":"https:\/\/api.w.org\/{rel}","templated":true}]}}

Un séminaire mexicain oriente la solidarité syndicale en Amérique du Nord

<!-- This site is optimized with the Yoast SEO Premium plugin v27.1 (Yoast SEO v27.1) - https://yoast.com/product/yoast-seo-premium-wordpress/ -->
<title>Un séminaire mexicain oriente la solidarité syndicale en Amérique du Nord - industriall-union</title>
<meta name="robots" content="index, follow, max-snippet:-1, max-image-preview:large, max-video-preview:-1" />
<link rel="canonical" href="https://admin.industriall-union.org/fr/archive/icem/un-seminaire-mexicain-oriente-la-solidarite-syndicale-en-amerique-du-nord/" />
<meta property="og:locale" content="fr_FR" />
<meta property="og:type" content="article" />
<meta property="og:title" content="Un séminaire mexicain oriente la solidarité syndicale en Amérique du Nord" />
<meta property="og:description" content="Pour la premi&egrave;re fois s&#8217;est tenu &agrave; Toronto (Canada), le 20 juin, un forum trinational r&eacute;unissant les syndicats en lutte pour l&#8217;autonomie d&eacute;mocratique au Mexique et des syndicats am&eacute;ricains et canadiens. Quelque 120 syndicalistes, repr&eacute;sentants d&#8217;ONG et militants de la soci&eacute;t&eacute; civile canadiens &eacute;taient r&eacute;unis pour une conf&eacute;rence d&#8217;un jour sur le th&egrave;me &quot;B&acirc;tir la [&hellip;]" />
<meta property="og:url" content="https://admin.industriall-union.org/fr/archive/icem/un-seminaire-mexicain-oriente-la-solidarite-syndicale-en-amerique-du-nord/" />
<meta property="og:site_name" content="industriall-union" />
<meta property="article:modified_time" content="2025-01-31T14:54:24+00:00" />
<meta name="twitter:card" content="summary_large_image" />
<meta name="twitter:label1" content="Est. reading time" />
	<meta name="twitter:data1" content="4 minutes" />
<script type="application/ld+json" class="yoast-schema-graph">{"@context":"https://schema.org","@graph":[{"@type":"WebPage","@id":"https://admin.industriall-union.org/fr/archive/icem/un-seminaire-mexicain-oriente-la-solidarite-syndicale-en-amerique-du-nord/","url":"https://admin.industriall-union.org/fr/archive/icem/un-seminaire-mexicain-oriente-la-solidarite-syndicale-en-amerique-du-nord/","name":"Un séminaire mexicain oriente la solidarité syndicale en Amérique du Nord - industriall-union","isPartOf":{"@id":"https://admin.industriall-union.org/#website"},"datePublished":"2010-06-28T13:28:59+00:00","dateModified":"2025-01-31T14:54:24+00:00","breadcrumb":{"@id":"https://admin.industriall-union.org/fr/archive/icem/un-seminaire-mexicain-oriente-la-solidarite-syndicale-en-amerique-du-nord/#breadcrumb"},"inLanguage":"fr-FR","potentialAction":[{"@type":"ReadAction","target":["https://admin.industriall-union.org/fr/archive/icem/un-seminaire-mexicain-oriente-la-solidarite-syndicale-en-amerique-du-nord/"]}]},{"@type":"BreadcrumbList","@id":"https://admin.industriall-union.org/fr/archive/icem/un-seminaire-mexicain-oriente-la-solidarite-syndicale-en-amerique-du-nord/#breadcrumb","itemListElement":[{"@type":"ListItem","position":1,"name":"Home","item":"https://admin.industriall-union.org/"},{"@type":"ListItem","position":2,"name":"Archive icem","item":"https://admin.industriall-union.org/archive/icem/"},{"@type":"ListItem","position":3,"name":"Un séminaire mexicain oriente la solidarité syndicale en Amérique du Nord"}]},{"@type":"WebSite","@id":"https://admin.industriall-union.org/#website","url":"https://admin.industriall-union.org/","name":"industriall-union","description":"","potentialAction":[{"@type":"SearchAction","target":{"@type":"EntryPoint","urlTemplate":"https://admin.industriall-union.org/?s={search_term_string}"},"query-input":{"@type":"PropertyValueSpecification","valueRequired":true,"valueName":"search_term_string"}}],"inLanguage":"fr-FR"}]}</script>
<!-- / Yoast SEO Premium plugin. -->

Un séminaire mexicain oriente la solidarité syndicale en Amérique du Nord - industriall-union
