{"id":188380,"date":"2010-07-12T13:01:45","date_gmt":"2010-07-12T13:01:45","guid":{"rendered":"https:\/\/admin.industriall-union.org\/archive\/icem\/le-comite-regional-de-l-icem-et-l-atelier-cal-se-reunissent-a-recife-au-bresil\/"},"modified":"2025-01-31T14:53:48","modified_gmt":"2025-01-31T14:53:48","slug":"le-comite-regional-de-l-icem-et-l-atelier-cal-se-reunissent-a-recife-au-bresil","status":"publish","type":"archive_icem","link":"https:\/\/admin.industriall-union.org\/fr\/archive\/icem\/le-comite-regional-de-l-icem-et-l-atelier-cal-se-reunissent-a-recife-au-bresil\/","title":{"rendered":"Le Comit\u00e9 r\u00e9gional de l\u2019ICEM et l\u2019Atelier CAL se r\u00e9unissent \u00e0 Recife au Br\u00e9sil"},"content":{"rendered":"<p align=\"center\"><img loading=\"lazy\" decoding=\"async\" src=\"\" width=\"100\" height=\"39\" alt=\"\" \/><\/p>\n<p align=\"justify\">Le Comit&eacute; r&eacute;gional de l&rsquo;ICEM pour l&rsquo;Am&eacute;rique latine et les Cara&iuml;bes s&rsquo;est r&eacute;uni le 28 juin &agrave; Recife dans le nord-est du Br&eacute;sil. Cette rencontre a &eacute;t&eacute; pr&eacute;c&eacute;d&eacute;e d&rsquo;une journ&eacute;e de r&eacute;union sur la sous-traitance et le travail int&eacute;rimaire (CAL, pour l&rsquo;acronyme anglais couramment utilis&eacute;). Elle a ensuite &eacute;t&eacute; suivie par le 6&egrave;me Congr&egrave;s statutaire de la CNQ-CUT, le syndicat de la chimie de la CUT. <br \/>\n<br \/>\nL&rsquo;atelier a &eacute;t&eacute; suivi par les affili&eacute;s de l&rsquo;ICEM du Br&eacute;sil, de l&rsquo;Argentine, de la Colombie, du Chili et de l&rsquo;Uruguay. Ils ont d&eacute;battu de la fa&ccedil;on dont la sous-traitance et le travail int&eacute;rimaire sont utilis&eacute;s pour saper l&rsquo;assise des syndicats, par exemple chez Sintracarb&oacute;n en Colombie o&ugrave; les militants syndicaux sont transf&eacute;r&eacute;s d&rsquo;emplois permanents vers ce qu&rsquo;il est convenu d&rsquo;appeler des &laquo; contrats poubelles &raquo;. Les affili&eacute;s ont &eacute;galement &eacute;voqu&eacute; le probl&egrave;me des relations de travail triangulaires au sein desquelles les travailleurs CAL ne savent plus tr&egrave;s bien qui est le responsable ultime de leurs conditions de travail. <br \/>\n<br \/>\nLes participants ont &eacute;chang&eacute; des informations sur les efforts croissants qui sont faits pour arr&ecirc;ter l&rsquo;externalisation de l&rsquo;emploi et le recours abusif &agrave; des contrats &agrave; court terme. L&rsquo;ICEM &oelig;uvre &agrave; la mise en place de r&eacute;seaux pour favoriser l&rsquo;&eacute;change d&rsquo;exp&eacute;rience et d&rsquo;information entre les affili&eacute;s. Ils ont pu partager leurs points de vue sur la mani&egrave;re d&rsquo;int&eacute;grer les questions relatives &agrave; la sous-traitance et au travail int&eacute;rimaire dans leurs politiques de d&eacute;veloppement ainsi que sur la mani&egrave;re d&rsquo;envisager de nouvelles m&eacute;thodes de recrutement syndical parmi les travailleurs CAL. Le syndicat br&eacute;silien de Petrobras a expliqu&eacute; que les deux tiers de la main d&rsquo;&oelig;uvre est maintenant employ&eacute;e sous forme de contrats &agrave; court terme ou par le biais d&rsquo;agences de recrutement et comment le syndicat &eacute;tait parvenu &agrave; obliger l&rsquo;entreprise &agrave; cr&eacute;er un fonds pour prot&eacute;ger les travailleurs contre le ch&ocirc;mage. <\/p>\n<p align=\"center\"><img loading=\"lazy\" decoding=\"async\" alt=\"\" src=\"\" width=\"266\" height=\"180\" \/><\/p>\n<p align=\"center\"><font color=\"#ff0000\">Manfred Warda et les coordinateurs de projet; de gauche &agrave; droite: Sergio Novais, Vice-Pr&eacute;sident r&eacute;gional de l&rsquo;ICEM, Ashling Seely, Manfred Warda, S&eacute;cr&eacute;taire g&eacute;n&eacute;ral de l&rsquo;ICEM, Marilane Oliveira Teixeira, Patricio Sambonino, Rosane Sasse, Elias Soares<\/font> <\/p>\n<p align=\"justify\">Le Secr&eacute;taire g&eacute;n&eacute;ral de l&rsquo;ICEM Manfred Warda a cl&ocirc;tur&eacute; la r&eacute;union en d&eacute;clarant que les gouvernements devaient &ecirc;tre conscients que les Conventions de l&rsquo;OIT s&rsquo;appliquent &eacute;galement aux travailleurs concern&eacute;s par la sous-traitance et le travail int&eacute;rimaire et que l&agrave; o&ugrave; il y a des obstacles aux droits des travailleurs CAL ils doivent &ecirc;tre &eacute;limin&eacute;s par des actions en justice. Manfred Warda a &eacute;galement &eacute;voqu&eacute; la n&eacute;cessit&eacute; de s&rsquo;opposer aux pratiques de la Banque Mondiale et de l&rsquo;IFC (la Soci&eacute;t&eacute; financi&egrave;re internationale) qui sont des organisations qui continuent &agrave; pr&eacute;coniser aupr&egrave;s des gouvernements la cr&eacute;ation de ce qu&rsquo;elles appellent des march&eacute;s du travail plus &laquo; flexibles &raquo;. Il a conclu en appelant les participants &agrave; informer l&rsquo;ICEM lorsqu&rsquo;ils sont confront&eacute;s dans les entreprises &agrave; des probl&egrave;mes li&eacute;s &agrave; la sous-traitance et au travail int&eacute;rimaire. <br \/>\n<br \/>\nLe Comit&eacute; r&eacute;gional a fait l&rsquo;&eacute;valuation des activit&eacute;s men&eacute;es dans la r&eacute;gion depuis 2008 sur base du plan strat&eacute;gique &eacute;labor&eacute; en Uruguay. Trois nouveaux syndicats ont &eacute;galement &eacute;t&eacute; ratifi&eacute;s en tant que nouveaux affili&eacute;s. Le Secr&eacute;taire g&eacute;n&eacute;ral de l&rsquo;ICEM s&rsquo;est adress&eacute; &agrave; l&rsquo;assembl&eacute;e pour parler des effets toujours d&rsquo;actualit&eacute; de la crise financi&egrave;re mondiale, en particulier en Europe. Il a &eacute;galement tenu le comit&eacute; au courant des discussions avec les autres FSI &agrave; propos de coop&eacute;rations et de la constitution de nouvelles structures internationales. <\/p>","protected":false},"featured_media":0,"template":"","class_list":["post-188380","archive_icem","type-archive_icem","status-publish","hentry"],"acf":[],"yoast_head":"<!-- This site is optimized with the Yoast SEO Premium plugin v27.1 (Yoast SEO v27.1) - https:\/\/yoast.com\/product\/yoast-seo-premium-wordpress\/ -->\n<title>Le Comit\u00e9 r\u00e9gional de l\u2019ICEM et l\u2019Atelier CAL se r\u00e9unissent \u00e0 Recife au Br\u00e9sil - industriall-union<\/title>\n<meta name=\"robots\" content=\"index, follow, max-snippet:-1, max-image-preview:large, max-video-preview:-1\" \/>\n<link rel=\"canonical\" href=\"https:\/\/admin.industriall-union.org\/fr\/archive\/icem\/le-comite-regional-de-l-icem-et-l-atelier-cal-se-reunissent-a-recife-au-bresil\/\" \/>\n<meta property=\"og:locale\" content=\"fr_FR\" \/>\n<meta property=\"og:type\" content=\"article\" \/>\n<meta property=\"og:title\" content=\"Le Comit\u00e9 r\u00e9gional de l\u2019ICEM et l\u2019Atelier CAL se r\u00e9unissent \u00e0 Recife au Br\u00e9sil\" \/>\n<meta property=\"og:description\" content=\"Le Comit&eacute; r&eacute;gional de l&rsquo;ICEM pour l&rsquo;Am&eacute;rique latine et les Cara&iuml;bes s&rsquo;est r&eacute;uni le 28 juin &agrave; Recife dans le nord-est du Br&eacute;sil. Cette rencontre a &eacute;t&eacute; pr&eacute;c&eacute;d&eacute;e d&rsquo;une journ&eacute;e de r&eacute;union sur la sous-traitance et le travail int&eacute;rimaire (CAL, pour l&rsquo;acronyme anglais couramment utilis&eacute;). Elle a ensuite &eacute;t&eacute; suivie par le 6&egrave;me Congr&egrave;s statutaire [&hellip;]\" \/>\n<meta property=\"og:url\" content=\"https:\/\/admin.industriall-union.org\/fr\/archive\/icem\/le-comite-regional-de-l-icem-et-l-atelier-cal-se-reunissent-a-recife-au-bresil\/\" \/>\n<meta property=\"og:site_name\" content=\"industriall-union\" \/>\n<meta property=\"article:modified_time\" content=\"2025-01-31T14:53:48+00:00\" \/>\n<meta name=\"twitter:card\" content=\"summary_large_image\" \/>\n<meta name=\"twitter:label1\" content=\"Est. reading time\" \/>\n\t<meta name=\"twitter:data1\" content=\"4 minutes\" \/>\n<script type=\"application\/ld+json\" class=\"yoast-schema-graph\">{\"@context\":\"https:\/\/schema.org\",\"@graph\":[{\"@type\":\"WebPage\",\"@id\":\"https:\/\/admin.industriall-union.org\/fr\/archive\/icem\/le-comite-regional-de-l-icem-et-l-atelier-cal-se-reunissent-a-recife-au-bresil\/\",\"url\":\"https:\/\/admin.industriall-union.org\/fr\/archive\/icem\/le-comite-regional-de-l-icem-et-l-atelier-cal-se-reunissent-a-recife-au-bresil\/\",\"name\":\"Le Comit\u00e9 r\u00e9gional de l\u2019ICEM et l\u2019Atelier CAL se r\u00e9unissent \u00e0 Recife au Br\u00e9sil - industriall-union\",\"isPartOf\":{\"@id\":\"https:\/\/admin.industriall-union.org\/#website\"},\"datePublished\":\"2010-07-12T13:01:45+00:00\",\"dateModified\":\"2025-01-31T14:53:48+00:00\",\"breadcrumb\":{\"@id\":\"https:\/\/admin.industriall-union.org\/fr\/archive\/icem\/le-comite-regional-de-l-icem-et-l-atelier-cal-se-reunissent-a-recife-au-bresil\/#breadcrumb\"},\"inLanguage\":\"fr-FR\",\"potentialAction\":[{\"@type\":\"ReadAction\",\"target\":[\"https:\/\/admin.industriall-union.org\/fr\/archive\/icem\/le-comite-regional-de-l-icem-et-l-atelier-cal-se-reunissent-a-recife-au-bresil\/\"]}]},{\"@type\":\"BreadcrumbList\",\"@id\":\"https:\/\/admin.industriall-union.org\/fr\/archive\/icem\/le-comite-regional-de-l-icem-et-l-atelier-cal-se-reunissent-a-recife-au-bresil\/#breadcrumb\",\"itemListElement\":[{\"@type\":\"ListItem\",\"position\":1,\"name\":\"Home\",\"item\":\"https:\/\/admin.industriall-union.org\/\"},{\"@type\":\"ListItem\",\"position\":2,\"name\":\"Archive icem\",\"item\":\"https:\/\/admin.industriall-union.org\/archive\/icem\/\"},{\"@type\":\"ListItem\",\"position\":3,\"name\":\"Le Comit\u00e9 r\u00e9gional de l\u2019ICEM et l\u2019Atelier CAL se r\u00e9unissent \u00e0 Recife au Br\u00e9sil\"}]},{\"@type\":\"WebSite\",\"@id\":\"https:\/\/admin.industriall-union.org\/#website\",\"url\":\"https:\/\/admin.industriall-union.org\/\",\"name\":\"industriall-union\",\"description\":\"\",\"potentialAction\":[{\"@type\":\"SearchAction\",\"target\":{\"@type\":\"EntryPoint\",\"urlTemplate\":\"https:\/\/admin.industriall-union.org\/?s={search_term_string}\"},\"query-input\":{\"@type\":\"PropertyValueSpecification\",\"valueRequired\":true,\"valueName\":\"search_term_string\"}}],\"inLanguage\":\"fr-FR\"}]}<\/script>\n<!-- \/ Yoast SEO Premium plugin. -->","yoast_head_json":{"title":"Le Comit\u00e9 r\u00e9gional de l\u2019ICEM et l\u2019Atelier CAL se r\u00e9unissent \u00e0 Recife au Br\u00e9sil - industriall-union","robots":{"index":"index","follow":"follow","max-snippet":"max-snippet:-1","max-image-preview":"max-image-preview:large","max-video-preview":"max-video-preview:-1"},"canonical":"https:\/\/admin.industriall-union.org\/fr\/archive\/icem\/le-comite-regional-de-l-icem-et-l-atelier-cal-se-reunissent-a-recife-au-bresil\/","og_locale":"fr_FR","og_type":"article","og_title":"Le Comit\u00e9 r\u00e9gional de l\u2019ICEM et l\u2019Atelier CAL se r\u00e9unissent \u00e0 Recife au Br\u00e9sil","og_description":"Le Comit&eacute; r&eacute;gional de l&rsquo;ICEM pour l&rsquo;Am&eacute;rique latine et les Cara&iuml;bes s&rsquo;est r&eacute;uni le 28 juin &agrave; Recife dans le nord-est du Br&eacute;sil. Cette rencontre a &eacute;t&eacute; pr&eacute;c&eacute;d&eacute;e d&rsquo;une journ&eacute;e de r&eacute;union sur la sous-traitance et le travail int&eacute;rimaire (CAL, pour l&rsquo;acronyme anglais couramment utilis&eacute;). Elle a ensuite &eacute;t&eacute; suivie par le 6&egrave;me Congr&egrave;s statutaire [&hellip;]","og_url":"https:\/\/admin.industriall-union.org\/fr\/archive\/icem\/le-comite-regional-de-l-icem-et-l-atelier-cal-se-reunissent-a-recife-au-bresil\/","og_site_name":"industriall-union","article_modified_time":"2025-01-31T14:53:48+00:00","twitter_card":"summary_large_image","twitter_misc":{"Est. reading time":"4 minutes"},"schema":{"@context":"https:\/\/schema.org","@graph":[{"@type":"WebPage","@id":"https:\/\/admin.industriall-union.org\/fr\/archive\/icem\/le-comite-regional-de-l-icem-et-l-atelier-cal-se-reunissent-a-recife-au-bresil\/","url":"https:\/\/admin.industriall-union.org\/fr\/archive\/icem\/le-comite-regional-de-l-icem-et-l-atelier-cal-se-reunissent-a-recife-au-bresil\/","name":"Le Comit\u00e9 r\u00e9gional de l\u2019ICEM et l\u2019Atelier CAL se r\u00e9unissent \u00e0 Recife au Br\u00e9sil - industriall-union","isPartOf":{"@id":"https:\/\/admin.industriall-union.org\/#website"},"datePublished":"2010-07-12T13:01:45+00:00","dateModified":"2025-01-31T14:53:48+00:00","breadcrumb":{"@id":"https:\/\/admin.industriall-union.org\/fr\/archive\/icem\/le-comite-regional-de-l-icem-et-l-atelier-cal-se-reunissent-a-recife-au-bresil\/#breadcrumb"},"inLanguage":"fr-FR","potentialAction":[{"@type":"ReadAction","target":["https:\/\/admin.industriall-union.org\/fr\/archive\/icem\/le-comite-regional-de-l-icem-et-l-atelier-cal-se-reunissent-a-recife-au-bresil\/"]}]},{"@type":"BreadcrumbList","@id":"https:\/\/admin.industriall-union.org\/fr\/archive\/icem\/le-comite-regional-de-l-icem-et-l-atelier-cal-se-reunissent-a-recife-au-bresil\/#breadcrumb","itemListElement":[{"@type":"ListItem","position":1,"name":"Home","item":"https:\/\/admin.industriall-union.org\/"},{"@type":"ListItem","position":2,"name":"Archive icem","item":"https:\/\/admin.industriall-union.org\/archive\/icem\/"},{"@type":"ListItem","position":3,"name":"Le Comit\u00e9 r\u00e9gional de l\u2019ICEM et l\u2019Atelier CAL se r\u00e9unissent \u00e0 Recife au Br\u00e9sil"}]},{"@type":"WebSite","@id":"https:\/\/admin.industriall-union.org\/#website","url":"https:\/\/admin.industriall-union.org\/","name":"industriall-union","description":"","potentialAction":[{"@type":"SearchAction","target":{"@type":"EntryPoint","urlTemplate":"https:\/\/admin.industriall-union.org\/?s={search_term_string}"},"query-input":{"@type":"PropertyValueSpecification","valueRequired":true,"valueName":"search_term_string"}}],"inLanguage":"fr-FR"}]}},"_links":{"self":[{"href":"https:\/\/admin.industriall-union.org\/fr\/wp-json\/wp\/v2\/archive_icem\/188380","targetHints":{"allow":["GET"]}}],"collection":[{"href":"https:\/\/admin.industriall-union.org\/fr\/wp-json\/wp\/v2\/archive_icem"}],"about":[{"href":"https:\/\/admin.industriall-union.org\/fr\/wp-json\/wp\/v2\/types\/archive_icem"}],"wp:attachment":[{"href":"https:\/\/admin.industriall-union.org\/fr\/wp-json\/wp\/v2\/media?parent=188380"}],"curies":[{"name":"wp","href":"https:\/\/api.w.org\/{rel}","templated":true}]}}

Le Comité régional de l’ICEM et l’Atelier CAL se réunissent à Recife au Brésil

<!-- This site is optimized with the Yoast SEO Premium plugin v27.1 (Yoast SEO v27.1) - https://yoast.com/product/yoast-seo-premium-wordpress/ -->
<title>Le Comité régional de l’ICEM et l’Atelier CAL se réunissent à Recife au Brésil - industriall-union</title>
<meta name="robots" content="index, follow, max-snippet:-1, max-image-preview:large, max-video-preview:-1" />
<link rel="canonical" href="https://admin.industriall-union.org/fr/archive/icem/le-comite-regional-de-l-icem-et-l-atelier-cal-se-reunissent-a-recife-au-bresil/" />
<meta property="og:locale" content="fr_FR" />
<meta property="og:type" content="article" />
<meta property="og:title" content="Le Comité régional de l’ICEM et l’Atelier CAL se réunissent à Recife au Brésil" />
<meta property="og:description" content="Le Comit&eacute; r&eacute;gional de l&rsquo;ICEM pour l&rsquo;Am&eacute;rique latine et les Cara&iuml;bes s&rsquo;est r&eacute;uni le 28 juin &agrave; Recife dans le nord-est du Br&eacute;sil. Cette rencontre a &eacute;t&eacute; pr&eacute;c&eacute;d&eacute;e d&rsquo;une journ&eacute;e de r&eacute;union sur la sous-traitance et le travail int&eacute;rimaire (CAL, pour l&rsquo;acronyme anglais couramment utilis&eacute;). Elle a ensuite &eacute;t&eacute; suivie par le 6&egrave;me Congr&egrave;s statutaire [&hellip;]" />
<meta property="og:url" content="https://admin.industriall-union.org/fr/archive/icem/le-comite-regional-de-l-icem-et-l-atelier-cal-se-reunissent-a-recife-au-bresil/" />
<meta property="og:site_name" content="industriall-union" />
<meta property="article:modified_time" content="2025-01-31T14:53:48+00:00" />
<meta name="twitter:card" content="summary_large_image" />
<meta name="twitter:label1" content="Est. reading time" />
	<meta name="twitter:data1" content="4 minutes" />
<script type="application/ld+json" class="yoast-schema-graph">{"@context":"https://schema.org","@graph":[{"@type":"WebPage","@id":"https://admin.industriall-union.org/fr/archive/icem/le-comite-regional-de-l-icem-et-l-atelier-cal-se-reunissent-a-recife-au-bresil/","url":"https://admin.industriall-union.org/fr/archive/icem/le-comite-regional-de-l-icem-et-l-atelier-cal-se-reunissent-a-recife-au-bresil/","name":"Le Comité régional de l’ICEM et l’Atelier CAL se réunissent à Recife au Brésil - industriall-union","isPartOf":{"@id":"https://admin.industriall-union.org/#website"},"datePublished":"2010-07-12T13:01:45+00:00","dateModified":"2025-01-31T14:53:48+00:00","breadcrumb":{"@id":"https://admin.industriall-union.org/fr/archive/icem/le-comite-regional-de-l-icem-et-l-atelier-cal-se-reunissent-a-recife-au-bresil/#breadcrumb"},"inLanguage":"fr-FR","potentialAction":[{"@type":"ReadAction","target":["https://admin.industriall-union.org/fr/archive/icem/le-comite-regional-de-l-icem-et-l-atelier-cal-se-reunissent-a-recife-au-bresil/"]}]},{"@type":"BreadcrumbList","@id":"https://admin.industriall-union.org/fr/archive/icem/le-comite-regional-de-l-icem-et-l-atelier-cal-se-reunissent-a-recife-au-bresil/#breadcrumb","itemListElement":[{"@type":"ListItem","position":1,"name":"Home","item":"https://admin.industriall-union.org/"},{"@type":"ListItem","position":2,"name":"Archive icem","item":"https://admin.industriall-union.org/archive/icem/"},{"@type":"ListItem","position":3,"name":"Le Comité régional de l’ICEM et l’Atelier CAL se réunissent à Recife au Brésil"}]},{"@type":"WebSite","@id":"https://admin.industriall-union.org/#website","url":"https://admin.industriall-union.org/","name":"industriall-union","description":"","potentialAction":[{"@type":"SearchAction","target":{"@type":"EntryPoint","urlTemplate":"https://admin.industriall-union.org/?s={search_term_string}"},"query-input":{"@type":"PropertyValueSpecification","valueRequired":true,"valueName":"search_term_string"}}],"inLanguage":"fr-FR"}]}</script>
<!-- / Yoast SEO Premium plugin. -->

Le Comité régional de l’ICEM et l’Atelier CAL se réunissent à Recife au Brésil - industriall-union
