{"id":188315,"date":"2010-07-12T14:20:58","date_gmt":"2010-07-12T14:20:58","guid":{"rendered":"https:\/\/admin.industriall-union.org\/archive\/icem\/jean-francois-renucci-devient-secretaire-general-de-la-fce-cfdt\/"},"modified":"2025-01-31T14:53:37","modified_gmt":"2025-01-31T14:53:37","slug":"jean-francois-renucci-devient-secretaire-general-de-la-fce-cfdt","status":"publish","type":"archive_icem","link":"https:\/\/admin.industriall-union.org\/fr\/archive\/icem\/jean-francois-renucci-devient-secretaire-general-de-la-fce-cfdt\/","title":{"rendered":"Jean-Fran\u00e7ois Renucci devient Secr\u00e9taire g\u00e9n\u00e9ral de la FCE-CFDT"},"content":{"rendered":"<p align=\"center\"><img loading=\"lazy\" decoding=\"async\" src=\"\" width=\"100\" height=\"39\" alt=\"\" \/><\/p>\n<p align=\"justify\">L&rsquo;affili&eacute; fran&ccedil;ais de l&rsquo;ICEM, la F&eacute;d&eacute;ration Chimie Energie de la CFDT (FCE-CFDT) a &eacute;lu Jean-Fran&ccedil;ois Renucci, 48 ans, au poste de Secr&eacute;taire g&eacute;n&eacute;ral. Il succ&egrave;de &agrave; Patrick Pierron qui se retire apr&egrave;s de longues ann&eacute;es de service et d&rsquo;engagement en faveur du mouvement syndical international. <br \/>\n<br \/>\nJean-Fran&ccedil;ois Renucci a &eacute;t&eacute; propos&eacute; &agrave; l&rsquo;unanimit&eacute; par l&rsquo;Ex&eacute;cutif f&eacute;d&eacute;ral et ensuite &eacute;lu par le Comit&eacute; directeur f&eacute;d&eacute;ral. Renucci a d&eacute;but&eacute; dans ses nouvelles fonctions le premier juin et devient le troisi&egrave;me Secr&eacute;taire g&eacute;n&eacute;ral de la F&eacute;d&eacute;ration. <br \/>\n<br \/>\nLa FCE-CFDT d&eacute;crit son nouveau Secr&eacute;taire g&eacute;n&eacute;ral comme un syndicaliste d&eacute;vou&eacute; poss&eacute;dant toute la d&eacute;termination et l&rsquo;exp&eacute;rience pour mener les actions de la f&eacute;d&eacute;ration dans ces temps difficiles de troubles financiers, de mondialisation et de conditions sociales en perp&eacute;tuelle &eacute;volution. <\/p>\n<p align=\"center\"><img loading=\"lazy\" decoding=\"async\" alt=\"\" src=\"\" width=\"197\" height=\"222\" \/><\/p>\n<p align=\"center\"><font color=\"#ff0000\">Jean-Fran&ccedil;ois Renucci<\/font><\/p>\n<p align=\"justify\">Jean-Fran&ccedil;ois consid&egrave;re le dialogue social comme la cl&eacute; des efforts &agrave; mener pour am&eacute;liorer les conditions de vie et les droits des travailleurs, individuellement et collectivement. Selon le nouveau secr&eacute;taire g&eacute;n&eacute;ral, la n&eacute;gociation collective est le seul moyen d&rsquo;assurer un traitement &eacute;quitable pour les salari&eacute;s des petites, moyennes et grandes entreprises. Jean-Fran&ccedil;ois a &eacute;t&eacute; impliqu&eacute; dans la n&eacute;gociation de conventions collectives de tous les secteurs et &agrave; tout niveau, local, national et international et il a constamment consid&eacute;r&eacute; le respect mutuel et la confiance comme des facteurs essentiels de la r&eacute;ussite de la n&eacute;gociation collective. <br \/>\n<br \/>\nJean-Fran&ccedil;ois a fait de la communication et du d&eacute;bat participatif une priorit&eacute; dans le cadre d&rsquo;un processus de d&eacute;cision efficace et de d&eacute;mocratie interne de la F&eacute;d&eacute;ration. Il esp&egrave;re qu&rsquo;en changeant de Secr&eacute;taire g&eacute;n&eacute;ral l&rsquo;organisation de changera pas de ligne ni de direction mais donnera un nouvel &eacute;lan &agrave; la mise en &oelig;uvre des d&eacute;cisions prises collectivement. <br \/>\n<br \/>\nL&rsquo;ICEM remercie Patrick Pierron et lui rend hommage &agrave; l&rsquo;occasion de son d&eacute;part et f&eacute;licite Jean-Fran&ccedil;ois Renucci. <\/p>","protected":false},"featured_media":0,"template":"","class_list":["post-188315","archive_icem","type-archive_icem","status-publish","hentry"],"acf":[],"yoast_head":"<!-- This site is optimized with the Yoast SEO Premium plugin v27.1 (Yoast SEO v27.1) - https:\/\/yoast.com\/product\/yoast-seo-premium-wordpress\/ -->\n<title>Jean-Fran\u00e7ois Renucci devient Secr\u00e9taire g\u00e9n\u00e9ral de la FCE-CFDT - industriall-union<\/title>\n<meta name=\"robots\" content=\"index, follow, max-snippet:-1, max-image-preview:large, max-video-preview:-1\" \/>\n<link rel=\"canonical\" href=\"https:\/\/admin.industriall-union.org\/fr\/archive\/icem\/jean-francois-renucci-devient-secretaire-general-de-la-fce-cfdt\/\" \/>\n<meta property=\"og:locale\" content=\"fr_FR\" \/>\n<meta property=\"og:type\" content=\"article\" \/>\n<meta property=\"og:title\" content=\"Jean-Fran\u00e7ois Renucci devient Secr\u00e9taire g\u00e9n\u00e9ral de la FCE-CFDT\" \/>\n<meta property=\"og:description\" content=\"L&rsquo;affili&eacute; fran&ccedil;ais de l&rsquo;ICEM, la F&eacute;d&eacute;ration Chimie Energie de la CFDT (FCE-CFDT) a &eacute;lu Jean-Fran&ccedil;ois Renucci, 48 ans, au poste de Secr&eacute;taire g&eacute;n&eacute;ral. Il succ&egrave;de &agrave; Patrick Pierron qui se retire apr&egrave;s de longues ann&eacute;es de service et d&rsquo;engagement en faveur du mouvement syndical international. Jean-Fran&ccedil;ois Renucci a &eacute;t&eacute; propos&eacute; &agrave; l&rsquo;unanimit&eacute; par l&rsquo;Ex&eacute;cutif f&eacute;d&eacute;ral [&hellip;]\" \/>\n<meta property=\"og:url\" content=\"https:\/\/admin.industriall-union.org\/fr\/archive\/icem\/jean-francois-renucci-devient-secretaire-general-de-la-fce-cfdt\/\" \/>\n<meta property=\"og:site_name\" content=\"industriall-union\" \/>\n<meta property=\"article:modified_time\" content=\"2025-01-31T14:53:37+00:00\" \/>\n<meta name=\"twitter:card\" content=\"summary_large_image\" \/>\n<meta name=\"twitter:label1\" content=\"Est. reading time\" \/>\n\t<meta name=\"twitter:data1\" content=\"2 minutes\" \/>\n<script type=\"application\/ld+json\" class=\"yoast-schema-graph\">{\"@context\":\"https:\/\/schema.org\",\"@graph\":[{\"@type\":\"WebPage\",\"@id\":\"https:\/\/admin.industriall-union.org\/fr\/archive\/icem\/jean-francois-renucci-devient-secretaire-general-de-la-fce-cfdt\/\",\"url\":\"https:\/\/admin.industriall-union.org\/fr\/archive\/icem\/jean-francois-renucci-devient-secretaire-general-de-la-fce-cfdt\/\",\"name\":\"Jean-Fran\u00e7ois Renucci devient Secr\u00e9taire g\u00e9n\u00e9ral de la FCE-CFDT - industriall-union\",\"isPartOf\":{\"@id\":\"https:\/\/admin.industriall-union.org\/#website\"},\"datePublished\":\"2010-07-12T14:20:58+00:00\",\"dateModified\":\"2025-01-31T14:53:37+00:00\",\"breadcrumb\":{\"@id\":\"https:\/\/admin.industriall-union.org\/fr\/archive\/icem\/jean-francois-renucci-devient-secretaire-general-de-la-fce-cfdt\/#breadcrumb\"},\"inLanguage\":\"fr-FR\",\"potentialAction\":[{\"@type\":\"ReadAction\",\"target\":[\"https:\/\/admin.industriall-union.org\/fr\/archive\/icem\/jean-francois-renucci-devient-secretaire-general-de-la-fce-cfdt\/\"]}]},{\"@type\":\"BreadcrumbList\",\"@id\":\"https:\/\/admin.industriall-union.org\/fr\/archive\/icem\/jean-francois-renucci-devient-secretaire-general-de-la-fce-cfdt\/#breadcrumb\",\"itemListElement\":[{\"@type\":\"ListItem\",\"position\":1,\"name\":\"Home\",\"item\":\"https:\/\/admin.industriall-union.org\/\"},{\"@type\":\"ListItem\",\"position\":2,\"name\":\"Archive icem\",\"item\":\"https:\/\/admin.industriall-union.org\/archive\/icem\/\"},{\"@type\":\"ListItem\",\"position\":3,\"name\":\"Jean-Fran\u00e7ois Renucci devient Secr\u00e9taire g\u00e9n\u00e9ral de la FCE-CFDT\"}]},{\"@type\":\"WebSite\",\"@id\":\"https:\/\/admin.industriall-union.org\/#website\",\"url\":\"https:\/\/admin.industriall-union.org\/\",\"name\":\"industriall-union\",\"description\":\"\",\"potentialAction\":[{\"@type\":\"SearchAction\",\"target\":{\"@type\":\"EntryPoint\",\"urlTemplate\":\"https:\/\/admin.industriall-union.org\/?s={search_term_string}\"},\"query-input\":{\"@type\":\"PropertyValueSpecification\",\"valueRequired\":true,\"valueName\":\"search_term_string\"}}],\"inLanguage\":\"fr-FR\"}]}<\/script>\n<!-- \/ Yoast SEO Premium plugin. -->","yoast_head_json":{"title":"Jean-Fran\u00e7ois Renucci devient Secr\u00e9taire g\u00e9n\u00e9ral de la FCE-CFDT - industriall-union","robots":{"index":"index","follow":"follow","max-snippet":"max-snippet:-1","max-image-preview":"max-image-preview:large","max-video-preview":"max-video-preview:-1"},"canonical":"https:\/\/admin.industriall-union.org\/fr\/archive\/icem\/jean-francois-renucci-devient-secretaire-general-de-la-fce-cfdt\/","og_locale":"fr_FR","og_type":"article","og_title":"Jean-Fran\u00e7ois Renucci devient Secr\u00e9taire g\u00e9n\u00e9ral de la FCE-CFDT","og_description":"L&rsquo;affili&eacute; fran&ccedil;ais de l&rsquo;ICEM, la F&eacute;d&eacute;ration Chimie Energie de la CFDT (FCE-CFDT) a &eacute;lu Jean-Fran&ccedil;ois Renucci, 48 ans, au poste de Secr&eacute;taire g&eacute;n&eacute;ral. Il succ&egrave;de &agrave; Patrick Pierron qui se retire apr&egrave;s de longues ann&eacute;es de service et d&rsquo;engagement en faveur du mouvement syndical international. Jean-Fran&ccedil;ois Renucci a &eacute;t&eacute; propos&eacute; &agrave; l&rsquo;unanimit&eacute; par l&rsquo;Ex&eacute;cutif f&eacute;d&eacute;ral [&hellip;]","og_url":"https:\/\/admin.industriall-union.org\/fr\/archive\/icem\/jean-francois-renucci-devient-secretaire-general-de-la-fce-cfdt\/","og_site_name":"industriall-union","article_modified_time":"2025-01-31T14:53:37+00:00","twitter_card":"summary_large_image","twitter_misc":{"Est. reading time":"2 minutes"},"schema":{"@context":"https:\/\/schema.org","@graph":[{"@type":"WebPage","@id":"https:\/\/admin.industriall-union.org\/fr\/archive\/icem\/jean-francois-renucci-devient-secretaire-general-de-la-fce-cfdt\/","url":"https:\/\/admin.industriall-union.org\/fr\/archive\/icem\/jean-francois-renucci-devient-secretaire-general-de-la-fce-cfdt\/","name":"Jean-Fran\u00e7ois Renucci devient Secr\u00e9taire g\u00e9n\u00e9ral de la FCE-CFDT - industriall-union","isPartOf":{"@id":"https:\/\/admin.industriall-union.org\/#website"},"datePublished":"2010-07-12T14:20:58+00:00","dateModified":"2025-01-31T14:53:37+00:00","breadcrumb":{"@id":"https:\/\/admin.industriall-union.org\/fr\/archive\/icem\/jean-francois-renucci-devient-secretaire-general-de-la-fce-cfdt\/#breadcrumb"},"inLanguage":"fr-FR","potentialAction":[{"@type":"ReadAction","target":["https:\/\/admin.industriall-union.org\/fr\/archive\/icem\/jean-francois-renucci-devient-secretaire-general-de-la-fce-cfdt\/"]}]},{"@type":"BreadcrumbList","@id":"https:\/\/admin.industriall-union.org\/fr\/archive\/icem\/jean-francois-renucci-devient-secretaire-general-de-la-fce-cfdt\/#breadcrumb","itemListElement":[{"@type":"ListItem","position":1,"name":"Home","item":"https:\/\/admin.industriall-union.org\/"},{"@type":"ListItem","position":2,"name":"Archive icem","item":"https:\/\/admin.industriall-union.org\/archive\/icem\/"},{"@type":"ListItem","position":3,"name":"Jean-Fran\u00e7ois Renucci devient Secr\u00e9taire g\u00e9n\u00e9ral de la FCE-CFDT"}]},{"@type":"WebSite","@id":"https:\/\/admin.industriall-union.org\/#website","url":"https:\/\/admin.industriall-union.org\/","name":"industriall-union","description":"","potentialAction":[{"@type":"SearchAction","target":{"@type":"EntryPoint","urlTemplate":"https:\/\/admin.industriall-union.org\/?s={search_term_string}"},"query-input":{"@type":"PropertyValueSpecification","valueRequired":true,"valueName":"search_term_string"}}],"inLanguage":"fr-FR"}]}},"_links":{"self":[{"href":"https:\/\/admin.industriall-union.org\/fr\/wp-json\/wp\/v2\/archive_icem\/188315","targetHints":{"allow":["GET"]}}],"collection":[{"href":"https:\/\/admin.industriall-union.org\/fr\/wp-json\/wp\/v2\/archive_icem"}],"about":[{"href":"https:\/\/admin.industriall-union.org\/fr\/wp-json\/wp\/v2\/types\/archive_icem"}],"wp:attachment":[{"href":"https:\/\/admin.industriall-union.org\/fr\/wp-json\/wp\/v2\/media?parent=188315"}],"curies":[{"name":"wp","href":"https:\/\/api.w.org\/{rel}","templated":true}]}}

Jean-François Renucci devient Secrétaire général de la FCE-CFDT

<!-- This site is optimized with the Yoast SEO Premium plugin v27.1 (Yoast SEO v27.1) - https://yoast.com/product/yoast-seo-premium-wordpress/ -->
<title>Jean-François Renucci devient Secrétaire général de la FCE-CFDT - industriall-union</title>
<meta name="robots" content="index, follow, max-snippet:-1, max-image-preview:large, max-video-preview:-1" />
<link rel="canonical" href="https://admin.industriall-union.org/fr/archive/icem/jean-francois-renucci-devient-secretaire-general-de-la-fce-cfdt/" />
<meta property="og:locale" content="fr_FR" />
<meta property="og:type" content="article" />
<meta property="og:title" content="Jean-François Renucci devient Secrétaire général de la FCE-CFDT" />
<meta property="og:description" content="L&rsquo;affili&eacute; fran&ccedil;ais de l&rsquo;ICEM, la F&eacute;d&eacute;ration Chimie Energie de la CFDT (FCE-CFDT) a &eacute;lu Jean-Fran&ccedil;ois Renucci, 48 ans, au poste de Secr&eacute;taire g&eacute;n&eacute;ral. Il succ&egrave;de &agrave; Patrick Pierron qui se retire apr&egrave;s de longues ann&eacute;es de service et d&rsquo;engagement en faveur du mouvement syndical international. Jean-Fran&ccedil;ois Renucci a &eacute;t&eacute; propos&eacute; &agrave; l&rsquo;unanimit&eacute; par l&rsquo;Ex&eacute;cutif f&eacute;d&eacute;ral [&hellip;]" />
<meta property="og:url" content="https://admin.industriall-union.org/fr/archive/icem/jean-francois-renucci-devient-secretaire-general-de-la-fce-cfdt/" />
<meta property="og:site_name" content="industriall-union" />
<meta property="article:modified_time" content="2025-01-31T14:53:37+00:00" />
<meta name="twitter:card" content="summary_large_image" />
<meta name="twitter:label1" content="Est. reading time" />
	<meta name="twitter:data1" content="2 minutes" />
<script type="application/ld+json" class="yoast-schema-graph">{"@context":"https://schema.org","@graph":[{"@type":"WebPage","@id":"https://admin.industriall-union.org/fr/archive/icem/jean-francois-renucci-devient-secretaire-general-de-la-fce-cfdt/","url":"https://admin.industriall-union.org/fr/archive/icem/jean-francois-renucci-devient-secretaire-general-de-la-fce-cfdt/","name":"Jean-François Renucci devient Secrétaire général de la FCE-CFDT - industriall-union","isPartOf":{"@id":"https://admin.industriall-union.org/#website"},"datePublished":"2010-07-12T14:20:58+00:00","dateModified":"2025-01-31T14:53:37+00:00","breadcrumb":{"@id":"https://admin.industriall-union.org/fr/archive/icem/jean-francois-renucci-devient-secretaire-general-de-la-fce-cfdt/#breadcrumb"},"inLanguage":"fr-FR","potentialAction":[{"@type":"ReadAction","target":["https://admin.industriall-union.org/fr/archive/icem/jean-francois-renucci-devient-secretaire-general-de-la-fce-cfdt/"]}]},{"@type":"BreadcrumbList","@id":"https://admin.industriall-union.org/fr/archive/icem/jean-francois-renucci-devient-secretaire-general-de-la-fce-cfdt/#breadcrumb","itemListElement":[{"@type":"ListItem","position":1,"name":"Home","item":"https://admin.industriall-union.org/"},{"@type":"ListItem","position":2,"name":"Archive icem","item":"https://admin.industriall-union.org/archive/icem/"},{"@type":"ListItem","position":3,"name":"Jean-François Renucci devient Secrétaire général de la FCE-CFDT"}]},{"@type":"WebSite","@id":"https://admin.industriall-union.org/#website","url":"https://admin.industriall-union.org/","name":"industriall-union","description":"","potentialAction":[{"@type":"SearchAction","target":{"@type":"EntryPoint","urlTemplate":"https://admin.industriall-union.org/?s={search_term_string}"},"query-input":{"@type":"PropertyValueSpecification","valueRequired":true,"valueName":"search_term_string"}}],"inLanguage":"fr-FR"}]}</script>
<!-- / Yoast SEO Premium plugin. -->

Jean-François Renucci devient Secrétaire général de la FCE-CFDT - industriall-union
