{"id":186653,"date":"2010-10-18T17:03:30","date_gmt":"2010-10-18T17:03:30","guid":{"rendered":"https:\/\/admin.industriall-union.org\/archive\/icem\/l-039-icem-et-la-csc-belge-organisent-un-atelier-sur-le-travail-decent-au-senegal\/"},"modified":"2025-01-31T14:46:39","modified_gmt":"2025-01-31T14:46:39","slug":"l-039-icem-et-la-csc-belge-organisent-un-atelier-sur-le-travail-decent-au-senegal","status":"publish","type":"archive_icem","link":"https:\/\/admin.industriall-union.org\/fr\/archive\/icem\/l-039-icem-et-la-csc-belge-organisent-un-atelier-sur-le-travail-decent-au-senegal\/","title":{"rendered":"L&#039;ICEM et la CSC belge organisent un Atelier sur le travail d\u00e9cent au S\u00e9n\u00e9gal"},"content":{"rendered":"<p align=\"center\"><img loading=\"lazy\" decoding=\"async\" src=\"\" width=\"100\" height=\"39\" alt=\"\" \/><\/p>\n<p align=\"justify\">Les 7 et 8 octobre, l&#8217;ICEM a organis&eacute; un atelier sur le travail d&eacute;cent &agrave; Dakar, au S&eacute;n&eacute;gal, avec le concours de la centrale syndicale nationale Union d&eacute;mocratique des travailleurs du S&eacute;n&eacute;gal (UDTS) et de notre affili&eacute;, le Syndicat unique des travailleurs des industries diverses du S&eacute;n&eacute;gal (SUTIDS). Cette activit&eacute; &eacute;tait parrain&eacute;e par la CSC Belgique et le Vice-pr&eacute;sident de l&#8217;ICEM Alfons de Potter &eacute;tait un des animateurs de la r&eacute;union. <br \/>\n<br \/>\n&quot;Nous profitons de l&#8217;exp&eacute;rience de la Belgique dans les discussions sur les probl&egrave;mes d&#8217;emploi,&quot; a d&eacute;clar&eacute; le Secr&eacute;taire g&eacute;n&eacute;ral du SUTIDS, Seyni Mbaye Ndiaye. &quot;Ce pays est tr&egrave;s avanc&eacute; en mati&egrave;re sociale.&quot; <\/p>\n<p align=\"center\"><img loading=\"lazy\" decoding=\"async\" alt=\"\" src=\"\" width=\"150\" height=\"69\" \/><\/p>\n<p align=\"justify\">Au S&eacute;n&eacute;gal, l&#8217;accent est mis sur le travail d&eacute;cent pour combattre la pauvret&eacute; et trouver une solution &agrave; l&#8217;exclusion sociale. La priorit&eacute; est de cr&eacute;er de l&#8217;emploi pour tous, assorti d&#8217;une protection sociale. Cela exige un dialogue social et le respect des normes internationales du travail. Le S&eacute;n&eacute;gal a promulgu&eacute; un d&eacute;cret r&eacute;glementant le travail temporaire. Quoi qu&#8217;il en soit, les syndicats ont le devoir de contr&ocirc;ler la l&eacute;gislation. Le pays s&#8217;est dot&eacute; d&#8217;un programme national de promotion du travail d&eacute;cent. <br \/>\n<br \/>\nLe SUTIDS a un programme bilat&eacute;ral de renforcement des capacit&eacute;s avec la CSC belge. L&#8217;atelier sur le travail d&eacute;cent &eacute;tait pr&eacute;c&eacute;d&eacute; d&#8217;un atelier r&eacute;gional de deux jours pour les femmes des pays de l&#8217;Afrique de l&#8217;Ouest francophone, qui a conclu que l&#8217;ICEM doit faire davantage pour renforcer l&#8217;action syndicale dans l&#8217;&eacute;conomie informelle. Des syndicats de Mauritanie, du Togo, du B&eacute;nin, du Burkina Faso, de C&ocirc;te-d&#8217;Ivoire, de R&eacute;publique d&eacute;mocratique du Congo (RDC), du S&eacute;n&eacute;gal et de Roumanie &eacute;taient repr&eacute;sent&eacute;s. Ils ont &eacute;galement invit&eacute; l&#8217;ICEM &agrave; faire pression sur les cha&icirc;nes de production &agrave; l&#8217;int&eacute;rieur de la RDC pour qu&#8217;il soit mis fin &agrave; la violence contre les femmes et aux viols au Kivu. <br \/>\n<br \/>\nLa r&eacute;union s&#8217;est achev&eacute;e sur une conf&eacute;rence de presse. <\/p>","protected":false},"featured_media":0,"template":"","class_list":["post-186653","archive_icem","type-archive_icem","status-publish","hentry"],"acf":[],"yoast_head":"<!-- This site is optimized with the Yoast SEO Premium plugin v27.1 (Yoast SEO v27.1) - https:\/\/yoast.com\/product\/yoast-seo-premium-wordpress\/ -->\n<title>L&#039;ICEM et la CSC belge organisent un Atelier sur le travail d\u00e9cent au S\u00e9n\u00e9gal - industriall-union<\/title>\n<meta name=\"robots\" content=\"index, follow, max-snippet:-1, max-image-preview:large, max-video-preview:-1\" \/>\n<link rel=\"canonical\" href=\"https:\/\/admin.industriall-union.org\/fr\/archive\/icem\/l-039-icem-et-la-csc-belge-organisent-un-atelier-sur-le-travail-decent-au-senegal\/\" \/>\n<meta property=\"og:locale\" content=\"fr_FR\" \/>\n<meta property=\"og:type\" content=\"article\" \/>\n<meta property=\"og:title\" content=\"L&#039;ICEM et la CSC belge organisent un Atelier sur le travail d\u00e9cent au S\u00e9n\u00e9gal\" \/>\n<meta property=\"og:description\" content=\"Les 7 et 8 octobre, l&#8217;ICEM a organis&eacute; un atelier sur le travail d&eacute;cent &agrave; Dakar, au S&eacute;n&eacute;gal, avec le concours de la centrale syndicale nationale Union d&eacute;mocratique des travailleurs du S&eacute;n&eacute;gal (UDTS) et de notre affili&eacute;, le Syndicat unique des travailleurs des industries diverses du S&eacute;n&eacute;gal (SUTIDS). Cette activit&eacute; &eacute;tait parrain&eacute;e par la CSC [&hellip;]\" \/>\n<meta property=\"og:url\" content=\"https:\/\/admin.industriall-union.org\/fr\/archive\/icem\/l-039-icem-et-la-csc-belge-organisent-un-atelier-sur-le-travail-decent-au-senegal\/\" \/>\n<meta property=\"og:site_name\" content=\"industriall-union\" \/>\n<meta property=\"article:modified_time\" content=\"2025-01-31T14:46:39+00:00\" \/>\n<meta name=\"twitter:card\" content=\"summary_large_image\" \/>\n<meta name=\"twitter:label1\" content=\"Est. reading time\" \/>\n\t<meta name=\"twitter:data1\" content=\"2 minutes\" \/>\n<script type=\"application\/ld+json\" class=\"yoast-schema-graph\">{\"@context\":\"https:\/\/schema.org\",\"@graph\":[{\"@type\":\"WebPage\",\"@id\":\"https:\/\/admin.industriall-union.org\/fr\/archive\/icem\/l-039-icem-et-la-csc-belge-organisent-un-atelier-sur-le-travail-decent-au-senegal\/\",\"url\":\"https:\/\/admin.industriall-union.org\/fr\/archive\/icem\/l-039-icem-et-la-csc-belge-organisent-un-atelier-sur-le-travail-decent-au-senegal\/\",\"name\":\"L&#039;ICEM et la CSC belge organisent un Atelier sur le travail d\u00e9cent au S\u00e9n\u00e9gal - industriall-union\",\"isPartOf\":{\"@id\":\"https:\/\/admin.industriall-union.org\/#website\"},\"datePublished\":\"2010-10-18T17:03:30+00:00\",\"dateModified\":\"2025-01-31T14:46:39+00:00\",\"breadcrumb\":{\"@id\":\"https:\/\/admin.industriall-union.org\/fr\/archive\/icem\/l-039-icem-et-la-csc-belge-organisent-un-atelier-sur-le-travail-decent-au-senegal\/#breadcrumb\"},\"inLanguage\":\"fr-FR\",\"potentialAction\":[{\"@type\":\"ReadAction\",\"target\":[\"https:\/\/admin.industriall-union.org\/fr\/archive\/icem\/l-039-icem-et-la-csc-belge-organisent-un-atelier-sur-le-travail-decent-au-senegal\/\"]}]},{\"@type\":\"BreadcrumbList\",\"@id\":\"https:\/\/admin.industriall-union.org\/fr\/archive\/icem\/l-039-icem-et-la-csc-belge-organisent-un-atelier-sur-le-travail-decent-au-senegal\/#breadcrumb\",\"itemListElement\":[{\"@type\":\"ListItem\",\"position\":1,\"name\":\"Home\",\"item\":\"https:\/\/admin.industriall-union.org\/\"},{\"@type\":\"ListItem\",\"position\":2,\"name\":\"Archive icem\",\"item\":\"https:\/\/admin.industriall-union.org\/archive\/icem\/\"},{\"@type\":\"ListItem\",\"position\":3,\"name\":\"L&#039;ICEM et la CSC belge organisent un Atelier sur le travail d\u00e9cent au S\u00e9n\u00e9gal\"}]},{\"@type\":\"WebSite\",\"@id\":\"https:\/\/admin.industriall-union.org\/#website\",\"url\":\"https:\/\/admin.industriall-union.org\/\",\"name\":\"industriall-union\",\"description\":\"\",\"potentialAction\":[{\"@type\":\"SearchAction\",\"target\":{\"@type\":\"EntryPoint\",\"urlTemplate\":\"https:\/\/admin.industriall-union.org\/?s={search_term_string}\"},\"query-input\":{\"@type\":\"PropertyValueSpecification\",\"valueRequired\":true,\"valueName\":\"search_term_string\"}}],\"inLanguage\":\"fr-FR\"}]}<\/script>\n<!-- \/ Yoast SEO Premium plugin. -->","yoast_head_json":{"title":"L&#039;ICEM et la CSC belge organisent un Atelier sur le travail d\u00e9cent au S\u00e9n\u00e9gal - industriall-union","robots":{"index":"index","follow":"follow","max-snippet":"max-snippet:-1","max-image-preview":"max-image-preview:large","max-video-preview":"max-video-preview:-1"},"canonical":"https:\/\/admin.industriall-union.org\/fr\/archive\/icem\/l-039-icem-et-la-csc-belge-organisent-un-atelier-sur-le-travail-decent-au-senegal\/","og_locale":"fr_FR","og_type":"article","og_title":"L&#039;ICEM et la CSC belge organisent un Atelier sur le travail d\u00e9cent au S\u00e9n\u00e9gal","og_description":"Les 7 et 8 octobre, l&#8217;ICEM a organis&eacute; un atelier sur le travail d&eacute;cent &agrave; Dakar, au S&eacute;n&eacute;gal, avec le concours de la centrale syndicale nationale Union d&eacute;mocratique des travailleurs du S&eacute;n&eacute;gal (UDTS) et de notre affili&eacute;, le Syndicat unique des travailleurs des industries diverses du S&eacute;n&eacute;gal (SUTIDS). Cette activit&eacute; &eacute;tait parrain&eacute;e par la CSC [&hellip;]","og_url":"https:\/\/admin.industriall-union.org\/fr\/archive\/icem\/l-039-icem-et-la-csc-belge-organisent-un-atelier-sur-le-travail-decent-au-senegal\/","og_site_name":"industriall-union","article_modified_time":"2025-01-31T14:46:39+00:00","twitter_card":"summary_large_image","twitter_misc":{"Est. reading time":"2 minutes"},"schema":{"@context":"https:\/\/schema.org","@graph":[{"@type":"WebPage","@id":"https:\/\/admin.industriall-union.org\/fr\/archive\/icem\/l-039-icem-et-la-csc-belge-organisent-un-atelier-sur-le-travail-decent-au-senegal\/","url":"https:\/\/admin.industriall-union.org\/fr\/archive\/icem\/l-039-icem-et-la-csc-belge-organisent-un-atelier-sur-le-travail-decent-au-senegal\/","name":"L&#039;ICEM et la CSC belge organisent un Atelier sur le travail d\u00e9cent au S\u00e9n\u00e9gal - industriall-union","isPartOf":{"@id":"https:\/\/admin.industriall-union.org\/#website"},"datePublished":"2010-10-18T17:03:30+00:00","dateModified":"2025-01-31T14:46:39+00:00","breadcrumb":{"@id":"https:\/\/admin.industriall-union.org\/fr\/archive\/icem\/l-039-icem-et-la-csc-belge-organisent-un-atelier-sur-le-travail-decent-au-senegal\/#breadcrumb"},"inLanguage":"fr-FR","potentialAction":[{"@type":"ReadAction","target":["https:\/\/admin.industriall-union.org\/fr\/archive\/icem\/l-039-icem-et-la-csc-belge-organisent-un-atelier-sur-le-travail-decent-au-senegal\/"]}]},{"@type":"BreadcrumbList","@id":"https:\/\/admin.industriall-union.org\/fr\/archive\/icem\/l-039-icem-et-la-csc-belge-organisent-un-atelier-sur-le-travail-decent-au-senegal\/#breadcrumb","itemListElement":[{"@type":"ListItem","position":1,"name":"Home","item":"https:\/\/admin.industriall-union.org\/"},{"@type":"ListItem","position":2,"name":"Archive icem","item":"https:\/\/admin.industriall-union.org\/archive\/icem\/"},{"@type":"ListItem","position":3,"name":"L&#039;ICEM et la CSC belge organisent un Atelier sur le travail d\u00e9cent au S\u00e9n\u00e9gal"}]},{"@type":"WebSite","@id":"https:\/\/admin.industriall-union.org\/#website","url":"https:\/\/admin.industriall-union.org\/","name":"industriall-union","description":"","potentialAction":[{"@type":"SearchAction","target":{"@type":"EntryPoint","urlTemplate":"https:\/\/admin.industriall-union.org\/?s={search_term_string}"},"query-input":{"@type":"PropertyValueSpecification","valueRequired":true,"valueName":"search_term_string"}}],"inLanguage":"fr-FR"}]}},"_links":{"self":[{"href":"https:\/\/admin.industriall-union.org\/fr\/wp-json\/wp\/v2\/archive_icem\/186653","targetHints":{"allow":["GET"]}}],"collection":[{"href":"https:\/\/admin.industriall-union.org\/fr\/wp-json\/wp\/v2\/archive_icem"}],"about":[{"href":"https:\/\/admin.industriall-union.org\/fr\/wp-json\/wp\/v2\/types\/archive_icem"}],"wp:attachment":[{"href":"https:\/\/admin.industriall-union.org\/fr\/wp-json\/wp\/v2\/media?parent=186653"}],"curies":[{"name":"wp","href":"https:\/\/api.w.org\/{rel}","templated":true}]}}

L&#039;ICEM et la CSC belge organisent un Atelier sur le travail décent au Sénégal

<!-- This site is optimized with the Yoast SEO Premium plugin v27.1 (Yoast SEO v27.1) - https://yoast.com/product/yoast-seo-premium-wordpress/ -->
<title>L&#039;ICEM et la CSC belge organisent un Atelier sur le travail décent au Sénégal - industriall-union</title>
<meta name="robots" content="index, follow, max-snippet:-1, max-image-preview:large, max-video-preview:-1" />
<link rel="canonical" href="https://admin.industriall-union.org/fr/archive/icem/l-039-icem-et-la-csc-belge-organisent-un-atelier-sur-le-travail-decent-au-senegal/" />
<meta property="og:locale" content="fr_FR" />
<meta property="og:type" content="article" />
<meta property="og:title" content="L&#039;ICEM et la CSC belge organisent un Atelier sur le travail décent au Sénégal" />
<meta property="og:description" content="Les 7 et 8 octobre, l&#8217;ICEM a organis&eacute; un atelier sur le travail d&eacute;cent &agrave; Dakar, au S&eacute;n&eacute;gal, avec le concours de la centrale syndicale nationale Union d&eacute;mocratique des travailleurs du S&eacute;n&eacute;gal (UDTS) et de notre affili&eacute;, le Syndicat unique des travailleurs des industries diverses du S&eacute;n&eacute;gal (SUTIDS). Cette activit&eacute; &eacute;tait parrain&eacute;e par la CSC [&hellip;]" />
<meta property="og:url" content="https://admin.industriall-union.org/fr/archive/icem/l-039-icem-et-la-csc-belge-organisent-un-atelier-sur-le-travail-decent-au-senegal/" />
<meta property="og:site_name" content="industriall-union" />
<meta property="article:modified_time" content="2025-01-31T14:46:39+00:00" />
<meta name="twitter:card" content="summary_large_image" />
<meta name="twitter:label1" content="Est. reading time" />
	<meta name="twitter:data1" content="2 minutes" />
<script type="application/ld+json" class="yoast-schema-graph">{"@context":"https://schema.org","@graph":[{"@type":"WebPage","@id":"https://admin.industriall-union.org/fr/archive/icem/l-039-icem-et-la-csc-belge-organisent-un-atelier-sur-le-travail-decent-au-senegal/","url":"https://admin.industriall-union.org/fr/archive/icem/l-039-icem-et-la-csc-belge-organisent-un-atelier-sur-le-travail-decent-au-senegal/","name":"L&#039;ICEM et la CSC belge organisent un Atelier sur le travail décent au Sénégal - industriall-union","isPartOf":{"@id":"https://admin.industriall-union.org/#website"},"datePublished":"2010-10-18T17:03:30+00:00","dateModified":"2025-01-31T14:46:39+00:00","breadcrumb":{"@id":"https://admin.industriall-union.org/fr/archive/icem/l-039-icem-et-la-csc-belge-organisent-un-atelier-sur-le-travail-decent-au-senegal/#breadcrumb"},"inLanguage":"fr-FR","potentialAction":[{"@type":"ReadAction","target":["https://admin.industriall-union.org/fr/archive/icem/l-039-icem-et-la-csc-belge-organisent-un-atelier-sur-le-travail-decent-au-senegal/"]}]},{"@type":"BreadcrumbList","@id":"https://admin.industriall-union.org/fr/archive/icem/l-039-icem-et-la-csc-belge-organisent-un-atelier-sur-le-travail-decent-au-senegal/#breadcrumb","itemListElement":[{"@type":"ListItem","position":1,"name":"Home","item":"https://admin.industriall-union.org/"},{"@type":"ListItem","position":2,"name":"Archive icem","item":"https://admin.industriall-union.org/archive/icem/"},{"@type":"ListItem","position":3,"name":"L&#039;ICEM et la CSC belge organisent un Atelier sur le travail décent au Sénégal"}]},{"@type":"WebSite","@id":"https://admin.industriall-union.org/#website","url":"https://admin.industriall-union.org/","name":"industriall-union","description":"","potentialAction":[{"@type":"SearchAction","target":{"@type":"EntryPoint","urlTemplate":"https://admin.industriall-union.org/?s={search_term_string}"},"query-input":{"@type":"PropertyValueSpecification","valueRequired":true,"valueName":"search_term_string"}}],"inLanguage":"fr-FR"}]}</script>
<!-- / Yoast SEO Premium plugin. -->

L&#039;ICEM et la CSC belge organisent un Atelier sur le travail décent au Sénégal - industriall-union
