{"id":186491,"date":"2010-11-01T14:37:55","date_gmt":"2010-11-01T14:37:55","guid":{"rendered":"https:\/\/admin.industriall-union.org\/archive\/icem\/licenciement-du-leader-du-syndicat-de-cols-blancs-pemex-au-mexique\/"},"modified":"2025-01-31T14:46:16","modified_gmt":"2025-01-31T14:46:16","slug":"licenciement-du-leader-du-syndicat-de-cols-blancs-pemex-au-mexique","status":"publish","type":"archive_icem","link":"https:\/\/admin.industriall-union.org\/fr\/archive\/icem\/licenciement-du-leader-du-syndicat-de-cols-blancs-pemex-au-mexique\/","title":{"rendered":"Licenciement du leader du syndicat de cols-blancs PEMEX au Mexique"},"content":{"rendered":"<p align=\"center\"><img loading=\"lazy\" decoding=\"async\" src=\"\" width=\"100\" height=\"39\" alt=\"\" \/><\/p>\n<p align=\"justify\">Les 30.000 techniciens et cadres de la compagnie p&eacute;troli&egrave;re d&#8217;&Eacute;tat mexicaine PEMEX sont toujours victimes d&#8217;oppression et, le 22 octobre, le Secr&eacute;taire g&eacute;n&eacute;ral de la section locale 1 du Syndicat national des techniciens et cadres du p&eacute;trole (UNTyPP) a &eacute;t&eacute; mis &agrave; la &quot;retraite forc&eacute;e&quot;. <br \/>\n<br \/>\nLe licenciement de Mois&eacute;s Flores Salmer&oacute;n, &agrave; Coatacoalcos, dans l&#8217;&Eacute;tat de Vera Cruz, est clairement une tentative d&#8217;intimidation des travailleurs pour bloquer la syndicalisation. Il a &eacute;t&eacute; avis&eacute; de sa &quot;mise &agrave; la retraite&quot; par le directeur des relations du travail de PEMEX, Francisco Javier Ramirez Rodriguez, sans qu&#8217;il y ait eu de proc&eacute;dure disciplinaire et, comble de l&#8217;ironie, neuf jours apr&egrave;s les propos tenus par le P-DG de PEMEX devant la Chambre des d&eacute;put&eacute;s, le 13 octobre, disant qu&#8217;il reconnaissait et respectait l&#8217;UNTyPP. <br \/>\n<br \/>\nLe personnel col-blanc de la PEMEX affili&eacute; &agrave; l&#8217;UNTyPP a obtenu la reconnaissance de son syndicat le 19 d&eacute;cembre apr&egrave;s plusieurs ann&eacute;es de lutte. Apr&egrave;s cette victoire l&eacute;gale du syndicat, qui s&#8217;est concr&eacute;tis&eacute;e par son homologation par le Secr&eacute;tariat du travail et du bien-&ecirc;tre social &agrave; l&#8217;enregistrement des associations (STPS), ses membres ont &eacute;t&eacute; inform&eacute;s par la direction que, s&#8217;ils voulaient conserver leur emploi, ils devraient signer deux documents, l&#8217;un demandant le retrait de l&#8217;homologation et l&#8217;autre annon&ccedil;ant leur d&eacute;mission du syndicat. <\/p>\n<p align=\"center\"><img loading=\"lazy\" decoding=\"async\" alt=\"\" src=\"\" width=\"110\" height=\"109\" \/><\/p>\n<p align=\"justify\">Ceux qui ont refus&eacute;, ainsi que les recruteurs de l&#8217;UNTyPP et tous les membres de son Comit&eacute; ex&eacute;cutif national, ont &eacute;t&eacute; licenci&eacute;s et expuls&eacute;s sans m&eacute;nagement de leur lieu de travail par des paramilitaires. <br \/>\n<br \/>\nUne campagne mondiale lanc&eacute;e en mars 2010 pour faire pression sur la Chambre des d&eacute;put&eacute;s du Mexique, a permis d&#8217;obtenir quelques r&eacute;int&eacute;grations et de timides avanc&eacute;es dans les n&eacute;gociations, bien que la direction de PEMEX pr&eacute;f&egrave;re dialoguer avec le syndicat corrompu STPRM avec lequel elle a conclu des &quot;contrats de protection&quot;. <br \/>\n<br \/>\nC&#8217;est la deuxi&egrave;me fois que Mois&eacute;s Flores Salmer&oacute;n est licenci&eacute; par la PEMEX pour activit&eacute; syndicale. La premi&egrave;re fois en 2007, avant d&#8217;&ecirc;tre r&eacute;int&eacute;gr&eacute; l&#8217;ann&eacute;e derni&egrave;re. <br \/>\n<br \/>\nAu Mexique toujours, la F&eacute;d&eacute;ration internationale des organisations de travailleurs de la m&eacute;tallurgie (FIOM) a organis&eacute; une r&eacute;union de strat&eacute;gie sur le renforcement syndical, &agrave; Mexico les 13-14 octobre, pour rechercher les moyens de construire une force syndicale d&eacute;mocratique dans le pays. Cette r&eacute;union, &agrave; laquelle participait l&#8217;ICEM, s&#8217;inscrivait dans la foul&eacute;e du <a href=\"\/fr\/78-ICEM-InBrief\/3882-Un-s\u00e9minaire-mexicain-oriente-la-solidarit\u00e9-syndicale-en-Am\u00e9rique-du-Nord-\"><font color=\"#ff0000\"><strong>s&eacute;minaire sur le Mexique<\/strong><\/font><\/a> du 20 juin &agrave; Toronto. L&#8217;ICEM a propos&eacute; d&#8217;organiser des journ&eacute;es d&#8217;action dans les ambassades du Mexique et une visite guid&eacute;e de syndicalistes mexicains aux &Eacute;tats-Unis et au Canada. <\/p>","protected":false},"featured_media":0,"template":"","class_list":["post-186491","archive_icem","type-archive_icem","status-publish","hentry"],"acf":[],"yoast_head":"<!-- This site is optimized with the Yoast SEO Premium plugin v27.1 (Yoast SEO v27.1) - https:\/\/yoast.com\/product\/yoast-seo-premium-wordpress\/ -->\n<title>Licenciement du leader du syndicat de cols-blancs PEMEX au Mexique - industriall-union<\/title>\n<meta name=\"robots\" content=\"index, follow, max-snippet:-1, max-image-preview:large, max-video-preview:-1\" \/>\n<link rel=\"canonical\" href=\"https:\/\/admin.industriall-union.org\/fr\/archive\/icem\/licenciement-du-leader-du-syndicat-de-cols-blancs-pemex-au-mexique\/\" \/>\n<meta property=\"og:locale\" content=\"fr_FR\" \/>\n<meta property=\"og:type\" content=\"article\" \/>\n<meta property=\"og:title\" content=\"Licenciement du leader du syndicat de cols-blancs PEMEX au Mexique\" \/>\n<meta property=\"og:description\" content=\"Les 30.000 techniciens et cadres de la compagnie p&eacute;troli&egrave;re d&#8217;&Eacute;tat mexicaine PEMEX sont toujours victimes d&#8217;oppression et, le 22 octobre, le Secr&eacute;taire g&eacute;n&eacute;ral de la section locale 1 du Syndicat national des techniciens et cadres du p&eacute;trole (UNTyPP) a &eacute;t&eacute; mis &agrave; la &quot;retraite forc&eacute;e&quot;. Le licenciement de Mois&eacute;s Flores Salmer&oacute;n, &agrave; Coatacoalcos, dans l&#8217;&Eacute;tat [&hellip;]\" \/>\n<meta property=\"og:url\" content=\"https:\/\/admin.industriall-union.org\/fr\/archive\/icem\/licenciement-du-leader-du-syndicat-de-cols-blancs-pemex-au-mexique\/\" \/>\n<meta property=\"og:site_name\" content=\"industriall-union\" \/>\n<meta property=\"article:modified_time\" content=\"2025-01-31T14:46:16+00:00\" \/>\n<meta name=\"twitter:card\" content=\"summary_large_image\" \/>\n<meta name=\"twitter:label1\" content=\"Est. reading time\" \/>\n\t<meta name=\"twitter:data1\" content=\"3 minutes\" \/>\n<script type=\"application\/ld+json\" class=\"yoast-schema-graph\">{\"@context\":\"https:\/\/schema.org\",\"@graph\":[{\"@type\":\"WebPage\",\"@id\":\"https:\/\/admin.industriall-union.org\/fr\/archive\/icem\/licenciement-du-leader-du-syndicat-de-cols-blancs-pemex-au-mexique\/\",\"url\":\"https:\/\/admin.industriall-union.org\/fr\/archive\/icem\/licenciement-du-leader-du-syndicat-de-cols-blancs-pemex-au-mexique\/\",\"name\":\"Licenciement du leader du syndicat de cols-blancs PEMEX au Mexique - industriall-union\",\"isPartOf\":{\"@id\":\"https:\/\/admin.industriall-union.org\/#website\"},\"datePublished\":\"2010-11-01T14:37:55+00:00\",\"dateModified\":\"2025-01-31T14:46:16+00:00\",\"breadcrumb\":{\"@id\":\"https:\/\/admin.industriall-union.org\/fr\/archive\/icem\/licenciement-du-leader-du-syndicat-de-cols-blancs-pemex-au-mexique\/#breadcrumb\"},\"inLanguage\":\"fr-FR\",\"potentialAction\":[{\"@type\":\"ReadAction\",\"target\":[\"https:\/\/admin.industriall-union.org\/fr\/archive\/icem\/licenciement-du-leader-du-syndicat-de-cols-blancs-pemex-au-mexique\/\"]}]},{\"@type\":\"BreadcrumbList\",\"@id\":\"https:\/\/admin.industriall-union.org\/fr\/archive\/icem\/licenciement-du-leader-du-syndicat-de-cols-blancs-pemex-au-mexique\/#breadcrumb\",\"itemListElement\":[{\"@type\":\"ListItem\",\"position\":1,\"name\":\"Home\",\"item\":\"https:\/\/admin.industriall-union.org\/\"},{\"@type\":\"ListItem\",\"position\":2,\"name\":\"Archive icem\",\"item\":\"https:\/\/admin.industriall-union.org\/archive\/icem\/\"},{\"@type\":\"ListItem\",\"position\":3,\"name\":\"Licenciement du leader du syndicat de cols-blancs PEMEX au Mexique\"}]},{\"@type\":\"WebSite\",\"@id\":\"https:\/\/admin.industriall-union.org\/#website\",\"url\":\"https:\/\/admin.industriall-union.org\/\",\"name\":\"industriall-union\",\"description\":\"\",\"potentialAction\":[{\"@type\":\"SearchAction\",\"target\":{\"@type\":\"EntryPoint\",\"urlTemplate\":\"https:\/\/admin.industriall-union.org\/?s={search_term_string}\"},\"query-input\":{\"@type\":\"PropertyValueSpecification\",\"valueRequired\":true,\"valueName\":\"search_term_string\"}}],\"inLanguage\":\"fr-FR\"}]}<\/script>\n<!-- \/ Yoast SEO Premium plugin. -->","yoast_head_json":{"title":"Licenciement du leader du syndicat de cols-blancs PEMEX au Mexique - industriall-union","robots":{"index":"index","follow":"follow","max-snippet":"max-snippet:-1","max-image-preview":"max-image-preview:large","max-video-preview":"max-video-preview:-1"},"canonical":"https:\/\/admin.industriall-union.org\/fr\/archive\/icem\/licenciement-du-leader-du-syndicat-de-cols-blancs-pemex-au-mexique\/","og_locale":"fr_FR","og_type":"article","og_title":"Licenciement du leader du syndicat de cols-blancs PEMEX au Mexique","og_description":"Les 30.000 techniciens et cadres de la compagnie p&eacute;troli&egrave;re d&#8217;&Eacute;tat mexicaine PEMEX sont toujours victimes d&#8217;oppression et, le 22 octobre, le Secr&eacute;taire g&eacute;n&eacute;ral de la section locale 1 du Syndicat national des techniciens et cadres du p&eacute;trole (UNTyPP) a &eacute;t&eacute; mis &agrave; la &quot;retraite forc&eacute;e&quot;. Le licenciement de Mois&eacute;s Flores Salmer&oacute;n, &agrave; Coatacoalcos, dans l&#8217;&Eacute;tat [&hellip;]","og_url":"https:\/\/admin.industriall-union.org\/fr\/archive\/icem\/licenciement-du-leader-du-syndicat-de-cols-blancs-pemex-au-mexique\/","og_site_name":"industriall-union","article_modified_time":"2025-01-31T14:46:16+00:00","twitter_card":"summary_large_image","twitter_misc":{"Est. reading time":"3 minutes"},"schema":{"@context":"https:\/\/schema.org","@graph":[{"@type":"WebPage","@id":"https:\/\/admin.industriall-union.org\/fr\/archive\/icem\/licenciement-du-leader-du-syndicat-de-cols-blancs-pemex-au-mexique\/","url":"https:\/\/admin.industriall-union.org\/fr\/archive\/icem\/licenciement-du-leader-du-syndicat-de-cols-blancs-pemex-au-mexique\/","name":"Licenciement du leader du syndicat de cols-blancs PEMEX au Mexique - industriall-union","isPartOf":{"@id":"https:\/\/admin.industriall-union.org\/#website"},"datePublished":"2010-11-01T14:37:55+00:00","dateModified":"2025-01-31T14:46:16+00:00","breadcrumb":{"@id":"https:\/\/admin.industriall-union.org\/fr\/archive\/icem\/licenciement-du-leader-du-syndicat-de-cols-blancs-pemex-au-mexique\/#breadcrumb"},"inLanguage":"fr-FR","potentialAction":[{"@type":"ReadAction","target":["https:\/\/admin.industriall-union.org\/fr\/archive\/icem\/licenciement-du-leader-du-syndicat-de-cols-blancs-pemex-au-mexique\/"]}]},{"@type":"BreadcrumbList","@id":"https:\/\/admin.industriall-union.org\/fr\/archive\/icem\/licenciement-du-leader-du-syndicat-de-cols-blancs-pemex-au-mexique\/#breadcrumb","itemListElement":[{"@type":"ListItem","position":1,"name":"Home","item":"https:\/\/admin.industriall-union.org\/"},{"@type":"ListItem","position":2,"name":"Archive icem","item":"https:\/\/admin.industriall-union.org\/archive\/icem\/"},{"@type":"ListItem","position":3,"name":"Licenciement du leader du syndicat de cols-blancs PEMEX au Mexique"}]},{"@type":"WebSite","@id":"https:\/\/admin.industriall-union.org\/#website","url":"https:\/\/admin.industriall-union.org\/","name":"industriall-union","description":"","potentialAction":[{"@type":"SearchAction","target":{"@type":"EntryPoint","urlTemplate":"https:\/\/admin.industriall-union.org\/?s={search_term_string}"},"query-input":{"@type":"PropertyValueSpecification","valueRequired":true,"valueName":"search_term_string"}}],"inLanguage":"fr-FR"}]}},"_links":{"self":[{"href":"https:\/\/admin.industriall-union.org\/fr\/wp-json\/wp\/v2\/archive_icem\/186491","targetHints":{"allow":["GET"]}}],"collection":[{"href":"https:\/\/admin.industriall-union.org\/fr\/wp-json\/wp\/v2\/archive_icem"}],"about":[{"href":"https:\/\/admin.industriall-union.org\/fr\/wp-json\/wp\/v2\/types\/archive_icem"}],"wp:attachment":[{"href":"https:\/\/admin.industriall-union.org\/fr\/wp-json\/wp\/v2\/media?parent=186491"}],"curies":[{"name":"wp","href":"https:\/\/api.w.org\/{rel}","templated":true}]}}

<p align="center"><img loading="lazy" decoding="async" src="" width="100" height="39" alt="" /></p>
<p align="justify">Les 30.000 techniciens et cadres de la compagnie p&eacute;troli&egrave;re d&#8217;&Eacute;tat mexicaine PEMEX sont toujours victimes d&#8217;oppression et, le 22 octobre, le Secr&eacute;taire g&eacute;n&eacute;ral de la section locale 1 du Syndicat national des techniciens et cadres du p&eacute;trole (UNTyPP) a &eacute;t&eacute; mis &agrave; la &quot;retraite forc&eacute;e&quot;. <br />
<br />
Le licenciement de Mois&eacute;s Flores Salmer&oacute;n, &agrave; Coatacoalcos, dans l&#8217;&Eacute;tat de Vera Cruz, est clairement une tentative d&#8217;intimidation des travailleurs pour bloquer la syndicalisation. Il a &eacute;t&eacute; avis&eacute; de sa &quot;mise &agrave; la retraite&quot; par le directeur des relations du travail de PEMEX, Francisco Javier Ramirez Rodriguez, sans qu&#8217;il y ait eu de proc&eacute;dure disciplinaire et, comble de l&#8217;ironie, neuf jours apr&egrave;s les propos tenus par le P-DG de PEMEX devant la Chambre des d&eacute;put&eacute;s, le 13 octobre, disant qu&#8217;il reconnaissait et respectait l&#8217;UNTyPP. <br />
<br />
Le personnel col-blanc de la PEMEX affili&eacute; &agrave; l&#8217;UNTyPP a obtenu la reconnaissance de son syndicat le 19 d&eacute;cembre apr&egrave;s plusieurs ann&eacute;es de lutte. Apr&egrave;s cette victoire l&eacute;gale du syndicat, qui s&#8217;est concr&eacute;tis&eacute;e par son homologation par le Secr&eacute;tariat du travail et du bien-&ecirc;tre social &agrave; l&#8217;enregistrement des associations (STPS), ses membres ont &eacute;t&eacute; inform&eacute;s par la direction que, s&#8217;ils voulaient conserver leur emploi, ils devraient signer deux documents, l&#8217;un demandant le retrait de l&#8217;homologation et l&#8217;autre annon&ccedil;ant leur d&eacute;mission du syndicat. </p>
<p align="center"><img loading="lazy" decoding="async" alt="" src="" width="110" height="109" /></p>
<p align="justify">Ceux qui ont refus&eacute;, ainsi que les recruteurs de l&#8217;UNTyPP et tous les membres de son Comit&eacute; ex&eacute;cutif national, ont &eacute;t&eacute; licenci&eacute;s et expuls&eacute;s sans m&eacute;nagement de leur lieu de travail par des paramilitaires. <br />
<br />
Une campagne mondiale lanc&eacute;e en mars 2010 pour faire pression sur la Chambre des d&eacute;put&eacute;s du Mexique, a permis d&#8217;obtenir quelques r&eacute;int&eacute;grations et de timides avanc&eacute;es dans les n&eacute;gociations, bien que la direction de PEMEX pr&eacute;f&egrave;re dialoguer avec le syndicat corrompu STPRM avec lequel elle a conclu des &quot;contrats de protection&quot;. <br />
<br />
C&#8217;est la deuxi&egrave;me fois que Mois&eacute;s Flores Salmer&oacute;n est licenci&eacute; par la PEMEX pour activit&eacute; syndicale. La premi&egrave;re fois en 2007, avant d&#8217;&ecirc;tre r&eacute;int&eacute;gr&eacute; l&#8217;ann&eacute;e derni&egrave;re. <br />
<br />
Au Mexique toujours, la F&eacute;d&eacute;ration internationale des organisations de travailleurs de la m&eacute;tallurgie (FIOM) a organis&eacute; une r&eacute;union de strat&eacute;gie sur le renforcement syndical, &agrave; Mexico les 13-14 octobre, pour rechercher les moyens de construire une force syndicale d&eacute;mocratique dans le pays. Cette r&eacute;union, &agrave; laquelle participait l&#8217;ICEM, s&#8217;inscrivait dans la foul&eacute;e du <a href="/fr/78-ICEM-InBrief/3882-Un-séminaire-mexicain-oriente-la-solidarité-syndicale-en-Amérique-du-Nord-"><font color="#ff0000"><strong>s&eacute;minaire sur le Mexique</strong></font></a> du 20 juin &agrave; Toronto. L&#8217;ICEM a propos&eacute; d&#8217;organiser des journ&eacute;es d&#8217;action dans les ambassades du Mexique et une visite guid&eacute;e de syndicalistes mexicains aux &Eacute;tats-Unis et au Canada. </p>
