{"id":186446,"date":"2010-11-01T16:40:33","date_gmt":"2010-11-01T16:40:33","guid":{"rendered":"https:\/\/admin.industriall-union.org\/archive\/icem\/le-mouvement-syndical-endeuille-par-le-deces-de-marcelino-camacho-des-cc-oo-espagnoles\/"},"modified":"2025-01-31T14:46:06","modified_gmt":"2025-01-31T14:46:06","slug":"le-mouvement-syndical-endeuille-par-le-deces-de-marcelino-camacho-des-cc-oo-espagnoles","status":"publish","type":"archive_icem","link":"https:\/\/admin.industriall-union.org\/fr\/archive\/icem\/le-mouvement-syndical-endeuille-par-le-deces-de-marcelino-camacho-des-cc-oo-espagnoles\/","title":{"rendered":"Le mouvement syndical endeuill\u00e9 par le d\u00e9c\u00e8s de Marcelino Camacho des CC.OO espagnoles"},"content":{"rendered":"<p align=\"center\"><img loading=\"lazy\" decoding=\"async\" src=\"\" width=\"100\" height=\"39\" alt=\"\" \/><\/p>\n<p align=\"justify\">Notre affili&eacute; espagnol Confederaci&oacute;n Sindical de Comisiones Obreras (CC.OO) a annonc&eacute; le d&eacute;c&egrave;s de son Secr&eacute;taire g&eacute;n&eacute;ral, Marcelino Camacho, survenu vendredi dernier, 29 octobre. <br \/>\n<br \/>\nMarcelino Camacho, &acirc;g&eacute; de 92 ans, &eacute;tait une figure symbolique des droits syndicaux et de la d&eacute;mocratie en Espagne; il avait consacr&eacute; sa vie &agrave; la lutte pour les d&eacute;favoris&eacute;s, pour la justice et la solidarit&eacute;. <br \/>\n<br \/>\nFils de cheminot, Marcelino Camacho fut un combattant de la libert&eacute; et des droits des travailleurs d&egrave;s son plus jeune &acirc;ge. Opposant &agrave; la dictature franquiste de 1939 &agrave; 1975, il a pass&eacute; en tout 14 ans en prison et en camp de concentration, ainsi que plusieurs ann&eacute;es d&#8217;exil en Alg&eacute;rie, et fut un v&eacute;ritable h&eacute;ros de la classe ouvri&egrave;re. <\/p>\n<p align=\"center\"><img loading=\"lazy\" decoding=\"async\" alt=\"\" src=\"\" width=\"160\" height=\"160\" \/><\/p>\n<p align=\"center\"><font color=\"#ff0000\">Marcelino Camacho<\/font><\/p>\n<p align=\"justify\">&Agrave; la fin des ann&eacute;es 1950, Marcelino Camacho et ses camarades ont cr&eacute;&eacute; les CC.OO, devenues depuis le plus grand syndicat d&#8217;Espagne. Il a &eacute;t&eacute; &eacute;lu Secr&eacute;taire g&eacute;n&eacute;ral &agrave; son premier congr&egrave;s, en juin 1978, et r&eacute;&eacute;lu aux deuxi&egrave;me et troisi&egrave;me congr&egrave;s. <br \/>\n<br \/>\nIl &eacute;tait membre du Parti communiste espagnol et a &eacute;t&eacute; &eacute;lu au parlement espagnol lors des premi&egrave;res &eacute;lections d&eacute;mocratiques de 1977, &agrave; la suite de la chute du r&eacute;gime franquiste. Il a renonc&eacute; &agrave; son si&egrave;ge de d&eacute;put&eacute; en 1981 pour se consacrer au syndicalisme. <br \/>\n<br \/>\nAyant d&eacute;missionn&eacute; du poste de Secr&eacute;taire g&eacute;n&eacute;ral au 4e congr&egrave;s des CC.OO, Marcelino Camacho a &eacute;t&eacute; &eacute;lu &agrave; sa pr&eacute;sidence, poste qu&#8217;il a occup&eacute; jusqu&#8217;en 1996. <br \/>\n<br \/>\nLe r&ocirc;le majeur qu&#8217;il a jou&eacute; lui a valu de nombreux honneurs et distinctions, en Espagne comme &agrave; l&#8217;&eacute;tranger. <\/p>","protected":false},"featured_media":0,"template":"","class_list":["post-186446","archive_icem","type-archive_icem","status-publish","hentry"],"acf":[],"yoast_head":"<!-- This site is optimized with the Yoast SEO Premium plugin v27.1 (Yoast SEO v27.1) - https:\/\/yoast.com\/product\/yoast-seo-premium-wordpress\/ -->\n<title>Le mouvement syndical endeuill\u00e9 par le d\u00e9c\u00e8s de Marcelino Camacho des CC.OO espagnoles - industriall-union<\/title>\n<meta name=\"robots\" content=\"index, follow, max-snippet:-1, max-image-preview:large, max-video-preview:-1\" \/>\n<link rel=\"canonical\" href=\"https:\/\/admin.industriall-union.org\/fr\/archive\/icem\/le-mouvement-syndical-endeuille-par-le-deces-de-marcelino-camacho-des-cc-oo-espagnoles\/\" \/>\n<meta property=\"og:locale\" content=\"fr_FR\" \/>\n<meta property=\"og:type\" content=\"article\" \/>\n<meta property=\"og:title\" content=\"Le mouvement syndical endeuill\u00e9 par le d\u00e9c\u00e8s de Marcelino Camacho des CC.OO espagnoles\" \/>\n<meta property=\"og:description\" content=\"Notre affili&eacute; espagnol Confederaci&oacute;n Sindical de Comisiones Obreras (CC.OO) a annonc&eacute; le d&eacute;c&egrave;s de son Secr&eacute;taire g&eacute;n&eacute;ral, Marcelino Camacho, survenu vendredi dernier, 29 octobre. Marcelino Camacho, &acirc;g&eacute; de 92 ans, &eacute;tait une figure symbolique des droits syndicaux et de la d&eacute;mocratie en Espagne; il avait consacr&eacute; sa vie &agrave; la lutte pour les d&eacute;favoris&eacute;s, pour [&hellip;]\" \/>\n<meta property=\"og:url\" content=\"https:\/\/admin.industriall-union.org\/fr\/archive\/icem\/le-mouvement-syndical-endeuille-par-le-deces-de-marcelino-camacho-des-cc-oo-espagnoles\/\" \/>\n<meta property=\"og:site_name\" content=\"industriall-union\" \/>\n<meta property=\"article:modified_time\" content=\"2025-01-31T14:46:06+00:00\" \/>\n<meta name=\"twitter:card\" content=\"summary_large_image\" \/>\n<meta name=\"twitter:label1\" content=\"Est. reading time\" \/>\n\t<meta name=\"twitter:data1\" content=\"2 minutes\" \/>\n<script type=\"application\/ld+json\" class=\"yoast-schema-graph\">{\"@context\":\"https:\/\/schema.org\",\"@graph\":[{\"@type\":\"WebPage\",\"@id\":\"https:\/\/admin.industriall-union.org\/fr\/archive\/icem\/le-mouvement-syndical-endeuille-par-le-deces-de-marcelino-camacho-des-cc-oo-espagnoles\/\",\"url\":\"https:\/\/admin.industriall-union.org\/fr\/archive\/icem\/le-mouvement-syndical-endeuille-par-le-deces-de-marcelino-camacho-des-cc-oo-espagnoles\/\",\"name\":\"Le mouvement syndical endeuill\u00e9 par le d\u00e9c\u00e8s de Marcelino Camacho des CC.OO espagnoles - industriall-union\",\"isPartOf\":{\"@id\":\"https:\/\/admin.industriall-union.org\/#website\"},\"datePublished\":\"2010-11-01T16:40:33+00:00\",\"dateModified\":\"2025-01-31T14:46:06+00:00\",\"breadcrumb\":{\"@id\":\"https:\/\/admin.industriall-union.org\/fr\/archive\/icem\/le-mouvement-syndical-endeuille-par-le-deces-de-marcelino-camacho-des-cc-oo-espagnoles\/#breadcrumb\"},\"inLanguage\":\"fr-FR\",\"potentialAction\":[{\"@type\":\"ReadAction\",\"target\":[\"https:\/\/admin.industriall-union.org\/fr\/archive\/icem\/le-mouvement-syndical-endeuille-par-le-deces-de-marcelino-camacho-des-cc-oo-espagnoles\/\"]}]},{\"@type\":\"BreadcrumbList\",\"@id\":\"https:\/\/admin.industriall-union.org\/fr\/archive\/icem\/le-mouvement-syndical-endeuille-par-le-deces-de-marcelino-camacho-des-cc-oo-espagnoles\/#breadcrumb\",\"itemListElement\":[{\"@type\":\"ListItem\",\"position\":1,\"name\":\"Home\",\"item\":\"https:\/\/admin.industriall-union.org\/\"},{\"@type\":\"ListItem\",\"position\":2,\"name\":\"Archive icem\",\"item\":\"https:\/\/admin.industriall-union.org\/archive\/icem\/\"},{\"@type\":\"ListItem\",\"position\":3,\"name\":\"Le mouvement syndical endeuill\u00e9 par le d\u00e9c\u00e8s de Marcelino Camacho des CC.OO espagnoles\"}]},{\"@type\":\"WebSite\",\"@id\":\"https:\/\/admin.industriall-union.org\/#website\",\"url\":\"https:\/\/admin.industriall-union.org\/\",\"name\":\"industriall-union\",\"description\":\"\",\"potentialAction\":[{\"@type\":\"SearchAction\",\"target\":{\"@type\":\"EntryPoint\",\"urlTemplate\":\"https:\/\/admin.industriall-union.org\/?s={search_term_string}\"},\"query-input\":{\"@type\":\"PropertyValueSpecification\",\"valueRequired\":true,\"valueName\":\"search_term_string\"}}],\"inLanguage\":\"fr-FR\"}]}<\/script>\n<!-- \/ Yoast SEO Premium plugin. -->","yoast_head_json":{"title":"Le mouvement syndical endeuill\u00e9 par le d\u00e9c\u00e8s de Marcelino Camacho des CC.OO espagnoles - industriall-union","robots":{"index":"index","follow":"follow","max-snippet":"max-snippet:-1","max-image-preview":"max-image-preview:large","max-video-preview":"max-video-preview:-1"},"canonical":"https:\/\/admin.industriall-union.org\/fr\/archive\/icem\/le-mouvement-syndical-endeuille-par-le-deces-de-marcelino-camacho-des-cc-oo-espagnoles\/","og_locale":"fr_FR","og_type":"article","og_title":"Le mouvement syndical endeuill\u00e9 par le d\u00e9c\u00e8s de Marcelino Camacho des CC.OO espagnoles","og_description":"Notre affili&eacute; espagnol Confederaci&oacute;n Sindical de Comisiones Obreras (CC.OO) a annonc&eacute; le d&eacute;c&egrave;s de son Secr&eacute;taire g&eacute;n&eacute;ral, Marcelino Camacho, survenu vendredi dernier, 29 octobre. Marcelino Camacho, &acirc;g&eacute; de 92 ans, &eacute;tait une figure symbolique des droits syndicaux et de la d&eacute;mocratie en Espagne; il avait consacr&eacute; sa vie &agrave; la lutte pour les d&eacute;favoris&eacute;s, pour [&hellip;]","og_url":"https:\/\/admin.industriall-union.org\/fr\/archive\/icem\/le-mouvement-syndical-endeuille-par-le-deces-de-marcelino-camacho-des-cc-oo-espagnoles\/","og_site_name":"industriall-union","article_modified_time":"2025-01-31T14:46:06+00:00","twitter_card":"summary_large_image","twitter_misc":{"Est. reading time":"2 minutes"},"schema":{"@context":"https:\/\/schema.org","@graph":[{"@type":"WebPage","@id":"https:\/\/admin.industriall-union.org\/fr\/archive\/icem\/le-mouvement-syndical-endeuille-par-le-deces-de-marcelino-camacho-des-cc-oo-espagnoles\/","url":"https:\/\/admin.industriall-union.org\/fr\/archive\/icem\/le-mouvement-syndical-endeuille-par-le-deces-de-marcelino-camacho-des-cc-oo-espagnoles\/","name":"Le mouvement syndical endeuill\u00e9 par le d\u00e9c\u00e8s de Marcelino Camacho des CC.OO espagnoles - industriall-union","isPartOf":{"@id":"https:\/\/admin.industriall-union.org\/#website"},"datePublished":"2010-11-01T16:40:33+00:00","dateModified":"2025-01-31T14:46:06+00:00","breadcrumb":{"@id":"https:\/\/admin.industriall-union.org\/fr\/archive\/icem\/le-mouvement-syndical-endeuille-par-le-deces-de-marcelino-camacho-des-cc-oo-espagnoles\/#breadcrumb"},"inLanguage":"fr-FR","potentialAction":[{"@type":"ReadAction","target":["https:\/\/admin.industriall-union.org\/fr\/archive\/icem\/le-mouvement-syndical-endeuille-par-le-deces-de-marcelino-camacho-des-cc-oo-espagnoles\/"]}]},{"@type":"BreadcrumbList","@id":"https:\/\/admin.industriall-union.org\/fr\/archive\/icem\/le-mouvement-syndical-endeuille-par-le-deces-de-marcelino-camacho-des-cc-oo-espagnoles\/#breadcrumb","itemListElement":[{"@type":"ListItem","position":1,"name":"Home","item":"https:\/\/admin.industriall-union.org\/"},{"@type":"ListItem","position":2,"name":"Archive icem","item":"https:\/\/admin.industriall-union.org\/archive\/icem\/"},{"@type":"ListItem","position":3,"name":"Le mouvement syndical endeuill\u00e9 par le d\u00e9c\u00e8s de Marcelino Camacho des CC.OO espagnoles"}]},{"@type":"WebSite","@id":"https:\/\/admin.industriall-union.org\/#website","url":"https:\/\/admin.industriall-union.org\/","name":"industriall-union","description":"","potentialAction":[{"@type":"SearchAction","target":{"@type":"EntryPoint","urlTemplate":"https:\/\/admin.industriall-union.org\/?s={search_term_string}"},"query-input":{"@type":"PropertyValueSpecification","valueRequired":true,"valueName":"search_term_string"}}],"inLanguage":"fr-FR"}]}},"_links":{"self":[{"href":"https:\/\/admin.industriall-union.org\/fr\/wp-json\/wp\/v2\/archive_icem\/186446","targetHints":{"allow":["GET"]}}],"collection":[{"href":"https:\/\/admin.industriall-union.org\/fr\/wp-json\/wp\/v2\/archive_icem"}],"about":[{"href":"https:\/\/admin.industriall-union.org\/fr\/wp-json\/wp\/v2\/types\/archive_icem"}],"wp:attachment":[{"href":"https:\/\/admin.industriall-union.org\/fr\/wp-json\/wp\/v2\/media?parent=186446"}],"curies":[{"name":"wp","href":"https:\/\/api.w.org\/{rel}","templated":true}]}}

Le mouvement syndical endeuillé par le décès de Marcelino Camacho des CC.OO espagnoles

<!-- This site is optimized with the Yoast SEO Premium plugin v27.1 (Yoast SEO v27.1) - https://yoast.com/product/yoast-seo-premium-wordpress/ -->
<title>Le mouvement syndical endeuillé par le décès de Marcelino Camacho des CC.OO espagnoles - industriall-union</title>
<meta name="robots" content="index, follow, max-snippet:-1, max-image-preview:large, max-video-preview:-1" />
<link rel="canonical" href="https://admin.industriall-union.org/fr/archive/icem/le-mouvement-syndical-endeuille-par-le-deces-de-marcelino-camacho-des-cc-oo-espagnoles/" />
<meta property="og:locale" content="fr_FR" />
<meta property="og:type" content="article" />
<meta property="og:title" content="Le mouvement syndical endeuillé par le décès de Marcelino Camacho des CC.OO espagnoles" />
<meta property="og:description" content="Notre affili&eacute; espagnol Confederaci&oacute;n Sindical de Comisiones Obreras (CC.OO) a annonc&eacute; le d&eacute;c&egrave;s de son Secr&eacute;taire g&eacute;n&eacute;ral, Marcelino Camacho, survenu vendredi dernier, 29 octobre. Marcelino Camacho, &acirc;g&eacute; de 92 ans, &eacute;tait une figure symbolique des droits syndicaux et de la d&eacute;mocratie en Espagne; il avait consacr&eacute; sa vie &agrave; la lutte pour les d&eacute;favoris&eacute;s, pour [&hellip;]" />
<meta property="og:url" content="https://admin.industriall-union.org/fr/archive/icem/le-mouvement-syndical-endeuille-par-le-deces-de-marcelino-camacho-des-cc-oo-espagnoles/" />
<meta property="og:site_name" content="industriall-union" />
<meta property="article:modified_time" content="2025-01-31T14:46:06+00:00" />
<meta name="twitter:card" content="summary_large_image" />
<meta name="twitter:label1" content="Est. reading time" />
	<meta name="twitter:data1" content="2 minutes" />
<script type="application/ld+json" class="yoast-schema-graph">{"@context":"https://schema.org","@graph":[{"@type":"WebPage","@id":"https://admin.industriall-union.org/fr/archive/icem/le-mouvement-syndical-endeuille-par-le-deces-de-marcelino-camacho-des-cc-oo-espagnoles/","url":"https://admin.industriall-union.org/fr/archive/icem/le-mouvement-syndical-endeuille-par-le-deces-de-marcelino-camacho-des-cc-oo-espagnoles/","name":"Le mouvement syndical endeuillé par le décès de Marcelino Camacho des CC.OO espagnoles - industriall-union","isPartOf":{"@id":"https://admin.industriall-union.org/#website"},"datePublished":"2010-11-01T16:40:33+00:00","dateModified":"2025-01-31T14:46:06+00:00","breadcrumb":{"@id":"https://admin.industriall-union.org/fr/archive/icem/le-mouvement-syndical-endeuille-par-le-deces-de-marcelino-camacho-des-cc-oo-espagnoles/#breadcrumb"},"inLanguage":"fr-FR","potentialAction":[{"@type":"ReadAction","target":["https://admin.industriall-union.org/fr/archive/icem/le-mouvement-syndical-endeuille-par-le-deces-de-marcelino-camacho-des-cc-oo-espagnoles/"]}]},{"@type":"BreadcrumbList","@id":"https://admin.industriall-union.org/fr/archive/icem/le-mouvement-syndical-endeuille-par-le-deces-de-marcelino-camacho-des-cc-oo-espagnoles/#breadcrumb","itemListElement":[{"@type":"ListItem","position":1,"name":"Home","item":"https://admin.industriall-union.org/"},{"@type":"ListItem","position":2,"name":"Archive icem","item":"https://admin.industriall-union.org/archive/icem/"},{"@type":"ListItem","position":3,"name":"Le mouvement syndical endeuillé par le décès de Marcelino Camacho des CC.OO espagnoles"}]},{"@type":"WebSite","@id":"https://admin.industriall-union.org/#website","url":"https://admin.industriall-union.org/","name":"industriall-union","description":"","potentialAction":[{"@type":"SearchAction","target":{"@type":"EntryPoint","urlTemplate":"https://admin.industriall-union.org/?s={search_term_string}"},"query-input":{"@type":"PropertyValueSpecification","valueRequired":true,"valueName":"search_term_string"}}],"inLanguage":"fr-FR"}]}</script>
<!-- / Yoast SEO Premium plugin. -->

Le mouvement syndical endeuillé par le décès de Marcelino Camacho des CC.OO espagnoles - industriall-union
