{"id":183165,"date":"2011-04-10T23:15:04","date_gmt":"2011-04-10T23:15:04","guid":{"rendered":"https:\/\/admin.industriall-union.org\/archive\/icem\/la-fem-et-le-groupe-francais-du-nucleaire-areva-concluent-un-accord-sur-la-formation-et-l-039-evolution\/"},"modified":"2025-01-31T14:31:57","modified_gmt":"2025-01-31T14:31:57","slug":"la-fem-et-le-groupe-francais-du-nucleaire-areva-concluent-un-accord-sur-la-formation-et-l-039-evolution","status":"publish","type":"archive_icem","link":"https:\/\/admin.industriall-union.org\/fr\/archive\/icem\/la-fem-et-le-groupe-francais-du-nucleaire-areva-concluent-un-accord-sur-la-formation-et-l-039-evolution\/","title":{"rendered":"La FEM et le groupe fran\u00e7ais du nucl\u00e9aire Areva concluent un accord sur la formation et l&#039;\u00e9volution"},"content":{"rendered":"<p align=\"center\"><img loading=\"lazy\" decoding=\"async\" src=\"\" width=\"100\" height=\"39\" alt=\"\" \/><\/p>\n<p align=\"justify\">La F&eacute;d&eacute;ration europ&eacute;enne des m&eacute;tallurgistes (FEM) et Areva, le groupe nucl&eacute;aire et de service &agrave; l&#8217;industrie nucl&eacute;aire bas&eacute; &agrave; Paris, ont sign&eacute; le 1er avril un protocole visant &agrave; promouvoir les perspectives de carri&egrave;re et les comp&eacute;tences des salari&eacute;s dans les 13 pays d&#8217;Europe o&ugrave; Areva a des activit&eacute;s. <br \/>\n<br \/>\nCe M&eacute;morandum d&#8217;accord sur les pr&eacute;visions en mati&egrave;re de professions et de comp&eacute;tences est le second protocole-cadre adopt&eacute; par la FEM et Areva, le premier &eacute;tant un pacte en faveur de l&#8217;&eacute;galit&eacute; des chances datant de 2006, actuellement supervis&eacute; dans le cadre d&#8217;un projet de la Commission europ&eacute;enne. <br \/>\n<br \/>\nCe nouvel accord vise &agrave; pr&eacute;voir et g&eacute;rer le perfectionnement professionnel du personnel d&#8217;Areva en assurant une formation, un &eacute;quilibre entre vie professionnelle et priv&eacute;e, une mobilit&eacute;, un transfert de connaissances dans toute l&#8217;entreprise ainsi qu&#8217;en offrant un cadre de travail positif tout au long de la carri&egrave;re d&#8217;une personne chez Areva. <br \/>\n<br \/>\n(Voir <a href=\"http:\/\/www.emf-fem.org\/Areas-of-work\/Company-Policy\/News\/EMF-and-Areva-sign-important-agreement\"><font color=\"#ff0000\">l&#8217;annonce de la FEM et l&#8217;accord de 12 pages<\/font><\/a>) <\/p>\n<p align=\"center\"><img loading=\"lazy\" decoding=\"async\" alt=\"\" src=\"\" width=\"112\" height=\"100\" \/><\/p>\n<p align=\"justify\">Le suivi de cet accord de trois ans sera assur&eacute; par un projet de la Commission europ&eacute;enne intitul&eacute; &quot;Forecasting and Anticipating Competencies in Europe through Social Dialogue (FACES)&quot;. Le protocole annonce une &eacute;valuation annuelle qui &quot;articulera le positionnement du salari&eacute; de telle sorte que ses qualifications et sa r&eacute;mun&eacute;ration soient en rapport avec ses niveaux de comp&eacute;tence et de rendement.&quot; <br \/>\n<br \/>\nL&#8217;accord pr&eacute;cise que ces &eacute;valuations n&#8217;entreront pas en conflit avec les conventions collectives nationales en vigueur. <br \/>\n<br \/>\nIl engage l&#8217;entreprise &agrave; &eacute;laborer une politique de formation qui soit en harmonie avec les besoins des travailleurs &quot;pour &agrave; la fois pr&eacute;server et renouveler les comp&eacute;tences afin d&#8217;avoir la meilleure &eacute;volution de carri&egrave;re possible&quot;. Chacun des 35.000 salari&eacute;s qu&#8217;Areva emploie en Europe aura acc&egrave;s &agrave; 30 heures de formation par an pouvant s&#8217;&eacute;taler sur trois ans. <br \/>\n<br \/>\nLe m&eacute;canisme de v&eacute;rification de l&#8217;accord consiste en un comit&eacute; compos&eacute; de la direction d&#8217;Areva et du comit&eacute; restreint du comit&eacute; d&#8217;entreprise europ&eacute;en; il proc&eacute;dera &agrave; une &eacute;valuation et en pr&eacute;sentera les r&eacute;sultats chaque ann&eacute;e &agrave; la FEM. <br \/>\n<br \/>\nAreva a &eacute;t&eacute; cr&eacute;&eacute;e il y a dix ans par la fusion du CEA-Industrie, de la COGEMA et de Framatome afin de regrouper les participations du gouvernement fran&ccedil;ais dans plusieurs entreprises des secteurs de l&#8217;&eacute;nergie nucl&eacute;aire et des technologies de l&#8217;information. CEA-Industrie (Commissariat &agrave; l&#8217;&Eacute;nergie Atomique) d&eacute;tient environ 8% du capital d&#8217;Areva. L&#8217;entreprise est pr&eacute;sente dans 43 pays et emploie 48.000 personnes. <br \/>\n<br \/>\nAreva con&ccedil;oit et construit des r&eacute;acteurs nucl&eacute;aires et des composants pour centrales nucl&eacute;aires; elle fournit aussi du combustible nucl&eacute;aire, a des activit&eacute;s d&#8217;ing&eacute;nierie et assure la maintenance et l&#8217;inspection d&#8217;installations nucl&eacute;aires. <\/p>","protected":false},"featured_media":0,"template":"","class_list":["post-183165","archive_icem","type-archive_icem","status-publish","hentry"],"acf":[],"yoast_head":"<!-- This site is optimized with the Yoast SEO Premium plugin v27.1 (Yoast SEO v27.1) - https:\/\/yoast.com\/product\/yoast-seo-premium-wordpress\/ -->\n<title>La FEM et le groupe fran\u00e7ais du nucl\u00e9aire Areva concluent un accord sur la formation et l&#039;\u00e9volution - industriall-union<\/title>\n<meta name=\"robots\" content=\"index, follow, max-snippet:-1, max-image-preview:large, max-video-preview:-1\" \/>\n<link rel=\"canonical\" href=\"https:\/\/admin.industriall-union.org\/fr\/archive\/icem\/la-fem-et-le-groupe-francais-du-nucleaire-areva-concluent-un-accord-sur-la-formation-et-l-039-evolution\/\" \/>\n<meta property=\"og:locale\" content=\"fr_FR\" \/>\n<meta property=\"og:type\" content=\"article\" \/>\n<meta property=\"og:title\" content=\"La FEM et le groupe fran\u00e7ais du nucl\u00e9aire Areva concluent un accord sur la formation et l&#039;\u00e9volution\" \/>\n<meta property=\"og:description\" content=\"La F&eacute;d&eacute;ration europ&eacute;enne des m&eacute;tallurgistes (FEM) et Areva, le groupe nucl&eacute;aire et de service &agrave; l&#8217;industrie nucl&eacute;aire bas&eacute; &agrave; Paris, ont sign&eacute; le 1er avril un protocole visant &agrave; promouvoir les perspectives de carri&egrave;re et les comp&eacute;tences des salari&eacute;s dans les 13 pays d&#8217;Europe o&ugrave; Areva a des activit&eacute;s. Ce M&eacute;morandum d&#8217;accord sur les pr&eacute;visions [&hellip;]\" \/>\n<meta property=\"og:url\" content=\"https:\/\/admin.industriall-union.org\/fr\/archive\/icem\/la-fem-et-le-groupe-francais-du-nucleaire-areva-concluent-un-accord-sur-la-formation-et-l-039-evolution\/\" \/>\n<meta property=\"og:site_name\" content=\"industriall-union\" \/>\n<meta property=\"article:modified_time\" content=\"2025-01-31T14:31:57+00:00\" \/>\n<meta name=\"twitter:card\" content=\"summary_large_image\" \/>\n<meta name=\"twitter:label1\" content=\"Est. reading time\" \/>\n\t<meta name=\"twitter:data1\" content=\"3 minutes\" \/>\n<script type=\"application\/ld+json\" class=\"yoast-schema-graph\">{\"@context\":\"https:\/\/schema.org\",\"@graph\":[{\"@type\":\"WebPage\",\"@id\":\"https:\/\/admin.industriall-union.org\/fr\/archive\/icem\/la-fem-et-le-groupe-francais-du-nucleaire-areva-concluent-un-accord-sur-la-formation-et-l-039-evolution\/\",\"url\":\"https:\/\/admin.industriall-union.org\/fr\/archive\/icem\/la-fem-et-le-groupe-francais-du-nucleaire-areva-concluent-un-accord-sur-la-formation-et-l-039-evolution\/\",\"name\":\"La FEM et le groupe fran\u00e7ais du nucl\u00e9aire Areva concluent un accord sur la formation et l&#039;\u00e9volution - industriall-union\",\"isPartOf\":{\"@id\":\"https:\/\/admin.industriall-union.org\/#website\"},\"datePublished\":\"2011-04-10T23:15:04+00:00\",\"dateModified\":\"2025-01-31T14:31:57+00:00\",\"breadcrumb\":{\"@id\":\"https:\/\/admin.industriall-union.org\/fr\/archive\/icem\/la-fem-et-le-groupe-francais-du-nucleaire-areva-concluent-un-accord-sur-la-formation-et-l-039-evolution\/#breadcrumb\"},\"inLanguage\":\"fr-FR\",\"potentialAction\":[{\"@type\":\"ReadAction\",\"target\":[\"https:\/\/admin.industriall-union.org\/fr\/archive\/icem\/la-fem-et-le-groupe-francais-du-nucleaire-areva-concluent-un-accord-sur-la-formation-et-l-039-evolution\/\"]}]},{\"@type\":\"BreadcrumbList\",\"@id\":\"https:\/\/admin.industriall-union.org\/fr\/archive\/icem\/la-fem-et-le-groupe-francais-du-nucleaire-areva-concluent-un-accord-sur-la-formation-et-l-039-evolution\/#breadcrumb\",\"itemListElement\":[{\"@type\":\"ListItem\",\"position\":1,\"name\":\"Home\",\"item\":\"https:\/\/admin.industriall-union.org\/\"},{\"@type\":\"ListItem\",\"position\":2,\"name\":\"Archive icem\",\"item\":\"https:\/\/admin.industriall-union.org\/archive\/icem\/\"},{\"@type\":\"ListItem\",\"position\":3,\"name\":\"La FEM et le groupe fran\u00e7ais du nucl\u00e9aire Areva concluent un accord sur la formation et l&#039;\u00e9volution\"}]},{\"@type\":\"WebSite\",\"@id\":\"https:\/\/admin.industriall-union.org\/#website\",\"url\":\"https:\/\/admin.industriall-union.org\/\",\"name\":\"industriall-union\",\"description\":\"\",\"potentialAction\":[{\"@type\":\"SearchAction\",\"target\":{\"@type\":\"EntryPoint\",\"urlTemplate\":\"https:\/\/admin.industriall-union.org\/?s={search_term_string}\"},\"query-input\":{\"@type\":\"PropertyValueSpecification\",\"valueRequired\":true,\"valueName\":\"search_term_string\"}}],\"inLanguage\":\"fr-FR\"}]}<\/script>\n<!-- \/ Yoast SEO Premium plugin. -->","yoast_head_json":{"title":"La FEM et le groupe fran\u00e7ais du nucl\u00e9aire Areva concluent un accord sur la formation et l&#039;\u00e9volution - industriall-union","robots":{"index":"index","follow":"follow","max-snippet":"max-snippet:-1","max-image-preview":"max-image-preview:large","max-video-preview":"max-video-preview:-1"},"canonical":"https:\/\/admin.industriall-union.org\/fr\/archive\/icem\/la-fem-et-le-groupe-francais-du-nucleaire-areva-concluent-un-accord-sur-la-formation-et-l-039-evolution\/","og_locale":"fr_FR","og_type":"article","og_title":"La FEM et le groupe fran\u00e7ais du nucl\u00e9aire Areva concluent un accord sur la formation et l&#039;\u00e9volution","og_description":"La F&eacute;d&eacute;ration europ&eacute;enne des m&eacute;tallurgistes (FEM) et Areva, le groupe nucl&eacute;aire et de service &agrave; l&#8217;industrie nucl&eacute;aire bas&eacute; &agrave; Paris, ont sign&eacute; le 1er avril un protocole visant &agrave; promouvoir les perspectives de carri&egrave;re et les comp&eacute;tences des salari&eacute;s dans les 13 pays d&#8217;Europe o&ugrave; Areva a des activit&eacute;s. Ce M&eacute;morandum d&#8217;accord sur les pr&eacute;visions [&hellip;]","og_url":"https:\/\/admin.industriall-union.org\/fr\/archive\/icem\/la-fem-et-le-groupe-francais-du-nucleaire-areva-concluent-un-accord-sur-la-formation-et-l-039-evolution\/","og_site_name":"industriall-union","article_modified_time":"2025-01-31T14:31:57+00:00","twitter_card":"summary_large_image","twitter_misc":{"Est. reading time":"3 minutes"},"schema":{"@context":"https:\/\/schema.org","@graph":[{"@type":"WebPage","@id":"https:\/\/admin.industriall-union.org\/fr\/archive\/icem\/la-fem-et-le-groupe-francais-du-nucleaire-areva-concluent-un-accord-sur-la-formation-et-l-039-evolution\/","url":"https:\/\/admin.industriall-union.org\/fr\/archive\/icem\/la-fem-et-le-groupe-francais-du-nucleaire-areva-concluent-un-accord-sur-la-formation-et-l-039-evolution\/","name":"La FEM et le groupe fran\u00e7ais du nucl\u00e9aire Areva concluent un accord sur la formation et l&#039;\u00e9volution - industriall-union","isPartOf":{"@id":"https:\/\/admin.industriall-union.org\/#website"},"datePublished":"2011-04-10T23:15:04+00:00","dateModified":"2025-01-31T14:31:57+00:00","breadcrumb":{"@id":"https:\/\/admin.industriall-union.org\/fr\/archive\/icem\/la-fem-et-le-groupe-francais-du-nucleaire-areva-concluent-un-accord-sur-la-formation-et-l-039-evolution\/#breadcrumb"},"inLanguage":"fr-FR","potentialAction":[{"@type":"ReadAction","target":["https:\/\/admin.industriall-union.org\/fr\/archive\/icem\/la-fem-et-le-groupe-francais-du-nucleaire-areva-concluent-un-accord-sur-la-formation-et-l-039-evolution\/"]}]},{"@type":"BreadcrumbList","@id":"https:\/\/admin.industriall-union.org\/fr\/archive\/icem\/la-fem-et-le-groupe-francais-du-nucleaire-areva-concluent-un-accord-sur-la-formation-et-l-039-evolution\/#breadcrumb","itemListElement":[{"@type":"ListItem","position":1,"name":"Home","item":"https:\/\/admin.industriall-union.org\/"},{"@type":"ListItem","position":2,"name":"Archive icem","item":"https:\/\/admin.industriall-union.org\/archive\/icem\/"},{"@type":"ListItem","position":3,"name":"La FEM et le groupe fran\u00e7ais du nucl\u00e9aire Areva concluent un accord sur la formation et l&#039;\u00e9volution"}]},{"@type":"WebSite","@id":"https:\/\/admin.industriall-union.org\/#website","url":"https:\/\/admin.industriall-union.org\/","name":"industriall-union","description":"","potentialAction":[{"@type":"SearchAction","target":{"@type":"EntryPoint","urlTemplate":"https:\/\/admin.industriall-union.org\/?s={search_term_string}"},"query-input":{"@type":"PropertyValueSpecification","valueRequired":true,"valueName":"search_term_string"}}],"inLanguage":"fr-FR"}]}},"_links":{"self":[{"href":"https:\/\/admin.industriall-union.org\/fr\/wp-json\/wp\/v2\/archive_icem\/183165","targetHints":{"allow":["GET"]}}],"collection":[{"href":"https:\/\/admin.industriall-union.org\/fr\/wp-json\/wp\/v2\/archive_icem"}],"about":[{"href":"https:\/\/admin.industriall-union.org\/fr\/wp-json\/wp\/v2\/types\/archive_icem"}],"wp:attachment":[{"href":"https:\/\/admin.industriall-union.org\/fr\/wp-json\/wp\/v2\/media?parent=183165"}],"curies":[{"name":"wp","href":"https:\/\/api.w.org\/{rel}","templated":true}]}}

La FEM et le groupe français du nucléaire Areva concluent un accord sur la formation et l&#039;évolution

<!-- This site is optimized with the Yoast SEO Premium plugin v27.1 (Yoast SEO v27.1) - https://yoast.com/product/yoast-seo-premium-wordpress/ -->
<title>La FEM et le groupe français du nucléaire Areva concluent un accord sur la formation et l&#039;évolution - industriall-union</title>
<meta name="robots" content="index, follow, max-snippet:-1, max-image-preview:large, max-video-preview:-1" />
<link rel="canonical" href="https://admin.industriall-union.org/fr/archive/icem/la-fem-et-le-groupe-francais-du-nucleaire-areva-concluent-un-accord-sur-la-formation-et-l-039-evolution/" />
<meta property="og:locale" content="fr_FR" />
<meta property="og:type" content="article" />
<meta property="og:title" content="La FEM et le groupe français du nucléaire Areva concluent un accord sur la formation et l&#039;évolution" />
<meta property="og:description" content="La F&eacute;d&eacute;ration europ&eacute;enne des m&eacute;tallurgistes (FEM) et Areva, le groupe nucl&eacute;aire et de service &agrave; l&#8217;industrie nucl&eacute;aire bas&eacute; &agrave; Paris, ont sign&eacute; le 1er avril un protocole visant &agrave; promouvoir les perspectives de carri&egrave;re et les comp&eacute;tences des salari&eacute;s dans les 13 pays d&#8217;Europe o&ugrave; Areva a des activit&eacute;s. Ce M&eacute;morandum d&#8217;accord sur les pr&eacute;visions [&hellip;]" />
<meta property="og:url" content="https://admin.industriall-union.org/fr/archive/icem/la-fem-et-le-groupe-francais-du-nucleaire-areva-concluent-un-accord-sur-la-formation-et-l-039-evolution/" />
<meta property="og:site_name" content="industriall-union" />
<meta property="article:modified_time" content="2025-01-31T14:31:57+00:00" />
<meta name="twitter:card" content="summary_large_image" />
<meta name="twitter:label1" content="Est. reading time" />
	<meta name="twitter:data1" content="3 minutes" />
<script type="application/ld+json" class="yoast-schema-graph">{"@context":"https://schema.org","@graph":[{"@type":"WebPage","@id":"https://admin.industriall-union.org/fr/archive/icem/la-fem-et-le-groupe-francais-du-nucleaire-areva-concluent-un-accord-sur-la-formation-et-l-039-evolution/","url":"https://admin.industriall-union.org/fr/archive/icem/la-fem-et-le-groupe-francais-du-nucleaire-areva-concluent-un-accord-sur-la-formation-et-l-039-evolution/","name":"La FEM et le groupe français du nucléaire Areva concluent un accord sur la formation et l&#039;évolution - industriall-union","isPartOf":{"@id":"https://admin.industriall-union.org/#website"},"datePublished":"2011-04-10T23:15:04+00:00","dateModified":"2025-01-31T14:31:57+00:00","breadcrumb":{"@id":"https://admin.industriall-union.org/fr/archive/icem/la-fem-et-le-groupe-francais-du-nucleaire-areva-concluent-un-accord-sur-la-formation-et-l-039-evolution/#breadcrumb"},"inLanguage":"fr-FR","potentialAction":[{"@type":"ReadAction","target":["https://admin.industriall-union.org/fr/archive/icem/la-fem-et-le-groupe-francais-du-nucleaire-areva-concluent-un-accord-sur-la-formation-et-l-039-evolution/"]}]},{"@type":"BreadcrumbList","@id":"https://admin.industriall-union.org/fr/archive/icem/la-fem-et-le-groupe-francais-du-nucleaire-areva-concluent-un-accord-sur-la-formation-et-l-039-evolution/#breadcrumb","itemListElement":[{"@type":"ListItem","position":1,"name":"Home","item":"https://admin.industriall-union.org/"},{"@type":"ListItem","position":2,"name":"Archive icem","item":"https://admin.industriall-union.org/archive/icem/"},{"@type":"ListItem","position":3,"name":"La FEM et le groupe français du nucléaire Areva concluent un accord sur la formation et l&#039;évolution"}]},{"@type":"WebSite","@id":"https://admin.industriall-union.org/#website","url":"https://admin.industriall-union.org/","name":"industriall-union","description":"","potentialAction":[{"@type":"SearchAction","target":{"@type":"EntryPoint","urlTemplate":"https://admin.industriall-union.org/?s={search_term_string}"},"query-input":{"@type":"PropertyValueSpecification","valueRequired":true,"valueName":"search_term_string"}}],"inLanguage":"fr-FR"}]}</script>
<!-- / Yoast SEO Premium plugin. -->

La FEM et le groupe français du nucléaire Areva concluent un accord sur la formation et l&#039;évolution - industriall-union
