{"id":180980,"date":"2011-07-18T15:22:37","date_gmt":"2011-07-18T15:22:37","guid":{"rendered":"https:\/\/admin.industriall-union.org\/archive\/icem\/fin-du-conflit-chez-brc-belgium-les-travailleurs-licencies-sont-reintegres\/"},"modified":"2025-01-31T14:21:11","modified_gmt":"2025-01-31T14:21:11","slug":"fin-du-conflit-chez-brc-belgium-les-travailleurs-licencies-sont-reintegres","status":"publish","type":"archive_icem","link":"https:\/\/admin.industriall-union.org\/fr\/archive\/icem\/fin-du-conflit-chez-brc-belgium-les-travailleurs-licencies-sont-reintegres\/","title":{"rendered":"Fin du conflit chez BRC Belgium; les travailleurs licenci\u00e9s sont r\u00e9int\u00e9gr\u00e9s"},"content":{"rendered":"<p align=\"center\"><img loading=\"lazy\" decoding=\"async\" alt=\"\" src=\"\" width=\"100\" height=\"39\" \/><\/p>\n<p align=\"justify\">Notre affili&eacute; belge FGTB-ABVV a trouv&eacute; un arrangement, vendredi 15 juillet, avec la direction de la Belgian Refining Corporation (BRC) &agrave; propos du licenciement injustifi&eacute; de trois salari&eacute;s. Des n&eacute;gociations ont &eacute;t&eacute; entam&eacute;es apr&egrave;s une vaste manifestation nationale et internationale de solidarit&eacute; pour r&eacute;clamer la r&eacute;int&eacute;gration de ces travailleurs. <br \/>\n<br \/>\nDeux de ces trois personnes &eacute;taient des repr&eacute;sentants syndicaux de la FGTB. Un mois de protestation tr&egrave;s anim&eacute; a suivi ces licenciements pour de pr&eacute;tendues accusations de harc&egrave;lement envers un agent de s&eacute;curit&eacute;. Les six syndicats belges repr&eacute;sentant les travailleurs du p&eacute;trole ont envoy&eacute; ensemble des messages de protestation appuy&eacute;s par l&#8217;ICEM et par la F&eacute;d&eacute;ration europ&eacute;enne des travailleurs des mines, de la chimie et de l&#8217;&eacute;nergie (EMCEF). <\/p>\n<p align=\"center\"><img loading=\"lazy\" decoding=\"async\" alt=\"\" src=\"\" width=\"204\" height=\"69\" \/><\/p>\n<p align=\"justify\">La FGTB-ABVV a indiqu&eacute; clairement que ce mouvement de solidarit&eacute; a &eacute;t&eacute; d&eacute;terminant dans la recherche d&#8217;un r&egrave;glement et elle a remerci&eacute; tous les travailleurs de BRC et les militants syndicaux qui ont particip&eacute; aux piquets et aux autres actions dans le courant de ce mois. <br \/>\n<br \/>\nLe Secr&eacute;taire g&eacute;n&eacute;ral du syndicat, Paul Lootens, et le Pr&eacute;sident Alain Clauwaert ont d&eacute;clar&eacute; que les adh&eacute;rents de BRC vont maintenant oublier ce conflit et qu&#8217;ils esp&egrave;rent r&eacute;tablir de bonnes relations et un dialogue social avec la soci&eacute;t&eacute; de raffinage suisse. <br \/>\n<br \/>\nLa raffinerie BRC est situ&eacute;e au nord du port d&#8217;Anvers, au centre de la r&eacute;gion ARA, dont le propri&eacute;taire est la raffinerie europ&eacute;enne Petroplus Holdings. BRC a une capacit&eacute; de production de 107.500 barils par jour et vend principalement ses produits dans le Benelux. <\/p>","protected":false},"featured_media":0,"template":"","class_list":["post-180980","archive_icem","type-archive_icem","status-publish","hentry"],"acf":[],"yoast_head":"<!-- This site is optimized with the Yoast SEO Premium plugin v27.1 (Yoast SEO v27.1) - https:\/\/yoast.com\/product\/yoast-seo-premium-wordpress\/ -->\n<title>Fin du conflit chez BRC Belgium; les travailleurs licenci\u00e9s sont r\u00e9int\u00e9gr\u00e9s - industriall-union<\/title>\n<meta name=\"robots\" content=\"index, follow, max-snippet:-1, max-image-preview:large, max-video-preview:-1\" \/>\n<link rel=\"canonical\" href=\"https:\/\/admin.industriall-union.org\/fr\/archive\/icem\/fin-du-conflit-chez-brc-belgium-les-travailleurs-licencies-sont-reintegres\/\" \/>\n<meta property=\"og:locale\" content=\"fr_FR\" \/>\n<meta property=\"og:type\" content=\"article\" \/>\n<meta property=\"og:title\" content=\"Fin du conflit chez BRC Belgium; les travailleurs licenci\u00e9s sont r\u00e9int\u00e9gr\u00e9s\" \/>\n<meta property=\"og:description\" content=\"Notre affili&eacute; belge FGTB-ABVV a trouv&eacute; un arrangement, vendredi 15 juillet, avec la direction de la Belgian Refining Corporation (BRC) &agrave; propos du licenciement injustifi&eacute; de trois salari&eacute;s. Des n&eacute;gociations ont &eacute;t&eacute; entam&eacute;es apr&egrave;s une vaste manifestation nationale et internationale de solidarit&eacute; pour r&eacute;clamer la r&eacute;int&eacute;gration de ces travailleurs. Deux de ces trois personnes &eacute;taient [&hellip;]\" \/>\n<meta property=\"og:url\" content=\"https:\/\/admin.industriall-union.org\/fr\/archive\/icem\/fin-du-conflit-chez-brc-belgium-les-travailleurs-licencies-sont-reintegres\/\" \/>\n<meta property=\"og:site_name\" content=\"industriall-union\" \/>\n<meta property=\"article:modified_time\" content=\"2025-01-31T14:21:11+00:00\" \/>\n<meta name=\"twitter:card\" content=\"summary_large_image\" \/>\n<meta name=\"twitter:label1\" content=\"Est. reading time\" \/>\n\t<meta name=\"twitter:data1\" content=\"2 minutes\" \/>\n<script type=\"application\/ld+json\" class=\"yoast-schema-graph\">{\"@context\":\"https:\/\/schema.org\",\"@graph\":[{\"@type\":\"WebPage\",\"@id\":\"https:\/\/admin.industriall-union.org\/fr\/archive\/icem\/fin-du-conflit-chez-brc-belgium-les-travailleurs-licencies-sont-reintegres\/\",\"url\":\"https:\/\/admin.industriall-union.org\/fr\/archive\/icem\/fin-du-conflit-chez-brc-belgium-les-travailleurs-licencies-sont-reintegres\/\",\"name\":\"Fin du conflit chez BRC Belgium; les travailleurs licenci\u00e9s sont r\u00e9int\u00e9gr\u00e9s - industriall-union\",\"isPartOf\":{\"@id\":\"https:\/\/admin.industriall-union.org\/#website\"},\"datePublished\":\"2011-07-18T15:22:37+00:00\",\"dateModified\":\"2025-01-31T14:21:11+00:00\",\"breadcrumb\":{\"@id\":\"https:\/\/admin.industriall-union.org\/fr\/archive\/icem\/fin-du-conflit-chez-brc-belgium-les-travailleurs-licencies-sont-reintegres\/#breadcrumb\"},\"inLanguage\":\"fr-FR\",\"potentialAction\":[{\"@type\":\"ReadAction\",\"target\":[\"https:\/\/admin.industriall-union.org\/fr\/archive\/icem\/fin-du-conflit-chez-brc-belgium-les-travailleurs-licencies-sont-reintegres\/\"]}]},{\"@type\":\"BreadcrumbList\",\"@id\":\"https:\/\/admin.industriall-union.org\/fr\/archive\/icem\/fin-du-conflit-chez-brc-belgium-les-travailleurs-licencies-sont-reintegres\/#breadcrumb\",\"itemListElement\":[{\"@type\":\"ListItem\",\"position\":1,\"name\":\"Home\",\"item\":\"https:\/\/admin.industriall-union.org\/\"},{\"@type\":\"ListItem\",\"position\":2,\"name\":\"Archive icem\",\"item\":\"https:\/\/admin.industriall-union.org\/archive\/icem\/\"},{\"@type\":\"ListItem\",\"position\":3,\"name\":\"Fin du conflit chez BRC Belgium; les travailleurs licenci\u00e9s sont r\u00e9int\u00e9gr\u00e9s\"}]},{\"@type\":\"WebSite\",\"@id\":\"https:\/\/admin.industriall-union.org\/#website\",\"url\":\"https:\/\/admin.industriall-union.org\/\",\"name\":\"industriall-union\",\"description\":\"\",\"potentialAction\":[{\"@type\":\"SearchAction\",\"target\":{\"@type\":\"EntryPoint\",\"urlTemplate\":\"https:\/\/admin.industriall-union.org\/?s={search_term_string}\"},\"query-input\":{\"@type\":\"PropertyValueSpecification\",\"valueRequired\":true,\"valueName\":\"search_term_string\"}}],\"inLanguage\":\"fr-FR\"}]}<\/script>\n<!-- \/ Yoast SEO Premium plugin. -->","yoast_head_json":{"title":"Fin du conflit chez BRC Belgium; les travailleurs licenci\u00e9s sont r\u00e9int\u00e9gr\u00e9s - industriall-union","robots":{"index":"index","follow":"follow","max-snippet":"max-snippet:-1","max-image-preview":"max-image-preview:large","max-video-preview":"max-video-preview:-1"},"canonical":"https:\/\/admin.industriall-union.org\/fr\/archive\/icem\/fin-du-conflit-chez-brc-belgium-les-travailleurs-licencies-sont-reintegres\/","og_locale":"fr_FR","og_type":"article","og_title":"Fin du conflit chez BRC Belgium; les travailleurs licenci\u00e9s sont r\u00e9int\u00e9gr\u00e9s","og_description":"Notre affili&eacute; belge FGTB-ABVV a trouv&eacute; un arrangement, vendredi 15 juillet, avec la direction de la Belgian Refining Corporation (BRC) &agrave; propos du licenciement injustifi&eacute; de trois salari&eacute;s. Des n&eacute;gociations ont &eacute;t&eacute; entam&eacute;es apr&egrave;s une vaste manifestation nationale et internationale de solidarit&eacute; pour r&eacute;clamer la r&eacute;int&eacute;gration de ces travailleurs. Deux de ces trois personnes &eacute;taient [&hellip;]","og_url":"https:\/\/admin.industriall-union.org\/fr\/archive\/icem\/fin-du-conflit-chez-brc-belgium-les-travailleurs-licencies-sont-reintegres\/","og_site_name":"industriall-union","article_modified_time":"2025-01-31T14:21:11+00:00","twitter_card":"summary_large_image","twitter_misc":{"Est. reading time":"2 minutes"},"schema":{"@context":"https:\/\/schema.org","@graph":[{"@type":"WebPage","@id":"https:\/\/admin.industriall-union.org\/fr\/archive\/icem\/fin-du-conflit-chez-brc-belgium-les-travailleurs-licencies-sont-reintegres\/","url":"https:\/\/admin.industriall-union.org\/fr\/archive\/icem\/fin-du-conflit-chez-brc-belgium-les-travailleurs-licencies-sont-reintegres\/","name":"Fin du conflit chez BRC Belgium; les travailleurs licenci\u00e9s sont r\u00e9int\u00e9gr\u00e9s - industriall-union","isPartOf":{"@id":"https:\/\/admin.industriall-union.org\/#website"},"datePublished":"2011-07-18T15:22:37+00:00","dateModified":"2025-01-31T14:21:11+00:00","breadcrumb":{"@id":"https:\/\/admin.industriall-union.org\/fr\/archive\/icem\/fin-du-conflit-chez-brc-belgium-les-travailleurs-licencies-sont-reintegres\/#breadcrumb"},"inLanguage":"fr-FR","potentialAction":[{"@type":"ReadAction","target":["https:\/\/admin.industriall-union.org\/fr\/archive\/icem\/fin-du-conflit-chez-brc-belgium-les-travailleurs-licencies-sont-reintegres\/"]}]},{"@type":"BreadcrumbList","@id":"https:\/\/admin.industriall-union.org\/fr\/archive\/icem\/fin-du-conflit-chez-brc-belgium-les-travailleurs-licencies-sont-reintegres\/#breadcrumb","itemListElement":[{"@type":"ListItem","position":1,"name":"Home","item":"https:\/\/admin.industriall-union.org\/"},{"@type":"ListItem","position":2,"name":"Archive icem","item":"https:\/\/admin.industriall-union.org\/archive\/icem\/"},{"@type":"ListItem","position":3,"name":"Fin du conflit chez BRC Belgium; les travailleurs licenci\u00e9s sont r\u00e9int\u00e9gr\u00e9s"}]},{"@type":"WebSite","@id":"https:\/\/admin.industriall-union.org\/#website","url":"https:\/\/admin.industriall-union.org\/","name":"industriall-union","description":"","potentialAction":[{"@type":"SearchAction","target":{"@type":"EntryPoint","urlTemplate":"https:\/\/admin.industriall-union.org\/?s={search_term_string}"},"query-input":{"@type":"PropertyValueSpecification","valueRequired":true,"valueName":"search_term_string"}}],"inLanguage":"fr-FR"}]}},"_links":{"self":[{"href":"https:\/\/admin.industriall-union.org\/fr\/wp-json\/wp\/v2\/archive_icem\/180980","targetHints":{"allow":["GET"]}}],"collection":[{"href":"https:\/\/admin.industriall-union.org\/fr\/wp-json\/wp\/v2\/archive_icem"}],"about":[{"href":"https:\/\/admin.industriall-union.org\/fr\/wp-json\/wp\/v2\/types\/archive_icem"}],"wp:attachment":[{"href":"https:\/\/admin.industriall-union.org\/fr\/wp-json\/wp\/v2\/media?parent=180980"}],"curies":[{"name":"wp","href":"https:\/\/api.w.org\/{rel}","templated":true}]}}

Fin du conflit chez BRC Belgium; les travailleurs licenciés sont réintégrés

<!-- This site is optimized with the Yoast SEO Premium plugin v27.1 (Yoast SEO v27.1) - https://yoast.com/product/yoast-seo-premium-wordpress/ -->
<title>Fin du conflit chez BRC Belgium; les travailleurs licenciés sont réintégrés - industriall-union</title>
<meta name="robots" content="index, follow, max-snippet:-1, max-image-preview:large, max-video-preview:-1" />
<link rel="canonical" href="https://admin.industriall-union.org/fr/archive/icem/fin-du-conflit-chez-brc-belgium-les-travailleurs-licencies-sont-reintegres/" />
<meta property="og:locale" content="fr_FR" />
<meta property="og:type" content="article" />
<meta property="og:title" content="Fin du conflit chez BRC Belgium; les travailleurs licenciés sont réintégrés" />
<meta property="og:description" content="Notre affili&eacute; belge FGTB-ABVV a trouv&eacute; un arrangement, vendredi 15 juillet, avec la direction de la Belgian Refining Corporation (BRC) &agrave; propos du licenciement injustifi&eacute; de trois salari&eacute;s. Des n&eacute;gociations ont &eacute;t&eacute; entam&eacute;es apr&egrave;s une vaste manifestation nationale et internationale de solidarit&eacute; pour r&eacute;clamer la r&eacute;int&eacute;gration de ces travailleurs. Deux de ces trois personnes &eacute;taient [&hellip;]" />
<meta property="og:url" content="https://admin.industriall-union.org/fr/archive/icem/fin-du-conflit-chez-brc-belgium-les-travailleurs-licencies-sont-reintegres/" />
<meta property="og:site_name" content="industriall-union" />
<meta property="article:modified_time" content="2025-01-31T14:21:11+00:00" />
<meta name="twitter:card" content="summary_large_image" />
<meta name="twitter:label1" content="Est. reading time" />
	<meta name="twitter:data1" content="2 minutes" />
<script type="application/ld+json" class="yoast-schema-graph">{"@context":"https://schema.org","@graph":[{"@type":"WebPage","@id":"https://admin.industriall-union.org/fr/archive/icem/fin-du-conflit-chez-brc-belgium-les-travailleurs-licencies-sont-reintegres/","url":"https://admin.industriall-union.org/fr/archive/icem/fin-du-conflit-chez-brc-belgium-les-travailleurs-licencies-sont-reintegres/","name":"Fin du conflit chez BRC Belgium; les travailleurs licenciés sont réintégrés - industriall-union","isPartOf":{"@id":"https://admin.industriall-union.org/#website"},"datePublished":"2011-07-18T15:22:37+00:00","dateModified":"2025-01-31T14:21:11+00:00","breadcrumb":{"@id":"https://admin.industriall-union.org/fr/archive/icem/fin-du-conflit-chez-brc-belgium-les-travailleurs-licencies-sont-reintegres/#breadcrumb"},"inLanguage":"fr-FR","potentialAction":[{"@type":"ReadAction","target":["https://admin.industriall-union.org/fr/archive/icem/fin-du-conflit-chez-brc-belgium-les-travailleurs-licencies-sont-reintegres/"]}]},{"@type":"BreadcrumbList","@id":"https://admin.industriall-union.org/fr/archive/icem/fin-du-conflit-chez-brc-belgium-les-travailleurs-licencies-sont-reintegres/#breadcrumb","itemListElement":[{"@type":"ListItem","position":1,"name":"Home","item":"https://admin.industriall-union.org/"},{"@type":"ListItem","position":2,"name":"Archive icem","item":"https://admin.industriall-union.org/archive/icem/"},{"@type":"ListItem","position":3,"name":"Fin du conflit chez BRC Belgium; les travailleurs licenciés sont réintégrés"}]},{"@type":"WebSite","@id":"https://admin.industriall-union.org/#website","url":"https://admin.industriall-union.org/","name":"industriall-union","description":"","potentialAction":[{"@type":"SearchAction","target":{"@type":"EntryPoint","urlTemplate":"https://admin.industriall-union.org/?s={search_term_string}"},"query-input":{"@type":"PropertyValueSpecification","valueRequired":true,"valueName":"search_term_string"}}],"inLanguage":"fr-FR"}]}</script>
<!-- / Yoast SEO Premium plugin. -->

Fin du conflit chez BRC Belgium; les travailleurs licenciés sont réintégrés - industriall-union
