{"id":179520,"date":"2011-10-24T14:04:43","date_gmt":"2011-10-24T14:04:43","guid":{"rendered":"https:\/\/admin.industriall-union.org\/archive\/icem\/une-nouvelle-proposition-du-conciliateur-devrait-mettre-fin-a-la-courte-greve-des-metallurgistes\/"},"modified":"2025-01-31T14:14:32","modified_gmt":"2025-01-31T14:14:32","slug":"une-nouvelle-proposition-du-conciliateur-devrait-mettre-fin-a-la-courte-greve-des-metallurgistes","status":"publish","type":"archive_icem","link":"https:\/\/admin.industriall-union.org\/fr\/archive\/icem\/une-nouvelle-proposition-du-conciliateur-devrait-mettre-fin-a-la-courte-greve-des-metallurgistes\/","title":{"rendered":"Une nouvelle proposition du conciliateur devrait mettre fin \u00e0 la courte gr\u00e8ve des m\u00e9tallurgistes"},"content":{"rendered":"<p align=\"center\"><img loading=\"lazy\" decoding=\"async\" src=\"\" width=\"100\" height=\"39\" alt=\"\" \/><\/p>\n<p align=\"justify\">La gr&egrave;ve qu&#8217;avaient entam&eacute;e le 21 octobre 32.000 travailleurs de la m&eacute;tallurgie finlandais pourrait s&#8217;achever demain gr&acirc;ce &agrave; la nouvelle proposition qu&#8217;a d&eacute;pos&eacute;e hier soir, 23 octobre, le Conciliateur national Esa Lonka. Notre affili&eacute; Ammattiliitto Pro, qui repr&eacute;sente les travailleurs salari&eacute;s de Finlande, et Metalliliitto, le syndicat des m&eacute;tallurgistes, vont &eacute;tudier s&eacute;par&eacute;ment la proposition dans la journ&eacute;e. <br \/>\n<br \/>\nVendredi dernier, les deux syndicats ont lanc&eacute; une premi&egrave;re vague d&#8217;actions de gr&egrave;ve contre 45 firmes du secteur de la m&eacute;tallurgie et de l&#8217;ing&eacute;nierie qui devait durer jusqu&#8217;au 7 novembre et &ecirc;tre suivie d&#8217;une seconde vague contre 35 autres entreprises &agrave; cette date. <br \/>\n<br \/>\nLa nouvelle proposition d&#8217;Esa Lonka r&eacute;pond &agrave; la demande des syndicats pour un accord salarial pour les deux prochaines ann&eacute;es tandis que le gouvernement devrait l&eacute;gif&eacute;rer sur l&#8217;autre &eacute;l&eacute;ment cl&eacute; du conflit : un cong&eacute; annuel de formation et d&#8217;&eacute;ducation de trois jours que les employeurs voulaient soumettre &agrave; leur seul pouvoir discr&eacute;tionnaire. <\/p>\n<p align=\"center\"><img loading=\"lazy\" decoding=\"async\" alt=\"\" src=\"\" width=\"130\" height=\"93\" \/><\/p>\n<p align=\"justify\">Le Conseil de Metalliliitto, compos&eacute; de 38 membres, va &eacute;tudier la proposition &agrave; 16 heures, aujourd&#8217;hui &agrave; Helsinki, tandis que le Comit&eacute; ex&eacute;cutif d&#8217;Ammattiliitto Pro se r&eacute;unira &agrave; 17 heures pour faire de m&ecirc;me. Si tous deux l&#8217;acceptent, les 32.000 travailleurs &ndash; 25.000 ouvriers de la m&eacute;tallurgie et 7.000 adh&eacute;rents d&#8217;Ammattiliitto Pro &ndash; reprendront le travail demain, 25 octobre. <br \/>\n<br \/>\nLe principal point de d&eacute;saccord portait sur une hausse des salaires de 4,3% pour deux ans, que les partenaires sociaux avaient accept&eacute;e le 13 octobre. Sous les auspices de la F&eacute;d&eacute;ration des industries de la technologie finlandaises, ou Teknologiateollisuus, les employeurs voulaient structurer cette hausse d&#8217;une mani&egrave;re telle que beaucoup de travailleurs de la m&eacute;tallurgie et de cols-blancs n&#8217;en auraient pas b&eacute;n&eacute;fici&eacute; int&eacute;gralement. La proposition d&eacute;pos&eacute;e par Esa Lonka hier soir, 23 octobre, pr&eacute;voit de l&#8217;accorder &agrave; l&#8217;ensemble des 200.000 travailleurs des secteurs de la m&eacute;tallurgie et de l&#8217;ing&eacute;nierie du pays. <br \/>\n<br \/>\nLes actions collectives de la semaine derni&egrave;re comportaient aussi un refus des heures suppl&eacute;mentaires dans l&#8217;ensemble des deux industries. Un article de l&#8217;ICEM de la semaine derni&egrave;re sur le d&eacute;but de cette gr&egrave;ve peut &ecirc;tre consult&eacute; <a href=\"\/en\/23-Nordic-Countries\/4723-Strikes-Begin-in-Finnish-Metal-Technology-Sector \"><font color=\"#ff0000\">ici<\/font><\/a>.<\/p>","protected":false},"featured_media":0,"template":"","class_list":["post-179520","archive_icem","type-archive_icem","status-publish","hentry"],"acf":[],"yoast_head":"<!-- This site is optimized with the Yoast SEO Premium plugin v27.1 (Yoast SEO v27.1) - https:\/\/yoast.com\/product\/yoast-seo-premium-wordpress\/ -->\n<title>Une nouvelle proposition du conciliateur devrait mettre fin \u00e0 la courte gr\u00e8ve des m\u00e9tallurgistes - industriall-union<\/title>\n<meta name=\"robots\" content=\"index, follow, max-snippet:-1, max-image-preview:large, max-video-preview:-1\" \/>\n<link rel=\"canonical\" href=\"https:\/\/admin.industriall-union.org\/fr\/archive\/icem\/une-nouvelle-proposition-du-conciliateur-devrait-mettre-fin-a-la-courte-greve-des-metallurgistes\/\" \/>\n<meta property=\"og:locale\" content=\"fr_FR\" \/>\n<meta property=\"og:type\" content=\"article\" \/>\n<meta property=\"og:title\" content=\"Une nouvelle proposition du conciliateur devrait mettre fin \u00e0 la courte gr\u00e8ve des m\u00e9tallurgistes\" \/>\n<meta property=\"og:description\" content=\"La gr&egrave;ve qu&#8217;avaient entam&eacute;e le 21 octobre 32.000 travailleurs de la m&eacute;tallurgie finlandais pourrait s&#8217;achever demain gr&acirc;ce &agrave; la nouvelle proposition qu&#8217;a d&eacute;pos&eacute;e hier soir, 23 octobre, le Conciliateur national Esa Lonka. Notre affili&eacute; Ammattiliitto Pro, qui repr&eacute;sente les travailleurs salari&eacute;s de Finlande, et Metalliliitto, le syndicat des m&eacute;tallurgistes, vont &eacute;tudier s&eacute;par&eacute;ment la proposition dans [&hellip;]\" \/>\n<meta property=\"og:url\" content=\"https:\/\/admin.industriall-union.org\/fr\/archive\/icem\/une-nouvelle-proposition-du-conciliateur-devrait-mettre-fin-a-la-courte-greve-des-metallurgistes\/\" \/>\n<meta property=\"og:site_name\" content=\"industriall-union\" \/>\n<meta property=\"article:modified_time\" content=\"2025-01-31T14:14:32+00:00\" \/>\n<meta name=\"twitter:card\" content=\"summary_large_image\" \/>\n<meta name=\"twitter:label1\" content=\"Est. reading time\" \/>\n\t<meta name=\"twitter:data1\" content=\"2 minutes\" \/>\n<script type=\"application\/ld+json\" class=\"yoast-schema-graph\">{\"@context\":\"https:\/\/schema.org\",\"@graph\":[{\"@type\":\"WebPage\",\"@id\":\"https:\/\/admin.industriall-union.org\/fr\/archive\/icem\/une-nouvelle-proposition-du-conciliateur-devrait-mettre-fin-a-la-courte-greve-des-metallurgistes\/\",\"url\":\"https:\/\/admin.industriall-union.org\/fr\/archive\/icem\/une-nouvelle-proposition-du-conciliateur-devrait-mettre-fin-a-la-courte-greve-des-metallurgistes\/\",\"name\":\"Une nouvelle proposition du conciliateur devrait mettre fin \u00e0 la courte gr\u00e8ve des m\u00e9tallurgistes - industriall-union\",\"isPartOf\":{\"@id\":\"https:\/\/admin.industriall-union.org\/#website\"},\"datePublished\":\"2011-10-24T14:04:43+00:00\",\"dateModified\":\"2025-01-31T14:14:32+00:00\",\"breadcrumb\":{\"@id\":\"https:\/\/admin.industriall-union.org\/fr\/archive\/icem\/une-nouvelle-proposition-du-conciliateur-devrait-mettre-fin-a-la-courte-greve-des-metallurgistes\/#breadcrumb\"},\"inLanguage\":\"fr-FR\",\"potentialAction\":[{\"@type\":\"ReadAction\",\"target\":[\"https:\/\/admin.industriall-union.org\/fr\/archive\/icem\/une-nouvelle-proposition-du-conciliateur-devrait-mettre-fin-a-la-courte-greve-des-metallurgistes\/\"]}]},{\"@type\":\"BreadcrumbList\",\"@id\":\"https:\/\/admin.industriall-union.org\/fr\/archive\/icem\/une-nouvelle-proposition-du-conciliateur-devrait-mettre-fin-a-la-courte-greve-des-metallurgistes\/#breadcrumb\",\"itemListElement\":[{\"@type\":\"ListItem\",\"position\":1,\"name\":\"Home\",\"item\":\"https:\/\/admin.industriall-union.org\/\"},{\"@type\":\"ListItem\",\"position\":2,\"name\":\"Archive icem\",\"item\":\"https:\/\/admin.industriall-union.org\/archive\/icem\/\"},{\"@type\":\"ListItem\",\"position\":3,\"name\":\"Une nouvelle proposition du conciliateur devrait mettre fin \u00e0 la courte gr\u00e8ve des m\u00e9tallurgistes\"}]},{\"@type\":\"WebSite\",\"@id\":\"https:\/\/admin.industriall-union.org\/#website\",\"url\":\"https:\/\/admin.industriall-union.org\/\",\"name\":\"industriall-union\",\"description\":\"\",\"potentialAction\":[{\"@type\":\"SearchAction\",\"target\":{\"@type\":\"EntryPoint\",\"urlTemplate\":\"https:\/\/admin.industriall-union.org\/?s={search_term_string}\"},\"query-input\":{\"@type\":\"PropertyValueSpecification\",\"valueRequired\":true,\"valueName\":\"search_term_string\"}}],\"inLanguage\":\"fr-FR\"}]}<\/script>\n<!-- \/ Yoast SEO Premium plugin. -->","yoast_head_json":{"title":"Une nouvelle proposition du conciliateur devrait mettre fin \u00e0 la courte gr\u00e8ve des m\u00e9tallurgistes - industriall-union","robots":{"index":"index","follow":"follow","max-snippet":"max-snippet:-1","max-image-preview":"max-image-preview:large","max-video-preview":"max-video-preview:-1"},"canonical":"https:\/\/admin.industriall-union.org\/fr\/archive\/icem\/une-nouvelle-proposition-du-conciliateur-devrait-mettre-fin-a-la-courte-greve-des-metallurgistes\/","og_locale":"fr_FR","og_type":"article","og_title":"Une nouvelle proposition du conciliateur devrait mettre fin \u00e0 la courte gr\u00e8ve des m\u00e9tallurgistes","og_description":"La gr&egrave;ve qu&#8217;avaient entam&eacute;e le 21 octobre 32.000 travailleurs de la m&eacute;tallurgie finlandais pourrait s&#8217;achever demain gr&acirc;ce &agrave; la nouvelle proposition qu&#8217;a d&eacute;pos&eacute;e hier soir, 23 octobre, le Conciliateur national Esa Lonka. Notre affili&eacute; Ammattiliitto Pro, qui repr&eacute;sente les travailleurs salari&eacute;s de Finlande, et Metalliliitto, le syndicat des m&eacute;tallurgistes, vont &eacute;tudier s&eacute;par&eacute;ment la proposition dans [&hellip;]","og_url":"https:\/\/admin.industriall-union.org\/fr\/archive\/icem\/une-nouvelle-proposition-du-conciliateur-devrait-mettre-fin-a-la-courte-greve-des-metallurgistes\/","og_site_name":"industriall-union","article_modified_time":"2025-01-31T14:14:32+00:00","twitter_card":"summary_large_image","twitter_misc":{"Est. reading time":"2 minutes"},"schema":{"@context":"https:\/\/schema.org","@graph":[{"@type":"WebPage","@id":"https:\/\/admin.industriall-union.org\/fr\/archive\/icem\/une-nouvelle-proposition-du-conciliateur-devrait-mettre-fin-a-la-courte-greve-des-metallurgistes\/","url":"https:\/\/admin.industriall-union.org\/fr\/archive\/icem\/une-nouvelle-proposition-du-conciliateur-devrait-mettre-fin-a-la-courte-greve-des-metallurgistes\/","name":"Une nouvelle proposition du conciliateur devrait mettre fin \u00e0 la courte gr\u00e8ve des m\u00e9tallurgistes - industriall-union","isPartOf":{"@id":"https:\/\/admin.industriall-union.org\/#website"},"datePublished":"2011-10-24T14:04:43+00:00","dateModified":"2025-01-31T14:14:32+00:00","breadcrumb":{"@id":"https:\/\/admin.industriall-union.org\/fr\/archive\/icem\/une-nouvelle-proposition-du-conciliateur-devrait-mettre-fin-a-la-courte-greve-des-metallurgistes\/#breadcrumb"},"inLanguage":"fr-FR","potentialAction":[{"@type":"ReadAction","target":["https:\/\/admin.industriall-union.org\/fr\/archive\/icem\/une-nouvelle-proposition-du-conciliateur-devrait-mettre-fin-a-la-courte-greve-des-metallurgistes\/"]}]},{"@type":"BreadcrumbList","@id":"https:\/\/admin.industriall-union.org\/fr\/archive\/icem\/une-nouvelle-proposition-du-conciliateur-devrait-mettre-fin-a-la-courte-greve-des-metallurgistes\/#breadcrumb","itemListElement":[{"@type":"ListItem","position":1,"name":"Home","item":"https:\/\/admin.industriall-union.org\/"},{"@type":"ListItem","position":2,"name":"Archive icem","item":"https:\/\/admin.industriall-union.org\/archive\/icem\/"},{"@type":"ListItem","position":3,"name":"Une nouvelle proposition du conciliateur devrait mettre fin \u00e0 la courte gr\u00e8ve des m\u00e9tallurgistes"}]},{"@type":"WebSite","@id":"https:\/\/admin.industriall-union.org\/#website","url":"https:\/\/admin.industriall-union.org\/","name":"industriall-union","description":"","potentialAction":[{"@type":"SearchAction","target":{"@type":"EntryPoint","urlTemplate":"https:\/\/admin.industriall-union.org\/?s={search_term_string}"},"query-input":{"@type":"PropertyValueSpecification","valueRequired":true,"valueName":"search_term_string"}}],"inLanguage":"fr-FR"}]}},"_links":{"self":[{"href":"https:\/\/admin.industriall-union.org\/fr\/wp-json\/wp\/v2\/archive_icem\/179520","targetHints":{"allow":["GET"]}}],"collection":[{"href":"https:\/\/admin.industriall-union.org\/fr\/wp-json\/wp\/v2\/archive_icem"}],"about":[{"href":"https:\/\/admin.industriall-union.org\/fr\/wp-json\/wp\/v2\/types\/archive_icem"}],"wp:attachment":[{"href":"https:\/\/admin.industriall-union.org\/fr\/wp-json\/wp\/v2\/media?parent=179520"}],"curies":[{"name":"wp","href":"https:\/\/api.w.org\/{rel}","templated":true}]}}

Une nouvelle proposition du conciliateur devrait mettre fin à la courte grève des métallurgistes

<!-- This site is optimized with the Yoast SEO Premium plugin v27.1 (Yoast SEO v27.1) - https://yoast.com/product/yoast-seo-premium-wordpress/ -->
<title>Une nouvelle proposition du conciliateur devrait mettre fin à la courte grève des métallurgistes - industriall-union</title>
<meta name="robots" content="index, follow, max-snippet:-1, max-image-preview:large, max-video-preview:-1" />
<link rel="canonical" href="https://admin.industriall-union.org/fr/archive/icem/une-nouvelle-proposition-du-conciliateur-devrait-mettre-fin-a-la-courte-greve-des-metallurgistes/" />
<meta property="og:locale" content="fr_FR" />
<meta property="og:type" content="article" />
<meta property="og:title" content="Une nouvelle proposition du conciliateur devrait mettre fin à la courte grève des métallurgistes" />
<meta property="og:description" content="La gr&egrave;ve qu&#8217;avaient entam&eacute;e le 21 octobre 32.000 travailleurs de la m&eacute;tallurgie finlandais pourrait s&#8217;achever demain gr&acirc;ce &agrave; la nouvelle proposition qu&#8217;a d&eacute;pos&eacute;e hier soir, 23 octobre, le Conciliateur national Esa Lonka. Notre affili&eacute; Ammattiliitto Pro, qui repr&eacute;sente les travailleurs salari&eacute;s de Finlande, et Metalliliitto, le syndicat des m&eacute;tallurgistes, vont &eacute;tudier s&eacute;par&eacute;ment la proposition dans [&hellip;]" />
<meta property="og:url" content="https://admin.industriall-union.org/fr/archive/icem/une-nouvelle-proposition-du-conciliateur-devrait-mettre-fin-a-la-courte-greve-des-metallurgistes/" />
<meta property="og:site_name" content="industriall-union" />
<meta property="article:modified_time" content="2025-01-31T14:14:32+00:00" />
<meta name="twitter:card" content="summary_large_image" />
<meta name="twitter:label1" content="Est. reading time" />
	<meta name="twitter:data1" content="2 minutes" />
<script type="application/ld+json" class="yoast-schema-graph">{"@context":"https://schema.org","@graph":[{"@type":"WebPage","@id":"https://admin.industriall-union.org/fr/archive/icem/une-nouvelle-proposition-du-conciliateur-devrait-mettre-fin-a-la-courte-greve-des-metallurgistes/","url":"https://admin.industriall-union.org/fr/archive/icem/une-nouvelle-proposition-du-conciliateur-devrait-mettre-fin-a-la-courte-greve-des-metallurgistes/","name":"Une nouvelle proposition du conciliateur devrait mettre fin à la courte grève des métallurgistes - industriall-union","isPartOf":{"@id":"https://admin.industriall-union.org/#website"},"datePublished":"2011-10-24T14:04:43+00:00","dateModified":"2025-01-31T14:14:32+00:00","breadcrumb":{"@id":"https://admin.industriall-union.org/fr/archive/icem/une-nouvelle-proposition-du-conciliateur-devrait-mettre-fin-a-la-courte-greve-des-metallurgistes/#breadcrumb"},"inLanguage":"fr-FR","potentialAction":[{"@type":"ReadAction","target":["https://admin.industriall-union.org/fr/archive/icem/une-nouvelle-proposition-du-conciliateur-devrait-mettre-fin-a-la-courte-greve-des-metallurgistes/"]}]},{"@type":"BreadcrumbList","@id":"https://admin.industriall-union.org/fr/archive/icem/une-nouvelle-proposition-du-conciliateur-devrait-mettre-fin-a-la-courte-greve-des-metallurgistes/#breadcrumb","itemListElement":[{"@type":"ListItem","position":1,"name":"Home","item":"https://admin.industriall-union.org/"},{"@type":"ListItem","position":2,"name":"Archive icem","item":"https://admin.industriall-union.org/archive/icem/"},{"@type":"ListItem","position":3,"name":"Une nouvelle proposition du conciliateur devrait mettre fin à la courte grève des métallurgistes"}]},{"@type":"WebSite","@id":"https://admin.industriall-union.org/#website","url":"https://admin.industriall-union.org/","name":"industriall-union","description":"","potentialAction":[{"@type":"SearchAction","target":{"@type":"EntryPoint","urlTemplate":"https://admin.industriall-union.org/?s={search_term_string}"},"query-input":{"@type":"PropertyValueSpecification","valueRequired":true,"valueName":"search_term_string"}}],"inLanguage":"fr-FR"}]}</script>
<!-- / Yoast SEO Premium plugin. -->

Une nouvelle proposition du conciliateur devrait mettre fin à la courte grève des métallurgistes - industriall-union
