{"id":179502,"date":"2011-10-24T14:32:36","date_gmt":"2011-10-24T14:32:36","guid":{"rendered":"https:\/\/admin.industriall-union.org\/archive\/icem\/ouverture-a-geneve-d-039-une-reunion-tripartite-de-l-039-oit-sur-les-industries-chimiques-et-pharmaceutiques\/"},"modified":"2025-01-31T14:14:28","modified_gmt":"2025-01-31T14:14:28","slug":"ouverture-a-geneve-d-039-une-reunion-tripartite-de-l-039-oit-sur-les-industries-chimiques-et-pharmaceutiques","status":"publish","type":"archive_icem","link":"https:\/\/admin.industriall-union.org\/fr\/archive\/icem\/ouverture-a-geneve-d-039-une-reunion-tripartite-de-l-039-oit-sur-les-industries-chimiques-et-pharmaceutiques\/","title":{"rendered":"Ouverture \u00e0 Gen\u00e8ve d&#039;une R\u00e9union tripartite de l&#039;OIT sur les industries chimiques et pharmaceutiques"},"content":{"rendered":"<p align=\"center\"><img loading=\"lazy\" decoding=\"async\" alt=\"\" src=\"\" width=\"100\" height=\"39\" \/><\/p>\n<p align=\"justify\">Aujourd&#8217;hui &agrave; Gen&egrave;ve, des repr&eacute;sentants des syndicats, des gouvernements et des employeurs entament des discussions sur la restructuration de l&#8217;emploi et le dialogue social dans ces deux secteurs dans le cadre d&#8217;une r&eacute;union sectorielle de l&#8217;OIT intitul&eacute;e &quot;La promotion du dialogue social sur la restructuration et ses effets sur l&#8217;emploi dans les industries chimiques et pharmaceutiques&quot;. La r&eacute;union durera quatre jours (24-27 octobre) et rassemblera 90 repr&eacute;sentants de 40 pays. <br \/>\n<br \/>\nLe but de cette r&eacute;union est de d&eacute;gager des pistes soutenables par le biais de relations professionnelles positives pour r&eacute;pondre aux processus de restructuration. Les partenaires sociaux &eacute;tudieront les meilleures pratiques du dialogue social &agrave; la recherche de climats constructifs et propices en cours de changement structurel des entreprises, y compris les fusions et acquisitions. L&#8217;ICEM et ses organisations affili&eacute;es participeront pleinement &agrave; cette r&eacute;union. <br \/>\n<br \/>\nL&#8217;&eacute;l&eacute;ment central de la r&eacute;union est un <a href=\"http:\/\/www.ilo.org\/wcmsp5\/groups\/public\/@ed_dialogue\/@sector\/documents\/meetingdocument\/wcms_164943.pdf \"><font color=\"#ff0000\">rapport du BIT<\/font><\/a> intitul&eacute; &quot;Restructuration de l&#8217;emploi et dialogue social dans les industries chimiques et pharmaceutiques&quot; qui d&eacute;crit, entre autres, les effets de la crise &eacute;conomique mondiale dans ces secteurs. Il explique par exemple que les 27 &Eacute;tats membres de l&#8217;Union europ&eacute;enne ont vu l&#8217;emploi chuter de 3 millions d&#8217;unit&eacute;s en 2005 &agrave; 2,8 millions en 2008, mais que le niveau d&#8217;emploi est repass&eacute; &agrave; 3,1 millions au premier trimestre 2010. <br \/>\n<br \/>\nAux &Eacute;tats-Unis, le BIT estime la perte d&#8217;emplois dans la chimie et la pharmacie en 2008-2009 &agrave; 70.000 unit&eacute;s, soit 5,1% de la main-d&rsquo;&oelig;uvre totale de ces secteurs. Il estime aussi que ces secteurs emploient actuellement 20 millions de personnes dans le monde, dont 60% dans les 27 pays de l&#8217;Union europ&eacute;enne, au Br&eacute;sil, en Chine, en Inde, au Japon, en Cor&eacute;e, au Mexique, en Russie et aux &Eacute;tats-Unis. <br \/>\n<br \/>\nLe rapport note aussi un allongement de la dur&eacute;e du travail dans certains pays ainsi qu&#8217;une p&eacute;nurie de travailleurs qualifi&eacute;s, tels que scientifiques et autres, qui constituent de lourds d&eacute;fis pour ces secteurs. Il note &eacute;galement la faible proportion de femmes employ&eacute;es, en particulier dans les postes de cadres, o&ugrave; elle est nettement inf&eacute;rieure &agrave; la moyenne des entreprises du classement de Fortune 500. Le rapport traite aussi des effets de l&#8217;externalisation et de l&#8217;emploi contractuel dans ces secteurs. <\/p>","protected":false},"featured_media":0,"template":"","class_list":["post-179502","archive_icem","type-archive_icem","status-publish","hentry"],"acf":[],"yoast_head":"<!-- This site is optimized with the Yoast SEO Premium plugin v27.1 (Yoast SEO v27.1) - https:\/\/yoast.com\/product\/yoast-seo-premium-wordpress\/ -->\n<title>Ouverture \u00e0 Gen\u00e8ve d&#039;une R\u00e9union tripartite de l&#039;OIT sur les industries chimiques et pharmaceutiques - industriall-union<\/title>\n<meta name=\"robots\" content=\"index, follow, max-snippet:-1, max-image-preview:large, max-video-preview:-1\" \/>\n<link rel=\"canonical\" href=\"https:\/\/admin.industriall-union.org\/fr\/archive\/icem\/ouverture-a-geneve-d-039-une-reunion-tripartite-de-l-039-oit-sur-les-industries-chimiques-et-pharmaceutiques\/\" \/>\n<meta property=\"og:locale\" content=\"fr_FR\" \/>\n<meta property=\"og:type\" content=\"article\" \/>\n<meta property=\"og:title\" content=\"Ouverture \u00e0 Gen\u00e8ve d&#039;une R\u00e9union tripartite de l&#039;OIT sur les industries chimiques et pharmaceutiques\" \/>\n<meta property=\"og:description\" content=\"Aujourd&#8217;hui &agrave; Gen&egrave;ve, des repr&eacute;sentants des syndicats, des gouvernements et des employeurs entament des discussions sur la restructuration de l&#8217;emploi et le dialogue social dans ces deux secteurs dans le cadre d&#8217;une r&eacute;union sectorielle de l&#8217;OIT intitul&eacute;e &quot;La promotion du dialogue social sur la restructuration et ses effets sur l&#8217;emploi dans les industries chimiques et [&hellip;]\" \/>\n<meta property=\"og:url\" content=\"https:\/\/admin.industriall-union.org\/fr\/archive\/icem\/ouverture-a-geneve-d-039-une-reunion-tripartite-de-l-039-oit-sur-les-industries-chimiques-et-pharmaceutiques\/\" \/>\n<meta property=\"og:site_name\" content=\"industriall-union\" \/>\n<meta property=\"article:modified_time\" content=\"2025-01-31T14:14:28+00:00\" \/>\n<meta name=\"twitter:card\" content=\"summary_large_image\" \/>\n<meta name=\"twitter:label1\" content=\"Est. reading time\" \/>\n\t<meta name=\"twitter:data1\" content=\"2 minutes\" \/>\n<script type=\"application\/ld+json\" class=\"yoast-schema-graph\">{\"@context\":\"https:\/\/schema.org\",\"@graph\":[{\"@type\":\"WebPage\",\"@id\":\"https:\/\/admin.industriall-union.org\/fr\/archive\/icem\/ouverture-a-geneve-d-039-une-reunion-tripartite-de-l-039-oit-sur-les-industries-chimiques-et-pharmaceutiques\/\",\"url\":\"https:\/\/admin.industriall-union.org\/fr\/archive\/icem\/ouverture-a-geneve-d-039-une-reunion-tripartite-de-l-039-oit-sur-les-industries-chimiques-et-pharmaceutiques\/\",\"name\":\"Ouverture \u00e0 Gen\u00e8ve d&#039;une R\u00e9union tripartite de l&#039;OIT sur les industries chimiques et pharmaceutiques - industriall-union\",\"isPartOf\":{\"@id\":\"https:\/\/admin.industriall-union.org\/#website\"},\"datePublished\":\"2011-10-24T14:32:36+00:00\",\"dateModified\":\"2025-01-31T14:14:28+00:00\",\"breadcrumb\":{\"@id\":\"https:\/\/admin.industriall-union.org\/fr\/archive\/icem\/ouverture-a-geneve-d-039-une-reunion-tripartite-de-l-039-oit-sur-les-industries-chimiques-et-pharmaceutiques\/#breadcrumb\"},\"inLanguage\":\"fr-FR\",\"potentialAction\":[{\"@type\":\"ReadAction\",\"target\":[\"https:\/\/admin.industriall-union.org\/fr\/archive\/icem\/ouverture-a-geneve-d-039-une-reunion-tripartite-de-l-039-oit-sur-les-industries-chimiques-et-pharmaceutiques\/\"]}]},{\"@type\":\"BreadcrumbList\",\"@id\":\"https:\/\/admin.industriall-union.org\/fr\/archive\/icem\/ouverture-a-geneve-d-039-une-reunion-tripartite-de-l-039-oit-sur-les-industries-chimiques-et-pharmaceutiques\/#breadcrumb\",\"itemListElement\":[{\"@type\":\"ListItem\",\"position\":1,\"name\":\"Home\",\"item\":\"https:\/\/admin.industriall-union.org\/\"},{\"@type\":\"ListItem\",\"position\":2,\"name\":\"Archive icem\",\"item\":\"https:\/\/admin.industriall-union.org\/archive\/icem\/\"},{\"@type\":\"ListItem\",\"position\":3,\"name\":\"Ouverture \u00e0 Gen\u00e8ve d&#039;une R\u00e9union tripartite de l&#039;OIT sur les industries chimiques et pharmaceutiques\"}]},{\"@type\":\"WebSite\",\"@id\":\"https:\/\/admin.industriall-union.org\/#website\",\"url\":\"https:\/\/admin.industriall-union.org\/\",\"name\":\"industriall-union\",\"description\":\"\",\"potentialAction\":[{\"@type\":\"SearchAction\",\"target\":{\"@type\":\"EntryPoint\",\"urlTemplate\":\"https:\/\/admin.industriall-union.org\/?s={search_term_string}\"},\"query-input\":{\"@type\":\"PropertyValueSpecification\",\"valueRequired\":true,\"valueName\":\"search_term_string\"}}],\"inLanguage\":\"fr-FR\"}]}<\/script>\n<!-- \/ Yoast SEO Premium plugin. -->","yoast_head_json":{"title":"Ouverture \u00e0 Gen\u00e8ve d&#039;une R\u00e9union tripartite de l&#039;OIT sur les industries chimiques et pharmaceutiques - industriall-union","robots":{"index":"index","follow":"follow","max-snippet":"max-snippet:-1","max-image-preview":"max-image-preview:large","max-video-preview":"max-video-preview:-1"},"canonical":"https:\/\/admin.industriall-union.org\/fr\/archive\/icem\/ouverture-a-geneve-d-039-une-reunion-tripartite-de-l-039-oit-sur-les-industries-chimiques-et-pharmaceutiques\/","og_locale":"fr_FR","og_type":"article","og_title":"Ouverture \u00e0 Gen\u00e8ve d&#039;une R\u00e9union tripartite de l&#039;OIT sur les industries chimiques et pharmaceutiques","og_description":"Aujourd&#8217;hui &agrave; Gen&egrave;ve, des repr&eacute;sentants des syndicats, des gouvernements et des employeurs entament des discussions sur la restructuration de l&#8217;emploi et le dialogue social dans ces deux secteurs dans le cadre d&#8217;une r&eacute;union sectorielle de l&#8217;OIT intitul&eacute;e &quot;La promotion du dialogue social sur la restructuration et ses effets sur l&#8217;emploi dans les industries chimiques et [&hellip;]","og_url":"https:\/\/admin.industriall-union.org\/fr\/archive\/icem\/ouverture-a-geneve-d-039-une-reunion-tripartite-de-l-039-oit-sur-les-industries-chimiques-et-pharmaceutiques\/","og_site_name":"industriall-union","article_modified_time":"2025-01-31T14:14:28+00:00","twitter_card":"summary_large_image","twitter_misc":{"Est. reading time":"2 minutes"},"schema":{"@context":"https:\/\/schema.org","@graph":[{"@type":"WebPage","@id":"https:\/\/admin.industriall-union.org\/fr\/archive\/icem\/ouverture-a-geneve-d-039-une-reunion-tripartite-de-l-039-oit-sur-les-industries-chimiques-et-pharmaceutiques\/","url":"https:\/\/admin.industriall-union.org\/fr\/archive\/icem\/ouverture-a-geneve-d-039-une-reunion-tripartite-de-l-039-oit-sur-les-industries-chimiques-et-pharmaceutiques\/","name":"Ouverture \u00e0 Gen\u00e8ve d&#039;une R\u00e9union tripartite de l&#039;OIT sur les industries chimiques et pharmaceutiques - industriall-union","isPartOf":{"@id":"https:\/\/admin.industriall-union.org\/#website"},"datePublished":"2011-10-24T14:32:36+00:00","dateModified":"2025-01-31T14:14:28+00:00","breadcrumb":{"@id":"https:\/\/admin.industriall-union.org\/fr\/archive\/icem\/ouverture-a-geneve-d-039-une-reunion-tripartite-de-l-039-oit-sur-les-industries-chimiques-et-pharmaceutiques\/#breadcrumb"},"inLanguage":"fr-FR","potentialAction":[{"@type":"ReadAction","target":["https:\/\/admin.industriall-union.org\/fr\/archive\/icem\/ouverture-a-geneve-d-039-une-reunion-tripartite-de-l-039-oit-sur-les-industries-chimiques-et-pharmaceutiques\/"]}]},{"@type":"BreadcrumbList","@id":"https:\/\/admin.industriall-union.org\/fr\/archive\/icem\/ouverture-a-geneve-d-039-une-reunion-tripartite-de-l-039-oit-sur-les-industries-chimiques-et-pharmaceutiques\/#breadcrumb","itemListElement":[{"@type":"ListItem","position":1,"name":"Home","item":"https:\/\/admin.industriall-union.org\/"},{"@type":"ListItem","position":2,"name":"Archive icem","item":"https:\/\/admin.industriall-union.org\/archive\/icem\/"},{"@type":"ListItem","position":3,"name":"Ouverture \u00e0 Gen\u00e8ve d&#039;une R\u00e9union tripartite de l&#039;OIT sur les industries chimiques et pharmaceutiques"}]},{"@type":"WebSite","@id":"https:\/\/admin.industriall-union.org\/#website","url":"https:\/\/admin.industriall-union.org\/","name":"industriall-union","description":"","potentialAction":[{"@type":"SearchAction","target":{"@type":"EntryPoint","urlTemplate":"https:\/\/admin.industriall-union.org\/?s={search_term_string}"},"query-input":{"@type":"PropertyValueSpecification","valueRequired":true,"valueName":"search_term_string"}}],"inLanguage":"fr-FR"}]}},"_links":{"self":[{"href":"https:\/\/admin.industriall-union.org\/fr\/wp-json\/wp\/v2\/archive_icem\/179502","targetHints":{"allow":["GET"]}}],"collection":[{"href":"https:\/\/admin.industriall-union.org\/fr\/wp-json\/wp\/v2\/archive_icem"}],"about":[{"href":"https:\/\/admin.industriall-union.org\/fr\/wp-json\/wp\/v2\/types\/archive_icem"}],"wp:attachment":[{"href":"https:\/\/admin.industriall-union.org\/fr\/wp-json\/wp\/v2\/media?parent=179502"}],"curies":[{"name":"wp","href":"https:\/\/api.w.org\/{rel}","templated":true}]}}

Ouverture à Genève d&#039;une Réunion tripartite de l&#039;OIT sur les industries chimiques et pharmaceutiques

<!-- This site is optimized with the Yoast SEO Premium plugin v27.1 (Yoast SEO v27.1) - https://yoast.com/product/yoast-seo-premium-wordpress/ -->
<title>Ouverture à Genève d&#039;une Réunion tripartite de l&#039;OIT sur les industries chimiques et pharmaceutiques - industriall-union</title>
<meta name="robots" content="index, follow, max-snippet:-1, max-image-preview:large, max-video-preview:-1" />
<link rel="canonical" href="https://admin.industriall-union.org/fr/archive/icem/ouverture-a-geneve-d-039-une-reunion-tripartite-de-l-039-oit-sur-les-industries-chimiques-et-pharmaceutiques/" />
<meta property="og:locale" content="fr_FR" />
<meta property="og:type" content="article" />
<meta property="og:title" content="Ouverture à Genève d&#039;une Réunion tripartite de l&#039;OIT sur les industries chimiques et pharmaceutiques" />
<meta property="og:description" content="Aujourd&#8217;hui &agrave; Gen&egrave;ve, des repr&eacute;sentants des syndicats, des gouvernements et des employeurs entament des discussions sur la restructuration de l&#8217;emploi et le dialogue social dans ces deux secteurs dans le cadre d&#8217;une r&eacute;union sectorielle de l&#8217;OIT intitul&eacute;e &quot;La promotion du dialogue social sur la restructuration et ses effets sur l&#8217;emploi dans les industries chimiques et [&hellip;]" />
<meta property="og:url" content="https://admin.industriall-union.org/fr/archive/icem/ouverture-a-geneve-d-039-une-reunion-tripartite-de-l-039-oit-sur-les-industries-chimiques-et-pharmaceutiques/" />
<meta property="og:site_name" content="industriall-union" />
<meta property="article:modified_time" content="2025-01-31T14:14:28+00:00" />
<meta name="twitter:card" content="summary_large_image" />
<meta name="twitter:label1" content="Est. reading time" />
	<meta name="twitter:data1" content="2 minutes" />
<script type="application/ld+json" class="yoast-schema-graph">{"@context":"https://schema.org","@graph":[{"@type":"WebPage","@id":"https://admin.industriall-union.org/fr/archive/icem/ouverture-a-geneve-d-039-une-reunion-tripartite-de-l-039-oit-sur-les-industries-chimiques-et-pharmaceutiques/","url":"https://admin.industriall-union.org/fr/archive/icem/ouverture-a-geneve-d-039-une-reunion-tripartite-de-l-039-oit-sur-les-industries-chimiques-et-pharmaceutiques/","name":"Ouverture à Genève d&#039;une Réunion tripartite de l&#039;OIT sur les industries chimiques et pharmaceutiques - industriall-union","isPartOf":{"@id":"https://admin.industriall-union.org/#website"},"datePublished":"2011-10-24T14:32:36+00:00","dateModified":"2025-01-31T14:14:28+00:00","breadcrumb":{"@id":"https://admin.industriall-union.org/fr/archive/icem/ouverture-a-geneve-d-039-une-reunion-tripartite-de-l-039-oit-sur-les-industries-chimiques-et-pharmaceutiques/#breadcrumb"},"inLanguage":"fr-FR","potentialAction":[{"@type":"ReadAction","target":["https://admin.industriall-union.org/fr/archive/icem/ouverture-a-geneve-d-039-une-reunion-tripartite-de-l-039-oit-sur-les-industries-chimiques-et-pharmaceutiques/"]}]},{"@type":"BreadcrumbList","@id":"https://admin.industriall-union.org/fr/archive/icem/ouverture-a-geneve-d-039-une-reunion-tripartite-de-l-039-oit-sur-les-industries-chimiques-et-pharmaceutiques/#breadcrumb","itemListElement":[{"@type":"ListItem","position":1,"name":"Home","item":"https://admin.industriall-union.org/"},{"@type":"ListItem","position":2,"name":"Archive icem","item":"https://admin.industriall-union.org/archive/icem/"},{"@type":"ListItem","position":3,"name":"Ouverture à Genève d&#039;une Réunion tripartite de l&#039;OIT sur les industries chimiques et pharmaceutiques"}]},{"@type":"WebSite","@id":"https://admin.industriall-union.org/#website","url":"https://admin.industriall-union.org/","name":"industriall-union","description":"","potentialAction":[{"@type":"SearchAction","target":{"@type":"EntryPoint","urlTemplate":"https://admin.industriall-union.org/?s={search_term_string}"},"query-input":{"@type":"PropertyValueSpecification","valueRequired":true,"valueName":"search_term_string"}}],"inLanguage":"fr-FR"}]}</script>
<!-- / Yoast SEO Premium plugin. -->

Ouverture à Genève d&#039;une Réunion tripartite de l&#039;OIT sur les industries chimiques et pharmaceutiques - industriall-union
