{"id":178962,"date":"2011-11-21T19:43:48","date_gmt":"2011-11-21T19:43:48","guid":{"rendered":"https:\/\/admin.industriall-union.org\/archive\/icem\/les-travailleurs-francais-du-papier-evacuent-leur-usine-apres-un-accord-avec-m-real\/"},"modified":"2025-01-31T14:12:16","modified_gmt":"2025-01-31T14:12:16","slug":"les-travailleurs-francais-du-papier-evacuent-leur-usine-apres-un-accord-avec-m-real","status":"publish","type":"archive_icem","link":"https:\/\/admin.industriall-union.org\/fr\/archive\/icem\/les-travailleurs-francais-du-papier-evacuent-leur-usine-apres-un-accord-avec-m-real\/","title":{"rendered":"Les travailleurs fran\u00e7ais du papier \u00e9vacuent leur usine apr\u00e8s un accord avec M-real"},"content":{"rendered":"<p align=\"center\"><img loading=\"lazy\" decoding=\"async\" src=\"\" width=\"100\" height=\"39\" alt=\"\" \/><\/p>\n<p align=\"justify\">La spectaculaire occupation, pendant un mois, d&#8217;une usine de papier de M-real &agrave; Alizay, en France, a pris fin le 18 novembre apr&egrave;s que les syndicats CGT-Filpac et CFE-CGC aient sign&eacute; avec le groupe finlandais un accord permettant de lib&eacute;rer ses stocks de papier d&#8217;imprimerie. La gr&egrave;ve avait d&eacute;marr&eacute; le 19 octobre lorsque M-real avait abandonn&eacute; son projet de vendre l&#8217;usine &agrave; un des deux candidats acheteurs encore en lice et annonc&eacute; 330 suppressions de postes. (Voir <a href=\"\/en\/78-ICEM-InBrief\/4726-French-Paperworkers-Continue-Protest-Today-to-Keep-M-real-Mill-Operating \"><font color=\"#ff0000\">l&#8217;article de l&#8217;ICEM<\/font><\/a> du 24 octobre) <br \/>\n<br \/>\nLe 15 novembre, les travailleurs ont vot&eacute; &agrave; plus de 95% devant les grilles de l&#8217;usine la fin de l&#8217;occupation et les dirigeants des deux syndicats ont sign&eacute;, le 17 novembre avec la direction de M-real, un accord reportant temporairement la fermeture de l&#8217;usine et comportant des clauses financi&egrave;res et autres. <br \/>\n<br \/>\nLes travailleurs toucheront une prime de 3.000 &euro; pour avoir lev&eacute; l&#8217;occupation; dont 1.500 &euro; imm&eacute;diatement et le solde en janvier. M-real s&#8217;engage &agrave; maintenir en activit&eacute; jusqu&#8217;au 7 mars cette usine d&#8217;une capacit&eacute; annuelle de 230.000 tonnes et &agrave; ne pas &eacute;vacuer le mat&eacute;riel ou les machines avant cette date. De plus, les travailleurs recevront leur salaire pour les 30 jours qu&#8217;a dur&eacute; la gr&egrave;ve. <\/p>\n<p align=\"center\"><img loading=\"lazy\" decoding=\"async\" alt=\"\" src=\"\" width=\"140\" height=\"136\" \/><\/p>\n<p align=\"justify\">L&#8217;accord et la fin de l&#8217;occupation sont survenus juste avant que la police intervienne pour faire ouvrir de force l&#8217;entrep&ocirc;t o&ugrave; &eacute;tait stock&eacute; le papier. Le conflit avait atteint les plus hautes sph&egrave;res du gouvernement fran&ccedil;ais la semaine derni&egrave;re, apr&egrave;s que les syndicats aient r&eacute;clam&eacute; la mise sous s&eacute;questre des avoirs de M-real par l&#8217;&Eacute;tat et fait irruption dans des r&eacute;unions qui se tenaient au Parlement europ&eacute;en, &agrave; Strasbourg, o&ugrave; des responsables politiques fran&ccedil;ais rencontraient la semaine derni&egrave;re des parlementaires finlandais pour se plaindre de l&#8217;intransigeance de M-real et de Mets&auml;liitto, une soci&eacute;t&eacute; finlandaise de produits forestiers qui d&eacute;tient 40% de son capital. <br \/>\n<br \/>\n&quot;Il ne faut pas croire que nous avons capitul&eacute;,&quot; a d&eacute;clar&eacute; le d&eacute;l&eacute;gu&eacute; syndical de la CGT-Filpac Thierry Philippot. &quot;Nous veillerons &agrave; ce que cette entreprise paie pour les souffrances morales et physiques qu&#8217;elle a inflig&eacute;es aux travailleurs.&quot; Certains ont d&eacute;pos&eacute; plainte pour harc&egrave;lement aupr&egrave;s des autorit&eacute;s fran&ccedil;aises pour le choc psychologique qu&#8217;a &eacute;t&eacute; le revirement de position de M-real. <br \/>\n<br \/>\nM-real avait annonc&eacute; le 4 mai une grande restructuration destin&eacute;e &agrave; sortir du cr&eacute;neau du papier de bureau et d&#8217;imprimerie pour se concentrer sur le carton d&#8217;emballage. Cela supposait la vente de deux usines de papier fin, &agrave; Alizay, pr&egrave;s de Pont-de-l&#8217;Arche, et celle de Gohrsm&uuml;hle, en Allemagne, ainsi que l&#8217;arr&ecirc;t de la production de papier carbone &agrave; l&#8217;usine Reflex en Allemagne. <br \/>\n<br \/>\nApr&egrave;s n&#8217;avoir conserv&eacute; que 2 candidats acheteurs d&#8217;Alizay sur les 65 qui s&#8217;&eacute;taient pr&eacute;sent&eacute;s au d&eacute;part, le mois dernier M-real rompait les n&eacute;gociations avec une firme de papier tha&iuml;landaise et un fonds de placement fran&ccedil;ais et annon&ccedil;ait qu&#8217;elle allait fermer l&#8217;usine. <br \/>\n<br \/>\nCette nouvelle a d&eacute;clench&eacute; la col&egrave;re des travailleurs du papier fran&ccedil;ais de la CGT-Filpac et la CFE-CGC et l&#8217;occupation de l&#8217;usine, avec blocage des grilles par de lourds v&eacute;hicules et de grosses cha&icirc;nes. Les syndicats avaient &eacute;galement port&eacute; plainte contre M-real devant une juridiction locale d&#8217;&Eacute;vreux pour ne pas avoir fourni les documents requis dans l&#8217;&eacute;ventualit&eacute; d&#8217;une vente. Les consultations pr&eacute;vues par la loi en cas de fermeture ont d&eacute;marr&eacute; le 8 novembre mais elles ont &eacute;t&eacute; tr&egrave;s vite suspendues en raison de la tension; elles devraient reprendre ind&eacute;pendamment du protocole sign&eacute; la semaine derni&egrave;re pour mettre fin &agrave; l&#8217;occupation. <\/p>","protected":false},"featured_media":0,"template":"","class_list":["post-178962","archive_icem","type-archive_icem","status-publish","hentry"],"acf":[],"yoast_head":"<!-- This site is optimized with the Yoast SEO Premium plugin v27.1 (Yoast SEO v27.1) - https:\/\/yoast.com\/product\/yoast-seo-premium-wordpress\/ -->\n<title>Les travailleurs fran\u00e7ais du papier \u00e9vacuent leur usine apr\u00e8s un accord avec M-real - industriall-union<\/title>\n<meta name=\"robots\" content=\"index, follow, max-snippet:-1, max-image-preview:large, max-video-preview:-1\" \/>\n<link rel=\"canonical\" href=\"https:\/\/admin.industriall-union.org\/fr\/archive\/icem\/les-travailleurs-francais-du-papier-evacuent-leur-usine-apres-un-accord-avec-m-real\/\" \/>\n<meta property=\"og:locale\" content=\"fr_FR\" \/>\n<meta property=\"og:type\" content=\"article\" \/>\n<meta property=\"og:title\" content=\"Les travailleurs fran\u00e7ais du papier \u00e9vacuent leur usine apr\u00e8s un accord avec M-real\" \/>\n<meta property=\"og:description\" content=\"La spectaculaire occupation, pendant un mois, d&#8217;une usine de papier de M-real &agrave; Alizay, en France, a pris fin le 18 novembre apr&egrave;s que les syndicats CGT-Filpac et CFE-CGC aient sign&eacute; avec le groupe finlandais un accord permettant de lib&eacute;rer ses stocks de papier d&#8217;imprimerie. La gr&egrave;ve avait d&eacute;marr&eacute; le 19 octobre lorsque M-real avait [&hellip;]\" \/>\n<meta property=\"og:url\" content=\"https:\/\/admin.industriall-union.org\/fr\/archive\/icem\/les-travailleurs-francais-du-papier-evacuent-leur-usine-apres-un-accord-avec-m-real\/\" \/>\n<meta property=\"og:site_name\" content=\"industriall-union\" \/>\n<meta property=\"article:modified_time\" content=\"2025-01-31T14:12:16+00:00\" \/>\n<meta name=\"twitter:card\" content=\"summary_large_image\" \/>\n<meta name=\"twitter:label1\" content=\"Est. reading time\" \/>\n\t<meta name=\"twitter:data1\" content=\"4 minutes\" \/>\n<script type=\"application\/ld+json\" class=\"yoast-schema-graph\">{\"@context\":\"https:\/\/schema.org\",\"@graph\":[{\"@type\":\"WebPage\",\"@id\":\"https:\/\/admin.industriall-union.org\/fr\/archive\/icem\/les-travailleurs-francais-du-papier-evacuent-leur-usine-apres-un-accord-avec-m-real\/\",\"url\":\"https:\/\/admin.industriall-union.org\/fr\/archive\/icem\/les-travailleurs-francais-du-papier-evacuent-leur-usine-apres-un-accord-avec-m-real\/\",\"name\":\"Les travailleurs fran\u00e7ais du papier \u00e9vacuent leur usine apr\u00e8s un accord avec M-real - industriall-union\",\"isPartOf\":{\"@id\":\"https:\/\/admin.industriall-union.org\/#website\"},\"datePublished\":\"2011-11-21T19:43:48+00:00\",\"dateModified\":\"2025-01-31T14:12:16+00:00\",\"breadcrumb\":{\"@id\":\"https:\/\/admin.industriall-union.org\/fr\/archive\/icem\/les-travailleurs-francais-du-papier-evacuent-leur-usine-apres-un-accord-avec-m-real\/#breadcrumb\"},\"inLanguage\":\"fr-FR\",\"potentialAction\":[{\"@type\":\"ReadAction\",\"target\":[\"https:\/\/admin.industriall-union.org\/fr\/archive\/icem\/les-travailleurs-francais-du-papier-evacuent-leur-usine-apres-un-accord-avec-m-real\/\"]}]},{\"@type\":\"BreadcrumbList\",\"@id\":\"https:\/\/admin.industriall-union.org\/fr\/archive\/icem\/les-travailleurs-francais-du-papier-evacuent-leur-usine-apres-un-accord-avec-m-real\/#breadcrumb\",\"itemListElement\":[{\"@type\":\"ListItem\",\"position\":1,\"name\":\"Home\",\"item\":\"https:\/\/admin.industriall-union.org\/\"},{\"@type\":\"ListItem\",\"position\":2,\"name\":\"Archive icem\",\"item\":\"https:\/\/admin.industriall-union.org\/archive\/icem\/\"},{\"@type\":\"ListItem\",\"position\":3,\"name\":\"Les travailleurs fran\u00e7ais du papier \u00e9vacuent leur usine apr\u00e8s un accord avec M-real\"}]},{\"@type\":\"WebSite\",\"@id\":\"https:\/\/admin.industriall-union.org\/#website\",\"url\":\"https:\/\/admin.industriall-union.org\/\",\"name\":\"industriall-union\",\"description\":\"\",\"potentialAction\":[{\"@type\":\"SearchAction\",\"target\":{\"@type\":\"EntryPoint\",\"urlTemplate\":\"https:\/\/admin.industriall-union.org\/?s={search_term_string}\"},\"query-input\":{\"@type\":\"PropertyValueSpecification\",\"valueRequired\":true,\"valueName\":\"search_term_string\"}}],\"inLanguage\":\"fr-FR\"}]}<\/script>\n<!-- \/ Yoast SEO Premium plugin. -->","yoast_head_json":{"title":"Les travailleurs fran\u00e7ais du papier \u00e9vacuent leur usine apr\u00e8s un accord avec M-real - industriall-union","robots":{"index":"index","follow":"follow","max-snippet":"max-snippet:-1","max-image-preview":"max-image-preview:large","max-video-preview":"max-video-preview:-1"},"canonical":"https:\/\/admin.industriall-union.org\/fr\/archive\/icem\/les-travailleurs-francais-du-papier-evacuent-leur-usine-apres-un-accord-avec-m-real\/","og_locale":"fr_FR","og_type":"article","og_title":"Les travailleurs fran\u00e7ais du papier \u00e9vacuent leur usine apr\u00e8s un accord avec M-real","og_description":"La spectaculaire occupation, pendant un mois, d&#8217;une usine de papier de M-real &agrave; Alizay, en France, a pris fin le 18 novembre apr&egrave;s que les syndicats CGT-Filpac et CFE-CGC aient sign&eacute; avec le groupe finlandais un accord permettant de lib&eacute;rer ses stocks de papier d&#8217;imprimerie. La gr&egrave;ve avait d&eacute;marr&eacute; le 19 octobre lorsque M-real avait [&hellip;]","og_url":"https:\/\/admin.industriall-union.org\/fr\/archive\/icem\/les-travailleurs-francais-du-papier-evacuent-leur-usine-apres-un-accord-avec-m-real\/","og_site_name":"industriall-union","article_modified_time":"2025-01-31T14:12:16+00:00","twitter_card":"summary_large_image","twitter_misc":{"Est. reading time":"4 minutes"},"schema":{"@context":"https:\/\/schema.org","@graph":[{"@type":"WebPage","@id":"https:\/\/admin.industriall-union.org\/fr\/archive\/icem\/les-travailleurs-francais-du-papier-evacuent-leur-usine-apres-un-accord-avec-m-real\/","url":"https:\/\/admin.industriall-union.org\/fr\/archive\/icem\/les-travailleurs-francais-du-papier-evacuent-leur-usine-apres-un-accord-avec-m-real\/","name":"Les travailleurs fran\u00e7ais du papier \u00e9vacuent leur usine apr\u00e8s un accord avec M-real - industriall-union","isPartOf":{"@id":"https:\/\/admin.industriall-union.org\/#website"},"datePublished":"2011-11-21T19:43:48+00:00","dateModified":"2025-01-31T14:12:16+00:00","breadcrumb":{"@id":"https:\/\/admin.industriall-union.org\/fr\/archive\/icem\/les-travailleurs-francais-du-papier-evacuent-leur-usine-apres-un-accord-avec-m-real\/#breadcrumb"},"inLanguage":"fr-FR","potentialAction":[{"@type":"ReadAction","target":["https:\/\/admin.industriall-union.org\/fr\/archive\/icem\/les-travailleurs-francais-du-papier-evacuent-leur-usine-apres-un-accord-avec-m-real\/"]}]},{"@type":"BreadcrumbList","@id":"https:\/\/admin.industriall-union.org\/fr\/archive\/icem\/les-travailleurs-francais-du-papier-evacuent-leur-usine-apres-un-accord-avec-m-real\/#breadcrumb","itemListElement":[{"@type":"ListItem","position":1,"name":"Home","item":"https:\/\/admin.industriall-union.org\/"},{"@type":"ListItem","position":2,"name":"Archive icem","item":"https:\/\/admin.industriall-union.org\/archive\/icem\/"},{"@type":"ListItem","position":3,"name":"Les travailleurs fran\u00e7ais du papier \u00e9vacuent leur usine apr\u00e8s un accord avec M-real"}]},{"@type":"WebSite","@id":"https:\/\/admin.industriall-union.org\/#website","url":"https:\/\/admin.industriall-union.org\/","name":"industriall-union","description":"","potentialAction":[{"@type":"SearchAction","target":{"@type":"EntryPoint","urlTemplate":"https:\/\/admin.industriall-union.org\/?s={search_term_string}"},"query-input":{"@type":"PropertyValueSpecification","valueRequired":true,"valueName":"search_term_string"}}],"inLanguage":"fr-FR"}]}},"_links":{"self":[{"href":"https:\/\/admin.industriall-union.org\/fr\/wp-json\/wp\/v2\/archive_icem\/178962","targetHints":{"allow":["GET"]}}],"collection":[{"href":"https:\/\/admin.industriall-union.org\/fr\/wp-json\/wp\/v2\/archive_icem"}],"about":[{"href":"https:\/\/admin.industriall-union.org\/fr\/wp-json\/wp\/v2\/types\/archive_icem"}],"wp:attachment":[{"href":"https:\/\/admin.industriall-union.org\/fr\/wp-json\/wp\/v2\/media?parent=178962"}],"curies":[{"name":"wp","href":"https:\/\/api.w.org\/{rel}","templated":true}]}}

Les travailleurs français du papier évacuent leur usine après un accord avec M-real

<!-- This site is optimized with the Yoast SEO Premium plugin v27.1 (Yoast SEO v27.1) - https://yoast.com/product/yoast-seo-premium-wordpress/ -->
<title>Les travailleurs français du papier évacuent leur usine après un accord avec M-real - industriall-union</title>
<meta name="robots" content="index, follow, max-snippet:-1, max-image-preview:large, max-video-preview:-1" />
<link rel="canonical" href="https://admin.industriall-union.org/fr/archive/icem/les-travailleurs-francais-du-papier-evacuent-leur-usine-apres-un-accord-avec-m-real/" />
<meta property="og:locale" content="fr_FR" />
<meta property="og:type" content="article" />
<meta property="og:title" content="Les travailleurs français du papier évacuent leur usine après un accord avec M-real" />
<meta property="og:description" content="La spectaculaire occupation, pendant un mois, d&#8217;une usine de papier de M-real &agrave; Alizay, en France, a pris fin le 18 novembre apr&egrave;s que les syndicats CGT-Filpac et CFE-CGC aient sign&eacute; avec le groupe finlandais un accord permettant de lib&eacute;rer ses stocks de papier d&#8217;imprimerie. La gr&egrave;ve avait d&eacute;marr&eacute; le 19 octobre lorsque M-real avait [&hellip;]" />
<meta property="og:url" content="https://admin.industriall-union.org/fr/archive/icem/les-travailleurs-francais-du-papier-evacuent-leur-usine-apres-un-accord-avec-m-real/" />
<meta property="og:site_name" content="industriall-union" />
<meta property="article:modified_time" content="2025-01-31T14:12:16+00:00" />
<meta name="twitter:card" content="summary_large_image" />
<meta name="twitter:label1" content="Est. reading time" />
	<meta name="twitter:data1" content="4 minutes" />
<script type="application/ld+json" class="yoast-schema-graph">{"@context":"https://schema.org","@graph":[{"@type":"WebPage","@id":"https://admin.industriall-union.org/fr/archive/icem/les-travailleurs-francais-du-papier-evacuent-leur-usine-apres-un-accord-avec-m-real/","url":"https://admin.industriall-union.org/fr/archive/icem/les-travailleurs-francais-du-papier-evacuent-leur-usine-apres-un-accord-avec-m-real/","name":"Les travailleurs français du papier évacuent leur usine après un accord avec M-real - industriall-union","isPartOf":{"@id":"https://admin.industriall-union.org/#website"},"datePublished":"2011-11-21T19:43:48+00:00","dateModified":"2025-01-31T14:12:16+00:00","breadcrumb":{"@id":"https://admin.industriall-union.org/fr/archive/icem/les-travailleurs-francais-du-papier-evacuent-leur-usine-apres-un-accord-avec-m-real/#breadcrumb"},"inLanguage":"fr-FR","potentialAction":[{"@type":"ReadAction","target":["https://admin.industriall-union.org/fr/archive/icem/les-travailleurs-francais-du-papier-evacuent-leur-usine-apres-un-accord-avec-m-real/"]}]},{"@type":"BreadcrumbList","@id":"https://admin.industriall-union.org/fr/archive/icem/les-travailleurs-francais-du-papier-evacuent-leur-usine-apres-un-accord-avec-m-real/#breadcrumb","itemListElement":[{"@type":"ListItem","position":1,"name":"Home","item":"https://admin.industriall-union.org/"},{"@type":"ListItem","position":2,"name":"Archive icem","item":"https://admin.industriall-union.org/archive/icem/"},{"@type":"ListItem","position":3,"name":"Les travailleurs français du papier évacuent leur usine après un accord avec M-real"}]},{"@type":"WebSite","@id":"https://admin.industriall-union.org/#website","url":"https://admin.industriall-union.org/","name":"industriall-union","description":"","potentialAction":[{"@type":"SearchAction","target":{"@type":"EntryPoint","urlTemplate":"https://admin.industriall-union.org/?s={search_term_string}"},"query-input":{"@type":"PropertyValueSpecification","valueRequired":true,"valueName":"search_term_string"}}],"inLanguage":"fr-FR"}]}</script>
<!-- / Yoast SEO Premium plugin. -->

Les travailleurs français du papier évacuent leur usine après un accord avec M-real - industriall-union
