{"id":176442,"date":"2012-05-02T12:58:33","date_gmt":"2012-05-02T12:58:33","guid":{"rendered":"https:\/\/admin.industriall-union.org\/archive\/icem\/greves-d-039-avertissement-dans-la-metallurgie-et-l-039-electronique-en-allemagne\/"},"modified":"2025-01-31T14:00:15","modified_gmt":"2025-01-31T14:00:15","slug":"greves-d-039-avertissement-dans-la-metallurgie-et-l-039-electronique-en-allemagne","status":"publish","type":"archive_icem","link":"https:\/\/admin.industriall-union.org\/fr\/archive\/icem\/greves-d-039-avertissement-dans-la-metallurgie-et-l-039-electronique-en-allemagne\/","title":{"rendered":"Gr\u00e8ves d&#039;avertissement dans la m\u00e9tallurgie et l&#039;\u00e9lectronique en Allemagne"},"content":{"rendered":"<p style=\"text-align: center\">\n\t<img decoding=\"async\" alt=\"\" src=\"\" style=\"width: 100px;height: 39px\" width=\"390\" \/><\/p>\n<p style=\"text-align: justify\">\n\tEn Allemagne, des gr&egrave;ves d&#039;avertissement vont d&eacute;buter aujourd&#039;hui dans la m&eacute;tallurgie, l&#039;ing&eacute;nierie et l&#039;&eacute;lectronique apr&egrave;s l&#039;&eacute;chec, la semaine derni&egrave;re, du troisi&egrave;me cycle de n&eacute;gociations entre IG Metall et les associations d&#039;employeurs dans plusieurs L&auml;nder. &Agrave;l&#039;expiration de l&#039;accord de paix sociale, le 28 avril, 2.500 ouvriers de la m&eacute;tallurgie ont entam&eacute; ces gr&egrave;ves d&#039;avertissement en plusieurs endroits, par des actions cr&eacute;atives et faisant preuve d&#039;imagination.<\/p>\n<p style=\"text-align: justify\">\n\tLes pourparlers pour le compte de 3,6 millions de travailleurs allemands repr&eacute;sent&eacute;s par IG Metall ont d&eacute;but&eacute; &agrave; la fin de l&#039;hiver dans plusieurs L&auml;nder. Ils ont abouti &agrave; l&#039;impasse le 26 avril, lorsque les employeurs ont mis sur la table une proposition salariale qui n&#039;avait rien de satisfaisant. Ils rejetaient aussi les revendications du syndicat pour la garantie d&#039;un emploi pour les apprentis en fin de stage et pour davantage de droits au travail pour les travailleurs contractuels et int&eacute;rimaires.<\/p>\n<p style=\"text-align: justify\">\n\tL&#039;offre de l&#039;association des employeurs Gesamtmetall avanc&eacute;e dans les diff&eacute;rents L&auml;nder le 24 avril a &eacute;t&eacute; qualifi&eacute;e de &quot;provocation&quot; par IG Metall et suivie d&#039;une mobilisation pendant le week-end, &agrave; l&#039;expiration de l&#039;accord de paix sociale. Les employeurs offraient une hausse des salaires de 3% sur 14 mois, jusqu&#039;en juin 2013, alors que le syndicat r&eacute;clamait 6,5% sur 12 mois.<\/p>\n<p style=\"text-align: center\">\n\t<img decoding=\"async\" alt=\"\" src=\"\" style=\"cursor: default;width: 216px;height: 160px\" width=\"390\" \/><\/p>\n<p style=\"text-align: justify\">\n\tLa demande du syndicat s&#039;appuie sur une augmentation de la productivit&eacute; et sur les perspectives d&#039;inflation pour 2012 et 2013. Quant aux garanties r&eacute;clam&eacute;es pour les apprentis et les travailleurs contractuels, elles se basent &eacute;galement sur le fait que l&#039;Allemagne conna&icirc;t actuellement une p&eacute;nurie de main-d&rsquo;&oelig;uvre sp&eacute;cialis&eacute;e.<\/p>\n<p style=\"text-align: justify\">\n\tLa proposition de hausse salariale de 6,5% correspond au fait que les travailleurs allemands de l&#039;industrie sont le moteur d&#039;une nation qui est actuellement la plus grande puissance industrielle d&#039;Europe et son &eacute;conomie la plus forte, et que les salaires &eacute;lev&eacute;s et l&#039;&eacute;pargne des travailleurs sont la source de cette force.<\/p>\n<p style=\"text-align: justify\">\n\tLes gr&egrave;ves d&#039;avertissement de la semaine derni&egrave;re ont d&eacute;but&eacute; le 28 avril &agrave; Zwickau, dans le Land oriental de Saxe, o&ugrave; des centaines de jeunes m&eacute;tallos ont d&eacute;fil&eacute; &agrave; moto. D&#039;autres manifestations ont eu lieu pendant le week-end en Bavi&egrave;re, &agrave; Berlin, en Rh&eacute;nanie-du-Nord-Westphalie, et &agrave; Nordenham dans le nord du pays, o&ugrave; les travailleurs de plusieurs usines avaient organis&eacute; un &eacute;norme petit-d&eacute;jeuner de protestation dimanche dernier.<\/p>\n<p style=\"text-align: justify\">\n\t&Agrave;Ingolstad, en Bavi&egrave;re, quelque 80 apprentis s&#039;&eacute;taient rassembl&eacute;s la veille au soir et, au moyen d&#039;un projecteur, ils ont &quot;illumin&eacute;&quot; le mur d&#039;une usine de leurs demandes de garanties d&#039;emploi. Les travailleurs d&#039;une usine TDK de Munich ont organis&eacute; un d&eacute;fil&eacute; aux flambeaux la m&ecirc;me nuit, tandis que des travailleurs du constructeur automobile Daimler Mercedes-Benz de Rasiah, dans le Land de Bade-Wurtemberg, ont protest&eacute; dimanche.<\/p>\n<p style=\"text-align: center\">\n\t<span>&nbsp;<\/span><span>&nbsp;<\/span><span>&nbsp;<\/span><img decoding=\"async\" alt=\"\" src=\"\" style=\"cursor: default;width: 272px;height: 160px\" width=\"390\" \/><span>&nbsp;<\/span><span>&nbsp;<\/span><span>&nbsp;<\/span><\/p>\n<p style=\"text-align: justify\">\n\tLes actions se sont poursuivies le 30 avril par de bruyantes protestations dans les rues et les localit&eacute;s proches d&#039;une usine Daimler Mercedes-Benz de W&ouml;rth-am-Main, en Rh&eacute;nanie-Palatinat, dans une usine MAN Diesel d&#039;Augsbourg, en Bavi&egrave;re, o&ugrave; les discussions reprendront le 8 mai.<\/p>\n<p style=\"text-align: justify\">\n\tHier, 1<sup>er<\/sup> mai, &agrave; Hambourg, le Pr&eacute;sident d&#039;IG Metall, Berthold Huber, a promis que le syndicat ne reviendra pas sur son programme et poursuivra le conflit jusqu&#039;en juin si les employeurs ne r&eacute;pondent pas &agrave; ses revendications. Si les discussions qui se pr&eacute;parent n&#039;aboutissent pas, IG Metall pr&eacute;voit des actions de gr&egrave;ve continues &agrave; partir du 16 mai.<\/p>\n<p style=\"text-align: justify\">\n\tEn plus de quelques autres actions d&#039;avertissement aujourd&#039;hui, de grandes manifestations auront lieu demain, le 3 mai, &agrave; une usine Audi de Neckarsulm et une usine Porsche de Stuttgart. Pr&egrave;s de 900.000 des 3,6 millions de travailleurs concern&eacute;s sont employ&eacute;s par les constructeurs automobiles allemands.&nbsp;<\/p>\n","protected":false},"featured_media":0,"template":"","class_list":["post-176442","archive_icem","type-archive_icem","status-publish","hentry"],"acf":[],"yoast_head":"<!-- This site is optimized with the Yoast SEO Premium plugin v27.1 (Yoast SEO v27.1) - https:\/\/yoast.com\/product\/yoast-seo-premium-wordpress\/ -->\n<title>Gr\u00e8ves d&#039;avertissement dans la m\u00e9tallurgie et l&#039;\u00e9lectronique en Allemagne - industriall-union<\/title>\n<meta name=\"robots\" content=\"index, follow, max-snippet:-1, max-image-preview:large, max-video-preview:-1\" \/>\n<link rel=\"canonical\" href=\"https:\/\/admin.industriall-union.org\/fr\/archive\/icem\/greves-d-039-avertissement-dans-la-metallurgie-et-l-039-electronique-en-allemagne\/\" \/>\n<meta property=\"og:locale\" content=\"fr_FR\" \/>\n<meta property=\"og:type\" content=\"article\" \/>\n<meta property=\"og:title\" content=\"Gr\u00e8ves d&#039;avertissement dans la m\u00e9tallurgie et l&#039;\u00e9lectronique en Allemagne\" \/>\n<meta property=\"og:description\" content=\"En Allemagne, des gr&egrave;ves d&#039;avertissement vont d&eacute;buter aujourd&#039;hui dans la m&eacute;tallurgie, l&#039;ing&eacute;nierie et l&#039;&eacute;lectronique apr&egrave;s l&#039;&eacute;chec, la semaine derni&egrave;re, du troisi&egrave;me cycle de n&eacute;gociations entre IG Metall et les associations d&#039;employeurs dans plusieurs L&auml;nder. &Agrave;l&#039;expiration de l&#039;accord de paix sociale, le 28 avril, 2.500 ouvriers de la m&eacute;tallurgie ont entam&eacute; ces gr&egrave;ves d&#039;avertissement en plusieurs [&hellip;]\" \/>\n<meta property=\"og:url\" content=\"https:\/\/admin.industriall-union.org\/fr\/archive\/icem\/greves-d-039-avertissement-dans-la-metallurgie-et-l-039-electronique-en-allemagne\/\" \/>\n<meta property=\"og:site_name\" content=\"industriall-union\" \/>\n<meta property=\"article:modified_time\" content=\"2025-01-31T14:00:15+00:00\" \/>\n<meta name=\"twitter:card\" content=\"summary_large_image\" \/>\n<meta name=\"twitter:label1\" content=\"Est. reading time\" \/>\n\t<meta name=\"twitter:data1\" content=\"4 minutes\" \/>\n<script type=\"application\/ld+json\" class=\"yoast-schema-graph\">{\"@context\":\"https:\/\/schema.org\",\"@graph\":[{\"@type\":\"WebPage\",\"@id\":\"https:\/\/admin.industriall-union.org\/fr\/archive\/icem\/greves-d-039-avertissement-dans-la-metallurgie-et-l-039-electronique-en-allemagne\/\",\"url\":\"https:\/\/admin.industriall-union.org\/fr\/archive\/icem\/greves-d-039-avertissement-dans-la-metallurgie-et-l-039-electronique-en-allemagne\/\",\"name\":\"Gr\u00e8ves d&#039;avertissement dans la m\u00e9tallurgie et l&#039;\u00e9lectronique en Allemagne - industriall-union\",\"isPartOf\":{\"@id\":\"https:\/\/admin.industriall-union.org\/#website\"},\"datePublished\":\"2012-05-02T12:58:33+00:00\",\"dateModified\":\"2025-01-31T14:00:15+00:00\",\"breadcrumb\":{\"@id\":\"https:\/\/admin.industriall-union.org\/fr\/archive\/icem\/greves-d-039-avertissement-dans-la-metallurgie-et-l-039-electronique-en-allemagne\/#breadcrumb\"},\"inLanguage\":\"fr-FR\",\"potentialAction\":[{\"@type\":\"ReadAction\",\"target\":[\"https:\/\/admin.industriall-union.org\/fr\/archive\/icem\/greves-d-039-avertissement-dans-la-metallurgie-et-l-039-electronique-en-allemagne\/\"]}]},{\"@type\":\"BreadcrumbList\",\"@id\":\"https:\/\/admin.industriall-union.org\/fr\/archive\/icem\/greves-d-039-avertissement-dans-la-metallurgie-et-l-039-electronique-en-allemagne\/#breadcrumb\",\"itemListElement\":[{\"@type\":\"ListItem\",\"position\":1,\"name\":\"Home\",\"item\":\"https:\/\/admin.industriall-union.org\/\"},{\"@type\":\"ListItem\",\"position\":2,\"name\":\"Archive icem\",\"item\":\"https:\/\/admin.industriall-union.org\/archive\/icem\/\"},{\"@type\":\"ListItem\",\"position\":3,\"name\":\"Gr\u00e8ves d&#039;avertissement dans la m\u00e9tallurgie et l&#039;\u00e9lectronique en Allemagne\"}]},{\"@type\":\"WebSite\",\"@id\":\"https:\/\/admin.industriall-union.org\/#website\",\"url\":\"https:\/\/admin.industriall-union.org\/\",\"name\":\"industriall-union\",\"description\":\"\",\"potentialAction\":[{\"@type\":\"SearchAction\",\"target\":{\"@type\":\"EntryPoint\",\"urlTemplate\":\"https:\/\/admin.industriall-union.org\/?s={search_term_string}\"},\"query-input\":{\"@type\":\"PropertyValueSpecification\",\"valueRequired\":true,\"valueName\":\"search_term_string\"}}],\"inLanguage\":\"fr-FR\"}]}<\/script>\n<!-- \/ Yoast SEO Premium plugin. -->","yoast_head_json":{"title":"Gr\u00e8ves d&#039;avertissement dans la m\u00e9tallurgie et l&#039;\u00e9lectronique en Allemagne - industriall-union","robots":{"index":"index","follow":"follow","max-snippet":"max-snippet:-1","max-image-preview":"max-image-preview:large","max-video-preview":"max-video-preview:-1"},"canonical":"https:\/\/admin.industriall-union.org\/fr\/archive\/icem\/greves-d-039-avertissement-dans-la-metallurgie-et-l-039-electronique-en-allemagne\/","og_locale":"fr_FR","og_type":"article","og_title":"Gr\u00e8ves d&#039;avertissement dans la m\u00e9tallurgie et l&#039;\u00e9lectronique en Allemagne","og_description":"En Allemagne, des gr&egrave;ves d&#039;avertissement vont d&eacute;buter aujourd&#039;hui dans la m&eacute;tallurgie, l&#039;ing&eacute;nierie et l&#039;&eacute;lectronique apr&egrave;s l&#039;&eacute;chec, la semaine derni&egrave;re, du troisi&egrave;me cycle de n&eacute;gociations entre IG Metall et les associations d&#039;employeurs dans plusieurs L&auml;nder. &Agrave;l&#039;expiration de l&#039;accord de paix sociale, le 28 avril, 2.500 ouvriers de la m&eacute;tallurgie ont entam&eacute; ces gr&egrave;ves d&#039;avertissement en plusieurs [&hellip;]","og_url":"https:\/\/admin.industriall-union.org\/fr\/archive\/icem\/greves-d-039-avertissement-dans-la-metallurgie-et-l-039-electronique-en-allemagne\/","og_site_name":"industriall-union","article_modified_time":"2025-01-31T14:00:15+00:00","twitter_card":"summary_large_image","twitter_misc":{"Est. reading time":"4 minutes"},"schema":{"@context":"https:\/\/schema.org","@graph":[{"@type":"WebPage","@id":"https:\/\/admin.industriall-union.org\/fr\/archive\/icem\/greves-d-039-avertissement-dans-la-metallurgie-et-l-039-electronique-en-allemagne\/","url":"https:\/\/admin.industriall-union.org\/fr\/archive\/icem\/greves-d-039-avertissement-dans-la-metallurgie-et-l-039-electronique-en-allemagne\/","name":"Gr\u00e8ves d&#039;avertissement dans la m\u00e9tallurgie et l&#039;\u00e9lectronique en Allemagne - industriall-union","isPartOf":{"@id":"https:\/\/admin.industriall-union.org\/#website"},"datePublished":"2012-05-02T12:58:33+00:00","dateModified":"2025-01-31T14:00:15+00:00","breadcrumb":{"@id":"https:\/\/admin.industriall-union.org\/fr\/archive\/icem\/greves-d-039-avertissement-dans-la-metallurgie-et-l-039-electronique-en-allemagne\/#breadcrumb"},"inLanguage":"fr-FR","potentialAction":[{"@type":"ReadAction","target":["https:\/\/admin.industriall-union.org\/fr\/archive\/icem\/greves-d-039-avertissement-dans-la-metallurgie-et-l-039-electronique-en-allemagne\/"]}]},{"@type":"BreadcrumbList","@id":"https:\/\/admin.industriall-union.org\/fr\/archive\/icem\/greves-d-039-avertissement-dans-la-metallurgie-et-l-039-electronique-en-allemagne\/#breadcrumb","itemListElement":[{"@type":"ListItem","position":1,"name":"Home","item":"https:\/\/admin.industriall-union.org\/"},{"@type":"ListItem","position":2,"name":"Archive icem","item":"https:\/\/admin.industriall-union.org\/archive\/icem\/"},{"@type":"ListItem","position":3,"name":"Gr\u00e8ves d&#039;avertissement dans la m\u00e9tallurgie et l&#039;\u00e9lectronique en Allemagne"}]},{"@type":"WebSite","@id":"https:\/\/admin.industriall-union.org\/#website","url":"https:\/\/admin.industriall-union.org\/","name":"industriall-union","description":"","potentialAction":[{"@type":"SearchAction","target":{"@type":"EntryPoint","urlTemplate":"https:\/\/admin.industriall-union.org\/?s={search_term_string}"},"query-input":{"@type":"PropertyValueSpecification","valueRequired":true,"valueName":"search_term_string"}}],"inLanguage":"fr-FR"}]}},"_links":{"self":[{"href":"https:\/\/admin.industriall-union.org\/fr\/wp-json\/wp\/v2\/archive_icem\/176442","targetHints":{"allow":["GET"]}}],"collection":[{"href":"https:\/\/admin.industriall-union.org\/fr\/wp-json\/wp\/v2\/archive_icem"}],"about":[{"href":"https:\/\/admin.industriall-union.org\/fr\/wp-json\/wp\/v2\/types\/archive_icem"}],"wp:attachment":[{"href":"https:\/\/admin.industriall-union.org\/fr\/wp-json\/wp\/v2\/media?parent=176442"}],"curies":[{"name":"wp","href":"https:\/\/api.w.org\/{rel}","templated":true}]}}

Grèves d&#039;avertissement dans la métallurgie et l&#039;électronique en Allemagne

<!-- This site is optimized with the Yoast SEO Premium plugin v27.1 (Yoast SEO v27.1) - https://yoast.com/product/yoast-seo-premium-wordpress/ -->
<title>Grèves d&#039;avertissement dans la métallurgie et l&#039;électronique en Allemagne - industriall-union</title>
<meta name="robots" content="index, follow, max-snippet:-1, max-image-preview:large, max-video-preview:-1" />
<link rel="canonical" href="https://admin.industriall-union.org/fr/archive/icem/greves-d-039-avertissement-dans-la-metallurgie-et-l-039-electronique-en-allemagne/" />
<meta property="og:locale" content="fr_FR" />
<meta property="og:type" content="article" />
<meta property="og:title" content="Grèves d&#039;avertissement dans la métallurgie et l&#039;électronique en Allemagne" />
<meta property="og:description" content="En Allemagne, des gr&egrave;ves d&#039;avertissement vont d&eacute;buter aujourd&#039;hui dans la m&eacute;tallurgie, l&#039;ing&eacute;nierie et l&#039;&eacute;lectronique apr&egrave;s l&#039;&eacute;chec, la semaine derni&egrave;re, du troisi&egrave;me cycle de n&eacute;gociations entre IG Metall et les associations d&#039;employeurs dans plusieurs L&auml;nder. &Agrave;l&#039;expiration de l&#039;accord de paix sociale, le 28 avril, 2.500 ouvriers de la m&eacute;tallurgie ont entam&eacute; ces gr&egrave;ves d&#039;avertissement en plusieurs [&hellip;]" />
<meta property="og:url" content="https://admin.industriall-union.org/fr/archive/icem/greves-d-039-avertissement-dans-la-metallurgie-et-l-039-electronique-en-allemagne/" />
<meta property="og:site_name" content="industriall-union" />
<meta property="article:modified_time" content="2025-01-31T14:00:15+00:00" />
<meta name="twitter:card" content="summary_large_image" />
<meta name="twitter:label1" content="Est. reading time" />
	<meta name="twitter:data1" content="4 minutes" />
<script type="application/ld+json" class="yoast-schema-graph">{"@context":"https://schema.org","@graph":[{"@type":"WebPage","@id":"https://admin.industriall-union.org/fr/archive/icem/greves-d-039-avertissement-dans-la-metallurgie-et-l-039-electronique-en-allemagne/","url":"https://admin.industriall-union.org/fr/archive/icem/greves-d-039-avertissement-dans-la-metallurgie-et-l-039-electronique-en-allemagne/","name":"Grèves d&#039;avertissement dans la métallurgie et l&#039;électronique en Allemagne - industriall-union","isPartOf":{"@id":"https://admin.industriall-union.org/#website"},"datePublished":"2012-05-02T12:58:33+00:00","dateModified":"2025-01-31T14:00:15+00:00","breadcrumb":{"@id":"https://admin.industriall-union.org/fr/archive/icem/greves-d-039-avertissement-dans-la-metallurgie-et-l-039-electronique-en-allemagne/#breadcrumb"},"inLanguage":"fr-FR","potentialAction":[{"@type":"ReadAction","target":["https://admin.industriall-union.org/fr/archive/icem/greves-d-039-avertissement-dans-la-metallurgie-et-l-039-electronique-en-allemagne/"]}]},{"@type":"BreadcrumbList","@id":"https://admin.industriall-union.org/fr/archive/icem/greves-d-039-avertissement-dans-la-metallurgie-et-l-039-electronique-en-allemagne/#breadcrumb","itemListElement":[{"@type":"ListItem","position":1,"name":"Home","item":"https://admin.industriall-union.org/"},{"@type":"ListItem","position":2,"name":"Archive icem","item":"https://admin.industriall-union.org/archive/icem/"},{"@type":"ListItem","position":3,"name":"Grèves d&#039;avertissement dans la métallurgie et l&#039;électronique en Allemagne"}]},{"@type":"WebSite","@id":"https://admin.industriall-union.org/#website","url":"https://admin.industriall-union.org/","name":"industriall-union","description":"","potentialAction":[{"@type":"SearchAction","target":{"@type":"EntryPoint","urlTemplate":"https://admin.industriall-union.org/?s={search_term_string}"},"query-input":{"@type":"PropertyValueSpecification","valueRequired":true,"valueName":"search_term_string"}}],"inLanguage":"fr-FR"}]}</script>
<!-- / Yoast SEO Premium plugin. -->

Grèves d&#039;avertissement dans la métallurgie et l&#039;électronique en Allemagne - industriall-union
