{"id":176416,"date":"2012-05-02T13:01:56","date_gmt":"2012-05-02T13:01:56","guid":{"rendered":"https:\/\/admin.industriall-union.org\/archive\/icem\/le-secretaire-general-des-coupeurs-de-canne-a-sucre-colombiens-lachement-abattu-le-27-avril\/"},"modified":"2025-01-31T14:00:12","modified_gmt":"2025-01-31T14:00:12","slug":"le-secretaire-general-des-coupeurs-de-canne-a-sucre-colombiens-lachement-abattu-le-27-avril","status":"publish","type":"archive_icem","link":"https:\/\/admin.industriall-union.org\/fr\/archive\/icem\/le-secretaire-general-des-coupeurs-de-canne-a-sucre-colombiens-lachement-abattu-le-27-avril\/","title":{"rendered":"Le Secr\u00e9taire g\u00e9n\u00e9ral des coupeurs de canne \u00e0 sucre colombiens l\u00e2chement abattu le 27 avril"},"content":{"rendered":"<p style=\"text-align: center\">\n\t<img decoding=\"async\" alt=\"\" src=\"\" style=\"width: 100px;height: 39px\" width=\"390\" \/><\/p>\n<p style=\"text-align: justify\">\n\tDaniel Aguirre Piedrahita, le Secr&eacute;taire g&eacute;n&eacute;ral de SINALCORTEROS, le Syndicat national colombien des coupeurs de canne &agrave; sucre, a &eacute;t&eacute; assassin&eacute; dans la soir&eacute;e de vendredi dernier alors qu&#039;il accompagnait son &eacute;pouse, Helena, qui allait t&eacute;l&eacute;phoner dans leur quartier de Casilda de la municipalit&eacute; de Florida, dans le d&eacute;partement de Valle del Cauca, dans le centre-ouest de la Colombie.<\/p>\n<p style=\"text-align: justify\">\n\tIl a &eacute;t&eacute; abattu de deux balles dans la t&ecirc;te par un l&acirc;che assassin, &agrave; 70 m&egrave;tres &agrave; peine de son domicile. Dans une d&eacute;claration, SINALCORTEROS dit que ce meurtre de sang-froid s&#039;inscrit dans un climat permanent de violence et d&#039;intol&eacute;rance &agrave; l&#039;&eacute;gard des syndicats en Colombie. Il exhorte ses membres et militants &agrave; ne pas laisser cet &quot;acte de violence r&eacute;pr&eacute;hensible torpiller notre syndicat&quot; et faire d&eacute;railler ses activit&eacute;s, mais plut&ocirc;t &agrave; &quot;r&eacute;affirmer nos actions et notre mission.&quot;<\/p>\n<p style=\"text-align: justify\">\n\tAu d&eacute;but de la semaine, le gouvernement colombien a publi&eacute; un communiqu&eacute; condamnant cet assassinat. Le vice-ministre du Travail, David Luna Sanchez, a d&eacute;clar&eacute; que son minist&egrave;re appuie l&#039;appel lanc&eacute; par le directeur de l&#039;Unit&eacute; de protection du minist&egrave;re de l&#039;Int&eacute;rieur pour une enqu&ecirc;te afin de d&eacute;terminer si ce meurtre est li&eacute; &agrave; son activit&eacute; syndicale.<\/p>\n<p style=\"text-align: center\">\n\t<img decoding=\"async\" alt=\"\" src=\"\" style=\"cursor: default;width: 213px;height: 160px\" width=\"390\" \/><\/p>\n<p style=\"text-align: justify\">\n\t&Agrave; 35 ans, Daniel Aguirre &eacute;tait un leader d&eacute;termin&eacute; des coupeurs de canne &agrave; sucre dont il menait le combat pour briser les cha&icirc;nes de la servitude que leur imposent les employeurs par un statut de sous-traitants ind&eacute;pendants.<\/p>\n<p style=\"text-align: justify\">\n\tIl a jou&eacute; un r&ocirc;le fondamental en 2005 en cr&eacute;ant, &agrave; l&#039;occasion de mouvements de gr&egrave;ve, SINALCORTEROS qui est maintenant affili&eacute; &agrave; l&#039;Internationale des travailleurs de l&#039;alimentation et de l&#039;agriculture (UITA). Il a aussi pris la t&ecirc;te des gr&egrave;ves de 18.000 coupeurs de canne, en 2008, dans les d&eacute;partements de Valle del Cauca et de Cauca, qui ont permis, deux ans plus tard, d&#039;obtenir des conventions collectives, des pactes du travail qui, &agrave; son initiative, ont assoupli les proc&eacute;dures de recrutement.<\/p>\n<p style=\"text-align: justify\">\n\tPlus r&eacute;cemment, il a r&eacute;clam&eacute; une r&eacute;vision du code du travail colombien pour le mettre au niveau des normes de l&#039;OIT et il s&#039;est vigoureusement oppos&eacute; &agrave; l&#039;accord de libre-&eacute;change avec les &Eacute;tats-Unis qui serait, &agrave; ses yeux, une nouvelle forme d&#039;exploitation des travailleurs et du produit qu&#039;ils r&eacute;coltent.<\/p>\n<p style=\"text-align: justify\">\n\tDaniel Aguirre est le septi&egrave;me syndicaliste colombien tu&eacute; cette ann&eacute;e, et le 61<sup>e<\/sup> depuis l&#039;accession du Pr&eacute;sident Juan Manuel Santos, en ao&ucirc;t 2010. Il laisse derri&egrave;re lui son &eacute;pouse et trois filles &acirc;g&eacute;es de 14, 10 et 4 ans.<\/p>\n<p style=\"text-align: justify\">\n\tUne <a href=\"http:\/\/www.rel-uita.org\/internacional\/ddhh\/Rel-sinalcorteros_asesinato_daniel_aguirre.htm  \"><span>lettre de condol&eacute;ances<\/span><\/a> (en espagnol) adress&eacute;e par l&#039;UITA au Pr&eacute;sident de SINALCORTEROS Alfonso Viafara peut &ecirc;tre consult&eacute;e ici.<\/p>\n","protected":false},"featured_media":0,"template":"","class_list":["post-176416","archive_icem","type-archive_icem","status-publish","hentry"],"acf":[],"yoast_head":"<!-- This site is optimized with the Yoast SEO Premium plugin v27.1 (Yoast SEO v27.1) - https:\/\/yoast.com\/product\/yoast-seo-premium-wordpress\/ -->\n<title>Le Secr\u00e9taire g\u00e9n\u00e9ral des coupeurs de canne \u00e0 sucre colombiens l\u00e2chement abattu le 27 avril - industriall-union<\/title>\n<meta name=\"robots\" content=\"index, follow, max-snippet:-1, max-image-preview:large, max-video-preview:-1\" \/>\n<link rel=\"canonical\" href=\"https:\/\/admin.industriall-union.org\/fr\/archive\/icem\/le-secretaire-general-des-coupeurs-de-canne-a-sucre-colombiens-lachement-abattu-le-27-avril\/\" \/>\n<meta property=\"og:locale\" content=\"fr_FR\" \/>\n<meta property=\"og:type\" content=\"article\" \/>\n<meta property=\"og:title\" content=\"Le Secr\u00e9taire g\u00e9n\u00e9ral des coupeurs de canne \u00e0 sucre colombiens l\u00e2chement abattu le 27 avril\" \/>\n<meta property=\"og:description\" content=\"Daniel Aguirre Piedrahita, le Secr&eacute;taire g&eacute;n&eacute;ral de SINALCORTEROS, le Syndicat national colombien des coupeurs de canne &agrave; sucre, a &eacute;t&eacute; assassin&eacute; dans la soir&eacute;e de vendredi dernier alors qu&#039;il accompagnait son &eacute;pouse, Helena, qui allait t&eacute;l&eacute;phoner dans leur quartier de Casilda de la municipalit&eacute; de Florida, dans le d&eacute;partement de Valle del Cauca, dans le [&hellip;]\" \/>\n<meta property=\"og:url\" content=\"https:\/\/admin.industriall-union.org\/fr\/archive\/icem\/le-secretaire-general-des-coupeurs-de-canne-a-sucre-colombiens-lachement-abattu-le-27-avril\/\" \/>\n<meta property=\"og:site_name\" content=\"industriall-union\" \/>\n<meta property=\"article:modified_time\" content=\"2025-01-31T14:00:12+00:00\" \/>\n<meta name=\"twitter:card\" content=\"summary_large_image\" \/>\n<meta name=\"twitter:label1\" content=\"Est. reading time\" \/>\n\t<meta name=\"twitter:data1\" content=\"3 minutes\" \/>\n<script type=\"application\/ld+json\" class=\"yoast-schema-graph\">{\"@context\":\"https:\/\/schema.org\",\"@graph\":[{\"@type\":\"WebPage\",\"@id\":\"https:\/\/admin.industriall-union.org\/fr\/archive\/icem\/le-secretaire-general-des-coupeurs-de-canne-a-sucre-colombiens-lachement-abattu-le-27-avril\/\",\"url\":\"https:\/\/admin.industriall-union.org\/fr\/archive\/icem\/le-secretaire-general-des-coupeurs-de-canne-a-sucre-colombiens-lachement-abattu-le-27-avril\/\",\"name\":\"Le Secr\u00e9taire g\u00e9n\u00e9ral des coupeurs de canne \u00e0 sucre colombiens l\u00e2chement abattu le 27 avril - industriall-union\",\"isPartOf\":{\"@id\":\"https:\/\/admin.industriall-union.org\/#website\"},\"datePublished\":\"2012-05-02T13:01:56+00:00\",\"dateModified\":\"2025-01-31T14:00:12+00:00\",\"breadcrumb\":{\"@id\":\"https:\/\/admin.industriall-union.org\/fr\/archive\/icem\/le-secretaire-general-des-coupeurs-de-canne-a-sucre-colombiens-lachement-abattu-le-27-avril\/#breadcrumb\"},\"inLanguage\":\"fr-FR\",\"potentialAction\":[{\"@type\":\"ReadAction\",\"target\":[\"https:\/\/admin.industriall-union.org\/fr\/archive\/icem\/le-secretaire-general-des-coupeurs-de-canne-a-sucre-colombiens-lachement-abattu-le-27-avril\/\"]}]},{\"@type\":\"BreadcrumbList\",\"@id\":\"https:\/\/admin.industriall-union.org\/fr\/archive\/icem\/le-secretaire-general-des-coupeurs-de-canne-a-sucre-colombiens-lachement-abattu-le-27-avril\/#breadcrumb\",\"itemListElement\":[{\"@type\":\"ListItem\",\"position\":1,\"name\":\"Home\",\"item\":\"https:\/\/admin.industriall-union.org\/\"},{\"@type\":\"ListItem\",\"position\":2,\"name\":\"Archive icem\",\"item\":\"https:\/\/admin.industriall-union.org\/archive\/icem\/\"},{\"@type\":\"ListItem\",\"position\":3,\"name\":\"Le Secr\u00e9taire g\u00e9n\u00e9ral des coupeurs de canne \u00e0 sucre colombiens l\u00e2chement abattu le 27 avril\"}]},{\"@type\":\"WebSite\",\"@id\":\"https:\/\/admin.industriall-union.org\/#website\",\"url\":\"https:\/\/admin.industriall-union.org\/\",\"name\":\"industriall-union\",\"description\":\"\",\"potentialAction\":[{\"@type\":\"SearchAction\",\"target\":{\"@type\":\"EntryPoint\",\"urlTemplate\":\"https:\/\/admin.industriall-union.org\/?s={search_term_string}\"},\"query-input\":{\"@type\":\"PropertyValueSpecification\",\"valueRequired\":true,\"valueName\":\"search_term_string\"}}],\"inLanguage\":\"fr-FR\"}]}<\/script>\n<!-- \/ Yoast SEO Premium plugin. -->","yoast_head_json":{"title":"Le Secr\u00e9taire g\u00e9n\u00e9ral des coupeurs de canne \u00e0 sucre colombiens l\u00e2chement abattu le 27 avril - industriall-union","robots":{"index":"index","follow":"follow","max-snippet":"max-snippet:-1","max-image-preview":"max-image-preview:large","max-video-preview":"max-video-preview:-1"},"canonical":"https:\/\/admin.industriall-union.org\/fr\/archive\/icem\/le-secretaire-general-des-coupeurs-de-canne-a-sucre-colombiens-lachement-abattu-le-27-avril\/","og_locale":"fr_FR","og_type":"article","og_title":"Le Secr\u00e9taire g\u00e9n\u00e9ral des coupeurs de canne \u00e0 sucre colombiens l\u00e2chement abattu le 27 avril","og_description":"Daniel Aguirre Piedrahita, le Secr&eacute;taire g&eacute;n&eacute;ral de SINALCORTEROS, le Syndicat national colombien des coupeurs de canne &agrave; sucre, a &eacute;t&eacute; assassin&eacute; dans la soir&eacute;e de vendredi dernier alors qu&#039;il accompagnait son &eacute;pouse, Helena, qui allait t&eacute;l&eacute;phoner dans leur quartier de Casilda de la municipalit&eacute; de Florida, dans le d&eacute;partement de Valle del Cauca, dans le [&hellip;]","og_url":"https:\/\/admin.industriall-union.org\/fr\/archive\/icem\/le-secretaire-general-des-coupeurs-de-canne-a-sucre-colombiens-lachement-abattu-le-27-avril\/","og_site_name":"industriall-union","article_modified_time":"2025-01-31T14:00:12+00:00","twitter_card":"summary_large_image","twitter_misc":{"Est. reading time":"3 minutes"},"schema":{"@context":"https:\/\/schema.org","@graph":[{"@type":"WebPage","@id":"https:\/\/admin.industriall-union.org\/fr\/archive\/icem\/le-secretaire-general-des-coupeurs-de-canne-a-sucre-colombiens-lachement-abattu-le-27-avril\/","url":"https:\/\/admin.industriall-union.org\/fr\/archive\/icem\/le-secretaire-general-des-coupeurs-de-canne-a-sucre-colombiens-lachement-abattu-le-27-avril\/","name":"Le Secr\u00e9taire g\u00e9n\u00e9ral des coupeurs de canne \u00e0 sucre colombiens l\u00e2chement abattu le 27 avril - industriall-union","isPartOf":{"@id":"https:\/\/admin.industriall-union.org\/#website"},"datePublished":"2012-05-02T13:01:56+00:00","dateModified":"2025-01-31T14:00:12+00:00","breadcrumb":{"@id":"https:\/\/admin.industriall-union.org\/fr\/archive\/icem\/le-secretaire-general-des-coupeurs-de-canne-a-sucre-colombiens-lachement-abattu-le-27-avril\/#breadcrumb"},"inLanguage":"fr-FR","potentialAction":[{"@type":"ReadAction","target":["https:\/\/admin.industriall-union.org\/fr\/archive\/icem\/le-secretaire-general-des-coupeurs-de-canne-a-sucre-colombiens-lachement-abattu-le-27-avril\/"]}]},{"@type":"BreadcrumbList","@id":"https:\/\/admin.industriall-union.org\/fr\/archive\/icem\/le-secretaire-general-des-coupeurs-de-canne-a-sucre-colombiens-lachement-abattu-le-27-avril\/#breadcrumb","itemListElement":[{"@type":"ListItem","position":1,"name":"Home","item":"https:\/\/admin.industriall-union.org\/"},{"@type":"ListItem","position":2,"name":"Archive icem","item":"https:\/\/admin.industriall-union.org\/archive\/icem\/"},{"@type":"ListItem","position":3,"name":"Le Secr\u00e9taire g\u00e9n\u00e9ral des coupeurs de canne \u00e0 sucre colombiens l\u00e2chement abattu le 27 avril"}]},{"@type":"WebSite","@id":"https:\/\/admin.industriall-union.org\/#website","url":"https:\/\/admin.industriall-union.org\/","name":"industriall-union","description":"","potentialAction":[{"@type":"SearchAction","target":{"@type":"EntryPoint","urlTemplate":"https:\/\/admin.industriall-union.org\/?s={search_term_string}"},"query-input":{"@type":"PropertyValueSpecification","valueRequired":true,"valueName":"search_term_string"}}],"inLanguage":"fr-FR"}]}},"_links":{"self":[{"href":"https:\/\/admin.industriall-union.org\/fr\/wp-json\/wp\/v2\/archive_icem\/176416","targetHints":{"allow":["GET"]}}],"collection":[{"href":"https:\/\/admin.industriall-union.org\/fr\/wp-json\/wp\/v2\/archive_icem"}],"about":[{"href":"https:\/\/admin.industriall-union.org\/fr\/wp-json\/wp\/v2\/types\/archive_icem"}],"wp:attachment":[{"href":"https:\/\/admin.industriall-union.org\/fr\/wp-json\/wp\/v2\/media?parent=176416"}],"curies":[{"name":"wp","href":"https:\/\/api.w.org\/{rel}","templated":true}]}}

Le Secrétaire général des coupeurs de canne à sucre colombiens lâchement abattu le 27 avril

<!-- This site is optimized with the Yoast SEO Premium plugin v27.1 (Yoast SEO v27.1) - https://yoast.com/product/yoast-seo-premium-wordpress/ -->
<title>Le Secrétaire général des coupeurs de canne à sucre colombiens lâchement abattu le 27 avril - industriall-union</title>
<meta name="robots" content="index, follow, max-snippet:-1, max-image-preview:large, max-video-preview:-1" />
<link rel="canonical" href="https://admin.industriall-union.org/fr/archive/icem/le-secretaire-general-des-coupeurs-de-canne-a-sucre-colombiens-lachement-abattu-le-27-avril/" />
<meta property="og:locale" content="fr_FR" />
<meta property="og:type" content="article" />
<meta property="og:title" content="Le Secrétaire général des coupeurs de canne à sucre colombiens lâchement abattu le 27 avril" />
<meta property="og:description" content="Daniel Aguirre Piedrahita, le Secr&eacute;taire g&eacute;n&eacute;ral de SINALCORTEROS, le Syndicat national colombien des coupeurs de canne &agrave; sucre, a &eacute;t&eacute; assassin&eacute; dans la soir&eacute;e de vendredi dernier alors qu&#039;il accompagnait son &eacute;pouse, Helena, qui allait t&eacute;l&eacute;phoner dans leur quartier de Casilda de la municipalit&eacute; de Florida, dans le d&eacute;partement de Valle del Cauca, dans le [&hellip;]" />
<meta property="og:url" content="https://admin.industriall-union.org/fr/archive/icem/le-secretaire-general-des-coupeurs-de-canne-a-sucre-colombiens-lachement-abattu-le-27-avril/" />
<meta property="og:site_name" content="industriall-union" />
<meta property="article:modified_time" content="2025-01-31T14:00:12+00:00" />
<meta name="twitter:card" content="summary_large_image" />
<meta name="twitter:label1" content="Est. reading time" />
	<meta name="twitter:data1" content="3 minutes" />
<script type="application/ld+json" class="yoast-schema-graph">{"@context":"https://schema.org","@graph":[{"@type":"WebPage","@id":"https://admin.industriall-union.org/fr/archive/icem/le-secretaire-general-des-coupeurs-de-canne-a-sucre-colombiens-lachement-abattu-le-27-avril/","url":"https://admin.industriall-union.org/fr/archive/icem/le-secretaire-general-des-coupeurs-de-canne-a-sucre-colombiens-lachement-abattu-le-27-avril/","name":"Le Secrétaire général des coupeurs de canne à sucre colombiens lâchement abattu le 27 avril - industriall-union","isPartOf":{"@id":"https://admin.industriall-union.org/#website"},"datePublished":"2012-05-02T13:01:56+00:00","dateModified":"2025-01-31T14:00:12+00:00","breadcrumb":{"@id":"https://admin.industriall-union.org/fr/archive/icem/le-secretaire-general-des-coupeurs-de-canne-a-sucre-colombiens-lachement-abattu-le-27-avril/#breadcrumb"},"inLanguage":"fr-FR","potentialAction":[{"@type":"ReadAction","target":["https://admin.industriall-union.org/fr/archive/icem/le-secretaire-general-des-coupeurs-de-canne-a-sucre-colombiens-lachement-abattu-le-27-avril/"]}]},{"@type":"BreadcrumbList","@id":"https://admin.industriall-union.org/fr/archive/icem/le-secretaire-general-des-coupeurs-de-canne-a-sucre-colombiens-lachement-abattu-le-27-avril/#breadcrumb","itemListElement":[{"@type":"ListItem","position":1,"name":"Home","item":"https://admin.industriall-union.org/"},{"@type":"ListItem","position":2,"name":"Archive icem","item":"https://admin.industriall-union.org/archive/icem/"},{"@type":"ListItem","position":3,"name":"Le Secrétaire général des coupeurs de canne à sucre colombiens lâchement abattu le 27 avril"}]},{"@type":"WebSite","@id":"https://admin.industriall-union.org/#website","url":"https://admin.industriall-union.org/","name":"industriall-union","description":"","potentialAction":[{"@type":"SearchAction","target":{"@type":"EntryPoint","urlTemplate":"https://admin.industriall-union.org/?s={search_term_string}"},"query-input":{"@type":"PropertyValueSpecification","valueRequired":true,"valueName":"search_term_string"}}],"inLanguage":"fr-FR"}]}</script>
<!-- / Yoast SEO Premium plugin. -->

Le Secrétaire général des coupeurs de canne à sucre colombiens lâchement abattu le 27 avril - industriall-union
