{"id":176275,"date":"2012-05-16T16:04:03","date_gmt":"2012-05-16T16:04:03","guid":{"rendered":"https:\/\/admin.industriall-union.org\/archive\/icem\/le-syndicat-industriall-europe-nait-aujourd-039-hui-de-la-fusion-de-trois-federations\/"},"modified":"2025-01-31T13:59:46","modified_gmt":"2025-01-31T13:59:46","slug":"le-syndicat-industriall-europe-nait-aujourd-039-hui-de-la-fusion-de-trois-federations","status":"publish","type":"archive_icem","link":"https:\/\/admin.industriall-union.org\/fr\/archive\/icem\/le-syndicat-industriall-europe-nait-aujourd-039-hui-de-la-fusion-de-trois-federations\/","title":{"rendered":"Le Syndicat IndustriALL-Europe na\u00eet aujourd&#039;hui de la fusion de trois f\u00e9d\u00e9rations"},"content":{"rendered":"<p style=\"text-align: center\">\n\t<img decoding=\"async\" alt=\"\" src=\"\" style=\"width: 100px;height: 39px\" width=\"390\" \/><span>&nbsp;<\/span><\/p>\n<p style=\"text-align: justify\">\n\tEn ce 16 mai &agrave; Bruxelles, la F&eacute;d&eacute;ration europ&eacute;enne des travailleurs des mines, de la chimie et de l&#039;&eacute;nergie (EMCEF), la F&eacute;d&eacute;ration europ&eacute;enne des m&eacute;tallurgistes (FEM) et la F&eacute;d&eacute;ration syndicale europ&eacute;enne Textiles, Habillement et Cuir (FSE:THC) ont officiellement fusionn&eacute; pour devenir le Syndicat IndustriALL-Europe, une nouvelle f&eacute;d&eacute;ration syndicale repr&eacute;sentant sept millions de travailleurs.<\/p>\n<p style=\"text-align: justify\">\n\tLe Congr&egrave;s fondateur s&#039;est tenu au centre de conf&eacute;rences Square Brussels en pr&eacute;sence de 270 d&eacute;l&eacute;gu&eacute;s de 125 organisations syndicales. 375 autres invit&eacute;s et visiteurs assistaient &agrave; cet &eacute;v&eacute;nement historique.<\/p>\n<p style=\"text-align: justify\">\n\tCette nouvelle f&eacute;d&eacute;ration, qui verra officiellement le jour le 1<sup>er<\/sup>juin, sera une force de combat des travailleurs et une structure dynamique dont le but sera de faire de l&#039;industrie europ&eacute;enne le moteur de l&#039;essor de l&#039;emploi et d&#039;une croissance &eacute;conomique durable. Les trois f&eacute;d&eacute;rations &agrave; son origine se sont promis que le progr&egrave;s social et le mod&egrave;le social europ&eacute;en ne seront plus le jouet des politiques n&eacute;olib&eacute;rales du pass&eacute;.<\/p>\n<p style=\"text-align: justify\">\n\tPour le Secr&eacute;taire g&eacute;n&eacute;ral de l&#039;EMCEF, Michael Wolters, ce Congr&egrave;s vient &agrave; point nomm&eacute;, consid&eacute;rant les r&eacute;centes &eacute;lections en France et en Gr&egrave;ce qui vont mettre un terme aux douloureuses mesures d&#039;aust&eacute;rit&eacute; prises par les gouvernements.<\/p>\n<p style=\"text-align: center\">\n\t<span>&nbsp;<\/span><img decoding=\"async\" alt=\"\" src=\"\" style=\"width: 300px;height: 160px\" width=\"390\" \/><span>&nbsp;<\/span><\/p>\n<p style=\"text-align: justify\">\n\t&quot;L&#039;Europe a besoin d&#039;une croissance de qualit&eacute; reposant sur plus de d&eacute;penses publiques et d&#039;initiatives favorables aux travailleurs et socialement enrichissantes pour que nos &eacute;conomies aillent de l&#039;avant,&quot; a d&eacute;clar&eacute; Michael Wolters. &quot;C&#039;est pr&eacute;cis&eacute;ment la t&acirc;che que nous nous sommes fix&eacute;e aujourd&#039;hui.&quot;<\/p>\n<p style=\"text-align: justify\">\n\tMichael Vassiliadis, le Pr&eacute;sident de l&#039;IGBCE allemande, a &eacute;t&eacute; &eacute;lu Pr&eacute;sident du Syndicat IndustriALL-Europe, tandis que l&#039;actuel Secr&eacute;taire g&eacute;n&eacute;ral de la FEM, Ulrich Eckelmann, en sera le Secr&eacute;taire g&eacute;n&eacute;ral.<\/p>\n<p style=\"text-align: justify\">\n\tAnders Ferbe, d&#039;IF Metall (Su&egrave;de), Renzo Ambrosetti, d&#039;UNIA (Suisse), et Valeria Fedeli, de la CGIL FILCTEM (Italie), ont &eacute;t&eacute; &eacute;lus Vice-pr&eacute;sidents, tandis que Sylvain Lefebvre, de l&#039;EMCEF, Bart Samyn, de la FEM, et Luc Triangle, de la FSE:THC, ont &eacute;t&eacute; &eacute;lus aux postes de Secr&eacute;taires g&eacute;n&eacute;raux adjoints.<\/p>\n<p style=\"text-align: justify\">\n\tS&#039;agissant de sa structure, le syndicat IndustriALL-Europe se composera de quatre comit&eacute;s de politique : N&eacute;gociation collective et politique sociale, Politique des entreprises, Politique industrielle et Politique de dialogue social. Il comportera huit r&eacute;gions : Sud, Benelux, Centre, Sud-est, Est, Britannique, Nord\/Baltique et Sud-ouest.<\/p>\n<p style=\"text-align: justify\">\n\tLa politique industrielle d&#039;IndustriALL-Europe sera centr&eacute;e sur la croissance industrielle durable avec pour objectif de cr&eacute;er plus d&#039;emplois de meilleure qualit&eacute; en Europe. Le comit&eacute; de Politique des entreprises concentrera son activit&eacute; sur quelque 600 comit&eacute;s d&#039;entreprise europ&eacute;ens. Celui de la N&eacute;gociation collective et de la politique sociale revendiquera l&#039;&eacute;quilibre &eacute;conomique et social, mais aussi au niveau de la r&eacute;partition des richesses. La nouvelle f&eacute;d&eacute;ration syndicale europ&eacute;enne se composera de onze instances de dialogue social sectoriel qui seront chapeaut&eacute;es par un comit&eacute; de coordination politique.<\/p>\n","protected":false},"featured_media":0,"template":"","class_list":["post-176275","archive_icem","type-archive_icem","status-publish","hentry"],"acf":[],"yoast_head":"<!-- This site is optimized with the Yoast SEO Premium plugin v27.1 (Yoast SEO v27.1) - https:\/\/yoast.com\/product\/yoast-seo-premium-wordpress\/ -->\n<title>Le Syndicat IndustriALL-Europe na\u00eet aujourd&#039;hui de la fusion de trois f\u00e9d\u00e9rations - industriall-union<\/title>\n<meta name=\"robots\" content=\"index, follow, max-snippet:-1, max-image-preview:large, max-video-preview:-1\" \/>\n<link rel=\"canonical\" href=\"https:\/\/admin.industriall-union.org\/fr\/archive\/icem\/le-syndicat-industriall-europe-nait-aujourd-039-hui-de-la-fusion-de-trois-federations\/\" \/>\n<meta property=\"og:locale\" content=\"fr_FR\" \/>\n<meta property=\"og:type\" content=\"article\" \/>\n<meta property=\"og:title\" content=\"Le Syndicat IndustriALL-Europe na\u00eet aujourd&#039;hui de la fusion de trois f\u00e9d\u00e9rations\" \/>\n<meta property=\"og:description\" content=\"&nbsp; En ce 16 mai &agrave; Bruxelles, la F&eacute;d&eacute;ration europ&eacute;enne des travailleurs des mines, de la chimie et de l&#039;&eacute;nergie (EMCEF), la F&eacute;d&eacute;ration europ&eacute;enne des m&eacute;tallurgistes (FEM) et la F&eacute;d&eacute;ration syndicale europ&eacute;enne Textiles, Habillement et Cuir (FSE:THC) ont officiellement fusionn&eacute; pour devenir le Syndicat IndustriALL-Europe, une nouvelle f&eacute;d&eacute;ration syndicale repr&eacute;sentant sept millions de travailleurs. Le [&hellip;]\" \/>\n<meta property=\"og:url\" content=\"https:\/\/admin.industriall-union.org\/fr\/archive\/icem\/le-syndicat-industriall-europe-nait-aujourd-039-hui-de-la-fusion-de-trois-federations\/\" \/>\n<meta property=\"og:site_name\" content=\"industriall-union\" \/>\n<meta property=\"article:modified_time\" content=\"2025-01-31T13:59:46+00:00\" \/>\n<meta name=\"twitter:card\" content=\"summary_large_image\" \/>\n<meta name=\"twitter:label1\" content=\"Est. reading time\" \/>\n\t<meta name=\"twitter:data1\" content=\"3 minutes\" \/>\n<script type=\"application\/ld+json\" class=\"yoast-schema-graph\">{\"@context\":\"https:\/\/schema.org\",\"@graph\":[{\"@type\":\"WebPage\",\"@id\":\"https:\/\/admin.industriall-union.org\/fr\/archive\/icem\/le-syndicat-industriall-europe-nait-aujourd-039-hui-de-la-fusion-de-trois-federations\/\",\"url\":\"https:\/\/admin.industriall-union.org\/fr\/archive\/icem\/le-syndicat-industriall-europe-nait-aujourd-039-hui-de-la-fusion-de-trois-federations\/\",\"name\":\"Le Syndicat IndustriALL-Europe na\u00eet aujourd&#039;hui de la fusion de trois f\u00e9d\u00e9rations - industriall-union\",\"isPartOf\":{\"@id\":\"https:\/\/admin.industriall-union.org\/#website\"},\"datePublished\":\"2012-05-16T16:04:03+00:00\",\"dateModified\":\"2025-01-31T13:59:46+00:00\",\"breadcrumb\":{\"@id\":\"https:\/\/admin.industriall-union.org\/fr\/archive\/icem\/le-syndicat-industriall-europe-nait-aujourd-039-hui-de-la-fusion-de-trois-federations\/#breadcrumb\"},\"inLanguage\":\"fr-FR\",\"potentialAction\":[{\"@type\":\"ReadAction\",\"target\":[\"https:\/\/admin.industriall-union.org\/fr\/archive\/icem\/le-syndicat-industriall-europe-nait-aujourd-039-hui-de-la-fusion-de-trois-federations\/\"]}]},{\"@type\":\"BreadcrumbList\",\"@id\":\"https:\/\/admin.industriall-union.org\/fr\/archive\/icem\/le-syndicat-industriall-europe-nait-aujourd-039-hui-de-la-fusion-de-trois-federations\/#breadcrumb\",\"itemListElement\":[{\"@type\":\"ListItem\",\"position\":1,\"name\":\"Home\",\"item\":\"https:\/\/admin.industriall-union.org\/\"},{\"@type\":\"ListItem\",\"position\":2,\"name\":\"Archive icem\",\"item\":\"https:\/\/admin.industriall-union.org\/archive\/icem\/\"},{\"@type\":\"ListItem\",\"position\":3,\"name\":\"Le Syndicat IndustriALL-Europe na\u00eet aujourd&#039;hui de la fusion de trois f\u00e9d\u00e9rations\"}]},{\"@type\":\"WebSite\",\"@id\":\"https:\/\/admin.industriall-union.org\/#website\",\"url\":\"https:\/\/admin.industriall-union.org\/\",\"name\":\"industriall-union\",\"description\":\"\",\"potentialAction\":[{\"@type\":\"SearchAction\",\"target\":{\"@type\":\"EntryPoint\",\"urlTemplate\":\"https:\/\/admin.industriall-union.org\/?s={search_term_string}\"},\"query-input\":{\"@type\":\"PropertyValueSpecification\",\"valueRequired\":true,\"valueName\":\"search_term_string\"}}],\"inLanguage\":\"fr-FR\"}]}<\/script>\n<!-- \/ Yoast SEO Premium plugin. -->","yoast_head_json":{"title":"Le Syndicat IndustriALL-Europe na\u00eet aujourd&#039;hui de la fusion de trois f\u00e9d\u00e9rations - industriall-union","robots":{"index":"index","follow":"follow","max-snippet":"max-snippet:-1","max-image-preview":"max-image-preview:large","max-video-preview":"max-video-preview:-1"},"canonical":"https:\/\/admin.industriall-union.org\/fr\/archive\/icem\/le-syndicat-industriall-europe-nait-aujourd-039-hui-de-la-fusion-de-trois-federations\/","og_locale":"fr_FR","og_type":"article","og_title":"Le Syndicat IndustriALL-Europe na\u00eet aujourd&#039;hui de la fusion de trois f\u00e9d\u00e9rations","og_description":"&nbsp; En ce 16 mai &agrave; Bruxelles, la F&eacute;d&eacute;ration europ&eacute;enne des travailleurs des mines, de la chimie et de l&#039;&eacute;nergie (EMCEF), la F&eacute;d&eacute;ration europ&eacute;enne des m&eacute;tallurgistes (FEM) et la F&eacute;d&eacute;ration syndicale europ&eacute;enne Textiles, Habillement et Cuir (FSE:THC) ont officiellement fusionn&eacute; pour devenir le Syndicat IndustriALL-Europe, une nouvelle f&eacute;d&eacute;ration syndicale repr&eacute;sentant sept millions de travailleurs. Le [&hellip;]","og_url":"https:\/\/admin.industriall-union.org\/fr\/archive\/icem\/le-syndicat-industriall-europe-nait-aujourd-039-hui-de-la-fusion-de-trois-federations\/","og_site_name":"industriall-union","article_modified_time":"2025-01-31T13:59:46+00:00","twitter_card":"summary_large_image","twitter_misc":{"Est. reading time":"3 minutes"},"schema":{"@context":"https:\/\/schema.org","@graph":[{"@type":"WebPage","@id":"https:\/\/admin.industriall-union.org\/fr\/archive\/icem\/le-syndicat-industriall-europe-nait-aujourd-039-hui-de-la-fusion-de-trois-federations\/","url":"https:\/\/admin.industriall-union.org\/fr\/archive\/icem\/le-syndicat-industriall-europe-nait-aujourd-039-hui-de-la-fusion-de-trois-federations\/","name":"Le Syndicat IndustriALL-Europe na\u00eet aujourd&#039;hui de la fusion de trois f\u00e9d\u00e9rations - industriall-union","isPartOf":{"@id":"https:\/\/admin.industriall-union.org\/#website"},"datePublished":"2012-05-16T16:04:03+00:00","dateModified":"2025-01-31T13:59:46+00:00","breadcrumb":{"@id":"https:\/\/admin.industriall-union.org\/fr\/archive\/icem\/le-syndicat-industriall-europe-nait-aujourd-039-hui-de-la-fusion-de-trois-federations\/#breadcrumb"},"inLanguage":"fr-FR","potentialAction":[{"@type":"ReadAction","target":["https:\/\/admin.industriall-union.org\/fr\/archive\/icem\/le-syndicat-industriall-europe-nait-aujourd-039-hui-de-la-fusion-de-trois-federations\/"]}]},{"@type":"BreadcrumbList","@id":"https:\/\/admin.industriall-union.org\/fr\/archive\/icem\/le-syndicat-industriall-europe-nait-aujourd-039-hui-de-la-fusion-de-trois-federations\/#breadcrumb","itemListElement":[{"@type":"ListItem","position":1,"name":"Home","item":"https:\/\/admin.industriall-union.org\/"},{"@type":"ListItem","position":2,"name":"Archive icem","item":"https:\/\/admin.industriall-union.org\/archive\/icem\/"},{"@type":"ListItem","position":3,"name":"Le Syndicat IndustriALL-Europe na\u00eet aujourd&#039;hui de la fusion de trois f\u00e9d\u00e9rations"}]},{"@type":"WebSite","@id":"https:\/\/admin.industriall-union.org\/#website","url":"https:\/\/admin.industriall-union.org\/","name":"industriall-union","description":"","potentialAction":[{"@type":"SearchAction","target":{"@type":"EntryPoint","urlTemplate":"https:\/\/admin.industriall-union.org\/?s={search_term_string}"},"query-input":{"@type":"PropertyValueSpecification","valueRequired":true,"valueName":"search_term_string"}}],"inLanguage":"fr-FR"}]}},"_links":{"self":[{"href":"https:\/\/admin.industriall-union.org\/fr\/wp-json\/wp\/v2\/archive_icem\/176275","targetHints":{"allow":["GET"]}}],"collection":[{"href":"https:\/\/admin.industriall-union.org\/fr\/wp-json\/wp\/v2\/archive_icem"}],"about":[{"href":"https:\/\/admin.industriall-union.org\/fr\/wp-json\/wp\/v2\/types\/archive_icem"}],"wp:attachment":[{"href":"https:\/\/admin.industriall-union.org\/fr\/wp-json\/wp\/v2\/media?parent=176275"}],"curies":[{"name":"wp","href":"https:\/\/api.w.org\/{rel}","templated":true}]}}

Le Syndicat IndustriALL-Europe naît aujourd&#039;hui de la fusion de trois fédérations

<!-- This site is optimized with the Yoast SEO Premium plugin v27.1 (Yoast SEO v27.1) - https://yoast.com/product/yoast-seo-premium-wordpress/ -->
<title>Le Syndicat IndustriALL-Europe naît aujourd&#039;hui de la fusion de trois fédérations - industriall-union</title>
<meta name="robots" content="index, follow, max-snippet:-1, max-image-preview:large, max-video-preview:-1" />
<link rel="canonical" href="https://admin.industriall-union.org/fr/archive/icem/le-syndicat-industriall-europe-nait-aujourd-039-hui-de-la-fusion-de-trois-federations/" />
<meta property="og:locale" content="fr_FR" />
<meta property="og:type" content="article" />
<meta property="og:title" content="Le Syndicat IndustriALL-Europe naît aujourd&#039;hui de la fusion de trois fédérations" />
<meta property="og:description" content="&nbsp; En ce 16 mai &agrave; Bruxelles, la F&eacute;d&eacute;ration europ&eacute;enne des travailleurs des mines, de la chimie et de l&#039;&eacute;nergie (EMCEF), la F&eacute;d&eacute;ration europ&eacute;enne des m&eacute;tallurgistes (FEM) et la F&eacute;d&eacute;ration syndicale europ&eacute;enne Textiles, Habillement et Cuir (FSE:THC) ont officiellement fusionn&eacute; pour devenir le Syndicat IndustriALL-Europe, une nouvelle f&eacute;d&eacute;ration syndicale repr&eacute;sentant sept millions de travailleurs. Le [&hellip;]" />
<meta property="og:url" content="https://admin.industriall-union.org/fr/archive/icem/le-syndicat-industriall-europe-nait-aujourd-039-hui-de-la-fusion-de-trois-federations/" />
<meta property="og:site_name" content="industriall-union" />
<meta property="article:modified_time" content="2025-01-31T13:59:46+00:00" />
<meta name="twitter:card" content="summary_large_image" />
<meta name="twitter:label1" content="Est. reading time" />
	<meta name="twitter:data1" content="3 minutes" />
<script type="application/ld+json" class="yoast-schema-graph">{"@context":"https://schema.org","@graph":[{"@type":"WebPage","@id":"https://admin.industriall-union.org/fr/archive/icem/le-syndicat-industriall-europe-nait-aujourd-039-hui-de-la-fusion-de-trois-federations/","url":"https://admin.industriall-union.org/fr/archive/icem/le-syndicat-industriall-europe-nait-aujourd-039-hui-de-la-fusion-de-trois-federations/","name":"Le Syndicat IndustriALL-Europe naît aujourd&#039;hui de la fusion de trois fédérations - industriall-union","isPartOf":{"@id":"https://admin.industriall-union.org/#website"},"datePublished":"2012-05-16T16:04:03+00:00","dateModified":"2025-01-31T13:59:46+00:00","breadcrumb":{"@id":"https://admin.industriall-union.org/fr/archive/icem/le-syndicat-industriall-europe-nait-aujourd-039-hui-de-la-fusion-de-trois-federations/#breadcrumb"},"inLanguage":"fr-FR","potentialAction":[{"@type":"ReadAction","target":["https://admin.industriall-union.org/fr/archive/icem/le-syndicat-industriall-europe-nait-aujourd-039-hui-de-la-fusion-de-trois-federations/"]}]},{"@type":"BreadcrumbList","@id":"https://admin.industriall-union.org/fr/archive/icem/le-syndicat-industriall-europe-nait-aujourd-039-hui-de-la-fusion-de-trois-federations/#breadcrumb","itemListElement":[{"@type":"ListItem","position":1,"name":"Home","item":"https://admin.industriall-union.org/"},{"@type":"ListItem","position":2,"name":"Archive icem","item":"https://admin.industriall-union.org/archive/icem/"},{"@type":"ListItem","position":3,"name":"Le Syndicat IndustriALL-Europe naît aujourd&#039;hui de la fusion de trois fédérations"}]},{"@type":"WebSite","@id":"https://admin.industriall-union.org/#website","url":"https://admin.industriall-union.org/","name":"industriall-union","description":"","potentialAction":[{"@type":"SearchAction","target":{"@type":"EntryPoint","urlTemplate":"https://admin.industriall-union.org/?s={search_term_string}"},"query-input":{"@type":"PropertyValueSpecification","valueRequired":true,"valueName":"search_term_string"}}],"inLanguage":"fr-FR"}]}</script>
<!-- / Yoast SEO Premium plugin. -->

Le Syndicat IndustriALL-Europe naît aujourd&#039;hui de la fusion de trois fédérations - industriall-union
