{"id":176203,"date":"2012-05-16T16:26:11","date_gmt":"2012-05-16T16:26:11","guid":{"rendered":"https:\/\/admin.industriall-union.org\/archive\/icem\/l-039-accord-mondial-de-la-fitthc-avec-inditex-ameliore-par-des-mecanismes-de-controle-specifiques\/"},"modified":"2025-01-31T13:59:37","modified_gmt":"2025-01-31T13:59:37","slug":"l-039-accord-mondial-de-la-fitthc-avec-inditex-ameliore-par-des-mecanismes-de-controle-specifiques","status":"publish","type":"archive_icem","link":"https:\/\/admin.industriall-union.org\/fr\/archive\/icem\/l-039-accord-mondial-de-la-fitthc-avec-inditex-ameliore-par-des-mecanismes-de-controle-specifiques\/","title":{"rendered":"L&#039;Accord mondial de la FITTHC avec Inditex am\u00e9lior\u00e9 par des m\u00e9canismes de contr\u00f4le sp\u00e9cifiques"},"content":{"rendered":"<p style=\"text-align: center\">\n\t<img decoding=\"async\" alt=\"\" src=\"\" style=\"width: 100px;height: 39px\" width=\"390\" \/><span>&nbsp;<\/span><\/p>\n<p style=\"text-align: justify\">\n\tL&#039;Accord-cadre mondial (ACM) de 2007 qui lie la F&eacute;d&eacute;ration internationale des travailleurs du textile, de l&#039;habillement et du cuir (FITTHC) et le groupe espagnol Inditex a &eacute;t&eacute; sensiblement am&eacute;lior&eacute; le 4 mai par la signature d&#039;un Avenant instaurant une v&eacute;rification de son application et garantissant une intervention syndicale tout au long de la cha&icirc;ne d&#039;approvisionnement du groupe.<\/p>\n<p style=\"text-align: justify\">\n\tLe nouveau document, qui a &eacute;t&eacute; sign&eacute; &agrave; Arteixo, en Galice, par le Secr&eacute;taire g&eacute;n&eacute;ral de la FITTHC, Klaus Priegnitz, et le Directeur de la responsabilit&eacute; sociale de l&#039;entreprised&#039;Inditex, F&eacute;lix Poza, a &eacute;t&eacute; pr&eacute;par&eacute; en coordination avec le syndicat espagnol FITEQA-CC.OO et servira de r&eacute;f&eacute;rence officielle &agrave; un &quot;Protocole de suivi syndical&quot; de 2010 qui pr&eacute;cise les conditions de l&#039;intervention des affili&eacute;s de la FITTHC dans l&#039;ACM.<\/p>\n<p style=\"text-align: justify\">\n\tPremi&egrave;rement, l&#039;avenant garantit l&#039;acc&egrave;s de la FITTHC et de ses organisations affili&eacute;es &agrave; toutes les informations dont dispose Inditex sur les lieux de travail de ses fournisseurs, y compris la mise &agrave; jour annuelle des informations de l&#039;entreprise sur sa cha&icirc;ne de production. Elle engage aussi Inditex &agrave; communiquer aux syndicats le calendrier des audits sociaux programm&eacute;s et la liste des fournisseurs &agrave; inspecter.<\/p>\n<p style=\"text-align: center\">\n\t<span>&nbsp;<\/span><img decoding=\"async\" alt=\"\" src=\"\" style=\"width: 239px;height: 159px\" width=\"390\" \/><span>&nbsp;<\/span><\/p>\n<p style=\"text-align: justify\">\n\tPar ailleurs, Inditex reconna&icirc;t formellement le r&ocirc;le vital des adh&eacute;rents des syndicats dans le contr&ocirc;le de l&#039;application compte tenu de la proximit&eacute; et de la situation des syndicats par rapport aux fabricants de textile, de v&ecirc;tements et de chaussures, et il accorde aux syndicats un droit de visite des installations de ses fournisseurs.<\/p>\n<p style=\"text-align: justify\">\n\tLe document instaure un processus d&#039;actions correctives en cas de violation de l&#039;ACM et met en place des programmes de formation destin&eacute;s aux cadres et aux salari&eacute;s des fournisseurs, ainsi que d&#039;autres sur la teneur de l&#039;ACM.<\/p>\n<p style=\"text-align: justify\">\n\tIsidor Boix, de la FITEQA-CC.OO, qui a particip&eacute; &agrave; l&#039;&eacute;laboration de l&#039;Avenant, rappelle que le processus de responsabilit&eacute; sociale est permanent chez Inditex, avec des engagements de respect et de promotion du syndicalisme, des droits des travailleurs et d&#039;&eacute;quit&eacute; et de dignit&eacute;.<\/p>\n<p style=\"text-align: justify\">\n\tInditex recourt &agrave; quelque 5.000 fournisseurs de par le monde. Il g&egrave;re environ 5.500 boutiques de mode dans 78 sous les enseignes Zara, Pull &amp; Bear, Massimo Duti, Bershka, Stradivarius, Oysho, Uterque et Zara Home.<\/p>\n<p style=\"text-align: justify\">\n\tL&#039;Accord-cadre mondial FITTHC-Inditex de 2007 est l&#039;h&eacute;ritage du d&eacute;funt Secr&eacute;taire g&eacute;n&eacute;ral de la FITTHC, Neil Kearney, qui a con&ccedil;u cette convention qui couvre les travailleurs de toute la cha&icirc;ne d&#039;approvisionnement de la multinationale apr&egrave;s des interventions dans des ateliers qui l&#039;approvisionnaient quand, au Bangladesh, au Cambodge, au P&eacute;rou et en Turquie, des travailleurs &eacute;taient renvoy&eacute;s en raison de leur activit&eacute; syndicale.<\/p>\n","protected":false},"featured_media":0,"template":"","class_list":["post-176203","archive_icem","type-archive_icem","status-publish","hentry"],"acf":[],"yoast_head":"<!-- This site is optimized with the Yoast SEO Premium plugin v27.1 (Yoast SEO v27.1) - https:\/\/yoast.com\/product\/yoast-seo-premium-wordpress\/ -->\n<title>L&#039;Accord mondial de la FITTHC avec Inditex am\u00e9lior\u00e9 par des m\u00e9canismes de contr\u00f4le sp\u00e9cifiques - industriall-union<\/title>\n<meta name=\"robots\" content=\"index, follow, max-snippet:-1, max-image-preview:large, max-video-preview:-1\" \/>\n<link rel=\"canonical\" href=\"https:\/\/admin.industriall-union.org\/fr\/archive\/icem\/l-039-accord-mondial-de-la-fitthc-avec-inditex-ameliore-par-des-mecanismes-de-controle-specifiques\/\" \/>\n<meta property=\"og:locale\" content=\"fr_FR\" \/>\n<meta property=\"og:type\" content=\"article\" \/>\n<meta property=\"og:title\" content=\"L&#039;Accord mondial de la FITTHC avec Inditex am\u00e9lior\u00e9 par des m\u00e9canismes de contr\u00f4le sp\u00e9cifiques\" \/>\n<meta property=\"og:description\" content=\"&nbsp; L&#039;Accord-cadre mondial (ACM) de 2007 qui lie la F&eacute;d&eacute;ration internationale des travailleurs du textile, de l&#039;habillement et du cuir (FITTHC) et le groupe espagnol Inditex a &eacute;t&eacute; sensiblement am&eacute;lior&eacute; le 4 mai par la signature d&#039;un Avenant instaurant une v&eacute;rification de son application et garantissant une intervention syndicale tout au long de la cha&icirc;ne [&hellip;]\" \/>\n<meta property=\"og:url\" content=\"https:\/\/admin.industriall-union.org\/fr\/archive\/icem\/l-039-accord-mondial-de-la-fitthc-avec-inditex-ameliore-par-des-mecanismes-de-controle-specifiques\/\" \/>\n<meta property=\"og:site_name\" content=\"industriall-union\" \/>\n<meta property=\"article:modified_time\" content=\"2025-01-31T13:59:37+00:00\" \/>\n<meta name=\"twitter:card\" content=\"summary_large_image\" \/>\n<meta name=\"twitter:label1\" content=\"Est. reading time\" \/>\n\t<meta name=\"twitter:data1\" content=\"3 minutes\" \/>\n<script type=\"application\/ld+json\" class=\"yoast-schema-graph\">{\"@context\":\"https:\/\/schema.org\",\"@graph\":[{\"@type\":\"WebPage\",\"@id\":\"https:\/\/admin.industriall-union.org\/fr\/archive\/icem\/l-039-accord-mondial-de-la-fitthc-avec-inditex-ameliore-par-des-mecanismes-de-controle-specifiques\/\",\"url\":\"https:\/\/admin.industriall-union.org\/fr\/archive\/icem\/l-039-accord-mondial-de-la-fitthc-avec-inditex-ameliore-par-des-mecanismes-de-controle-specifiques\/\",\"name\":\"L&#039;Accord mondial de la FITTHC avec Inditex am\u00e9lior\u00e9 par des m\u00e9canismes de contr\u00f4le sp\u00e9cifiques - industriall-union\",\"isPartOf\":{\"@id\":\"https:\/\/admin.industriall-union.org\/#website\"},\"datePublished\":\"2012-05-16T16:26:11+00:00\",\"dateModified\":\"2025-01-31T13:59:37+00:00\",\"breadcrumb\":{\"@id\":\"https:\/\/admin.industriall-union.org\/fr\/archive\/icem\/l-039-accord-mondial-de-la-fitthc-avec-inditex-ameliore-par-des-mecanismes-de-controle-specifiques\/#breadcrumb\"},\"inLanguage\":\"fr-FR\",\"potentialAction\":[{\"@type\":\"ReadAction\",\"target\":[\"https:\/\/admin.industriall-union.org\/fr\/archive\/icem\/l-039-accord-mondial-de-la-fitthc-avec-inditex-ameliore-par-des-mecanismes-de-controle-specifiques\/\"]}]},{\"@type\":\"BreadcrumbList\",\"@id\":\"https:\/\/admin.industriall-union.org\/fr\/archive\/icem\/l-039-accord-mondial-de-la-fitthc-avec-inditex-ameliore-par-des-mecanismes-de-controle-specifiques\/#breadcrumb\",\"itemListElement\":[{\"@type\":\"ListItem\",\"position\":1,\"name\":\"Home\",\"item\":\"https:\/\/admin.industriall-union.org\/\"},{\"@type\":\"ListItem\",\"position\":2,\"name\":\"Archive icem\",\"item\":\"https:\/\/admin.industriall-union.org\/archive\/icem\/\"},{\"@type\":\"ListItem\",\"position\":3,\"name\":\"L&#039;Accord mondial de la FITTHC avec Inditex am\u00e9lior\u00e9 par des m\u00e9canismes de contr\u00f4le sp\u00e9cifiques\"}]},{\"@type\":\"WebSite\",\"@id\":\"https:\/\/admin.industriall-union.org\/#website\",\"url\":\"https:\/\/admin.industriall-union.org\/\",\"name\":\"industriall-union\",\"description\":\"\",\"potentialAction\":[{\"@type\":\"SearchAction\",\"target\":{\"@type\":\"EntryPoint\",\"urlTemplate\":\"https:\/\/admin.industriall-union.org\/?s={search_term_string}\"},\"query-input\":{\"@type\":\"PropertyValueSpecification\",\"valueRequired\":true,\"valueName\":\"search_term_string\"}}],\"inLanguage\":\"fr-FR\"}]}<\/script>\n<!-- \/ Yoast SEO Premium plugin. -->","yoast_head_json":{"title":"L&#039;Accord mondial de la FITTHC avec Inditex am\u00e9lior\u00e9 par des m\u00e9canismes de contr\u00f4le sp\u00e9cifiques - industriall-union","robots":{"index":"index","follow":"follow","max-snippet":"max-snippet:-1","max-image-preview":"max-image-preview:large","max-video-preview":"max-video-preview:-1"},"canonical":"https:\/\/admin.industriall-union.org\/fr\/archive\/icem\/l-039-accord-mondial-de-la-fitthc-avec-inditex-ameliore-par-des-mecanismes-de-controle-specifiques\/","og_locale":"fr_FR","og_type":"article","og_title":"L&#039;Accord mondial de la FITTHC avec Inditex am\u00e9lior\u00e9 par des m\u00e9canismes de contr\u00f4le sp\u00e9cifiques","og_description":"&nbsp; L&#039;Accord-cadre mondial (ACM) de 2007 qui lie la F&eacute;d&eacute;ration internationale des travailleurs du textile, de l&#039;habillement et du cuir (FITTHC) et le groupe espagnol Inditex a &eacute;t&eacute; sensiblement am&eacute;lior&eacute; le 4 mai par la signature d&#039;un Avenant instaurant une v&eacute;rification de son application et garantissant une intervention syndicale tout au long de la cha&icirc;ne [&hellip;]","og_url":"https:\/\/admin.industriall-union.org\/fr\/archive\/icem\/l-039-accord-mondial-de-la-fitthc-avec-inditex-ameliore-par-des-mecanismes-de-controle-specifiques\/","og_site_name":"industriall-union","article_modified_time":"2025-01-31T13:59:37+00:00","twitter_card":"summary_large_image","twitter_misc":{"Est. reading time":"3 minutes"},"schema":{"@context":"https:\/\/schema.org","@graph":[{"@type":"WebPage","@id":"https:\/\/admin.industriall-union.org\/fr\/archive\/icem\/l-039-accord-mondial-de-la-fitthc-avec-inditex-ameliore-par-des-mecanismes-de-controle-specifiques\/","url":"https:\/\/admin.industriall-union.org\/fr\/archive\/icem\/l-039-accord-mondial-de-la-fitthc-avec-inditex-ameliore-par-des-mecanismes-de-controle-specifiques\/","name":"L&#039;Accord mondial de la FITTHC avec Inditex am\u00e9lior\u00e9 par des m\u00e9canismes de contr\u00f4le sp\u00e9cifiques - industriall-union","isPartOf":{"@id":"https:\/\/admin.industriall-union.org\/#website"},"datePublished":"2012-05-16T16:26:11+00:00","dateModified":"2025-01-31T13:59:37+00:00","breadcrumb":{"@id":"https:\/\/admin.industriall-union.org\/fr\/archive\/icem\/l-039-accord-mondial-de-la-fitthc-avec-inditex-ameliore-par-des-mecanismes-de-controle-specifiques\/#breadcrumb"},"inLanguage":"fr-FR","potentialAction":[{"@type":"ReadAction","target":["https:\/\/admin.industriall-union.org\/fr\/archive\/icem\/l-039-accord-mondial-de-la-fitthc-avec-inditex-ameliore-par-des-mecanismes-de-controle-specifiques\/"]}]},{"@type":"BreadcrumbList","@id":"https:\/\/admin.industriall-union.org\/fr\/archive\/icem\/l-039-accord-mondial-de-la-fitthc-avec-inditex-ameliore-par-des-mecanismes-de-controle-specifiques\/#breadcrumb","itemListElement":[{"@type":"ListItem","position":1,"name":"Home","item":"https:\/\/admin.industriall-union.org\/"},{"@type":"ListItem","position":2,"name":"Archive icem","item":"https:\/\/admin.industriall-union.org\/archive\/icem\/"},{"@type":"ListItem","position":3,"name":"L&#039;Accord mondial de la FITTHC avec Inditex am\u00e9lior\u00e9 par des m\u00e9canismes de contr\u00f4le sp\u00e9cifiques"}]},{"@type":"WebSite","@id":"https:\/\/admin.industriall-union.org\/#website","url":"https:\/\/admin.industriall-union.org\/","name":"industriall-union","description":"","potentialAction":[{"@type":"SearchAction","target":{"@type":"EntryPoint","urlTemplate":"https:\/\/admin.industriall-union.org\/?s={search_term_string}"},"query-input":{"@type":"PropertyValueSpecification","valueRequired":true,"valueName":"search_term_string"}}],"inLanguage":"fr-FR"}]}},"_links":{"self":[{"href":"https:\/\/admin.industriall-union.org\/fr\/wp-json\/wp\/v2\/archive_icem\/176203","targetHints":{"allow":["GET"]}}],"collection":[{"href":"https:\/\/admin.industriall-union.org\/fr\/wp-json\/wp\/v2\/archive_icem"}],"about":[{"href":"https:\/\/admin.industriall-union.org\/fr\/wp-json\/wp\/v2\/types\/archive_icem"}],"wp:attachment":[{"href":"https:\/\/admin.industriall-union.org\/fr\/wp-json\/wp\/v2\/media?parent=176203"}],"curies":[{"name":"wp","href":"https:\/\/api.w.org\/{rel}","templated":true}]}}

L&#039;Accord mondial de la FITTHC avec Inditex amélioré par des mécanismes de contrôle spécifiques

<!-- This site is optimized with the Yoast SEO Premium plugin v27.1 (Yoast SEO v27.1) - https://yoast.com/product/yoast-seo-premium-wordpress/ -->
<title>L&#039;Accord mondial de la FITTHC avec Inditex amélioré par des mécanismes de contrôle spécifiques - industriall-union</title>
<meta name="robots" content="index, follow, max-snippet:-1, max-image-preview:large, max-video-preview:-1" />
<link rel="canonical" href="https://admin.industriall-union.org/fr/archive/icem/l-039-accord-mondial-de-la-fitthc-avec-inditex-ameliore-par-des-mecanismes-de-controle-specifiques/" />
<meta property="og:locale" content="fr_FR" />
<meta property="og:type" content="article" />
<meta property="og:title" content="L&#039;Accord mondial de la FITTHC avec Inditex amélioré par des mécanismes de contrôle spécifiques" />
<meta property="og:description" content="&nbsp; L&#039;Accord-cadre mondial (ACM) de 2007 qui lie la F&eacute;d&eacute;ration internationale des travailleurs du textile, de l&#039;habillement et du cuir (FITTHC) et le groupe espagnol Inditex a &eacute;t&eacute; sensiblement am&eacute;lior&eacute; le 4 mai par la signature d&#039;un Avenant instaurant une v&eacute;rification de son application et garantissant une intervention syndicale tout au long de la cha&icirc;ne [&hellip;]" />
<meta property="og:url" content="https://admin.industriall-union.org/fr/archive/icem/l-039-accord-mondial-de-la-fitthc-avec-inditex-ameliore-par-des-mecanismes-de-controle-specifiques/" />
<meta property="og:site_name" content="industriall-union" />
<meta property="article:modified_time" content="2025-01-31T13:59:37+00:00" />
<meta name="twitter:card" content="summary_large_image" />
<meta name="twitter:label1" content="Est. reading time" />
	<meta name="twitter:data1" content="3 minutes" />
<script type="application/ld+json" class="yoast-schema-graph">{"@context":"https://schema.org","@graph":[{"@type":"WebPage","@id":"https://admin.industriall-union.org/fr/archive/icem/l-039-accord-mondial-de-la-fitthc-avec-inditex-ameliore-par-des-mecanismes-de-controle-specifiques/","url":"https://admin.industriall-union.org/fr/archive/icem/l-039-accord-mondial-de-la-fitthc-avec-inditex-ameliore-par-des-mecanismes-de-controle-specifiques/","name":"L&#039;Accord mondial de la FITTHC avec Inditex amélioré par des mécanismes de contrôle spécifiques - industriall-union","isPartOf":{"@id":"https://admin.industriall-union.org/#website"},"datePublished":"2012-05-16T16:26:11+00:00","dateModified":"2025-01-31T13:59:37+00:00","breadcrumb":{"@id":"https://admin.industriall-union.org/fr/archive/icem/l-039-accord-mondial-de-la-fitthc-avec-inditex-ameliore-par-des-mecanismes-de-controle-specifiques/#breadcrumb"},"inLanguage":"fr-FR","potentialAction":[{"@type":"ReadAction","target":["https://admin.industriall-union.org/fr/archive/icem/l-039-accord-mondial-de-la-fitthc-avec-inditex-ameliore-par-des-mecanismes-de-controle-specifiques/"]}]},{"@type":"BreadcrumbList","@id":"https://admin.industriall-union.org/fr/archive/icem/l-039-accord-mondial-de-la-fitthc-avec-inditex-ameliore-par-des-mecanismes-de-controle-specifiques/#breadcrumb","itemListElement":[{"@type":"ListItem","position":1,"name":"Home","item":"https://admin.industriall-union.org/"},{"@type":"ListItem","position":2,"name":"Archive icem","item":"https://admin.industriall-union.org/archive/icem/"},{"@type":"ListItem","position":3,"name":"L&#039;Accord mondial de la FITTHC avec Inditex amélioré par des mécanismes de contrôle spécifiques"}]},{"@type":"WebSite","@id":"https://admin.industriall-union.org/#website","url":"https://admin.industriall-union.org/","name":"industriall-union","description":"","potentialAction":[{"@type":"SearchAction","target":{"@type":"EntryPoint","urlTemplate":"https://admin.industriall-union.org/?s={search_term_string}"},"query-input":{"@type":"PropertyValueSpecification","valueRequired":true,"valueName":"search_term_string"}}],"inLanguage":"fr-FR"}]}</script>
<!-- / Yoast SEO Premium plugin. -->

L&#039;Accord mondial de la FITTHC avec Inditex amélioré par des mécanismes de contrôle spécifiques - industriall-union
