{"id":176185,"date":"2012-05-16T16:34:53","date_gmt":"2012-05-16T16:34:53","guid":{"rendered":"https:\/\/admin.industriall-union.org\/archive\/icem\/action-de-masse-des-syndicats-tcheques-contre-les-mesures-d-039-austerite-du-gouvernement-le-22-mai\/"},"modified":"2025-01-31T13:59:35","modified_gmt":"2025-01-31T13:59:35","slug":"action-de-masse-des-syndicats-tcheques-contre-les-mesures-d-039-austerite-du-gouvernement-le-22-mai","status":"publish","type":"archive_icem","link":"https:\/\/admin.industriall-union.org\/fr\/archive\/icem\/action-de-masse-des-syndicats-tcheques-contre-les-mesures-d-039-austerite-du-gouvernement-le-22-mai\/","title":{"rendered":"Action de masse des syndicats tch\u00e8ques contre les mesures d&#039;aust\u00e9rit\u00e9 du gouvernement, le 22 mai"},"content":{"rendered":"<p style=\"text-align: center\">\n\t<img decoding=\"async\" alt=\"\" src=\"\" style=\"width: 100px;height: 39px\" width=\"390\" \/><span>&nbsp;<\/span><\/p>\n<p style=\"text-align: justify\">\n\tLes syndicats de R&eacute;publique tch&egrave;que se mobilisent pour une action de grande ampleur contre les mesures d&#039;aust&eacute;rit&eacute; du gouvernement de droite du Premier ministre Petr Necas, qui veut faire payer la crise aux travailleurs. La pression menace la survie du gouvernement.<\/p>\n<p style=\"text-align: justify\">\n\tLe 22 mai, les syndicats rassembleront des milliers de travailleurs sur la place Wenceslas, dans le centre de Prague, pour manifester puis d&eacute;filer dans les rues de la capitale. Ils menacent d&#039;une gr&egrave;ve g&eacute;n&eacute;rale si leurs revendications ne sont pas satisfaites. La premi&egrave;re est que le gouvernement revienne sur son projet de r&eacute;ductions des pensions jusqu&#039;&agrave; ce que l&#039;&eacute;conomie reprenne et qu&#039;une meilleure &eacute;valuation soit possible.<\/p>\n<p style=\"text-align: justify\">\n\tLes autres points mis sur la table par 30 syndicats chapeaut&eacute;s par l&#039;affili&eacute; de la Conf&eacute;d&eacute;ration syndicale internationale CMKOS demandent notamment d&#039;obtenir des fonds de l&#039;Union europ&eacute;enne pour stimuler la croissance et de r&eacute;viser la loi sur le droit de gr&egrave;ve.<\/p>\n<p style=\"text-align: center\">\n\t<span>&nbsp;<\/span><img decoding=\"async\" alt=\"\" src=\"\" style=\"width: 311px;height: 160px\" width=\"390\" \/><span>&nbsp;<\/span><\/p>\n<p style=\"text-align: justify\">\n\tLa manifestation du 21 avril, qui avait r&eacute;uni le chiffre &eacute;norme de 120.000 participants contre les r&eacute;formes gouvernementales, a renforc&eacute; les organisateurs pour la poursuite de leur campagne.<\/p>\n<p style=\"text-align: justify\">\n\tLa plateforme &quot;STOP au gouvernement&quot; rassemble 75 organisations de la soci&eacute;t&eacute; civile en partenariat avec le CMKOS. Elle a install&eacute; au centre de Prague une tente d&#039;information permanente et organise tous les soirs des d&eacute;bats publics avec des personnalit&eacute;s qui d&eacute;fendent des alternatives &eacute;conomiques &agrave; l&#039;aust&eacute;rit&eacute;.<\/p>\n<p style=\"text-align: justify\">\n\tElle se propose &eacute;galement d&#039;occuper des minist&egrave;res qui proposent des mesures sociales dommageables.<\/p>\n<p style=\"text-align: justify\">\n\tLe dirigeant du CMKOS, Jaroslav Zavadil, a pr&eacute;sent&eacute; les revendications du syndicat lors de r&eacute;unions tripartites avec le gouvernement. Les repr&eacute;sentants des employeurs voudraient que le gouvernement adopte les mesures de financement et de croissance de l&#039;Union europ&eacute;enne. La prochaine r&eacute;union tripartite est pr&eacute;vue pour le 4 juin, une r&eacute;union que les syndicats boycotteront si leurs revendications n&#039;ont pas abouti.<\/p>\n<p style=\"text-align: justify\">\n\tLe gouvernement Necas, arriv&eacute; &agrave; la moiti&eacute; de son mandat de quatre ans, veut introduire dans le r&eacute;gime de pension un deuxi&egrave;me pilier qui serait totalement privatis&eacute;.<\/p>\n","protected":false},"featured_media":0,"template":"","class_list":["post-176185","archive_icem","type-archive_icem","status-publish","hentry"],"acf":[],"yoast_head":"<!-- This site is optimized with the Yoast SEO Premium plugin v27.1 (Yoast SEO v27.1) - https:\/\/yoast.com\/product\/yoast-seo-premium-wordpress\/ -->\n<title>Action de masse des syndicats tch\u00e8ques contre les mesures d&#039;aust\u00e9rit\u00e9 du gouvernement, le 22 mai - industriall-union<\/title>\n<meta name=\"robots\" content=\"index, follow, max-snippet:-1, max-image-preview:large, max-video-preview:-1\" \/>\n<link rel=\"canonical\" href=\"https:\/\/admin.industriall-union.org\/fr\/archive\/icem\/action-de-masse-des-syndicats-tcheques-contre-les-mesures-d-039-austerite-du-gouvernement-le-22-mai\/\" \/>\n<meta property=\"og:locale\" content=\"fr_FR\" \/>\n<meta property=\"og:type\" content=\"article\" \/>\n<meta property=\"og:title\" content=\"Action de masse des syndicats tch\u00e8ques contre les mesures d&#039;aust\u00e9rit\u00e9 du gouvernement, le 22 mai\" \/>\n<meta property=\"og:description\" content=\"&nbsp; Les syndicats de R&eacute;publique tch&egrave;que se mobilisent pour une action de grande ampleur contre les mesures d&#039;aust&eacute;rit&eacute; du gouvernement de droite du Premier ministre Petr Necas, qui veut faire payer la crise aux travailleurs. La pression menace la survie du gouvernement. Le 22 mai, les syndicats rassembleront des milliers de travailleurs sur la place [&hellip;]\" \/>\n<meta property=\"og:url\" content=\"https:\/\/admin.industriall-union.org\/fr\/archive\/icem\/action-de-masse-des-syndicats-tcheques-contre-les-mesures-d-039-austerite-du-gouvernement-le-22-mai\/\" \/>\n<meta property=\"og:site_name\" content=\"industriall-union\" \/>\n<meta property=\"article:modified_time\" content=\"2025-01-31T13:59:35+00:00\" \/>\n<meta name=\"twitter:card\" content=\"summary_large_image\" \/>\n<meta name=\"twitter:label1\" content=\"Est. reading time\" \/>\n\t<meta name=\"twitter:data1\" content=\"2 minutes\" \/>\n<script type=\"application\/ld+json\" class=\"yoast-schema-graph\">{\"@context\":\"https:\/\/schema.org\",\"@graph\":[{\"@type\":\"WebPage\",\"@id\":\"https:\/\/admin.industriall-union.org\/fr\/archive\/icem\/action-de-masse-des-syndicats-tcheques-contre-les-mesures-d-039-austerite-du-gouvernement-le-22-mai\/\",\"url\":\"https:\/\/admin.industriall-union.org\/fr\/archive\/icem\/action-de-masse-des-syndicats-tcheques-contre-les-mesures-d-039-austerite-du-gouvernement-le-22-mai\/\",\"name\":\"Action de masse des syndicats tch\u00e8ques contre les mesures d&#039;aust\u00e9rit\u00e9 du gouvernement, le 22 mai - industriall-union\",\"isPartOf\":{\"@id\":\"https:\/\/admin.industriall-union.org\/#website\"},\"datePublished\":\"2012-05-16T16:34:53+00:00\",\"dateModified\":\"2025-01-31T13:59:35+00:00\",\"breadcrumb\":{\"@id\":\"https:\/\/admin.industriall-union.org\/fr\/archive\/icem\/action-de-masse-des-syndicats-tcheques-contre-les-mesures-d-039-austerite-du-gouvernement-le-22-mai\/#breadcrumb\"},\"inLanguage\":\"fr-FR\",\"potentialAction\":[{\"@type\":\"ReadAction\",\"target\":[\"https:\/\/admin.industriall-union.org\/fr\/archive\/icem\/action-de-masse-des-syndicats-tcheques-contre-les-mesures-d-039-austerite-du-gouvernement-le-22-mai\/\"]}]},{\"@type\":\"BreadcrumbList\",\"@id\":\"https:\/\/admin.industriall-union.org\/fr\/archive\/icem\/action-de-masse-des-syndicats-tcheques-contre-les-mesures-d-039-austerite-du-gouvernement-le-22-mai\/#breadcrumb\",\"itemListElement\":[{\"@type\":\"ListItem\",\"position\":1,\"name\":\"Home\",\"item\":\"https:\/\/admin.industriall-union.org\/\"},{\"@type\":\"ListItem\",\"position\":2,\"name\":\"Archive icem\",\"item\":\"https:\/\/admin.industriall-union.org\/archive\/icem\/\"},{\"@type\":\"ListItem\",\"position\":3,\"name\":\"Action de masse des syndicats tch\u00e8ques contre les mesures d&#039;aust\u00e9rit\u00e9 du gouvernement, le 22 mai\"}]},{\"@type\":\"WebSite\",\"@id\":\"https:\/\/admin.industriall-union.org\/#website\",\"url\":\"https:\/\/admin.industriall-union.org\/\",\"name\":\"industriall-union\",\"description\":\"\",\"potentialAction\":[{\"@type\":\"SearchAction\",\"target\":{\"@type\":\"EntryPoint\",\"urlTemplate\":\"https:\/\/admin.industriall-union.org\/?s={search_term_string}\"},\"query-input\":{\"@type\":\"PropertyValueSpecification\",\"valueRequired\":true,\"valueName\":\"search_term_string\"}}],\"inLanguage\":\"fr-FR\"}]}<\/script>\n<!-- \/ Yoast SEO Premium plugin. -->","yoast_head_json":{"title":"Action de masse des syndicats tch\u00e8ques contre les mesures d&#039;aust\u00e9rit\u00e9 du gouvernement, le 22 mai - industriall-union","robots":{"index":"index","follow":"follow","max-snippet":"max-snippet:-1","max-image-preview":"max-image-preview:large","max-video-preview":"max-video-preview:-1"},"canonical":"https:\/\/admin.industriall-union.org\/fr\/archive\/icem\/action-de-masse-des-syndicats-tcheques-contre-les-mesures-d-039-austerite-du-gouvernement-le-22-mai\/","og_locale":"fr_FR","og_type":"article","og_title":"Action de masse des syndicats tch\u00e8ques contre les mesures d&#039;aust\u00e9rit\u00e9 du gouvernement, le 22 mai","og_description":"&nbsp; Les syndicats de R&eacute;publique tch&egrave;que se mobilisent pour une action de grande ampleur contre les mesures d&#039;aust&eacute;rit&eacute; du gouvernement de droite du Premier ministre Petr Necas, qui veut faire payer la crise aux travailleurs. La pression menace la survie du gouvernement. Le 22 mai, les syndicats rassembleront des milliers de travailleurs sur la place [&hellip;]","og_url":"https:\/\/admin.industriall-union.org\/fr\/archive\/icem\/action-de-masse-des-syndicats-tcheques-contre-les-mesures-d-039-austerite-du-gouvernement-le-22-mai\/","og_site_name":"industriall-union","article_modified_time":"2025-01-31T13:59:35+00:00","twitter_card":"summary_large_image","twitter_misc":{"Est. reading time":"2 minutes"},"schema":{"@context":"https:\/\/schema.org","@graph":[{"@type":"WebPage","@id":"https:\/\/admin.industriall-union.org\/fr\/archive\/icem\/action-de-masse-des-syndicats-tcheques-contre-les-mesures-d-039-austerite-du-gouvernement-le-22-mai\/","url":"https:\/\/admin.industriall-union.org\/fr\/archive\/icem\/action-de-masse-des-syndicats-tcheques-contre-les-mesures-d-039-austerite-du-gouvernement-le-22-mai\/","name":"Action de masse des syndicats tch\u00e8ques contre les mesures d&#039;aust\u00e9rit\u00e9 du gouvernement, le 22 mai - industriall-union","isPartOf":{"@id":"https:\/\/admin.industriall-union.org\/#website"},"datePublished":"2012-05-16T16:34:53+00:00","dateModified":"2025-01-31T13:59:35+00:00","breadcrumb":{"@id":"https:\/\/admin.industriall-union.org\/fr\/archive\/icem\/action-de-masse-des-syndicats-tcheques-contre-les-mesures-d-039-austerite-du-gouvernement-le-22-mai\/#breadcrumb"},"inLanguage":"fr-FR","potentialAction":[{"@type":"ReadAction","target":["https:\/\/admin.industriall-union.org\/fr\/archive\/icem\/action-de-masse-des-syndicats-tcheques-contre-les-mesures-d-039-austerite-du-gouvernement-le-22-mai\/"]}]},{"@type":"BreadcrumbList","@id":"https:\/\/admin.industriall-union.org\/fr\/archive\/icem\/action-de-masse-des-syndicats-tcheques-contre-les-mesures-d-039-austerite-du-gouvernement-le-22-mai\/#breadcrumb","itemListElement":[{"@type":"ListItem","position":1,"name":"Home","item":"https:\/\/admin.industriall-union.org\/"},{"@type":"ListItem","position":2,"name":"Archive icem","item":"https:\/\/admin.industriall-union.org\/archive\/icem\/"},{"@type":"ListItem","position":3,"name":"Action de masse des syndicats tch\u00e8ques contre les mesures d&#039;aust\u00e9rit\u00e9 du gouvernement, le 22 mai"}]},{"@type":"WebSite","@id":"https:\/\/admin.industriall-union.org\/#website","url":"https:\/\/admin.industriall-union.org\/","name":"industriall-union","description":"","potentialAction":[{"@type":"SearchAction","target":{"@type":"EntryPoint","urlTemplate":"https:\/\/admin.industriall-union.org\/?s={search_term_string}"},"query-input":{"@type":"PropertyValueSpecification","valueRequired":true,"valueName":"search_term_string"}}],"inLanguage":"fr-FR"}]}},"_links":{"self":[{"href":"https:\/\/admin.industriall-union.org\/fr\/wp-json\/wp\/v2\/archive_icem\/176185","targetHints":{"allow":["GET"]}}],"collection":[{"href":"https:\/\/admin.industriall-union.org\/fr\/wp-json\/wp\/v2\/archive_icem"}],"about":[{"href":"https:\/\/admin.industriall-union.org\/fr\/wp-json\/wp\/v2\/types\/archive_icem"}],"wp:attachment":[{"href":"https:\/\/admin.industriall-union.org\/fr\/wp-json\/wp\/v2\/media?parent=176185"}],"curies":[{"name":"wp","href":"https:\/\/api.w.org\/{rel}","templated":true}]}}

Action de masse des syndicats tchèques contre les mesures d&#039;austérité du gouvernement, le 22 mai

<!-- This site is optimized with the Yoast SEO Premium plugin v27.1 (Yoast SEO v27.1) - https://yoast.com/product/yoast-seo-premium-wordpress/ -->
<title>Action de masse des syndicats tchèques contre les mesures d&#039;austérité du gouvernement, le 22 mai - industriall-union</title>
<meta name="robots" content="index, follow, max-snippet:-1, max-image-preview:large, max-video-preview:-1" />
<link rel="canonical" href="https://admin.industriall-union.org/fr/archive/icem/action-de-masse-des-syndicats-tcheques-contre-les-mesures-d-039-austerite-du-gouvernement-le-22-mai/" />
<meta property="og:locale" content="fr_FR" />
<meta property="og:type" content="article" />
<meta property="og:title" content="Action de masse des syndicats tchèques contre les mesures d&#039;austérité du gouvernement, le 22 mai" />
<meta property="og:description" content="&nbsp; Les syndicats de R&eacute;publique tch&egrave;que se mobilisent pour une action de grande ampleur contre les mesures d&#039;aust&eacute;rit&eacute; du gouvernement de droite du Premier ministre Petr Necas, qui veut faire payer la crise aux travailleurs. La pression menace la survie du gouvernement. Le 22 mai, les syndicats rassembleront des milliers de travailleurs sur la place [&hellip;]" />
<meta property="og:url" content="https://admin.industriall-union.org/fr/archive/icem/action-de-masse-des-syndicats-tcheques-contre-les-mesures-d-039-austerite-du-gouvernement-le-22-mai/" />
<meta property="og:site_name" content="industriall-union" />
<meta property="article:modified_time" content="2025-01-31T13:59:35+00:00" />
<meta name="twitter:card" content="summary_large_image" />
<meta name="twitter:label1" content="Est. reading time" />
	<meta name="twitter:data1" content="2 minutes" />
<script type="application/ld+json" class="yoast-schema-graph">{"@context":"https://schema.org","@graph":[{"@type":"WebPage","@id":"https://admin.industriall-union.org/fr/archive/icem/action-de-masse-des-syndicats-tcheques-contre-les-mesures-d-039-austerite-du-gouvernement-le-22-mai/","url":"https://admin.industriall-union.org/fr/archive/icem/action-de-masse-des-syndicats-tcheques-contre-les-mesures-d-039-austerite-du-gouvernement-le-22-mai/","name":"Action de masse des syndicats tchèques contre les mesures d&#039;austérité du gouvernement, le 22 mai - industriall-union","isPartOf":{"@id":"https://admin.industriall-union.org/#website"},"datePublished":"2012-05-16T16:34:53+00:00","dateModified":"2025-01-31T13:59:35+00:00","breadcrumb":{"@id":"https://admin.industriall-union.org/fr/archive/icem/action-de-masse-des-syndicats-tcheques-contre-les-mesures-d-039-austerite-du-gouvernement-le-22-mai/#breadcrumb"},"inLanguage":"fr-FR","potentialAction":[{"@type":"ReadAction","target":["https://admin.industriall-union.org/fr/archive/icem/action-de-masse-des-syndicats-tcheques-contre-les-mesures-d-039-austerite-du-gouvernement-le-22-mai/"]}]},{"@type":"BreadcrumbList","@id":"https://admin.industriall-union.org/fr/archive/icem/action-de-masse-des-syndicats-tcheques-contre-les-mesures-d-039-austerite-du-gouvernement-le-22-mai/#breadcrumb","itemListElement":[{"@type":"ListItem","position":1,"name":"Home","item":"https://admin.industriall-union.org/"},{"@type":"ListItem","position":2,"name":"Archive icem","item":"https://admin.industriall-union.org/archive/icem/"},{"@type":"ListItem","position":3,"name":"Action de masse des syndicats tchèques contre les mesures d&#039;austérité du gouvernement, le 22 mai"}]},{"@type":"WebSite","@id":"https://admin.industriall-union.org/#website","url":"https://admin.industriall-union.org/","name":"industriall-union","description":"","potentialAction":[{"@type":"SearchAction","target":{"@type":"EntryPoint","urlTemplate":"https://admin.industriall-union.org/?s={search_term_string}"},"query-input":{"@type":"PropertyValueSpecification","valueRequired":true,"valueName":"search_term_string"}}],"inLanguage":"fr-FR"}]}</script>
<!-- / Yoast SEO Premium plugin. -->

Action de masse des syndicats tchèques contre les mesures d&#039;austérité du gouvernement, le 22 mai - industriall-union
