{"version":"1.0","provider_name":"industriall-union","provider_url":"https:\/\/admin.industriall-union.org\/fr\/","author_name":"admin","author_url":"https:\/\/admin.industriall-union.org\/fr\/author\/admin\/","title":"28 avril 2012, journ\u00e9e de deuil","type":"rich","width":600,"height":338,"html":"<blockquote class=\"wp-embedded-content\" data-secret=\"JVVlJHHPGW\"><a href=\"https:\/\/admin.industriall-union.org\/fr\/archive\/imf\/28-avril-2012-journee-de-deuil\/\">28 avril 2012, journ\u00e9e de deuil<\/a><\/blockquote><iframe sandbox=\"allow-scripts\" security=\"restricted\" src=\"https:\/\/admin.industriall-union.org\/fr\/archive\/imf\/28-avril-2012-journee-de-deuil\/embed\/#?secret=JVVlJHHPGW\" width=\"600\" height=\"338\" title=\"&#8220;28 avril 2012, journ\u00e9e de deuil&#8221; &#8212; industriall-union\" data-secret=\"JVVlJHHPGW\" frameborder=\"0\" marginwidth=\"0\" marginheight=\"0\" scrolling=\"no\" class=\"wp-embedded-content\"><\/iframe><script type=\"text\/javascript\">\n\/* <![CDATA[ *\/\n\/*! This file is auto-generated *\/\n!function(d,l){\"use strict\";l.querySelector&&d.addEventListener&&\"undefined\"!=typeof URL&&(d.wp=d.wp||{},d.wp.receiveEmbedMessage||(d.wp.receiveEmbedMessage=function(e){var t=e.data;if((t||t.secret||t.message||t.value)&&!\/[^a-zA-Z0-9]\/.test(t.secret)){for(var s,r,n,a=l.querySelectorAll('iframe[data-secret=\"'+t.secret+'\"]'),o=l.querySelectorAll('blockquote[data-secret=\"'+t.secret+'\"]'),c=new RegExp(\"^https?:$\",\"i\"),i=0;i<o.length;i++)o[i].style.display=\"none\";for(i=0;i<a.length;i++)s=a[i],e.source===s.contentWindow&&(s.removeAttribute(\"style\"),\"height\"===t.message?(1e3<(r=parseInt(t.value,10))?r=1e3:~~r<200&&(r=200),s.height=r):\"link\"===t.message&&(r=new URL(s.getAttribute(\"src\")),n=new URL(t.value),c.test(n.protocol))&&n.host===r.host&&l.activeElement===s&&(d.top.location.href=t.value))}},d.addEventListener(\"message\",d.wp.receiveEmbedMessage,!1),l.addEventListener(\"DOMContentLoaded\",function(){for(var e,t,s=l.querySelectorAll(\"iframe.wp-embedded-content\"),r=0;r<s.length;r++)(t=(e=s[r]).getAttribute(\"data-secret\"))||(t=Math.random().toString(36).substring(2,12),e.src+=\"#?secret=\"+t,e.setAttribute(\"data-secret\",t)),e.contentWindow.postMessage({message:\"ready\",secret:t},\"*\")},!1)))}(window,document);\n\/* ]]> *\/\n<\/script>\n","description":"MONDIAL : Chaque 28 avril, date de la Journ\u00e9e mondiale de la sant\u00e9 et la s\u00e9curit\u00e9 au travail, les travailleurs observent un moment de silence pour r\u00e9fl\u00e9chir au bilan d\u00e9vastateur des d\u00e9c\u00e8s, blessures et maladies occasionn\u00e9s par le travail. IndustriALL Global Union verra bient\u00f4t le jour, une nouvelle organisation regroupant quelque 50 millions de travailleurs [&hellip;]"}

28 avril 2012, journée de deuil

<blockquote class="wp-embedded-content" data-secret="JVVlJHHPGW"><a href="https://admin.industriall-union.org/fr/archive/imf/28-avril-2012-journee-de-deuil/">28 avril 2012, journée de deuil</a></blockquote><iframe sandbox="allow-scripts" security="restricted" src="https://admin.industriall-union.org/fr/archive/imf/28-avril-2012-journee-de-deuil/embed/#?secret=JVVlJHHPGW" width="600" height="338" title="&#8220;28 avril 2012, journée de deuil&#8221; &#8212; industriall-union" data-secret="JVVlJHHPGW" frameborder="0" marginwidth="0" marginheight="0" scrolling="no" class="wp-embedded-content"></iframe><script type="text/javascript">
/* <![CDATA[ */
/*! This file is auto-generated */
!function(d,l){"use strict";l.querySelector&&d.addEventListener&&"undefined"!=typeof URL&&(d.wp=d.wp||{},d.wp.receiveEmbedMessage||(d.wp.receiveEmbedMessage=function(e){var t=e.data;if((t||t.secret||t.message||t.value)&&!/[^a-zA-Z0-9]/.test(t.secret)){for(var s,r,n,a=l.querySelectorAll('iframe[data-secret="'+t.secret+'"]'),o=l.querySelectorAll('blockquote[data-secret="'+t.secret+'"]'),c=new RegExp("^https?:$","i"),i=0;i<o.length;i++)o[i].style.display="none";for(i=0;i<a.length;i++)s=a[i],e.source===s.contentWindow&&(s.removeAttribute("style"),"height"===t.message?(1e3<(r=parseInt(t.value,10))?r=1e3:~~r<200&&(r=200),s.height=r):"link"===t.message&&(r=new URL(s.getAttribute("src")),n=new URL(t.value),c.test(n.protocol))&&n.host===r.host&&l.activeElement===s&&(d.top.location.href=t.value))}},d.addEventListener("message",d.wp.receiveEmbedMessage,!1),l.addEventListener("DOMContentLoaded",function(){for(var e,t,s=l.querySelectorAll("iframe.wp-embedded-content"),r=0;r<s.length;r++)(t=(e=s[r]).getAttribute("data-secret"))||(t=Math.random().toString(36).substring(2,12),e.src+="#?secret="+t,e.setAttribute("data-secret",t)),e.contentWindow.postMessage({message:"ready",secret:t},"*")},!1)))}(window,document);
/* ]]> */
</script>

MONDIAL : Chaque 28 avril, date de la Journée mondiale de la santé et la sécurité au travail, les travailleurs observent un moment de silence pour réfléchir au bilan dévastateur des décès, blessures et maladies occasionnés par le travail. IndustriALL Global Union verra bientôt le jour, une nouvelle organisation regroupant quelque 50 millions de travailleurs [&hellip;]
