{"id":212660,"date":"2012-06-14T14:56:19","date_gmt":"2012-06-14T14:56:19","guid":{"rendered":"https:\/\/admin.industriall-union.org\/galeria-de-fotos\/"},"modified":"2026-02-03T13:54:21","modified_gmt":"2026-02-03T13:54:21","slug":"galeria-de-fotos","status":"publish","type":"page","link":"https:\/\/admin.industriall-union.org\/es\/galeria-de-fotos\/","title":{"rendered":"Galer\u00eda de fotos"},"content":{"rendered":"<p><span id=\"result_box\" lang=\"es\"><span class=\"hps alt-edited\">Cargue o<\/span> <span class=\"hps alt-edited\">enlace<\/span> <span class=\"hps\">sus fotos<\/span> a<span class=\"hps\"> la<\/span> <span class=\"hps\">cuenta de<\/span> <\/span>IndustriALL Global Union&nbsp;<span id=\"result_box\" lang=\"es\"><span class=\"hps alt-edited\">en Flickr<\/span><\/span><span id=\"result_box\" lang=\"es\"><span class=\"hps\">.<\/span><\/span><\/p><p>Escr\u00edbanos a <a href=\"mailto:communications@industriall-union.org\">press@industriall-union.org<\/a> para m\u00e1s detalles.<\/p><p>Vea las fotos m\u00e1s recientes en: www.flickr.com\/photos\/industriall_gu\/<\/p>","protected":false},"excerpt":{"rendered":"<p>Cargue o enlace sus fotos a la cuenta de IndustriALL Global Union&nbsp;en Flickr. Escr\u00edbanos a press@industriall-union.org para m\u00e1s detalles. Vea las fotos m\u00e1s recientes en: www.flickr.com\/photos\/industriall_gu\/<\/p>\n","protected":false},"author":1,"featured_media":0,"parent":0,"menu_order":0,"comment_status":"closed","ping_status":"closed","template":"","meta":{"_acf_changed":false,"footnotes":""},"issues":[],"companies":[],"regions":[],"sectors":[],"article_tags":[],"class_list":["post-212660","page","type-page","status-publish","hentry"],"acf":[],"yoast_head":"<!-- This site is optimized with the Yoast SEO Premium plugin v27.1 (Yoast SEO v27.1) - https:\/\/yoast.com\/product\/yoast-seo-premium-wordpress\/ -->\n<title>Galer\u00eda de fotos - industriall-union<\/title>\n<meta name=\"robots\" content=\"index, follow, max-snippet:-1, max-image-preview:large, max-video-preview:-1\" \/>\n<link rel=\"canonical\" href=\"https:\/\/admin.industriall-union.org\/es\/galeria-de-fotos\/\" \/>\n<meta property=\"og:locale\" content=\"es_ES\" \/>\n<meta property=\"og:type\" content=\"article\" \/>\n<meta property=\"og:title\" content=\"Galer\u00eda de fotos\" \/>\n<meta property=\"og:description\" content=\"Cargue o enlace sus fotos a la cuenta de IndustriALL Global Union&nbsp;en Flickr. Escr\u00edbanos a press@industriall-union.org para m\u00e1s detalles. Vea las fotos m\u00e1s recientes en: www.flickr.com\/photos\/industriall_gu\/\" \/>\n<meta property=\"og:url\" content=\"https:\/\/admin.industriall-union.org\/es\/galeria-de-fotos\/\" \/>\n<meta property=\"og:site_name\" content=\"industriall-union\" \/>\n<meta property=\"article:modified_time\" content=\"2026-02-03T13:54:21+00:00\" \/>\n<meta name=\"twitter:card\" content=\"summary_large_image\" \/>\n<script type=\"application\/ld+json\" class=\"yoast-schema-graph\">{\"@context\":\"https:\/\/schema.org\",\"@graph\":[{\"@type\":\"WebPage\",\"@id\":\"https:\/\/admin.industriall-union.org\/es\/galeria-de-fotos\/\",\"url\":\"https:\/\/admin.industriall-union.org\/es\/galeria-de-fotos\/\",\"name\":\"Galer\u00eda de fotos - industriall-union\",\"isPartOf\":{\"@id\":\"https:\/\/admin.industriall-union.org\/#website\"},\"datePublished\":\"2012-06-14T14:56:19+00:00\",\"dateModified\":\"2026-02-03T13:54:21+00:00\",\"breadcrumb\":{\"@id\":\"https:\/\/admin.industriall-union.org\/es\/galeria-de-fotos\/#breadcrumb\"},\"inLanguage\":\"es-ES\",\"potentialAction\":[{\"@type\":\"ReadAction\",\"target\":[\"https:\/\/admin.industriall-union.org\/es\/galeria-de-fotos\/\"]}]},{\"@type\":\"BreadcrumbList\",\"@id\":\"https:\/\/admin.industriall-union.org\/es\/galeria-de-fotos\/#breadcrumb\",\"itemListElement\":[{\"@type\":\"ListItem\",\"position\":1,\"name\":\"Home\",\"item\":\"https:\/\/admin.industriall-union.org\/\"},{\"@type\":\"ListItem\",\"position\":2,\"name\":\"Galer\u00eda de fotos\"}]},{\"@type\":\"WebSite\",\"@id\":\"https:\/\/admin.industriall-union.org\/#website\",\"url\":\"https:\/\/admin.industriall-union.org\/\",\"name\":\"industriall-union\",\"description\":\"\",\"potentialAction\":[{\"@type\":\"SearchAction\",\"target\":{\"@type\":\"EntryPoint\",\"urlTemplate\":\"https:\/\/admin.industriall-union.org\/?s={search_term_string}\"},\"query-input\":{\"@type\":\"PropertyValueSpecification\",\"valueRequired\":true,\"valueName\":\"search_term_string\"}}],\"inLanguage\":\"es-ES\"}]}<\/script>\n<!-- \/ Yoast SEO Premium plugin. -->","yoast_head_json":{"title":"Galer\u00eda de fotos - industriall-union","robots":{"index":"index","follow":"follow","max-snippet":"max-snippet:-1","max-image-preview":"max-image-preview:large","max-video-preview":"max-video-preview:-1"},"canonical":"https:\/\/admin.industriall-union.org\/es\/galeria-de-fotos\/","og_locale":"es_ES","og_type":"article","og_title":"Galer\u00eda de fotos","og_description":"Cargue o enlace sus fotos a la cuenta de IndustriALL Global Union&nbsp;en Flickr. Escr\u00edbanos a press@industriall-union.org para m\u00e1s detalles. Vea las fotos m\u00e1s recientes en: www.flickr.com\/photos\/industriall_gu\/","og_url":"https:\/\/admin.industriall-union.org\/es\/galeria-de-fotos\/","og_site_name":"industriall-union","article_modified_time":"2026-02-03T13:54:21+00:00","twitter_card":"summary_large_image","schema":{"@context":"https:\/\/schema.org","@graph":[{"@type":"WebPage","@id":"https:\/\/admin.industriall-union.org\/es\/galeria-de-fotos\/","url":"https:\/\/admin.industriall-union.org\/es\/galeria-de-fotos\/","name":"Galer\u00eda de fotos - industriall-union","isPartOf":{"@id":"https:\/\/admin.industriall-union.org\/#website"},"datePublished":"2012-06-14T14:56:19+00:00","dateModified":"2026-02-03T13:54:21+00:00","breadcrumb":{"@id":"https:\/\/admin.industriall-union.org\/es\/galeria-de-fotos\/#breadcrumb"},"inLanguage":"es-ES","potentialAction":[{"@type":"ReadAction","target":["https:\/\/admin.industriall-union.org\/es\/galeria-de-fotos\/"]}]},{"@type":"BreadcrumbList","@id":"https:\/\/admin.industriall-union.org\/es\/galeria-de-fotos\/#breadcrumb","itemListElement":[{"@type":"ListItem","position":1,"name":"Home","item":"https:\/\/admin.industriall-union.org\/"},{"@type":"ListItem","position":2,"name":"Galer\u00eda de fotos"}]},{"@type":"WebSite","@id":"https:\/\/admin.industriall-union.org\/#website","url":"https:\/\/admin.industriall-union.org\/","name":"industriall-union","description":"","potentialAction":[{"@type":"SearchAction","target":{"@type":"EntryPoint","urlTemplate":"https:\/\/admin.industriall-union.org\/?s={search_term_string}"},"query-input":{"@type":"PropertyValueSpecification","valueRequired":true,"valueName":"search_term_string"}}],"inLanguage":"es-ES"}]}},"_links":{"self":[{"href":"https:\/\/admin.industriall-union.org\/es\/wp-json\/wp\/v2\/pages\/212660","targetHints":{"allow":["GET"]}}],"collection":[{"href":"https:\/\/admin.industriall-union.org\/es\/wp-json\/wp\/v2\/pages"}],"about":[{"href":"https:\/\/admin.industriall-union.org\/es\/wp-json\/wp\/v2\/types\/page"}],"author":[{"embeddable":true,"href":"https:\/\/admin.industriall-union.org\/es\/wp-json\/wp\/v2\/users\/1"}],"replies":[{"embeddable":true,"href":"https:\/\/admin.industriall-union.org\/es\/wp-json\/wp\/v2\/comments?post=212660"}],"version-history":[{"count":1,"href":"https:\/\/admin.industriall-union.org\/es\/wp-json\/wp\/v2\/pages\/212660\/revisions"}],"predecessor-version":[{"id":388830,"href":"https:\/\/admin.industriall-union.org\/es\/wp-json\/wp\/v2\/pages\/212660\/revisions\/388830"}],"wp:attachment":[{"href":"https:\/\/admin.industriall-union.org\/es\/wp-json\/wp\/v2\/media?parent=212660"}],"wp:term":[{"taxonomy":"issues","embeddable":true,"href":"https:\/\/admin.industriall-union.org\/es\/wp-json\/wp\/v2\/issues?post=212660"},{"taxonomy":"companies","embeddable":true,"href":"https:\/\/admin.industriall-union.org\/es\/wp-json\/wp\/v2\/companies?post=212660"},{"taxonomy":"regions","embeddable":true,"href":"https:\/\/admin.industriall-union.org\/es\/wp-json\/wp\/v2\/regions?post=212660"},{"taxonomy":"sectors","embeddable":true,"href":"https:\/\/admin.industriall-union.org\/es\/wp-json\/wp\/v2\/sectors?post=212660"},{"taxonomy":"article_tags","embeddable":true,"href":"https:\/\/admin.industriall-union.org\/es\/wp-json\/wp\/v2\/article_tags?post=212660"}],"curies":[{"name":"wp","href":"https:\/\/api.w.org\/{rel}","templated":true}]}}

Galería de fotos

<p><span id="result_box" lang="es"><span class="hps alt-edited">Cargue o</span> <span class="hps alt-edited">enlace</span> <span class="hps">sus fotos</span> a<span class="hps"> la</span> <span class="hps">cuenta de</span> </span>IndustriALL Global Union&nbsp;<span id="result_box" lang="es"><span class="hps alt-edited">en Flickr</span></span><span id="result_box" lang="es"><span class="hps">.</span></span></p><p>Escríbanos a <a href="mailto:communications@industriall-union.org">press@industriall-union.org</a> para más detalles.</p><p>Vea las fotos más recientes en: www.flickr.com/photos/industriall_gu/</p>

<p>Cargue o enlace sus fotos a la cuenta de IndustriALL Global Union&nbsp;en Flickr. Escríbanos a press@industriall-union.org para más detalles. Vea las fotos más recientes en: www.flickr.com/photos/industriall_gu/</p>

<!-- This site is optimized with the Yoast SEO Premium plugin v27.1 (Yoast SEO v27.1) - https://yoast.com/product/yoast-seo-premium-wordpress/ -->
<title>Galería de fotos - industriall-union</title>
<meta name="robots" content="index, follow, max-snippet:-1, max-image-preview:large, max-video-preview:-1" />
<link rel="canonical" href="https://admin.industriall-union.org/es/galeria-de-fotos/" />
<meta property="og:locale" content="es_ES" />
<meta property="og:type" content="article" />
<meta property="og:title" content="Galería de fotos" />
<meta property="og:description" content="Cargue o enlace sus fotos a la cuenta de IndustriALL Global Union&nbsp;en Flickr. Escríbanos a press@industriall-union.org para más detalles. Vea las fotos más recientes en: www.flickr.com/photos/industriall_gu/" />
<meta property="og:url" content="https://admin.industriall-union.org/es/galeria-de-fotos/" />
<meta property="og:site_name" content="industriall-union" />
<meta property="article:modified_time" content="2026-02-03T13:54:21+00:00" />
<meta name="twitter:card" content="summary_large_image" />
<script type="application/ld+json" class="yoast-schema-graph">{"@context":"https://schema.org","@graph":[{"@type":"WebPage","@id":"https://admin.industriall-union.org/es/galeria-de-fotos/","url":"https://admin.industriall-union.org/es/galeria-de-fotos/","name":"Galería de fotos - industriall-union","isPartOf":{"@id":"https://admin.industriall-union.org/#website"},"datePublished":"2012-06-14T14:56:19+00:00","dateModified":"2026-02-03T13:54:21+00:00","breadcrumb":{"@id":"https://admin.industriall-union.org/es/galeria-de-fotos/#breadcrumb"},"inLanguage":"es-ES","potentialAction":[{"@type":"ReadAction","target":["https://admin.industriall-union.org/es/galeria-de-fotos/"]}]},{"@type":"BreadcrumbList","@id":"https://admin.industriall-union.org/es/galeria-de-fotos/#breadcrumb","itemListElement":[{"@type":"ListItem","position":1,"name":"Home","item":"https://admin.industriall-union.org/"},{"@type":"ListItem","position":2,"name":"Galería de fotos"}]},{"@type":"WebSite","@id":"https://admin.industriall-union.org/#website","url":"https://admin.industriall-union.org/","name":"industriall-union","description":"","potentialAction":[{"@type":"SearchAction","target":{"@type":"EntryPoint","urlTemplate":"https://admin.industriall-union.org/?s={search_term_string}"},"query-input":{"@type":"PropertyValueSpecification","valueRequired":true,"valueName":"search_term_string"}}],"inLanguage":"es-ES"}]}</script>
<!-- / Yoast SEO Premium plugin. -->

Galería de fotos - industriall-union

Cargue o enlace sus fotos a la cuenta de IndustriALL Global Union&nbsp;en Flickr. Escríbanos a press@industriall-union.org para más detalles. Vea las fotos más recientes en: www.flickr.com/photos/industriall_gu/
