{"id":212654,"date":"2012-06-14T20:52:17","date_gmt":"2012-06-14T20:52:17","guid":{"rendered":"https:\/\/admin.industriall-union.org\/comite-ejecutivo\/"},"modified":"2026-02-03T13:45:01","modified_gmt":"2026-02-03T13:45:01","slug":"comite-ejecutivo","status":"publish","type":"page","link":"https:\/\/admin.industriall-union.org\/es\/quienes-somos\/comite-ejecutivo","title":{"rendered":"Comit\u00e9 Ejecutivo"},"content":{"rendered":"<p><a href=\"http:\/\/www.industriall-union.org\/es\/asia-pacifico\">Asia-Pac\u00edfico<\/a><\/p><p><a href=\"http:\/\/www.industriall-union.org\/es\/america-latina-y-el-caribe\">Am\u00e9rica Latina y el Caribe<\/a><\/p><p><a href=\"http:\/\/www.industriall-union.org\/es\/oriente-medio-y-africa-del-norte\"><span class=\"short_text\" id=\"result_box\" lang=\"es\"><span class=\"hps\">Oriente Medio y \u00c1frica<\/span> <span class=\"hps\">del Norte<\/span><\/span><\/a><\/p><p><a href=\"http:\/\/www.industriall-union.org\/about-us\/executive-committee\/north-america\">Norte Am\u00e9rica<\/a><\/p><p><a href=\"http:\/\/www.industriall-union.org\/about-us\/executive-committee\/sub-saharan-africa\"><span class=\"short_text\" id=\"result_box\" lang=\"es\"><span class=\"hps alt-edited\">\u00c1frica subsahariana<\/span><\/span><\/a><\/p><p><a href=\"http:\/\/www.industriall-union.org\/es\/europa\">Europa<\/a><\/p>","protected":false},"excerpt":{"rendered":"<p>Asia-Pac\u00edfico Am\u00e9rica Latina y el Caribe Oriente Medio y \u00c1frica del Norte Norte Am\u00e9rica \u00c1frica subsahariana Europa<\/p>\n","protected":false},"author":1,"featured_media":0,"parent":0,"menu_order":0,"comment_status":"closed","ping_status":"closed","template":"","meta":{"_acf_changed":false,"footnotes":""},"issues":[],"companies":[],"regions":[],"sectors":[],"article_tags":[],"class_list":["post-212654","page","type-page","status-publish","hentry"],"acf":[],"yoast_head":"<!-- This site is optimized with the Yoast SEO Premium plugin v27.1 (Yoast SEO v27.1) - https:\/\/yoast.com\/product\/yoast-seo-premium-wordpress\/ -->\n<title>Comit\u00e9 Ejecutivo - industriall-union<\/title>\n<meta name=\"robots\" content=\"index, follow, max-snippet:-1, max-image-preview:large, max-video-preview:-1\" \/>\n<link rel=\"canonical\" href=\"https:\/\/admin.industriall-union.org\/es\/quienes-somos\/comite-ejecutivo\/\" \/>\n<meta property=\"og:locale\" content=\"es_ES\" \/>\n<meta property=\"og:type\" content=\"article\" \/>\n<meta property=\"og:title\" content=\"Comit\u00e9 Ejecutivo\" \/>\n<meta property=\"og:description\" content=\"Asia-Pac\u00edfico Am\u00e9rica Latina y el Caribe Oriente Medio y \u00c1frica del Norte Norte Am\u00e9rica \u00c1frica subsahariana Europa\" \/>\n<meta property=\"og:url\" content=\"https:\/\/admin.industriall-union.org\/es\/quienes-somos\/comite-ejecutivo\/\" \/>\n<meta property=\"og:site_name\" content=\"industriall-union\" \/>\n<meta property=\"article:modified_time\" content=\"2026-02-03T13:45:01+00:00\" \/>\n<meta name=\"twitter:card\" content=\"summary_large_image\" \/>\n<script type=\"application\/ld+json\" class=\"yoast-schema-graph\">{\"@context\":\"https:\/\/schema.org\",\"@graph\":[{\"@type\":\"WebPage\",\"@id\":\"https:\/\/admin.industriall-union.org\/es\/quienes-somos\/comite-ejecutivo\/\",\"url\":\"https:\/\/admin.industriall-union.org\/es\/quienes-somos\/comite-ejecutivo\/\",\"name\":\"Comit\u00e9 Ejecutivo - industriall-union\",\"isPartOf\":{\"@id\":\"https:\/\/admin.industriall-union.org\/#website\"},\"datePublished\":\"2012-06-14T20:52:17+00:00\",\"dateModified\":\"2026-02-03T13:45:01+00:00\",\"breadcrumb\":{\"@id\":\"https:\/\/admin.industriall-union.org\/es\/quienes-somos\/comite-ejecutivo\/#breadcrumb\"},\"inLanguage\":\"es-ES\",\"potentialAction\":[{\"@type\":\"ReadAction\",\"target\":[\"https:\/\/admin.industriall-union.org\/es\/quienes-somos\/comite-ejecutivo\/\"]}]},{\"@type\":\"BreadcrumbList\",\"@id\":\"https:\/\/admin.industriall-union.org\/es\/quienes-somos\/comite-ejecutivo\/#breadcrumb\",\"itemListElement\":[{\"@type\":\"ListItem\",\"position\":1,\"name\":\"Home\",\"item\":\"https:\/\/admin.industriall-union.org\/\"},{\"@type\":\"ListItem\",\"position\":2,\"name\":\"Comit\u00e9 Ejecutivo\"}]},{\"@type\":\"WebSite\",\"@id\":\"https:\/\/admin.industriall-union.org\/#website\",\"url\":\"https:\/\/admin.industriall-union.org\/\",\"name\":\"industriall-union\",\"description\":\"\",\"potentialAction\":[{\"@type\":\"SearchAction\",\"target\":{\"@type\":\"EntryPoint\",\"urlTemplate\":\"https:\/\/admin.industriall-union.org\/?s={search_term_string}\"},\"query-input\":{\"@type\":\"PropertyValueSpecification\",\"valueRequired\":true,\"valueName\":\"search_term_string\"}}],\"inLanguage\":\"es-ES\"}]}<\/script>\n<!-- \/ Yoast SEO Premium plugin. -->","yoast_head_json":{"title":"Comit\u00e9 Ejecutivo - industriall-union","robots":{"index":"index","follow":"follow","max-snippet":"max-snippet:-1","max-image-preview":"max-image-preview:large","max-video-preview":"max-video-preview:-1"},"canonical":"https:\/\/admin.industriall-union.org\/es\/quienes-somos\/comite-ejecutivo\/","og_locale":"es_ES","og_type":"article","og_title":"Comit\u00e9 Ejecutivo","og_description":"Asia-Pac\u00edfico Am\u00e9rica Latina y el Caribe Oriente Medio y \u00c1frica del Norte Norte Am\u00e9rica \u00c1frica subsahariana Europa","og_url":"https:\/\/admin.industriall-union.org\/es\/quienes-somos\/comite-ejecutivo\/","og_site_name":"industriall-union","article_modified_time":"2026-02-03T13:45:01+00:00","twitter_card":"summary_large_image","schema":{"@context":"https:\/\/schema.org","@graph":[{"@type":"WebPage","@id":"https:\/\/admin.industriall-union.org\/es\/quienes-somos\/comite-ejecutivo\/","url":"https:\/\/admin.industriall-union.org\/es\/quienes-somos\/comite-ejecutivo\/","name":"Comit\u00e9 Ejecutivo - industriall-union","isPartOf":{"@id":"https:\/\/admin.industriall-union.org\/#website"},"datePublished":"2012-06-14T20:52:17+00:00","dateModified":"2026-02-03T13:45:01+00:00","breadcrumb":{"@id":"https:\/\/admin.industriall-union.org\/es\/quienes-somos\/comite-ejecutivo\/#breadcrumb"},"inLanguage":"es-ES","potentialAction":[{"@type":"ReadAction","target":["https:\/\/admin.industriall-union.org\/es\/quienes-somos\/comite-ejecutivo\/"]}]},{"@type":"BreadcrumbList","@id":"https:\/\/admin.industriall-union.org\/es\/quienes-somos\/comite-ejecutivo\/#breadcrumb","itemListElement":[{"@type":"ListItem","position":1,"name":"Home","item":"https:\/\/admin.industriall-union.org\/"},{"@type":"ListItem","position":2,"name":"Comit\u00e9 Ejecutivo"}]},{"@type":"WebSite","@id":"https:\/\/admin.industriall-union.org\/#website","url":"https:\/\/admin.industriall-union.org\/","name":"industriall-union","description":"","potentialAction":[{"@type":"SearchAction","target":{"@type":"EntryPoint","urlTemplate":"https:\/\/admin.industriall-union.org\/?s={search_term_string}"},"query-input":{"@type":"PropertyValueSpecification","valueRequired":true,"valueName":"search_term_string"}}],"inLanguage":"es-ES"}]}},"_links":{"self":[{"href":"https:\/\/admin.industriall-union.org\/es\/wp-json\/wp\/v2\/pages\/212654","targetHints":{"allow":["GET"]}}],"collection":[{"href":"https:\/\/admin.industriall-union.org\/es\/wp-json\/wp\/v2\/pages"}],"about":[{"href":"https:\/\/admin.industriall-union.org\/es\/wp-json\/wp\/v2\/types\/page"}],"author":[{"embeddable":true,"href":"https:\/\/admin.industriall-union.org\/es\/wp-json\/wp\/v2\/users\/1"}],"replies":[{"embeddable":true,"href":"https:\/\/admin.industriall-union.org\/es\/wp-json\/wp\/v2\/comments?post=212654"}],"version-history":[{"count":2,"href":"https:\/\/admin.industriall-union.org\/es\/wp-json\/wp\/v2\/pages\/212654\/revisions"}],"predecessor-version":[{"id":388811,"href":"https:\/\/admin.industriall-union.org\/es\/wp-json\/wp\/v2\/pages\/212654\/revisions\/388811"}],"wp:attachment":[{"href":"https:\/\/admin.industriall-union.org\/es\/wp-json\/wp\/v2\/media?parent=212654"}],"wp:term":[{"taxonomy":"issues","embeddable":true,"href":"https:\/\/admin.industriall-union.org\/es\/wp-json\/wp\/v2\/issues?post=212654"},{"taxonomy":"companies","embeddable":true,"href":"https:\/\/admin.industriall-union.org\/es\/wp-json\/wp\/v2\/companies?post=212654"},{"taxonomy":"regions","embeddable":true,"href":"https:\/\/admin.industriall-union.org\/es\/wp-json\/wp\/v2\/regions?post=212654"},{"taxonomy":"sectors","embeddable":true,"href":"https:\/\/admin.industriall-union.org\/es\/wp-json\/wp\/v2\/sectors?post=212654"},{"taxonomy":"article_tags","embeddable":true,"href":"https:\/\/admin.industriall-union.org\/es\/wp-json\/wp\/v2\/article_tags?post=212654"}],"curies":[{"name":"wp","href":"https:\/\/api.w.org\/{rel}","templated":true}]}}

Comité Ejecutivo

<p><a href="http://www.industriall-union.org/es/asia-pacifico">Asia-Pacífico</a></p><p><a href="http://www.industriall-union.org/es/america-latina-y-el-caribe">América Latina y el Caribe</a></p><p><a href="http://www.industriall-union.org/es/oriente-medio-y-africa-del-norte"><span class="short_text" id="result_box" lang="es"><span class="hps">Oriente Medio y África</span> <span class="hps">del Norte</span></span></a></p><p><a href="http://www.industriall-union.org/about-us/executive-committee/north-america">Norte América</a></p><p><a href="http://www.industriall-union.org/about-us/executive-committee/sub-saharan-africa"><span class="short_text" id="result_box" lang="es"><span class="hps alt-edited">África subsahariana</span></span></a></p><p><a href="http://www.industriall-union.org/es/europa">Europa</a></p>

<p>Asia-Pacífico América Latina y el Caribe Oriente Medio y África del Norte Norte América África subsahariana Europa</p>

<!-- This site is optimized with the Yoast SEO Premium plugin v27.1 (Yoast SEO v27.1) - https://yoast.com/product/yoast-seo-premium-wordpress/ -->
<title>Comité Ejecutivo - industriall-union</title>
<meta name="robots" content="index, follow, max-snippet:-1, max-image-preview:large, max-video-preview:-1" />
<link rel="canonical" href="https://admin.industriall-union.org/es/quienes-somos/comite-ejecutivo/" />
<meta property="og:locale" content="es_ES" />
<meta property="og:type" content="article" />
<meta property="og:title" content="Comité Ejecutivo" />
<meta property="og:description" content="Asia-Pacífico América Latina y el Caribe Oriente Medio y África del Norte Norte América África subsahariana Europa" />
<meta property="og:url" content="https://admin.industriall-union.org/es/quienes-somos/comite-ejecutivo/" />
<meta property="og:site_name" content="industriall-union" />
<meta property="article:modified_time" content="2026-02-03T13:45:01+00:00" />
<meta name="twitter:card" content="summary_large_image" />
<script type="application/ld+json" class="yoast-schema-graph">{"@context":"https://schema.org","@graph":[{"@type":"WebPage","@id":"https://admin.industriall-union.org/es/quienes-somos/comite-ejecutivo/","url":"https://admin.industriall-union.org/es/quienes-somos/comite-ejecutivo/","name":"Comité Ejecutivo - industriall-union","isPartOf":{"@id":"https://admin.industriall-union.org/#website"},"datePublished":"2012-06-14T20:52:17+00:00","dateModified":"2026-02-03T13:45:01+00:00","breadcrumb":{"@id":"https://admin.industriall-union.org/es/quienes-somos/comite-ejecutivo/#breadcrumb"},"inLanguage":"es-ES","potentialAction":[{"@type":"ReadAction","target":["https://admin.industriall-union.org/es/quienes-somos/comite-ejecutivo/"]}]},{"@type":"BreadcrumbList","@id":"https://admin.industriall-union.org/es/quienes-somos/comite-ejecutivo/#breadcrumb","itemListElement":[{"@type":"ListItem","position":1,"name":"Home","item":"https://admin.industriall-union.org/"},{"@type":"ListItem","position":2,"name":"Comité Ejecutivo"}]},{"@type":"WebSite","@id":"https://admin.industriall-union.org/#website","url":"https://admin.industriall-union.org/","name":"industriall-union","description":"","potentialAction":[{"@type":"SearchAction","target":{"@type":"EntryPoint","urlTemplate":"https://admin.industriall-union.org/?s={search_term_string}"},"query-input":{"@type":"PropertyValueSpecification","valueRequired":true,"valueName":"search_term_string"}}],"inLanguage":"es-ES"}]}</script>
<!-- / Yoast SEO Premium plugin. -->

Comité Ejecutivo - industriall-union

Asia-Pacífico América Latina y el Caribe Oriente Medio y África del Norte Norte América África subsahariana Europa
