{"id":212614,"date":"2019-03-08T13:50:10","date_gmt":"2019-03-08T13:50:10","guid":{"rendered":"https:\/\/admin.industriall-union.org\/metales-basicos\/"},"modified":"2026-02-03T13:18:40","modified_gmt":"2026-02-03T13:18:40","slug":"metales-basicos","status":"publish","type":"page","link":"https:\/\/admin.industriall-union.org\/es\/metales-basicos\/","title":{"rendered":"Metales B\u00e1sicos"},"content":{"rendered":"<section class=\"boxTurquoise\"><h2>Metales B\u00e1sicos<\/h2><p>IndustriALL trabaja con sindicatos en el sector de metales b\u00e1sicos para generar energ\u00eda a nivel de empresa y de la industria. Organizamos redes sindicales, hacemos campa\u00f1a por los derechos sindicales y buscamos el di\u00e1logo social con las principales compa\u00f1\u00edas mundiales de acero y aluminio. Tambi\u00e9n nos asociamos con compa\u00f1\u00edas responsables y con la sociedad civil para promover el respeto por los derechos de los trabajadores en las cadenas de suministro de metales b\u00e1sicos.<\/p><h3>Contacto<\/h3><table border=\"1\" cellpadding=\"1\" cellspacing=\"1\" style=\"width:100%\"><tbody><tr><td><h4 style=\"text-align: center\"><img decoding=\"async\" alt=\"\" src=\"\/wp-content\/uploads\/images\/People\/Internal\/correagreen.png\" style=\"width: 200px;height: 200px\" \/><\/h4><\/td><td><h4>Patrick Correa<br \/>Tel. +41 22 308 50 85<br \/>e-mail: <a href=\"mailto:pcorrea@industriall-union.org\">pcorrea<\/a><\/h4><\/td><\/tr><\/tbody><\/table><\/section><h4>Publicaciones<\/h4><table border=\"1\" cellpadding=\"1\" cellspacing=\"1\" style=\"width:100%\"><tbody><tr><td colspan=\"7\"><strong>Plan de acci\u00f3n &#8211; Conferencia Mundial sobre Metales Base 2016<\/strong><\/td><\/tr><tr><td colspan=\"7\" style=\"text-align: center\"><img decoding=\"async\" alt=\"\" src=\"\/wp-content\/uploads\/images\/2016\/GERMANY\/Base_Metals_Duisburg\/30332161004_deb39b2920_k.jpg\" style=\"width: 200px;height: 133px\" \/><\/td><\/tr><tr><td style=\"text-align: center\"><a href=\"\/wp-content\/uploads\/documents\/2016\/GERMANY\/Base_Metals_Duisburg\/action_plan_-_2016_industriall_world_base_metals_conference.pdf\">ENG<\/a><\/td><td style=\"text-align: center\"><a href=\"\/wp-content\/uploads\/documents\/2016\/GERMANY\/Base_Metals_Duisburg\/spanish_action_plan_-_2016_industriall_world_conference_for_base_metals_industries_japanese.pdf\">ESP<\/a>&nbsp;<\/td><td style=\"text-align: center\"><a href=\"\/wp-content\/uploads\/documents\/2016\/GERMANY\/Base_Metals_Duisburg\/italian_action_plan_-_2016_industriall_world_conference_for_base_metals_industries.pdf\">ITA<\/a><\/td><td style=\"text-align: center\"><a href=\"\/wp-content\/uploads\/documents\/2016\/GERMANY\/Base_Metals_Duisburg\/japanese_action_plan_-_2016_industriall_world_conference_for_base_metals_industries_japanese.pdf\">JAP<\/a><\/td><td style=\"text-align: center\"><a href=\"\/wp-content\/uploads\/documents\/2016\/GERMANY\/Base_Metals_Duisburg\/german_action_plan_-_2016_industriall_world_conference_for_base_metals_industries.pdf\">DEU<\/a><\/td><td style=\"text-align: center\"><a href=\"\/wp-content\/uploads\/documents\/2016\/GERMANY\/Base_Metals_Duisburg\/portuguese_action_plan_-_2016_industriall_world_conference_for_base_metals_industries.pdf\">POR<\/a><\/td><td style=\"text-align: center\"><a href=\"\/wp-content\/uploads\/documents\/2016\/GERMANY\/Base_Metals_Duisburg\/russian_action_plan_-_2016_industriall_world_conference_for_base_metals_industries_japanese.pdf\">RUS<\/a><\/td><\/tr><\/tbody><\/table>","protected":false},"excerpt":{"rendered":"<p>Metales B\u00e1sicos IndustriALL trabaja con sindicatos en el sector de metales b\u00e1sicos para generar energ\u00eda a nivel de empresa y de la industria. Organizamos redes sindicales, hacemos campa\u00f1a por los derechos sindicales y buscamos el di\u00e1logo social con las principales compa\u00f1\u00edas mundiales de acero y aluminio. Tambi\u00e9n nos asociamos con compa\u00f1\u00edas responsables y con la [&hellip;]<\/p>\n","protected":false},"author":1,"featured_media":0,"parent":0,"menu_order":0,"comment_status":"closed","ping_status":"closed","template":"","meta":{"_acf_changed":false,"footnotes":""},"issues":[],"companies":[],"regions":[],"sectors":[440],"article_tags":[],"class_list":["post-212614","page","type-page","status-publish","hentry","sectors-metales-basicos"],"acf":[],"yoast_head":"<!-- This site is optimized with the Yoast SEO Premium plugin v27.1 (Yoast SEO v27.1) - https:\/\/yoast.com\/product\/yoast-seo-premium-wordpress\/ -->\n<title>Metales B\u00e1sicos - industriall-union<\/title>\n<meta name=\"robots\" content=\"index, follow, max-snippet:-1, max-image-preview:large, max-video-preview:-1\" \/>\n<link rel=\"canonical\" href=\"https:\/\/admin.industriall-union.org\/es\/metales-basicos\/\" \/>\n<meta property=\"og:locale\" content=\"es_ES\" \/>\n<meta property=\"og:type\" content=\"article\" \/>\n<meta property=\"og:title\" content=\"Metales B\u00e1sicos\" \/>\n<meta property=\"og:description\" content=\"Metales B\u00e1sicos IndustriALL trabaja con sindicatos en el sector de metales b\u00e1sicos para generar energ\u00eda a nivel de empresa y de la industria. Organizamos redes sindicales, hacemos campa\u00f1a por los derechos sindicales y buscamos el di\u00e1logo social con las principales compa\u00f1\u00edas mundiales de acero y aluminio. Tambi\u00e9n nos asociamos con compa\u00f1\u00edas responsables y con la [&hellip;]\" \/>\n<meta property=\"og:url\" content=\"https:\/\/admin.industriall-union.org\/es\/metales-basicos\/\" \/>\n<meta property=\"og:site_name\" content=\"industriall-union\" \/>\n<meta property=\"article:modified_time\" content=\"2026-02-03T13:18:40+00:00\" \/>\n<meta name=\"twitter:card\" content=\"summary_large_image\" \/>\n<script type=\"application\/ld+json\" class=\"yoast-schema-graph\">{\"@context\":\"https:\/\/schema.org\",\"@graph\":[{\"@type\":\"WebPage\",\"@id\":\"https:\/\/admin.industriall-union.org\/es\/metales-basicos\/\",\"url\":\"https:\/\/admin.industriall-union.org\/es\/metales-basicos\/\",\"name\":\"Metales B\u00e1sicos - industriall-union\",\"isPartOf\":{\"@id\":\"https:\/\/admin.industriall-union.org\/#website\"},\"datePublished\":\"2019-03-08T13:50:10+00:00\",\"dateModified\":\"2026-02-03T13:18:40+00:00\",\"breadcrumb\":{\"@id\":\"https:\/\/admin.industriall-union.org\/es\/metales-basicos\/#breadcrumb\"},\"inLanguage\":\"es-ES\",\"potentialAction\":[{\"@type\":\"ReadAction\",\"target\":[\"https:\/\/admin.industriall-union.org\/es\/metales-basicos\/\"]}]},{\"@type\":\"BreadcrumbList\",\"@id\":\"https:\/\/admin.industriall-union.org\/es\/metales-basicos\/#breadcrumb\",\"itemListElement\":[{\"@type\":\"ListItem\",\"position\":1,\"name\":\"Home\",\"item\":\"https:\/\/admin.industriall-union.org\/\"},{\"@type\":\"ListItem\",\"position\":2,\"name\":\"Metales B\u00e1sicos\"}]},{\"@type\":\"WebSite\",\"@id\":\"https:\/\/admin.industriall-union.org\/#website\",\"url\":\"https:\/\/admin.industriall-union.org\/\",\"name\":\"industriall-union\",\"description\":\"\",\"potentialAction\":[{\"@type\":\"SearchAction\",\"target\":{\"@type\":\"EntryPoint\",\"urlTemplate\":\"https:\/\/admin.industriall-union.org\/?s={search_term_string}\"},\"query-input\":{\"@type\":\"PropertyValueSpecification\",\"valueRequired\":true,\"valueName\":\"search_term_string\"}}],\"inLanguage\":\"es-ES\"}]}<\/script>\n<!-- \/ Yoast SEO Premium plugin. -->","yoast_head_json":{"title":"Metales B\u00e1sicos - industriall-union","robots":{"index":"index","follow":"follow","max-snippet":"max-snippet:-1","max-image-preview":"max-image-preview:large","max-video-preview":"max-video-preview:-1"},"canonical":"https:\/\/admin.industriall-union.org\/es\/metales-basicos\/","og_locale":"es_ES","og_type":"article","og_title":"Metales B\u00e1sicos","og_description":"Metales B\u00e1sicos IndustriALL trabaja con sindicatos en el sector de metales b\u00e1sicos para generar energ\u00eda a nivel de empresa y de la industria. Organizamos redes sindicales, hacemos campa\u00f1a por los derechos sindicales y buscamos el di\u00e1logo social con las principales compa\u00f1\u00edas mundiales de acero y aluminio. Tambi\u00e9n nos asociamos con compa\u00f1\u00edas responsables y con la [&hellip;]","og_url":"https:\/\/admin.industriall-union.org\/es\/metales-basicos\/","og_site_name":"industriall-union","article_modified_time":"2026-02-03T13:18:40+00:00","twitter_card":"summary_large_image","schema":{"@context":"https:\/\/schema.org","@graph":[{"@type":"WebPage","@id":"https:\/\/admin.industriall-union.org\/es\/metales-basicos\/","url":"https:\/\/admin.industriall-union.org\/es\/metales-basicos\/","name":"Metales B\u00e1sicos - industriall-union","isPartOf":{"@id":"https:\/\/admin.industriall-union.org\/#website"},"datePublished":"2019-03-08T13:50:10+00:00","dateModified":"2026-02-03T13:18:40+00:00","breadcrumb":{"@id":"https:\/\/admin.industriall-union.org\/es\/metales-basicos\/#breadcrumb"},"inLanguage":"es-ES","potentialAction":[{"@type":"ReadAction","target":["https:\/\/admin.industriall-union.org\/es\/metales-basicos\/"]}]},{"@type":"BreadcrumbList","@id":"https:\/\/admin.industriall-union.org\/es\/metales-basicos\/#breadcrumb","itemListElement":[{"@type":"ListItem","position":1,"name":"Home","item":"https:\/\/admin.industriall-union.org\/"},{"@type":"ListItem","position":2,"name":"Metales B\u00e1sicos"}]},{"@type":"WebSite","@id":"https:\/\/admin.industriall-union.org\/#website","url":"https:\/\/admin.industriall-union.org\/","name":"industriall-union","description":"","potentialAction":[{"@type":"SearchAction","target":{"@type":"EntryPoint","urlTemplate":"https:\/\/admin.industriall-union.org\/?s={search_term_string}"},"query-input":{"@type":"PropertyValueSpecification","valueRequired":true,"valueName":"search_term_string"}}],"inLanguage":"es-ES"}]}},"_links":{"self":[{"href":"https:\/\/admin.industriall-union.org\/es\/wp-json\/wp\/v2\/pages\/212614","targetHints":{"allow":["GET"]}}],"collection":[{"href":"https:\/\/admin.industriall-union.org\/es\/wp-json\/wp\/v2\/pages"}],"about":[{"href":"https:\/\/admin.industriall-union.org\/es\/wp-json\/wp\/v2\/types\/page"}],"author":[{"embeddable":true,"href":"https:\/\/admin.industriall-union.org\/es\/wp-json\/wp\/v2\/users\/1"}],"replies":[{"embeddable":true,"href":"https:\/\/admin.industriall-union.org\/es\/wp-json\/wp\/v2\/comments?post=212614"}],"version-history":[{"count":2,"href":"https:\/\/admin.industriall-union.org\/es\/wp-json\/wp\/v2\/pages\/212614\/revisions"}],"predecessor-version":[{"id":464221,"href":"https:\/\/admin.industriall-union.org\/es\/wp-json\/wp\/v2\/pages\/212614\/revisions\/464221"}],"wp:attachment":[{"href":"https:\/\/admin.industriall-union.org\/es\/wp-json\/wp\/v2\/media?parent=212614"}],"wp:term":[{"taxonomy":"issues","embeddable":true,"href":"https:\/\/admin.industriall-union.org\/es\/wp-json\/wp\/v2\/issues?post=212614"},{"taxonomy":"companies","embeddable":true,"href":"https:\/\/admin.industriall-union.org\/es\/wp-json\/wp\/v2\/companies?post=212614"},{"taxonomy":"regions","embeddable":true,"href":"https:\/\/admin.industriall-union.org\/es\/wp-json\/wp\/v2\/regions?post=212614"},{"taxonomy":"sectors","embeddable":true,"href":"https:\/\/admin.industriall-union.org\/es\/wp-json\/wp\/v2\/sectors?post=212614"},{"taxonomy":"article_tags","embeddable":true,"href":"https:\/\/admin.industriall-union.org\/es\/wp-json\/wp\/v2\/article_tags?post=212614"}],"curies":[{"name":"wp","href":"https:\/\/api.w.org\/{rel}","templated":true}]}}

Metales Básicos

<section class="boxTurquoise"><h2>Metales Básicos</h2><p>IndustriALL trabaja con sindicatos en el sector de metales básicos para generar energía a nivel de empresa y de la industria. Organizamos redes sindicales, hacemos campaña por los derechos sindicales y buscamos el diálogo social con las principales compañías mundiales de acero y aluminio. También nos asociamos con compañías responsables y con la sociedad civil para promover el respeto por los derechos de los trabajadores en las cadenas de suministro de metales básicos.</p><h3>Contacto</h3><table border="1" cellpadding="1" cellspacing="1" style="width:100%"><tbody><tr><td><h4 style="text-align: center"><img decoding="async" alt="" src="/wp-content/uploads/images/People/Internal/correagreen.png" style="width: 200px;height: 200px" /></h4></td><td><h4>Patrick Correa<br />Tel. +41 22 308 50 85<br />e-mail: <a href="mailto:pcorrea@industriall-union.org">pcorrea</a></h4></td></tr></tbody></table></section><h4>Publicaciones</h4><table border="1" cellpadding="1" cellspacing="1" style="width:100%"><tbody><tr><td colspan="7"><strong>Plan de acción &#8211; Conferencia Mundial sobre Metales Base 2016</strong></td></tr><tr><td colspan="7" style="text-align: center"><img decoding="async" alt="" src="/wp-content/uploads/images/2016/GERMANY/Base_Metals_Duisburg/30332161004_deb39b2920_k.jpg" style="width: 200px;height: 133px" /></td></tr><tr><td style="text-align: center"><a href="/wp-content/uploads/documents/2016/GERMANY/Base_Metals_Duisburg/action_plan_-_2016_industriall_world_base_metals_conference.pdf">ENG</a></td><td style="text-align: center"><a href="/wp-content/uploads/documents/2016/GERMANY/Base_Metals_Duisburg/spanish_action_plan_-_2016_industriall_world_conference_for_base_metals_industries_japanese.pdf">ESP</a>&nbsp;</td><td style="text-align: center"><a href="/wp-content/uploads/documents/2016/GERMANY/Base_Metals_Duisburg/italian_action_plan_-_2016_industriall_world_conference_for_base_metals_industries.pdf">ITA</a></td><td style="text-align: center"><a href="/wp-content/uploads/documents/2016/GERMANY/Base_Metals_Duisburg/japanese_action_plan_-_2016_industriall_world_conference_for_base_metals_industries_japanese.pdf">JAP</a></td><td style="text-align: center"><a href="/wp-content/uploads/documents/2016/GERMANY/Base_Metals_Duisburg/german_action_plan_-_2016_industriall_world_conference_for_base_metals_industries.pdf">DEU</a></td><td style="text-align: center"><a href="/wp-content/uploads/documents/2016/GERMANY/Base_Metals_Duisburg/portuguese_action_plan_-_2016_industriall_world_conference_for_base_metals_industries.pdf">POR</a></td><td style="text-align: center"><a href="/wp-content/uploads/documents/2016/GERMANY/Base_Metals_Duisburg/russian_action_plan_-_2016_industriall_world_conference_for_base_metals_industries_japanese.pdf">RUS</a></td></tr></tbody></table>

<p>Metales Básicos IndustriALL trabaja con sindicatos en el sector de metales básicos para generar energía a nivel de empresa y de la industria. Organizamos redes sindicales, hacemos campaña por los derechos sindicales y buscamos el diálogo social con las principales compañías mundiales de acero y aluminio. También nos asociamos con compañías responsables y con la [&hellip;]</p>

<!-- This site is optimized with the Yoast SEO Premium plugin v27.1 (Yoast SEO v27.1) - https://yoast.com/product/yoast-seo-premium-wordpress/ -->
<title>Metales Básicos - industriall-union</title>
<meta name="robots" content="index, follow, max-snippet:-1, max-image-preview:large, max-video-preview:-1" />
<link rel="canonical" href="https://admin.industriall-union.org/es/metales-basicos/" />
<meta property="og:locale" content="es_ES" />
<meta property="og:type" content="article" />
<meta property="og:title" content="Metales Básicos" />
<meta property="og:description" content="Metales Básicos IndustriALL trabaja con sindicatos en el sector de metales básicos para generar energía a nivel de empresa y de la industria. Organizamos redes sindicales, hacemos campaña por los derechos sindicales y buscamos el diálogo social con las principales compañías mundiales de acero y aluminio. También nos asociamos con compañías responsables y con la [&hellip;]" />
<meta property="og:url" content="https://admin.industriall-union.org/es/metales-basicos/" />
<meta property="og:site_name" content="industriall-union" />
<meta property="article:modified_time" content="2026-02-03T13:18:40+00:00" />
<meta name="twitter:card" content="summary_large_image" />
<script type="application/ld+json" class="yoast-schema-graph">{"@context":"https://schema.org","@graph":[{"@type":"WebPage","@id":"https://admin.industriall-union.org/es/metales-basicos/","url":"https://admin.industriall-union.org/es/metales-basicos/","name":"Metales Básicos - industriall-union","isPartOf":{"@id":"https://admin.industriall-union.org/#website"},"datePublished":"2019-03-08T13:50:10+00:00","dateModified":"2026-02-03T13:18:40+00:00","breadcrumb":{"@id":"https://admin.industriall-union.org/es/metales-basicos/#breadcrumb"},"inLanguage":"es-ES","potentialAction":[{"@type":"ReadAction","target":["https://admin.industriall-union.org/es/metales-basicos/"]}]},{"@type":"BreadcrumbList","@id":"https://admin.industriall-union.org/es/metales-basicos/#breadcrumb","itemListElement":[{"@type":"ListItem","position":1,"name":"Home","item":"https://admin.industriall-union.org/"},{"@type":"ListItem","position":2,"name":"Metales Básicos"}]},{"@type":"WebSite","@id":"https://admin.industriall-union.org/#website","url":"https://admin.industriall-union.org/","name":"industriall-union","description":"","potentialAction":[{"@type":"SearchAction","target":{"@type":"EntryPoint","urlTemplate":"https://admin.industriall-union.org/?s={search_term_string}"},"query-input":{"@type":"PropertyValueSpecification","valueRequired":true,"valueName":"search_term_string"}}],"inLanguage":"es-ES"}]}</script>
<!-- / Yoast SEO Premium plugin. -->

Metales Básicos - industriall-union

Metales Básicos IndustriALL trabaja con sindicatos en el sector de metales básicos para generar energía a nivel de empresa y de la industria. Organizamos redes sindicales, hacemos campaña por los derechos sindicales y buscamos el diálogo social con las principales compañías mundiales de acero y aluminio. También nos asociamos con compañías responsables y con la [&hellip;]
