{"id":212612,"date":"2019-03-08T13:03:01","date_gmt":"2019-03-08T13:03:01","guid":{"rendered":"https:\/\/admin.industriall-union.org\/energia\/"},"modified":"2026-02-03T13:18:03","modified_gmt":"2026-02-03T13:18:03","slug":"sector-de-energia","status":"publish","type":"page","link":"https:\/\/admin.industriall-union.org\/es\/sector-de-energia\/","title":{"rendered":"Energ\u00eda"},"content":{"rendered":"<p>La Secci\u00f3n de Energ\u00eda es una jurisdicci\u00f3n central vinculada a la miner\u00eda extractiva del carb\u00f3n y del uranio as\u00ed como el abastecimiento de la materia prima de gran parte de la distribuci\u00f3n (downstream) de la industria qu\u00edmica. Esta abarca las industrias del petr\u00f3leo y del gas, as\u00ed como de la energ\u00eda el\u00e9ctrica, independientemente del m\u00e9todo de generaci\u00f3n.<\/p><p>Tambi\u00e9n incluye las llamadas industrias intensivas, que ubican a IndustriALL en una posici\u00f3n privilegiada para formular exhaustivas pol\u00edticas de energ\u00eda global.<\/p><p>Publicaciones<\/p><table border=\"1\" cellpadding=\"1\" cellspacing=\"1\" style=\"width:100%\"><tbody><tr><td colspan=\"3\" style=\"text-align: center\"><strong>Transici\u00f3n energ\u00e9tica, estrategias<br \/>nacionales y empresas petroleras:<br \/>&iquest;Cu\u00e1les son sus impactos sobre<br \/>los trabajadores?<\/strong><\/td><\/tr><tr><td><a href=\"\/wp-content\/uploads\/documents\/2021\/Energy\/sr_energy_transition_en_v13.pdf\"><img decoding=\"async\" alt=\"\" src=\"\/wp-content\/uploads\/images\/2020\/SWITZERLAND\/EnergyReport\/sr_energy_en_cover.png\" style=\"width: 250px;height: 355px\" \/><\/a><\/td><td><a href=\"\/wp-content\/uploads\/documents\/2021\/Energy\/sr_energy_transition_es_v31.pdf\"><img decoding=\"async\" alt=\"\" src=\"\/wp-content\/uploads\/images\/2020\/SWITZERLAND\/EnergyReport\/sr_energy_sp_cover.png\" style=\"width: 250px;height: 353px\" \/><\/a><\/td><td><a href=\"\/wp-content\/uploads\/documents\/2021\/Energy\/sr_energy_transition_fr_v2.pdf\"><img decoding=\"async\" alt=\"\" src=\"\/wp-content\/uploads\/images\/2020\/SWITZERLAND\/EnergyReport\/sr_energy_fr_cover.png\" style=\"width: 250px;height: 354px\" \/><\/a><\/td><\/tr><tr><td style=\"text-align: center\"><a href=\"\/wp-content\/uploads\/documents\/2021\/Energy\/sr_energy_transition_en_v13.pdf\">ENG<\/a><\/td><td style=\"text-align: center\"><a href=\"\/wp-content\/uploads\/documents\/2021\/Energy\/sr_energy_transition_es_v31.pdf\">ESP<\/a><\/td><td style=\"text-align: center\"><a href=\"\/wp-content\/uploads\/documents\/2021\/Energy\/sr_energy_transition_fr_v2.pdf\">FRA<\/a><\/td><\/tr><\/tbody><\/table><table border=\"1\" cellpadding=\"1\" cellspacing=\"1\" style=\"width:100%\"><tbody><tr><td><img decoding=\"async\" alt=\"\" src=\"\/wp-content\/uploads\/images\/People\/Internal\/IndustriALL-Staff\/diana_curiel.jpg\" style=\"width: 200px;height: 188px\" \/><\/td><td><p><strong>Diana Junquera Curiel<\/strong><\/p><p>Tel:&nbsp;+41 22 308 50 32<\/p><p>Email:&nbsp;<a href=\"mailto:DJunquera@industriALL-union.org\u00a0\">DJunquera@industriALL-union.org&nbsp;<\/a><\/p><\/td><\/tr><\/tbody><\/table>","protected":false},"excerpt":{"rendered":"<p>La Secci\u00f3n de Energ\u00eda es una jurisdicci\u00f3n central vinculada a la miner\u00eda extractiva del carb\u00f3n y del uranio as\u00ed como el abastecimiento de la materia prima de gran parte de la distribuci\u00f3n (downstream) de la industria qu\u00edmica. Esta abarca las industrias del petr\u00f3leo y del gas, as\u00ed como de la energ\u00eda el\u00e9ctrica, independientemente del m\u00e9todo [&hellip;]<\/p>\n","protected":false},"author":1,"featured_media":0,"parent":0,"menu_order":0,"comment_status":"closed","ping_status":"closed","template":"","meta":{"_acf_changed":false,"footnotes":""},"issues":[],"companies":[],"regions":[],"sectors":[433],"article_tags":[],"class_list":["post-212612","page","type-page","status-publish","hentry","sectors-energia-petroleo-gas-electricidad-y-nuclear"],"acf":[],"yoast_head":"<!-- This site is optimized with the Yoast SEO Premium plugin v27.1 (Yoast SEO v27.1) - https:\/\/yoast.com\/product\/yoast-seo-premium-wordpress\/ -->\n<title>Energ\u00eda - industriall-union<\/title>\n<meta name=\"robots\" content=\"index, follow, max-snippet:-1, max-image-preview:large, max-video-preview:-1\" \/>\n<link rel=\"canonical\" href=\"https:\/\/admin.industriall-union.org\/es\/sector-de-energia\/\" \/>\n<meta property=\"og:locale\" content=\"es_ES\" \/>\n<meta property=\"og:type\" content=\"article\" \/>\n<meta property=\"og:title\" content=\"Energ\u00eda\" \/>\n<meta property=\"og:description\" content=\"La Secci\u00f3n de Energ\u00eda es una jurisdicci\u00f3n central vinculada a la miner\u00eda extractiva del carb\u00f3n y del uranio as\u00ed como el abastecimiento de la materia prima de gran parte de la distribuci\u00f3n (downstream) de la industria qu\u00edmica. Esta abarca las industrias del petr\u00f3leo y del gas, as\u00ed como de la energ\u00eda el\u00e9ctrica, independientemente del m\u00e9todo [&hellip;]\" \/>\n<meta property=\"og:url\" content=\"https:\/\/admin.industriall-union.org\/es\/sector-de-energia\/\" \/>\n<meta property=\"og:site_name\" content=\"industriall-union\" \/>\n<meta property=\"article:modified_time\" content=\"2026-02-03T13:18:03+00:00\" \/>\n<meta name=\"twitter:card\" content=\"summary_large_image\" \/>\n<meta name=\"twitter:label1\" content=\"Est. reading time\" \/>\n\t<meta name=\"twitter:data1\" content=\"1 minute\" \/>\n<script type=\"application\/ld+json\" class=\"yoast-schema-graph\">{\"@context\":\"https:\/\/schema.org\",\"@graph\":[{\"@type\":\"WebPage\",\"@id\":\"https:\/\/admin.industriall-union.org\/es\/sector-de-energia\/\",\"url\":\"https:\/\/admin.industriall-union.org\/es\/sector-de-energia\/\",\"name\":\"Energ\u00eda - industriall-union\",\"isPartOf\":{\"@id\":\"https:\/\/admin.industriall-union.org\/#website\"},\"datePublished\":\"2019-03-08T13:03:01+00:00\",\"dateModified\":\"2026-02-03T13:18:03+00:00\",\"breadcrumb\":{\"@id\":\"https:\/\/admin.industriall-union.org\/es\/sector-de-energia\/#breadcrumb\"},\"inLanguage\":\"es-ES\",\"potentialAction\":[{\"@type\":\"ReadAction\",\"target\":[\"https:\/\/admin.industriall-union.org\/es\/sector-de-energia\/\"]}]},{\"@type\":\"BreadcrumbList\",\"@id\":\"https:\/\/admin.industriall-union.org\/es\/sector-de-energia\/#breadcrumb\",\"itemListElement\":[{\"@type\":\"ListItem\",\"position\":1,\"name\":\"Home\",\"item\":\"https:\/\/admin.industriall-union.org\/\"},{\"@type\":\"ListItem\",\"position\":2,\"name\":\"Energ\u00eda\"}]},{\"@type\":\"WebSite\",\"@id\":\"https:\/\/admin.industriall-union.org\/#website\",\"url\":\"https:\/\/admin.industriall-union.org\/\",\"name\":\"industriall-union\",\"description\":\"\",\"potentialAction\":[{\"@type\":\"SearchAction\",\"target\":{\"@type\":\"EntryPoint\",\"urlTemplate\":\"https:\/\/admin.industriall-union.org\/?s={search_term_string}\"},\"query-input\":{\"@type\":\"PropertyValueSpecification\",\"valueRequired\":true,\"valueName\":\"search_term_string\"}}],\"inLanguage\":\"es-ES\"}]}<\/script>\n<!-- \/ Yoast SEO Premium plugin. -->","yoast_head_json":{"title":"Energ\u00eda - industriall-union","robots":{"index":"index","follow":"follow","max-snippet":"max-snippet:-1","max-image-preview":"max-image-preview:large","max-video-preview":"max-video-preview:-1"},"canonical":"https:\/\/admin.industriall-union.org\/es\/sector-de-energia\/","og_locale":"es_ES","og_type":"article","og_title":"Energ\u00eda","og_description":"La Secci\u00f3n de Energ\u00eda es una jurisdicci\u00f3n central vinculada a la miner\u00eda extractiva del carb\u00f3n y del uranio as\u00ed como el abastecimiento de la materia prima de gran parte de la distribuci\u00f3n (downstream) de la industria qu\u00edmica. Esta abarca las industrias del petr\u00f3leo y del gas, as\u00ed como de la energ\u00eda el\u00e9ctrica, independientemente del m\u00e9todo [&hellip;]","og_url":"https:\/\/admin.industriall-union.org\/es\/sector-de-energia\/","og_site_name":"industriall-union","article_modified_time":"2026-02-03T13:18:03+00:00","twitter_card":"summary_large_image","twitter_misc":{"Est. reading time":"1 minute"},"schema":{"@context":"https:\/\/schema.org","@graph":[{"@type":"WebPage","@id":"https:\/\/admin.industriall-union.org\/es\/sector-de-energia\/","url":"https:\/\/admin.industriall-union.org\/es\/sector-de-energia\/","name":"Energ\u00eda - industriall-union","isPartOf":{"@id":"https:\/\/admin.industriall-union.org\/#website"},"datePublished":"2019-03-08T13:03:01+00:00","dateModified":"2026-02-03T13:18:03+00:00","breadcrumb":{"@id":"https:\/\/admin.industriall-union.org\/es\/sector-de-energia\/#breadcrumb"},"inLanguage":"es-ES","potentialAction":[{"@type":"ReadAction","target":["https:\/\/admin.industriall-union.org\/es\/sector-de-energia\/"]}]},{"@type":"BreadcrumbList","@id":"https:\/\/admin.industriall-union.org\/es\/sector-de-energia\/#breadcrumb","itemListElement":[{"@type":"ListItem","position":1,"name":"Home","item":"https:\/\/admin.industriall-union.org\/"},{"@type":"ListItem","position":2,"name":"Energ\u00eda"}]},{"@type":"WebSite","@id":"https:\/\/admin.industriall-union.org\/#website","url":"https:\/\/admin.industriall-union.org\/","name":"industriall-union","description":"","potentialAction":[{"@type":"SearchAction","target":{"@type":"EntryPoint","urlTemplate":"https:\/\/admin.industriall-union.org\/?s={search_term_string}"},"query-input":{"@type":"PropertyValueSpecification","valueRequired":true,"valueName":"search_term_string"}}],"inLanguage":"es-ES"}]}},"_links":{"self":[{"href":"https:\/\/admin.industriall-union.org\/es\/wp-json\/wp\/v2\/pages\/212612","targetHints":{"allow":["GET"]}}],"collection":[{"href":"https:\/\/admin.industriall-union.org\/es\/wp-json\/wp\/v2\/pages"}],"about":[{"href":"https:\/\/admin.industriall-union.org\/es\/wp-json\/wp\/v2\/types\/page"}],"author":[{"embeddable":true,"href":"https:\/\/admin.industriall-union.org\/es\/wp-json\/wp\/v2\/users\/1"}],"replies":[{"embeddable":true,"href":"https:\/\/admin.industriall-union.org\/es\/wp-json\/wp\/v2\/comments?post=212612"}],"version-history":[{"count":4,"href":"https:\/\/admin.industriall-union.org\/es\/wp-json\/wp\/v2\/pages\/212612\/revisions"}],"predecessor-version":[{"id":464215,"href":"https:\/\/admin.industriall-union.org\/es\/wp-json\/wp\/v2\/pages\/212612\/revisions\/464215"}],"wp:attachment":[{"href":"https:\/\/admin.industriall-union.org\/es\/wp-json\/wp\/v2\/media?parent=212612"}],"wp:term":[{"taxonomy":"issues","embeddable":true,"href":"https:\/\/admin.industriall-union.org\/es\/wp-json\/wp\/v2\/issues?post=212612"},{"taxonomy":"companies","embeddable":true,"href":"https:\/\/admin.industriall-union.org\/es\/wp-json\/wp\/v2\/companies?post=212612"},{"taxonomy":"regions","embeddable":true,"href":"https:\/\/admin.industriall-union.org\/es\/wp-json\/wp\/v2\/regions?post=212612"},{"taxonomy":"sectors","embeddable":true,"href":"https:\/\/admin.industriall-union.org\/es\/wp-json\/wp\/v2\/sectors?post=212612"},{"taxonomy":"article_tags","embeddable":true,"href":"https:\/\/admin.industriall-union.org\/es\/wp-json\/wp\/v2\/article_tags?post=212612"}],"curies":[{"name":"wp","href":"https:\/\/api.w.org\/{rel}","templated":true}]}}

Energía

<p>La Sección de Energía es una jurisdicción central vinculada a la minería extractiva del carbón y del uranio así como el abastecimiento de la materia prima de gran parte de la distribución (downstream) de la industria química. Esta abarca las industrias del petróleo y del gas, así como de la energía eléctrica, independientemente del método de generación.</p><p>También incluye las llamadas industrias intensivas, que ubican a IndustriALL en una posición privilegiada para formular exhaustivas políticas de energía global.</p><p>Publicaciones</p><table border="1" cellpadding="1" cellspacing="1" style="width:100%"><tbody><tr><td colspan="3" style="text-align: center"><strong>Transición energética, estrategias<br />nacionales y empresas petroleras:<br />&iquest;Cuáles son sus impactos sobre<br />los trabajadores?</strong></td></tr><tr><td><a href="/wp-content/uploads/documents/2021/Energy/sr_energy_transition_en_v13.pdf"><img decoding="async" alt="" src="/wp-content/uploads/images/2020/SWITZERLAND/EnergyReport/sr_energy_en_cover.png" style="width: 250px;height: 355px" /></a></td><td><a href="/wp-content/uploads/documents/2021/Energy/sr_energy_transition_es_v31.pdf"><img decoding="async" alt="" src="/wp-content/uploads/images/2020/SWITZERLAND/EnergyReport/sr_energy_sp_cover.png" style="width: 250px;height: 353px" /></a></td><td><a href="/wp-content/uploads/documents/2021/Energy/sr_energy_transition_fr_v2.pdf"><img decoding="async" alt="" src="/wp-content/uploads/images/2020/SWITZERLAND/EnergyReport/sr_energy_fr_cover.png" style="width: 250px;height: 354px" /></a></td></tr><tr><td style="text-align: center"><a href="/wp-content/uploads/documents/2021/Energy/sr_energy_transition_en_v13.pdf">ENG</a></td><td style="text-align: center"><a href="/wp-content/uploads/documents/2021/Energy/sr_energy_transition_es_v31.pdf">ESP</a></td><td style="text-align: center"><a href="/wp-content/uploads/documents/2021/Energy/sr_energy_transition_fr_v2.pdf">FRA</a></td></tr></tbody></table><table border="1" cellpadding="1" cellspacing="1" style="width:100%"><tbody><tr><td><img decoding="async" alt="" src="/wp-content/uploads/images/People/Internal/IndustriALL-Staff/diana_curiel.jpg" style="width: 200px;height: 188px" /></td><td><p><strong>Diana Junquera Curiel</strong></p><p>Tel:&nbsp;+41 22 308 50 32</p><p>Email:&nbsp;<a href="mailto:DJunquera@industriALL-union.org ">DJunquera@industriALL-union.org&nbsp;</a></p></td></tr></tbody></table>

<p>La Sección de Energía es una jurisdicción central vinculada a la minería extractiva del carbón y del uranio así como el abastecimiento de la materia prima de gran parte de la distribución (downstream) de la industria química. Esta abarca las industrias del petróleo y del gas, así como de la energía eléctrica, independientemente del método [&hellip;]</p>

<!-- This site is optimized with the Yoast SEO Premium plugin v27.1 (Yoast SEO v27.1) - https://yoast.com/product/yoast-seo-premium-wordpress/ -->
<title>Energía - industriall-union</title>
<meta name="robots" content="index, follow, max-snippet:-1, max-image-preview:large, max-video-preview:-1" />
<link rel="canonical" href="https://admin.industriall-union.org/es/sector-de-energia/" />
<meta property="og:locale" content="es_ES" />
<meta property="og:type" content="article" />
<meta property="og:title" content="Energía" />
<meta property="og:description" content="La Sección de Energía es una jurisdicción central vinculada a la minería extractiva del carbón y del uranio así como el abastecimiento de la materia prima de gran parte de la distribución (downstream) de la industria química. Esta abarca las industrias del petróleo y del gas, así como de la energía eléctrica, independientemente del método [&hellip;]" />
<meta property="og:url" content="https://admin.industriall-union.org/es/sector-de-energia/" />
<meta property="og:site_name" content="industriall-union" />
<meta property="article:modified_time" content="2026-02-03T13:18:03+00:00" />
<meta name="twitter:card" content="summary_large_image" />
<meta name="twitter:label1" content="Est. reading time" />
	<meta name="twitter:data1" content="1 minute" />
<script type="application/ld+json" class="yoast-schema-graph">{"@context":"https://schema.org","@graph":[{"@type":"WebPage","@id":"https://admin.industriall-union.org/es/sector-de-energia/","url":"https://admin.industriall-union.org/es/sector-de-energia/","name":"Energía - industriall-union","isPartOf":{"@id":"https://admin.industriall-union.org/#website"},"datePublished":"2019-03-08T13:03:01+00:00","dateModified":"2026-02-03T13:18:03+00:00","breadcrumb":{"@id":"https://admin.industriall-union.org/es/sector-de-energia/#breadcrumb"},"inLanguage":"es-ES","potentialAction":[{"@type":"ReadAction","target":["https://admin.industriall-union.org/es/sector-de-energia/"]}]},{"@type":"BreadcrumbList","@id":"https://admin.industriall-union.org/es/sector-de-energia/#breadcrumb","itemListElement":[{"@type":"ListItem","position":1,"name":"Home","item":"https://admin.industriall-union.org/"},{"@type":"ListItem","position":2,"name":"Energía"}]},{"@type":"WebSite","@id":"https://admin.industriall-union.org/#website","url":"https://admin.industriall-union.org/","name":"industriall-union","description":"","potentialAction":[{"@type":"SearchAction","target":{"@type":"EntryPoint","urlTemplate":"https://admin.industriall-union.org/?s={search_term_string}"},"query-input":{"@type":"PropertyValueSpecification","valueRequired":true,"valueName":"search_term_string"}}],"inLanguage":"es-ES"}]}</script>
<!-- / Yoast SEO Premium plugin. -->

Energía - industriall-union

La Sección de Energía es una jurisdicción central vinculada a la minería extractiva del carbón y del uranio así como el abastecimiento de la materia prima de gran parte de la distribución (downstream) de la industria química. Esta abarca las industrias del petróleo y del gas, así como de la energía eléctrica, independientemente del método [&hellip;]
