{"id":205445,"date":"2002-06-26T22:00:00","date_gmt":"2002-06-26T22:00:00","guid":{"rendered":"https:\/\/admin.industriall-union.org\/archive\/imf\/jornada-de-accion-en-favor-de-corea-del-sur\/"},"modified":"2025-01-31T11:24:19","modified_gmt":"2025-01-31T11:24:19","slug":"jornada-de-accion-en-favor-de-corea-del-sur","status":"publish","type":"archive_imf","link":"https:\/\/admin.industriall-union.org\/es\/archive\/imf\/jornada-de-accion-en-favor-de-corea-del-sur\/","title":{"rendered":"Jornada de Accion en favor de Corea del Sur"},"content":{"rendered":"El d&#237;a de hoy, jueves 27 de junio, hubo una acci&#243;n de protesta mundial de sindicalistas reclamando la liberaci&#243;n inmediata de los compa\u00f1eros detenidos en Corea del Sur.\n\nEl Compa&#241;ero Dan Byung-ho, Presidente de &#8220;Korean Confederation of Trade Unions &#8212; KCTU&#8221; (Confederaci&#243;n Coreana de los Sindicatos), junto con aproximadamente 30 sindicalistas, est&#225;n actualmente encarcelados en Corea del Sur.\n\nCentenas de sindicatos participaron en la acci&#243;n de protesta, con La Internacional de Servicios P&#250;blicos (ISP), <a href=\"http:\/\/www.world-psi.org\">www.world-psi.org<\/a> quien se uni&#243; a la FITIM convocando a todos sus miembros a unirse a la acci&#243;n de protesta en este d&#237;a.\n\nLa Confederaci&#243;n Internacional de Organizaciones Sindicales Libres (CIOSL) tambi&#233;n apoy&#243; la acci&#243;n de protesta; ver <a href=\"http:\/\/www.global-unions.org\/korea2002\">www.global-unions.org\/korea2002<\/a>\n\nLa acci&#243;n de protesta incluy&#243;:\n<ul>\n<li>Manifestaciones frente a las embajadas coreanas en todo el mundo.\n<li>Los l\u00edderes sindicales solicitar&#225;n encuentros con funcionarios del Gobierno Coreano\n<li>Se enviar&#225;n cartas de protesta de todo el mundo al Presidente Kim Dae Jung \n<\/ul>\n<b>Ejemplos de las acciones previstas:<\/b>\n<ul>\n<li><b>Australia:<\/b> Mitin; Posters; Peticion\n<li><b>Alemania:<\/b> Manifestacion en Berlin\n<li><b>Corea del Sur:<\/b> Demostracion\n<li><b>India:<\/b> Reuniones de protesta\n<li><b>Sudafrica:<\/b> Demostracion\n<li><b>Japon:<\/b> Carta de protesta\n<li><b>Suecia:<\/b> Manifestacion \n<li><b>EE.UU:<\/b> Manifestacion en Washington\n<li><b>Mauritius:<\/b> Demostracion\n<li><b>Belgium:<\/b> Posters, Demostracion\n<li><b>Japan:<\/b> Carta de protesta\n<li><b>France:<\/b> Carta de protesta\n<li><b>Mocambique:<\/b> Carta de protesta\n<li><b>Bangladesh:<\/b> Demostracion\n<li><b>Malaysia:<\/b> Carta de protesta\n<li><b>Suiza:<\/b> Demostracion\n<li><b>Dinamarca:<\/b> Carta de protesta\n<li><b>Ucrania:<\/b> Carta de protesta\n<li><b>Rusia:<\/b> Peticion\n<li><b>Estonia:<\/b> Carta de protesta\n<li><b>Latvia: <\/b> Carta de protesta\n<li><b>Austria:<\/b> Carta de protesta\n<li><b>Indonesia:<\/b> Demostracion, 560 personas\n<li><b>Brasil:<\/b> Demostracion\n<li><b>Singapur:<\/b> Carta de protesta\n<li><b>Hong Kong:<\/b> Carta de protesta\n<li><b>Colombia:<\/b> Carta de protesta\n<li><b>Tailandia:<\/b> <a href=\"http:\/\/www.imfmetal.org\/main\/index.cfm?n=47&amp;l=2&amp;c=7323\">Demostracion, 70 personas<\/a>\n<li><b>Las Filipinas: <\/b> Demostracion, 25 trade personas\n<li><b>Noruega:<\/b> Carta de protesta\n<li><b>Portugal:<\/b> Carta de protesta\n<li><b>M&#237;jico:<\/b> Carta de protesta\n<li><b>Uruguay: <\/b> Carta de protesta\n<li><b>Nueva Caledonia:<\/b> Carta de protesta\n<li><b>Honduras:<\/b>  Carta de protesta (FETRAMIMH) \n<li><b>Argentina:<\/b>  Carta de protesta (SMATA, AOMA, ASIMRA, UOMRA) \n<li><b>Chile:<\/b>  Carta de protesta (CONSFETEMA) \n<li><b>Canad&#225;:<\/b>  Carta de protesta (CAW) \n<li><b>Turqu\u00eda:<\/b>  Carta de protesta (Ozcelik-IS) \n<li><b>Nepal:<\/b>  Carta de protesta\n<li><b>Sri Lanka:<\/b>  Carta de protesta\n<li><b>Bielorrusia:<\/b> Carta de protesta\n<li><b>Israel:<\/b> Carta de protesta\n<\/ul>\n\n\n<i> Esta jornada de acci\u00f3n es la continuaci\u00f3n de una acci\u00f3n anterior tomada por los trabajadores metal\u00fargicos el 22 de enero, una acci\u00f3n que se cree haya contribuido, en parte, a la liberaci\u00f3n, el  26 de marzo de 2002, del Compa\u00f1ero Mun Sung-hyun, antiguo Presidente de la Federaci\u00f3n Coreana de Trabajadores Metal\u00fargicos (KMWF).<\/i>","protected":false},"featured_media":0,"template":"","class_list":["post-205445","archive_imf","type-archive_imf","status-publish","hentry"],"acf":[],"yoast_head":"<!-- This site is optimized with the Yoast SEO Premium plugin v27.1 (Yoast SEO v27.1) - https:\/\/yoast.com\/product\/yoast-seo-premium-wordpress\/ -->\n<title>Jornada de Accion en favor de Corea del Sur - industriall-union<\/title>\n<meta name=\"robots\" content=\"index, follow, max-snippet:-1, max-image-preview:large, max-video-preview:-1\" \/>\n<link rel=\"canonical\" href=\"https:\/\/admin.industriall-union.org\/es\/archive\/imf\/jornada-de-accion-en-favor-de-corea-del-sur\/\" \/>\n<meta property=\"og:locale\" content=\"es_ES\" \/>\n<meta property=\"og:type\" content=\"article\" \/>\n<meta property=\"og:title\" content=\"Jornada de Accion en favor de Corea del Sur\" \/>\n<meta property=\"og:description\" content=\"El d&#237;a de hoy, jueves 27 de junio, hubo una acci&#243;n de protesta mundial de sindicalistas reclamando la liberaci&#243;n inmediata de los compa\u00f1eros detenidos en Corea del Sur. El Compa&#241;ero Dan Byung-ho, Presidente de &#8220;Korean Confederation of Trade Unions &#8212; KCTU&#8221; (Confederaci&#243;n Coreana de los Sindicatos), junto con aproximadamente 30 sindicalistas, est&#225;n actualmente encarcelados en [&hellip;]\" \/>\n<meta property=\"og:url\" content=\"https:\/\/admin.industriall-union.org\/es\/archive\/imf\/jornada-de-accion-en-favor-de-corea-del-sur\/\" \/>\n<meta property=\"og:site_name\" content=\"industriall-union\" \/>\n<meta property=\"article:modified_time\" content=\"2025-01-31T11:24:19+00:00\" \/>\n<meta name=\"twitter:card\" content=\"summary_large_image\" \/>\n<meta name=\"twitter:label1\" content=\"Est. reading time\" \/>\n\t<meta name=\"twitter:data1\" content=\"2 minutes\" \/>\n<script type=\"application\/ld+json\" class=\"yoast-schema-graph\">{\"@context\":\"https:\/\/schema.org\",\"@graph\":[{\"@type\":\"WebPage\",\"@id\":\"https:\/\/admin.industriall-union.org\/es\/archive\/imf\/jornada-de-accion-en-favor-de-corea-del-sur\/\",\"url\":\"https:\/\/admin.industriall-union.org\/es\/archive\/imf\/jornada-de-accion-en-favor-de-corea-del-sur\/\",\"name\":\"Jornada de Accion en favor de Corea del Sur - industriall-union\",\"isPartOf\":{\"@id\":\"https:\/\/admin.industriall-union.org\/#website\"},\"datePublished\":\"2002-06-26T22:00:00+00:00\",\"dateModified\":\"2025-01-31T11:24:19+00:00\",\"breadcrumb\":{\"@id\":\"https:\/\/admin.industriall-union.org\/es\/archive\/imf\/jornada-de-accion-en-favor-de-corea-del-sur\/#breadcrumb\"},\"inLanguage\":\"es-ES\",\"potentialAction\":[{\"@type\":\"ReadAction\",\"target\":[\"https:\/\/admin.industriall-union.org\/es\/archive\/imf\/jornada-de-accion-en-favor-de-corea-del-sur\/\"]}]},{\"@type\":\"BreadcrumbList\",\"@id\":\"https:\/\/admin.industriall-union.org\/es\/archive\/imf\/jornada-de-accion-en-favor-de-corea-del-sur\/#breadcrumb\",\"itemListElement\":[{\"@type\":\"ListItem\",\"position\":1,\"name\":\"Home\",\"item\":\"https:\/\/admin.industriall-union.org\/\"},{\"@type\":\"ListItem\",\"position\":2,\"name\":\"Archive Imf\",\"item\":\"https:\/\/admin.industriall-union.org\/es\/archive\/imf\/\"},{\"@type\":\"ListItem\",\"position\":3,\"name\":\"Jornada de Accion en favor de Corea del Sur\"}]},{\"@type\":\"WebSite\",\"@id\":\"https:\/\/admin.industriall-union.org\/#website\",\"url\":\"https:\/\/admin.industriall-union.org\/\",\"name\":\"industriall-union\",\"description\":\"\",\"potentialAction\":[{\"@type\":\"SearchAction\",\"target\":{\"@type\":\"EntryPoint\",\"urlTemplate\":\"https:\/\/admin.industriall-union.org\/?s={search_term_string}\"},\"query-input\":{\"@type\":\"PropertyValueSpecification\",\"valueRequired\":true,\"valueName\":\"search_term_string\"}}],\"inLanguage\":\"es-ES\"}]}<\/script>\n<!-- \/ Yoast SEO Premium plugin. -->","yoast_head_json":{"title":"Jornada de Accion en favor de Corea del Sur - industriall-union","robots":{"index":"index","follow":"follow","max-snippet":"max-snippet:-1","max-image-preview":"max-image-preview:large","max-video-preview":"max-video-preview:-1"},"canonical":"https:\/\/admin.industriall-union.org\/es\/archive\/imf\/jornada-de-accion-en-favor-de-corea-del-sur\/","og_locale":"es_ES","og_type":"article","og_title":"Jornada de Accion en favor de Corea del Sur","og_description":"El d&#237;a de hoy, jueves 27 de junio, hubo una acci&#243;n de protesta mundial de sindicalistas reclamando la liberaci&#243;n inmediata de los compa\u00f1eros detenidos en Corea del Sur. El Compa&#241;ero Dan Byung-ho, Presidente de &#8220;Korean Confederation of Trade Unions &#8212; KCTU&#8221; (Confederaci&#243;n Coreana de los Sindicatos), junto con aproximadamente 30 sindicalistas, est&#225;n actualmente encarcelados en [&hellip;]","og_url":"https:\/\/admin.industriall-union.org\/es\/archive\/imf\/jornada-de-accion-en-favor-de-corea-del-sur\/","og_site_name":"industriall-union","article_modified_time":"2025-01-31T11:24:19+00:00","twitter_card":"summary_large_image","twitter_misc":{"Est. reading time":"2 minutes"},"schema":{"@context":"https:\/\/schema.org","@graph":[{"@type":"WebPage","@id":"https:\/\/admin.industriall-union.org\/es\/archive\/imf\/jornada-de-accion-en-favor-de-corea-del-sur\/","url":"https:\/\/admin.industriall-union.org\/es\/archive\/imf\/jornada-de-accion-en-favor-de-corea-del-sur\/","name":"Jornada de Accion en favor de Corea del Sur - industriall-union","isPartOf":{"@id":"https:\/\/admin.industriall-union.org\/#website"},"datePublished":"2002-06-26T22:00:00+00:00","dateModified":"2025-01-31T11:24:19+00:00","breadcrumb":{"@id":"https:\/\/admin.industriall-union.org\/es\/archive\/imf\/jornada-de-accion-en-favor-de-corea-del-sur\/#breadcrumb"},"inLanguage":"es-ES","potentialAction":[{"@type":"ReadAction","target":["https:\/\/admin.industriall-union.org\/es\/archive\/imf\/jornada-de-accion-en-favor-de-corea-del-sur\/"]}]},{"@type":"BreadcrumbList","@id":"https:\/\/admin.industriall-union.org\/es\/archive\/imf\/jornada-de-accion-en-favor-de-corea-del-sur\/#breadcrumb","itemListElement":[{"@type":"ListItem","position":1,"name":"Home","item":"https:\/\/admin.industriall-union.org\/"},{"@type":"ListItem","position":2,"name":"Archive Imf","item":"https:\/\/admin.industriall-union.org\/es\/archive\/imf\/"},{"@type":"ListItem","position":3,"name":"Jornada de Accion en favor de Corea del Sur"}]},{"@type":"WebSite","@id":"https:\/\/admin.industriall-union.org\/#website","url":"https:\/\/admin.industriall-union.org\/","name":"industriall-union","description":"","potentialAction":[{"@type":"SearchAction","target":{"@type":"EntryPoint","urlTemplate":"https:\/\/admin.industriall-union.org\/?s={search_term_string}"},"query-input":{"@type":"PropertyValueSpecification","valueRequired":true,"valueName":"search_term_string"}}],"inLanguage":"es-ES"}]}},"_links":{"self":[{"href":"https:\/\/admin.industriall-union.org\/es\/wp-json\/wp\/v2\/archive_imf\/205445","targetHints":{"allow":["GET"]}}],"collection":[{"href":"https:\/\/admin.industriall-union.org\/es\/wp-json\/wp\/v2\/archive_imf"}],"about":[{"href":"https:\/\/admin.industriall-union.org\/es\/wp-json\/wp\/v2\/types\/archive_imf"}],"wp:attachment":[{"href":"https:\/\/admin.industriall-union.org\/es\/wp-json\/wp\/v2\/media?parent=205445"}],"curies":[{"name":"wp","href":"https:\/\/api.w.org\/{rel}","templated":true}]}}

El d&#237;a de hoy, jueves 27 de junio, hubo una acci&#243;n de protesta mundial de sindicalistas reclamando la liberaci&#243;n inmediata de los compañeros detenidos en Corea del Sur.

El Compa&#241;ero Dan Byung-ho, Presidente de &#8220;Korean Confederation of Trade Unions &#8212; KCTU&#8221; (Confederaci&#243;n Coreana de los Sindicatos), junto con aproximadamente 30 sindicalistas, est&#225;n actualmente encarcelados en Corea del Sur.

Centenas de sindicatos participaron en la acci&#243;n de protesta, con La Internacional de Servicios P&#250;blicos (ISP), <a href="http://www.world-psi.org">www.world-psi.org</a> quien se uni&#243; a la FITIM convocando a todos sus miembros a unirse a la acci&#243;n de protesta en este d&#237;a.

La Confederaci&#243;n Internacional de Organizaciones Sindicales Libres (CIOSL) tambi&#233;n apoy&#243; la acci&#243;n de protesta; ver <a href="http://www.global-unions.org/korea2002">www.global-unions.org/korea2002</a>

La acci&#243;n de protesta incluy&#243;:
<ul>
<li>Manifestaciones frente a las embajadas coreanas en todo el mundo.
<li>Los líderes sindicales solicitar&#225;n encuentros con funcionarios del Gobierno Coreano
<li>Se enviar&#225;n cartas de protesta de todo el mundo al Presidente Kim Dae Jung 
</ul>
<b>Ejemplos de las acciones previstas:</b>
<ul>
<li><b>Australia:</b> Mitin; Posters; Peticion
<li><b>Alemania:</b> Manifestacion en Berlin
<li><b>Corea del Sur:</b> Demostracion
<li><b>India:</b> Reuniones de protesta
<li><b>Sudafrica:</b> Demostracion
<li><b>Japon:</b> Carta de protesta
<li><b>Suecia:</b> Manifestacion 
<li><b>EE.UU:</b> Manifestacion en Washington
<li><b>Mauritius:</b> Demostracion
<li><b>Belgium:</b> Posters, Demostracion
<li><b>Japan:</b> Carta de protesta
<li><b>France:</b> Carta de protesta
<li><b>Mocambique:</b> Carta de protesta
<li><b>Bangladesh:</b> Demostracion
<li><b>Malaysia:</b> Carta de protesta
<li><b>Suiza:</b> Demostracion
<li><b>Dinamarca:</b> Carta de protesta
<li><b>Ucrania:</b> Carta de protesta
<li><b>Rusia:</b> Peticion
<li><b>Estonia:</b> Carta de protesta
<li><b>Latvia: </b> Carta de protesta
<li><b>Austria:</b> Carta de protesta
<li><b>Indonesia:</b> Demostracion, 560 personas
<li><b>Brasil:</b> Demostracion
<li><b>Singapur:</b> Carta de protesta
<li><b>Hong Kong:</b> Carta de protesta
<li><b>Colombia:</b> Carta de protesta
<li><b>Tailandia:</b> <a href="http://www.imfmetal.org/main/index.cfm?n=47&amp;l=2&amp;c=7323">Demostracion, 70 personas</a>
<li><b>Las Filipinas: </b> Demostracion, 25 trade personas
<li><b>Noruega:</b> Carta de protesta
<li><b>Portugal:</b> Carta de protesta
<li><b>M&#237;jico:</b> Carta de protesta
<li><b>Uruguay: </b> Carta de protesta
<li><b>Nueva Caledonia:</b> Carta de protesta
<li><b>Honduras:</b>  Carta de protesta (FETRAMIMH) 
<li><b>Argentina:</b>  Carta de protesta (SMATA, AOMA, ASIMRA, UOMRA) 
<li><b>Chile:</b>  Carta de protesta (CONSFETEMA) 
<li><b>Canad&#225;:</b>  Carta de protesta (CAW) 
<li><b>Turquía:</b>  Carta de protesta (Ozcelik-IS) 
<li><b>Nepal:</b>  Carta de protesta
<li><b>Sri Lanka:</b>  Carta de protesta
<li><b>Bielorrusia:</b> Carta de protesta
<li><b>Israel:</b> Carta de protesta
</ul>


<i> Esta jornada de acción es la continuación de una acción anterior tomada por los trabajadores metalúrgicos el 22 de enero, una acción que se cree haya contribuido, en parte, a la liberación, el  26 de marzo de 2002, del Compañero Mun Sung-hyun, antiguo Presidente de la Federación Coreana de Trabajadores Metalúrgicos (KMWF).</i>

<!-- This site is optimized with the Yoast SEO Premium plugin v27.1 (Yoast SEO v27.1) - https://yoast.com/product/yoast-seo-premium-wordpress/ -->
<title>Jornada de Accion en favor de Corea del Sur - industriall-union</title>
<meta name="robots" content="index, follow, max-snippet:-1, max-image-preview:large, max-video-preview:-1" />
<link rel="canonical" href="https://admin.industriall-union.org/es/archive/imf/jornada-de-accion-en-favor-de-corea-del-sur/" />
<meta property="og:locale" content="es_ES" />
<meta property="og:type" content="article" />
<meta property="og:title" content="Jornada de Accion en favor de Corea del Sur" />
<meta property="og:description" content="El d&#237;a de hoy, jueves 27 de junio, hubo una acci&#243;n de protesta mundial de sindicalistas reclamando la liberaci&#243;n inmediata de los compañeros detenidos en Corea del Sur. El Compa&#241;ero Dan Byung-ho, Presidente de &#8220;Korean Confederation of Trade Unions &#8212; KCTU&#8221; (Confederaci&#243;n Coreana de los Sindicatos), junto con aproximadamente 30 sindicalistas, est&#225;n actualmente encarcelados en [&hellip;]" />
<meta property="og:url" content="https://admin.industriall-union.org/es/archive/imf/jornada-de-accion-en-favor-de-corea-del-sur/" />
<meta property="og:site_name" content="industriall-union" />
<meta property="article:modified_time" content="2025-01-31T11:24:19+00:00" />
<meta name="twitter:card" content="summary_large_image" />
<meta name="twitter:label1" content="Est. reading time" />
	<meta name="twitter:data1" content="2 minutes" />
<script type="application/ld+json" class="yoast-schema-graph">{"@context":"https://schema.org","@graph":[{"@type":"WebPage","@id":"https://admin.industriall-union.org/es/archive/imf/jornada-de-accion-en-favor-de-corea-del-sur/","url":"https://admin.industriall-union.org/es/archive/imf/jornada-de-accion-en-favor-de-corea-del-sur/","name":"Jornada de Accion en favor de Corea del Sur - industriall-union","isPartOf":{"@id":"https://admin.industriall-union.org/#website"},"datePublished":"2002-06-26T22:00:00+00:00","dateModified":"2025-01-31T11:24:19+00:00","breadcrumb":{"@id":"https://admin.industriall-union.org/es/archive/imf/jornada-de-accion-en-favor-de-corea-del-sur/#breadcrumb"},"inLanguage":"es-ES","potentialAction":[{"@type":"ReadAction","target":["https://admin.industriall-union.org/es/archive/imf/jornada-de-accion-en-favor-de-corea-del-sur/"]}]},{"@type":"BreadcrumbList","@id":"https://admin.industriall-union.org/es/archive/imf/jornada-de-accion-en-favor-de-corea-del-sur/#breadcrumb","itemListElement":[{"@type":"ListItem","position":1,"name":"Home","item":"https://admin.industriall-union.org/"},{"@type":"ListItem","position":2,"name":"Archive Imf","item":"https://admin.industriall-union.org/es/archive/imf/"},{"@type":"ListItem","position":3,"name":"Jornada de Accion en favor de Corea del Sur"}]},{"@type":"WebSite","@id":"https://admin.industriall-union.org/#website","url":"https://admin.industriall-union.org/","name":"industriall-union","description":"","potentialAction":[{"@type":"SearchAction","target":{"@type":"EntryPoint","urlTemplate":"https://admin.industriall-union.org/?s={search_term_string}"},"query-input":{"@type":"PropertyValueSpecification","valueRequired":true,"valueName":"search_term_string"}}],"inLanguage":"es-ES"}]}</script>
<!-- / Yoast SEO Premium plugin. -->

El d&#237;a de hoy, jueves 27 de junio, hubo una acci&#243;n de protesta mundial de sindicalistas reclamando la liberaci&#243;n inmediata de los compañeros detenidos en Corea del Sur. El Compa&#241;ero Dan Byung-ho, Presidente de &#8220;Korean Confederation of Trade Unions &#8212; KCTU&#8221; (Confederaci&#243;n Coreana de los Sindicatos), junto con aproximadamente 30 sindicalistas, est&#225;n actualmente encarcelados en [&hellip;]
