{"id":205229,"date":"2007-07-03T07:00:03","date_gmt":"2007-07-03T07:00:03","guid":{"rendered":"https:\/\/admin.industriall-union.org\/archive\/imf\/la-fitim-firma-un-ami-con-brunel\/"},"modified":"2025-01-31T11:14:39","modified_gmt":"2025-01-31T11:14:39","slug":"la-fitim-firma-un-ami-con-brunel","status":"publish","type":"archive_imf","link":"https:\/\/admin.industriall-union.org\/es\/archive\/imf\/la-fitim-firma-un-ami-con-brunel\/","title":{"rendered":"La FITIM firma un AMI con Brunel"},"content":{"rendered":"<img loading=\"lazy\" decoding=\"async\" src=\"\" width=\"150\" height=\"50\" align=\"right\"> \n\nMUNDO:  La Federaci\u00f3n Internacional de Trabajadores de las Industrias Metal\u00fargicas (FITIM) y el Australian Manufacturing Workers&#8217; Union (AMWU) han firmado un Acuerdo Marco Internacional (AMI) con Brunel, empresa internacional de contrataci\u00f3n y prestaci\u00f3n de servicios radicada en Pa\u00edses Bajos, especializada en la provisi\u00f3n de trabajadores calificados en los campos electromec\u00e1nico, TIC, jur\u00eddico, financiero y de seguros y banca..\n\nCon la firma del acuerdo, Brunel formaliz\u00f3 su compromiso de garantizar los derechos humanos fundamentales, colaborando con los sindicatos y con la FITIM.  El acuerdo, que se aplica inicialmente a los establecimientos de Brunel que entran en el \u00e1mbito de la FITIM, comprende referencias espec\u00edficas de los principales Convenios de la Organizaci\u00f3n Internacional del Trabajo (OIT) sobre libertad sindical, el derecho de negociaci\u00f3n colectiva, el derecho de igualdad de remuneraci\u00f3n, la no utilizaci\u00f3n del trabajo forzoso ni de mano de obra infantil y la no discriminaci\u00f3n.\n\nEn el AMI se prev\u00e9 la abstenci\u00f3n de la discriminaci\u00f3n antisindical y el compromiso a combatir la corrrupci\u00f3n.  Brunel se compromete asimismo a las pr\u00e1cticas de contrataci\u00f3n en igualdad de oportunidades, al desarrollo continuo de calificaciones y a garantizar que la remuneraci\u00f3n es mejor, o al menos igual, a la establecida en la legislacion nacional y en los convenios colectivos.  Brunel espera tambi\u00e9n que los proveedores y los subcontratistas respeten los Convenios de la OIT, con sanciones en caso de incumplimiento, incluida la retirada de futuros contratos. \n\nEl acuerdo representa una reacci\u00f3n al uso por el Gobierno de Howard  de los trabajadores migrantes temporeros para reducir los sueldos y las condiciones en Australia.  &#8220;Con el Gobierno de Howard se ha explotado terriblemente a los trabajadores migrantes temporeros mediante grandes comisiones a las agencias, excesivos costos por una vivienda de mala calidad, despidos cuando los trabajadores resultan lesionados, amenazas de deportaci\u00f3n si se unen al sindicato y sueldos y condiciones deficientes&#8221;, explica el  presidente del AMWU, Julius Roe.\n\n&#8220;Al mismo tiempo que apoya firmemente la inmigraci\u00f3n sobre la base de que los trabajadores migrantes tienen plenos derechos de ciudadan\u00eda y otros, el AMWU ha tratado de hacer p\u00fablica la suerte de esos trabajadores migrantes y de alcanzar convenios colectivos con compa\u00f1\u00edas que desean utilizar trrabajadores migrantes temporeros&#8221;, dijo.\n\n&#8220;El acuerdo con Brunel garantiza la utilizaci\u00f3n de trabajadores migrantes temporeros s\u00f3lo cuando es absolutamente necesario y que recibir\u00e1n formaci\u00f3n y tendr\u00e1n los mismos sueldos y condiciones, y estar\u00e1n amparados por los sindicatos y por el convenio colectivo.  Dada la naturaleza internacional del empleo en este sector, era esencial un acuerdo internacional con el apoyo de la FITIM&#8221;, dijo.\n\nEl acuerdo se publica en el sitio web de la FITIM.","protected":false},"featured_media":0,"template":"","class_list":["post-205229","archive_imf","type-archive_imf","status-publish","hentry"],"acf":[],"yoast_head":"<!-- This site is optimized with the Yoast SEO Premium plugin v27.1 (Yoast SEO v27.1) - https:\/\/yoast.com\/product\/yoast-seo-premium-wordpress\/ -->\n<title>La FITIM firma un AMI con Brunel - industriall-union<\/title>\n<meta name=\"robots\" content=\"index, follow, max-snippet:-1, max-image-preview:large, max-video-preview:-1\" \/>\n<link rel=\"canonical\" href=\"https:\/\/admin.industriall-union.org\/es\/archive\/imf\/la-fitim-firma-un-ami-con-brunel\/\" \/>\n<meta property=\"og:locale\" content=\"es_ES\" \/>\n<meta property=\"og:type\" content=\"article\" \/>\n<meta property=\"og:title\" content=\"La FITIM firma un AMI con Brunel\" \/>\n<meta property=\"og:description\" content=\"MUNDO: La Federaci\u00f3n Internacional de Trabajadores de las Industrias Metal\u00fargicas (FITIM) y el Australian Manufacturing Workers&#8217; Union (AMWU) han firmado un Acuerdo Marco Internacional (AMI) con Brunel, empresa internacional de contrataci\u00f3n y prestaci\u00f3n de servicios radicada en Pa\u00edses Bajos, especializada en la provisi\u00f3n de trabajadores calificados en los campos electromec\u00e1nico, TIC, jur\u00eddico, financiero y de [&hellip;]\" \/>\n<meta property=\"og:url\" content=\"https:\/\/admin.industriall-union.org\/es\/archive\/imf\/la-fitim-firma-un-ami-con-brunel\/\" \/>\n<meta property=\"og:site_name\" content=\"industriall-union\" \/>\n<meta property=\"article:modified_time\" content=\"2025-01-31T11:14:39+00:00\" \/>\n<meta name=\"twitter:card\" content=\"summary_large_image\" \/>\n<meta name=\"twitter:label1\" content=\"Est. reading time\" \/>\n\t<meta name=\"twitter:data1\" content=\"2 minutes\" \/>\n<script type=\"application\/ld+json\" class=\"yoast-schema-graph\">{\"@context\":\"https:\/\/schema.org\",\"@graph\":[{\"@type\":\"WebPage\",\"@id\":\"https:\/\/admin.industriall-union.org\/es\/archive\/imf\/la-fitim-firma-un-ami-con-brunel\/\",\"url\":\"https:\/\/admin.industriall-union.org\/es\/archive\/imf\/la-fitim-firma-un-ami-con-brunel\/\",\"name\":\"La FITIM firma un AMI con Brunel - industriall-union\",\"isPartOf\":{\"@id\":\"https:\/\/admin.industriall-union.org\/#website\"},\"datePublished\":\"2007-07-03T07:00:03+00:00\",\"dateModified\":\"2025-01-31T11:14:39+00:00\",\"breadcrumb\":{\"@id\":\"https:\/\/admin.industriall-union.org\/es\/archive\/imf\/la-fitim-firma-un-ami-con-brunel\/#breadcrumb\"},\"inLanguage\":\"es-ES\",\"potentialAction\":[{\"@type\":\"ReadAction\",\"target\":[\"https:\/\/admin.industriall-union.org\/es\/archive\/imf\/la-fitim-firma-un-ami-con-brunel\/\"]}]},{\"@type\":\"BreadcrumbList\",\"@id\":\"https:\/\/admin.industriall-union.org\/es\/archive\/imf\/la-fitim-firma-un-ami-con-brunel\/#breadcrumb\",\"itemListElement\":[{\"@type\":\"ListItem\",\"position\":1,\"name\":\"Home\",\"item\":\"https:\/\/admin.industriall-union.org\/\"},{\"@type\":\"ListItem\",\"position\":2,\"name\":\"Archive Imf\",\"item\":\"https:\/\/admin.industriall-union.org\/es\/archive\/imf\/\"},{\"@type\":\"ListItem\",\"position\":3,\"name\":\"La FITIM firma un AMI con Brunel\"}]},{\"@type\":\"WebSite\",\"@id\":\"https:\/\/admin.industriall-union.org\/#website\",\"url\":\"https:\/\/admin.industriall-union.org\/\",\"name\":\"industriall-union\",\"description\":\"\",\"potentialAction\":[{\"@type\":\"SearchAction\",\"target\":{\"@type\":\"EntryPoint\",\"urlTemplate\":\"https:\/\/admin.industriall-union.org\/?s={search_term_string}\"},\"query-input\":{\"@type\":\"PropertyValueSpecification\",\"valueRequired\":true,\"valueName\":\"search_term_string\"}}],\"inLanguage\":\"es-ES\"}]}<\/script>\n<!-- \/ Yoast SEO Premium plugin. -->","yoast_head_json":{"title":"La FITIM firma un AMI con Brunel - industriall-union","robots":{"index":"index","follow":"follow","max-snippet":"max-snippet:-1","max-image-preview":"max-image-preview:large","max-video-preview":"max-video-preview:-1"},"canonical":"https:\/\/admin.industriall-union.org\/es\/archive\/imf\/la-fitim-firma-un-ami-con-brunel\/","og_locale":"es_ES","og_type":"article","og_title":"La FITIM firma un AMI con Brunel","og_description":"MUNDO: La Federaci\u00f3n Internacional de Trabajadores de las Industrias Metal\u00fargicas (FITIM) y el Australian Manufacturing Workers&#8217; Union (AMWU) han firmado un Acuerdo Marco Internacional (AMI) con Brunel, empresa internacional de contrataci\u00f3n y prestaci\u00f3n de servicios radicada en Pa\u00edses Bajos, especializada en la provisi\u00f3n de trabajadores calificados en los campos electromec\u00e1nico, TIC, jur\u00eddico, financiero y de [&hellip;]","og_url":"https:\/\/admin.industriall-union.org\/es\/archive\/imf\/la-fitim-firma-un-ami-con-brunel\/","og_site_name":"industriall-union","article_modified_time":"2025-01-31T11:14:39+00:00","twitter_card":"summary_large_image","twitter_misc":{"Est. reading time":"2 minutes"},"schema":{"@context":"https:\/\/schema.org","@graph":[{"@type":"WebPage","@id":"https:\/\/admin.industriall-union.org\/es\/archive\/imf\/la-fitim-firma-un-ami-con-brunel\/","url":"https:\/\/admin.industriall-union.org\/es\/archive\/imf\/la-fitim-firma-un-ami-con-brunel\/","name":"La FITIM firma un AMI con Brunel - industriall-union","isPartOf":{"@id":"https:\/\/admin.industriall-union.org\/#website"},"datePublished":"2007-07-03T07:00:03+00:00","dateModified":"2025-01-31T11:14:39+00:00","breadcrumb":{"@id":"https:\/\/admin.industriall-union.org\/es\/archive\/imf\/la-fitim-firma-un-ami-con-brunel\/#breadcrumb"},"inLanguage":"es-ES","potentialAction":[{"@type":"ReadAction","target":["https:\/\/admin.industriall-union.org\/es\/archive\/imf\/la-fitim-firma-un-ami-con-brunel\/"]}]},{"@type":"BreadcrumbList","@id":"https:\/\/admin.industriall-union.org\/es\/archive\/imf\/la-fitim-firma-un-ami-con-brunel\/#breadcrumb","itemListElement":[{"@type":"ListItem","position":1,"name":"Home","item":"https:\/\/admin.industriall-union.org\/"},{"@type":"ListItem","position":2,"name":"Archive Imf","item":"https:\/\/admin.industriall-union.org\/es\/archive\/imf\/"},{"@type":"ListItem","position":3,"name":"La FITIM firma un AMI con Brunel"}]},{"@type":"WebSite","@id":"https:\/\/admin.industriall-union.org\/#website","url":"https:\/\/admin.industriall-union.org\/","name":"industriall-union","description":"","potentialAction":[{"@type":"SearchAction","target":{"@type":"EntryPoint","urlTemplate":"https:\/\/admin.industriall-union.org\/?s={search_term_string}"},"query-input":{"@type":"PropertyValueSpecification","valueRequired":true,"valueName":"search_term_string"}}],"inLanguage":"es-ES"}]}},"_links":{"self":[{"href":"https:\/\/admin.industriall-union.org\/es\/wp-json\/wp\/v2\/archive_imf\/205229","targetHints":{"allow":["GET"]}}],"collection":[{"href":"https:\/\/admin.industriall-union.org\/es\/wp-json\/wp\/v2\/archive_imf"}],"about":[{"href":"https:\/\/admin.industriall-union.org\/es\/wp-json\/wp\/v2\/types\/archive_imf"}],"wp:attachment":[{"href":"https:\/\/admin.industriall-union.org\/es\/wp-json\/wp\/v2\/media?parent=205229"}],"curies":[{"name":"wp","href":"https:\/\/api.w.org\/{rel}","templated":true}]}}

<img loading="lazy" decoding="async" src="" width="150" height="50" align="right"> 

MUNDO:  La Federación Internacional de Trabajadores de las Industrias Metalúrgicas (FITIM) y el Australian Manufacturing Workers&#8217; Union (AMWU) han firmado un Acuerdo Marco Internacional (AMI) con Brunel, empresa internacional de contratación y prestación de servicios radicada en Países Bajos, especializada en la provisión de trabajadores calificados en los campos electromecánico, TIC, jurídico, financiero y de seguros y banca..

Con la firma del acuerdo, Brunel formalizó su compromiso de garantizar los derechos humanos fundamentales, colaborando con los sindicatos y con la FITIM.  El acuerdo, que se aplica inicialmente a los establecimientos de Brunel que entran en el ámbito de la FITIM, comprende referencias específicas de los principales Convenios de la Organización Internacional del Trabajo (OIT) sobre libertad sindical, el derecho de negociación colectiva, el derecho de igualdad de remuneración, la no utilización del trabajo forzoso ni de mano de obra infantil y la no discriminación.

En el AMI se prevé la abstención de la discriminación antisindical y el compromiso a combatir la corrrupción.  Brunel se compromete asimismo a las prácticas de contratación en igualdad de oportunidades, al desarrollo continuo de calificaciones y a garantizar que la remuneración es mejor, o al menos igual, a la establecida en la legislacion nacional y en los convenios colectivos.  Brunel espera también que los proveedores y los subcontratistas respeten los Convenios de la OIT, con sanciones en caso de incumplimiento, incluida la retirada de futuros contratos. 

El acuerdo representa una reacción al uso por el Gobierno de Howard  de los trabajadores migrantes temporeros para reducir los sueldos y las condiciones en Australia.  &#8220;Con el Gobierno de Howard se ha explotado terriblemente a los trabajadores migrantes temporeros mediante grandes comisiones a las agencias, excesivos costos por una vivienda de mala calidad, despidos cuando los trabajadores resultan lesionados, amenazas de deportación si se unen al sindicato y sueldos y condiciones deficientes&#8221;, explica el  presidente del AMWU, Julius Roe.

&#8220;Al mismo tiempo que apoya firmemente la inmigración sobre la base de que los trabajadores migrantes tienen plenos derechos de ciudadanía y otros, el AMWU ha tratado de hacer pública la suerte de esos trabajadores migrantes y de alcanzar convenios colectivos con compañías que desean utilizar trrabajadores migrantes temporeros&#8221;, dijo.

&#8220;El acuerdo con Brunel garantiza la utilización de trabajadores migrantes temporeros sólo cuando es absolutamente necesario y que recibirán formación y tendrán los mismos sueldos y condiciones, y estarán amparados por los sindicatos y por el convenio colectivo.  Dada la naturaleza internacional del empleo en este sector, era esencial un acuerdo internacional con el apoyo de la FITIM&#8221;, dijo.

El acuerdo se publica en el sitio web de la FITIM.

<!-- This site is optimized with the Yoast SEO Premium plugin v27.1 (Yoast SEO v27.1) - https://yoast.com/product/yoast-seo-premium-wordpress/ -->
<title>La FITIM firma un AMI con Brunel - industriall-union</title>
<meta name="robots" content="index, follow, max-snippet:-1, max-image-preview:large, max-video-preview:-1" />
<link rel="canonical" href="https://admin.industriall-union.org/es/archive/imf/la-fitim-firma-un-ami-con-brunel/" />
<meta property="og:locale" content="es_ES" />
<meta property="og:type" content="article" />
<meta property="og:title" content="La FITIM firma un AMI con Brunel" />
<meta property="og:description" content="MUNDO: La Federación Internacional de Trabajadores de las Industrias Metalúrgicas (FITIM) y el Australian Manufacturing Workers&#8217; Union (AMWU) han firmado un Acuerdo Marco Internacional (AMI) con Brunel, empresa internacional de contratación y prestación de servicios radicada en Países Bajos, especializada en la provisión de trabajadores calificados en los campos electromecánico, TIC, jurídico, financiero y de [&hellip;]" />
<meta property="og:url" content="https://admin.industriall-union.org/es/archive/imf/la-fitim-firma-un-ami-con-brunel/" />
<meta property="og:site_name" content="industriall-union" />
<meta property="article:modified_time" content="2025-01-31T11:14:39+00:00" />
<meta name="twitter:card" content="summary_large_image" />
<meta name="twitter:label1" content="Est. reading time" />
	<meta name="twitter:data1" content="2 minutes" />
<script type="application/ld+json" class="yoast-schema-graph">{"@context":"https://schema.org","@graph":[{"@type":"WebPage","@id":"https://admin.industriall-union.org/es/archive/imf/la-fitim-firma-un-ami-con-brunel/","url":"https://admin.industriall-union.org/es/archive/imf/la-fitim-firma-un-ami-con-brunel/","name":"La FITIM firma un AMI con Brunel - industriall-union","isPartOf":{"@id":"https://admin.industriall-union.org/#website"},"datePublished":"2007-07-03T07:00:03+00:00","dateModified":"2025-01-31T11:14:39+00:00","breadcrumb":{"@id":"https://admin.industriall-union.org/es/archive/imf/la-fitim-firma-un-ami-con-brunel/#breadcrumb"},"inLanguage":"es-ES","potentialAction":[{"@type":"ReadAction","target":["https://admin.industriall-union.org/es/archive/imf/la-fitim-firma-un-ami-con-brunel/"]}]},{"@type":"BreadcrumbList","@id":"https://admin.industriall-union.org/es/archive/imf/la-fitim-firma-un-ami-con-brunel/#breadcrumb","itemListElement":[{"@type":"ListItem","position":1,"name":"Home","item":"https://admin.industriall-union.org/"},{"@type":"ListItem","position":2,"name":"Archive Imf","item":"https://admin.industriall-union.org/es/archive/imf/"},{"@type":"ListItem","position":3,"name":"La FITIM firma un AMI con Brunel"}]},{"@type":"WebSite","@id":"https://admin.industriall-union.org/#website","url":"https://admin.industriall-union.org/","name":"industriall-union","description":"","potentialAction":[{"@type":"SearchAction","target":{"@type":"EntryPoint","urlTemplate":"https://admin.industriall-union.org/?s={search_term_string}"},"query-input":{"@type":"PropertyValueSpecification","valueRequired":true,"valueName":"search_term_string"}}],"inLanguage":"es-ES"}]}</script>
<!-- / Yoast SEO Premium plugin. -->

MUNDO: La Federación Internacional de Trabajadores de las Industrias Metalúrgicas (FITIM) y el Australian Manufacturing Workers&#8217; Union (AMWU) han firmado un Acuerdo Marco Internacional (AMI) con Brunel, empresa internacional de contratación y prestación de servicios radicada en Países Bajos, especializada en la provisión de trabajadores calificados en los campos electromecánico, TIC, jurídico, financiero y de [&hellip;]
