{"id":205148,"date":"2007-08-20T11:25:36","date_gmt":"2007-08-20T11:25:36","guid":{"rendered":"https:\/\/admin.industriall-union.org\/archive\/imf\/protesta-de-los-trabajadores-metalurgicos-brasilenos-por-la-seguridad-en-el-empleo\/"},"modified":"2025-01-31T11:14:15","modified_gmt":"2025-01-31T11:14:15","slug":"protesta-de-los-trabajadores-metalurgicos-brasilenos-por-la-seguridad-en-el-empleo","status":"publish","type":"archive_imf","link":"https:\/\/admin.industriall-union.org\/es\/archive\/imf\/protesta-de-los-trabajadores-metalurgicos-brasilenos-por-la-seguridad-en-el-empleo\/","title":{"rendered":"Protesta de los trabajadores metal\u00fargicos brasile\u00f1os por la seguridad en el empleo"},"content":{"rendered":"BRASIL:  Del 13 al 15 de agosto, miles de trabajadores metal\u00fargicos brasile\u00f1os salieron a la calle en Brasilia, capital de Brasil, paa luchar por la seguridad en el empleo mediante la ratificaci\u00f3n del Convenio n\u00fam. 158 de la Organizaci\u00f3n Internacional del Trabajo (OIT). Durante la protesta, los trabajadores pidieron tambi\u00e9n la aplicaci\u00f3n de un convenio colectivo nacional, la unificaci\u00f3n del plazo de la negociaci\u00f3n en septiembre y el establecimiento de un salario m\u00ednimo nacional para los trabajadores metal\u00fargicos.  La acci\u00f3n fue organizada por la Confederaci\u00f3n de Trabajadores Metal\u00fargicos Brasile\u00f1os (CNM\/CUT).\n\nComo parte de la protesta, los trabajadores marcharon hasta el Congreso brasile\u00f1o, la Confederaci\u00f3n Nacional de Industria, el Ministerio de Trabajo, la Oficina de la OIT, el Tribunal Suprerior del Trabajo y el Tribunal Supremo de Brasil, para entregar documentos en apoyo de sus demandas de seguridad en elempleo.  El Convenio num. 158 de la OIT, relativo a la terminaci\u00f3n de la relaci\u00f3n de trabajo a iniciativa del empleador, fue aprobado en Brasil en 1995, pero un a\u00f1o m\u00e1s tarde el Convenio se dej\u00f3 en suspenso como consecuencia de una reclamaci\u00f3n de las Confederaciones Nacionales de Industria y Transporte.\n\nLos sindicatos pretenden que se ratifique el Convenio n\u00fam. 158 de la OIT para que los empleadores de Brasil cesen la pr\u00e1ctica de pasar a los trabajadores de un a\u00f1o al siguiente, para reducir los costos salariales reempleando a trabajadores en condiciones inferiores a la ofrecidas anteriormente.\n\nAntes de la actuaci\u00f3n en Brasilia, los trabajadores metal\u00fargicos brasile\u00f1os celebraron protestas locales similares en las oficinas de los grupos de empleadores en la ciudad de S\u00e3o Paulo, el 27 de junio, y en la de Belo Horizonte, el 25 de julio.","protected":false},"featured_media":0,"template":"","class_list":["post-205148","archive_imf","type-archive_imf","status-publish","hentry"],"acf":[],"yoast_head":"<!-- This site is optimized with the Yoast SEO Premium plugin v27.1 (Yoast SEO v27.1) - https:\/\/yoast.com\/product\/yoast-seo-premium-wordpress\/ -->\n<title>Protesta de los trabajadores metal\u00fargicos brasile\u00f1os por la seguridad en el empleo - industriall-union<\/title>\n<meta name=\"robots\" content=\"index, follow, max-snippet:-1, max-image-preview:large, max-video-preview:-1\" \/>\n<link rel=\"canonical\" href=\"https:\/\/admin.industriall-union.org\/es\/archive\/imf\/protesta-de-los-trabajadores-metalurgicos-brasilenos-por-la-seguridad-en-el-empleo\/\" \/>\n<meta property=\"og:locale\" content=\"es_ES\" \/>\n<meta property=\"og:type\" content=\"article\" \/>\n<meta property=\"og:title\" content=\"Protesta de los trabajadores metal\u00fargicos brasile\u00f1os por la seguridad en el empleo\" \/>\n<meta property=\"og:description\" content=\"BRASIL: Del 13 al 15 de agosto, miles de trabajadores metal\u00fargicos brasile\u00f1os salieron a la calle en Brasilia, capital de Brasil, paa luchar por la seguridad en el empleo mediante la ratificaci\u00f3n del Convenio n\u00fam. 158 de la Organizaci\u00f3n Internacional del Trabajo (OIT). Durante la protesta, los trabajadores pidieron tambi\u00e9n la aplicaci\u00f3n de un convenio [&hellip;]\" \/>\n<meta property=\"og:url\" content=\"https:\/\/admin.industriall-union.org\/es\/archive\/imf\/protesta-de-los-trabajadores-metalurgicos-brasilenos-por-la-seguridad-en-el-empleo\/\" \/>\n<meta property=\"og:site_name\" content=\"industriall-union\" \/>\n<meta property=\"article:modified_time\" content=\"2025-01-31T11:14:15+00:00\" \/>\n<meta name=\"twitter:card\" content=\"summary_large_image\" \/>\n<meta name=\"twitter:label1\" content=\"Est. reading time\" \/>\n\t<meta name=\"twitter:data1\" content=\"2 minutes\" \/>\n<script type=\"application\/ld+json\" class=\"yoast-schema-graph\">{\"@context\":\"https:\/\/schema.org\",\"@graph\":[{\"@type\":\"WebPage\",\"@id\":\"https:\/\/admin.industriall-union.org\/es\/archive\/imf\/protesta-de-los-trabajadores-metalurgicos-brasilenos-por-la-seguridad-en-el-empleo\/\",\"url\":\"https:\/\/admin.industriall-union.org\/es\/archive\/imf\/protesta-de-los-trabajadores-metalurgicos-brasilenos-por-la-seguridad-en-el-empleo\/\",\"name\":\"Protesta de los trabajadores metal\u00fargicos brasile\u00f1os por la seguridad en el empleo - industriall-union\",\"isPartOf\":{\"@id\":\"https:\/\/admin.industriall-union.org\/#website\"},\"datePublished\":\"2007-08-20T11:25:36+00:00\",\"dateModified\":\"2025-01-31T11:14:15+00:00\",\"breadcrumb\":{\"@id\":\"https:\/\/admin.industriall-union.org\/es\/archive\/imf\/protesta-de-los-trabajadores-metalurgicos-brasilenos-por-la-seguridad-en-el-empleo\/#breadcrumb\"},\"inLanguage\":\"es-ES\",\"potentialAction\":[{\"@type\":\"ReadAction\",\"target\":[\"https:\/\/admin.industriall-union.org\/es\/archive\/imf\/protesta-de-los-trabajadores-metalurgicos-brasilenos-por-la-seguridad-en-el-empleo\/\"]}]},{\"@type\":\"BreadcrumbList\",\"@id\":\"https:\/\/admin.industriall-union.org\/es\/archive\/imf\/protesta-de-los-trabajadores-metalurgicos-brasilenos-por-la-seguridad-en-el-empleo\/#breadcrumb\",\"itemListElement\":[{\"@type\":\"ListItem\",\"position\":1,\"name\":\"Home\",\"item\":\"https:\/\/admin.industriall-union.org\/\"},{\"@type\":\"ListItem\",\"position\":2,\"name\":\"Archive Imf\",\"item\":\"https:\/\/admin.industriall-union.org\/es\/archive\/imf\/\"},{\"@type\":\"ListItem\",\"position\":3,\"name\":\"Protesta de los trabajadores metal\u00fargicos brasile\u00f1os por la seguridad en el empleo\"}]},{\"@type\":\"WebSite\",\"@id\":\"https:\/\/admin.industriall-union.org\/#website\",\"url\":\"https:\/\/admin.industriall-union.org\/\",\"name\":\"industriall-union\",\"description\":\"\",\"potentialAction\":[{\"@type\":\"SearchAction\",\"target\":{\"@type\":\"EntryPoint\",\"urlTemplate\":\"https:\/\/admin.industriall-union.org\/?s={search_term_string}\"},\"query-input\":{\"@type\":\"PropertyValueSpecification\",\"valueRequired\":true,\"valueName\":\"search_term_string\"}}],\"inLanguage\":\"es-ES\"}]}<\/script>\n<!-- \/ Yoast SEO Premium plugin. -->","yoast_head_json":{"title":"Protesta de los trabajadores metal\u00fargicos brasile\u00f1os por la seguridad en el empleo - industriall-union","robots":{"index":"index","follow":"follow","max-snippet":"max-snippet:-1","max-image-preview":"max-image-preview:large","max-video-preview":"max-video-preview:-1"},"canonical":"https:\/\/admin.industriall-union.org\/es\/archive\/imf\/protesta-de-los-trabajadores-metalurgicos-brasilenos-por-la-seguridad-en-el-empleo\/","og_locale":"es_ES","og_type":"article","og_title":"Protesta de los trabajadores metal\u00fargicos brasile\u00f1os por la seguridad en el empleo","og_description":"BRASIL: Del 13 al 15 de agosto, miles de trabajadores metal\u00fargicos brasile\u00f1os salieron a la calle en Brasilia, capital de Brasil, paa luchar por la seguridad en el empleo mediante la ratificaci\u00f3n del Convenio n\u00fam. 158 de la Organizaci\u00f3n Internacional del Trabajo (OIT). Durante la protesta, los trabajadores pidieron tambi\u00e9n la aplicaci\u00f3n de un convenio [&hellip;]","og_url":"https:\/\/admin.industriall-union.org\/es\/archive\/imf\/protesta-de-los-trabajadores-metalurgicos-brasilenos-por-la-seguridad-en-el-empleo\/","og_site_name":"industriall-union","article_modified_time":"2025-01-31T11:14:15+00:00","twitter_card":"summary_large_image","twitter_misc":{"Est. reading time":"2 minutes"},"schema":{"@context":"https:\/\/schema.org","@graph":[{"@type":"WebPage","@id":"https:\/\/admin.industriall-union.org\/es\/archive\/imf\/protesta-de-los-trabajadores-metalurgicos-brasilenos-por-la-seguridad-en-el-empleo\/","url":"https:\/\/admin.industriall-union.org\/es\/archive\/imf\/protesta-de-los-trabajadores-metalurgicos-brasilenos-por-la-seguridad-en-el-empleo\/","name":"Protesta de los trabajadores metal\u00fargicos brasile\u00f1os por la seguridad en el empleo - industriall-union","isPartOf":{"@id":"https:\/\/admin.industriall-union.org\/#website"},"datePublished":"2007-08-20T11:25:36+00:00","dateModified":"2025-01-31T11:14:15+00:00","breadcrumb":{"@id":"https:\/\/admin.industriall-union.org\/es\/archive\/imf\/protesta-de-los-trabajadores-metalurgicos-brasilenos-por-la-seguridad-en-el-empleo\/#breadcrumb"},"inLanguage":"es-ES","potentialAction":[{"@type":"ReadAction","target":["https:\/\/admin.industriall-union.org\/es\/archive\/imf\/protesta-de-los-trabajadores-metalurgicos-brasilenos-por-la-seguridad-en-el-empleo\/"]}]},{"@type":"BreadcrumbList","@id":"https:\/\/admin.industriall-union.org\/es\/archive\/imf\/protesta-de-los-trabajadores-metalurgicos-brasilenos-por-la-seguridad-en-el-empleo\/#breadcrumb","itemListElement":[{"@type":"ListItem","position":1,"name":"Home","item":"https:\/\/admin.industriall-union.org\/"},{"@type":"ListItem","position":2,"name":"Archive Imf","item":"https:\/\/admin.industriall-union.org\/es\/archive\/imf\/"},{"@type":"ListItem","position":3,"name":"Protesta de los trabajadores metal\u00fargicos brasile\u00f1os por la seguridad en el empleo"}]},{"@type":"WebSite","@id":"https:\/\/admin.industriall-union.org\/#website","url":"https:\/\/admin.industriall-union.org\/","name":"industriall-union","description":"","potentialAction":[{"@type":"SearchAction","target":{"@type":"EntryPoint","urlTemplate":"https:\/\/admin.industriall-union.org\/?s={search_term_string}"},"query-input":{"@type":"PropertyValueSpecification","valueRequired":true,"valueName":"search_term_string"}}],"inLanguage":"es-ES"}]}},"_links":{"self":[{"href":"https:\/\/admin.industriall-union.org\/es\/wp-json\/wp\/v2\/archive_imf\/205148","targetHints":{"allow":["GET"]}}],"collection":[{"href":"https:\/\/admin.industriall-union.org\/es\/wp-json\/wp\/v2\/archive_imf"}],"about":[{"href":"https:\/\/admin.industriall-union.org\/es\/wp-json\/wp\/v2\/types\/archive_imf"}],"wp:attachment":[{"href":"https:\/\/admin.industriall-union.org\/es\/wp-json\/wp\/v2\/media?parent=205148"}],"curies":[{"name":"wp","href":"https:\/\/api.w.org\/{rel}","templated":true}]}}

Protesta de los trabajadores metalúrgicos brasileños por la seguridad en el empleo

BRASIL:  Del 13 al 15 de agosto, miles de trabajadores metalúrgicos brasileños salieron a la calle en Brasilia, capital de Brasil, paa luchar por la seguridad en el empleo mediante la ratificación del Convenio núm. 158 de la Organización Internacional del Trabajo (OIT). Durante la protesta, los trabajadores pidieron también la aplicación de un convenio colectivo nacional, la unificación del plazo de la negociación en septiembre y el establecimiento de un salario mínimo nacional para los trabajadores metalúrgicos.  La acción fue organizada por la Confederación de Trabajadores Metalúrgicos Brasileños (CNM/CUT).

Como parte de la protesta, los trabajadores marcharon hasta el Congreso brasileño, la Confederación Nacional de Industria, el Ministerio de Trabajo, la Oficina de la OIT, el Tribunal Suprerior del Trabajo y el Tribunal Supremo de Brasil, para entregar documentos en apoyo de sus demandas de seguridad en elempleo.  El Convenio num. 158 de la OIT, relativo a la terminación de la relación de trabajo a iniciativa del empleador, fue aprobado en Brasil en 1995, pero un año más tarde el Convenio se dejó en suspenso como consecuencia de una reclamación de las Confederaciones Nacionales de Industria y Transporte.

Los sindicatos pretenden que se ratifique el Convenio núm. 158 de la OIT para que los empleadores de Brasil cesen la práctica de pasar a los trabajadores de un año al siguiente, para reducir los costos salariales reempleando a trabajadores en condiciones inferiores a la ofrecidas anteriormente.

Antes de la actuación en Brasilia, los trabajadores metalúrgicos brasileños celebraron protestas locales similares en las oficinas de los grupos de empleadores en la ciudad de São Paulo, el 27 de junio, y en la de Belo Horizonte, el 25 de julio.

<!-- This site is optimized with the Yoast SEO Premium plugin v27.1 (Yoast SEO v27.1) - https://yoast.com/product/yoast-seo-premium-wordpress/ -->
<title>Protesta de los trabajadores metalúrgicos brasileños por la seguridad en el empleo - industriall-union</title>
<meta name="robots" content="index, follow, max-snippet:-1, max-image-preview:large, max-video-preview:-1" />
<link rel="canonical" href="https://admin.industriall-union.org/es/archive/imf/protesta-de-los-trabajadores-metalurgicos-brasilenos-por-la-seguridad-en-el-empleo/" />
<meta property="og:locale" content="es_ES" />
<meta property="og:type" content="article" />
<meta property="og:title" content="Protesta de los trabajadores metalúrgicos brasileños por la seguridad en el empleo" />
<meta property="og:description" content="BRASIL: Del 13 al 15 de agosto, miles de trabajadores metalúrgicos brasileños salieron a la calle en Brasilia, capital de Brasil, paa luchar por la seguridad en el empleo mediante la ratificación del Convenio núm. 158 de la Organización Internacional del Trabajo (OIT). Durante la protesta, los trabajadores pidieron también la aplicación de un convenio [&hellip;]" />
<meta property="og:url" content="https://admin.industriall-union.org/es/archive/imf/protesta-de-los-trabajadores-metalurgicos-brasilenos-por-la-seguridad-en-el-empleo/" />
<meta property="og:site_name" content="industriall-union" />
<meta property="article:modified_time" content="2025-01-31T11:14:15+00:00" />
<meta name="twitter:card" content="summary_large_image" />
<meta name="twitter:label1" content="Est. reading time" />
	<meta name="twitter:data1" content="2 minutes" />
<script type="application/ld+json" class="yoast-schema-graph">{"@context":"https://schema.org","@graph":[{"@type":"WebPage","@id":"https://admin.industriall-union.org/es/archive/imf/protesta-de-los-trabajadores-metalurgicos-brasilenos-por-la-seguridad-en-el-empleo/","url":"https://admin.industriall-union.org/es/archive/imf/protesta-de-los-trabajadores-metalurgicos-brasilenos-por-la-seguridad-en-el-empleo/","name":"Protesta de los trabajadores metalúrgicos brasileños por la seguridad en el empleo - industriall-union","isPartOf":{"@id":"https://admin.industriall-union.org/#website"},"datePublished":"2007-08-20T11:25:36+00:00","dateModified":"2025-01-31T11:14:15+00:00","breadcrumb":{"@id":"https://admin.industriall-union.org/es/archive/imf/protesta-de-los-trabajadores-metalurgicos-brasilenos-por-la-seguridad-en-el-empleo/#breadcrumb"},"inLanguage":"es-ES","potentialAction":[{"@type":"ReadAction","target":["https://admin.industriall-union.org/es/archive/imf/protesta-de-los-trabajadores-metalurgicos-brasilenos-por-la-seguridad-en-el-empleo/"]}]},{"@type":"BreadcrumbList","@id":"https://admin.industriall-union.org/es/archive/imf/protesta-de-los-trabajadores-metalurgicos-brasilenos-por-la-seguridad-en-el-empleo/#breadcrumb","itemListElement":[{"@type":"ListItem","position":1,"name":"Home","item":"https://admin.industriall-union.org/"},{"@type":"ListItem","position":2,"name":"Archive Imf","item":"https://admin.industriall-union.org/es/archive/imf/"},{"@type":"ListItem","position":3,"name":"Protesta de los trabajadores metalúrgicos brasileños por la seguridad en el empleo"}]},{"@type":"WebSite","@id":"https://admin.industriall-union.org/#website","url":"https://admin.industriall-union.org/","name":"industriall-union","description":"","potentialAction":[{"@type":"SearchAction","target":{"@type":"EntryPoint","urlTemplate":"https://admin.industriall-union.org/?s={search_term_string}"},"query-input":{"@type":"PropertyValueSpecification","valueRequired":true,"valueName":"search_term_string"}}],"inLanguage":"es-ES"}]}</script>
<!-- / Yoast SEO Premium plugin. -->

Protesta de los trabajadores metalúrgicos brasileños por la seguridad en el empleo - industriall-union

BRASIL: Del 13 al 15 de agosto, miles de trabajadores metalúrgicos brasileños salieron a la calle en Brasilia, capital de Brasil, paa luchar por la seguridad en el empleo mediante la ratificación del Convenio núm. 158 de la Organización Internacional del Trabajo (OIT). Durante la protesta, los trabajadores pidieron también la aplicación de un convenio [&hellip;]
