{"id":204962,"date":"2008-02-04T12:50:00","date_gmt":"2008-02-04T12:50:00","guid":{"rendered":"https:\/\/admin.industriall-union.org\/archive\/imf\/las-negociaciones-de-la-omc-llegan-a-una-fase-critica\/"},"modified":"2025-01-31T11:04:12","modified_gmt":"2025-01-31T11:04:12","slug":"las-negociaciones-de-la-omc-llegan-a-una-fase-critica","status":"publish","type":"archive_imf","link":"https:\/\/admin.industriall-union.org\/es\/archive\/imf\/las-negociaciones-de-la-omc-llegan-a-una-fase-critica\/","title":{"rendered":"Las negociaciones de la OMC llegan a una fase cr\u00edtica"},"content":{"rendered":"<p>MUNDIAL: Se espera que esta semana se publiquen nuevos textos sobre la Agricultura y el Acceso a mercados no agr\u00edcolas (NAMA en siglas inglesas), ahora que las negociaciones sobre el acuerdo comercial de Doha en la Organizaci\u00f3n Mundial del Comercio llegan a una fase cr\u00edtica. <\/p><p>El procedimiento de las pr\u00f3ximas semanas, tal como lo ha propuesto Pascal Lamy, director general de la OMC, y en el que han convenido los ministros en Davos, incluye la publicaci\u00f3n de nuevos textos para an\u00e1lisis y negociaciones ulteriores en los grupos de Agricultura y NAMA, separadamente. Seguir\u00e1 luego un proceso horizontal a nivel de funcionarios superiores, que abrir\u00e1 la posibilidad de discutir conjuntamente la Agricultura y el NAMA, permitiendo compensaciones. La OMC espera que ese procedimiento termine aproximadamente en la Semana Santa, y posteriormente a \u00e9l los ministerios adoptar\u00e1n sus posiciones finales sobre las modalidades restantes. <\/p><p>Ahora que las negociaciones se acercan a una fase cr\u00edtica y son cada vez m\u00e1s probables las compensaciones, los sindicatos siguen alarmados por los efectos adversos que tendr\u00e1 un acuerdo sobre el desarrollo y empleo sostenibles, y est\u00e1n planificando una serie de reuniones de cabildeo en Ginebra, a comienzos de marzo. <\/p><p>El 17 de enero, se emitieron dos declaraciones sindicales sobre el NAMA: una del grupo de sindicatos NAMA-11 y otra del grupo de sindicatos latinoamericanos sobre el NAMA (en espa\u00f1ol e ingl\u00e9s). Ambas declaraciones son respuestas a comunicaciones presentadas por Canad\u00e1, la Comunidad Europea, Islandia, Jap\u00f3n, Nueva Zelanda, Noruega, Suiza y EE.UU., que proponen restringir el nivel de flexibilidad de que podr\u00edan gozar los pa\u00edses en desarrollo en el acuerdo sobre el NAMA. <\/p><p>&quot;Por consiguiente, las comunicaciones niegan enteramente las necesidades de empleo en nuestros pa\u00edses, muchos de los cuales sufren niveles de desempleo superiores al 10% y altas tasas de subempleo y trabajo informal&quot;, dicen los sindicatos NAMA-11.<\/p><p>Los sindicatos instan a los gobiernos a que garanticen que los pa\u00edses en desarrollo puedan aplicar una reducci\u00f3n arancelaria conforme a su fase de desarrollo, que se ampl\u00eden sustancialmente sus grados de flexibilidad y puedan modificarse en el curso del tiempo. Los sindicatos tambi\u00e9n reafirman que no se deben hacer propuestas con la intenci\u00f3n de romper las agrupaciones de pa\u00edses en desarrollo en el NAMA ni las agrupaciones de integraci\u00f3n regional. <\/p><p>Los textos de ambas declaraciones sindicales se encuentran en el sitio web de la FITIM. <\/p>","protected":false},"featured_media":0,"template":"","class_list":["post-204962","archive_imf","type-archive_imf","status-publish","hentry"],"acf":[],"yoast_head":"<!-- This site is optimized with the Yoast SEO Premium plugin v27.1 (Yoast SEO v27.1) - https:\/\/yoast.com\/product\/yoast-seo-premium-wordpress\/ -->\n<title>Las negociaciones de la OMC llegan a una fase cr\u00edtica - industriall-union<\/title>\n<meta name=\"robots\" content=\"index, follow, max-snippet:-1, max-image-preview:large, max-video-preview:-1\" \/>\n<link rel=\"canonical\" href=\"https:\/\/admin.industriall-union.org\/es\/archive\/imf\/las-negociaciones-de-la-omc-llegan-a-una-fase-critica\/\" \/>\n<meta property=\"og:locale\" content=\"es_ES\" \/>\n<meta property=\"og:type\" content=\"article\" \/>\n<meta property=\"og:title\" content=\"Las negociaciones de la OMC llegan a una fase cr\u00edtica\" \/>\n<meta property=\"og:description\" content=\"MUNDIAL: Se espera que esta semana se publiquen nuevos textos sobre la Agricultura y el Acceso a mercados no agr\u00edcolas (NAMA en siglas inglesas), ahora que las negociaciones sobre el acuerdo comercial de Doha en la Organizaci\u00f3n Mundial del Comercio llegan a una fase cr\u00edtica. El procedimiento de las pr\u00f3ximas semanas, tal como lo ha [&hellip;]\" \/>\n<meta property=\"og:url\" content=\"https:\/\/admin.industriall-union.org\/es\/archive\/imf\/las-negociaciones-de-la-omc-llegan-a-una-fase-critica\/\" \/>\n<meta property=\"og:site_name\" content=\"industriall-union\" \/>\n<meta property=\"article:modified_time\" content=\"2025-01-31T11:04:12+00:00\" \/>\n<meta name=\"twitter:card\" content=\"summary_large_image\" \/>\n<meta name=\"twitter:label1\" content=\"Est. reading time\" \/>\n\t<meta name=\"twitter:data1\" content=\"2 minutes\" \/>\n<script type=\"application\/ld+json\" class=\"yoast-schema-graph\">{\"@context\":\"https:\/\/schema.org\",\"@graph\":[{\"@type\":\"WebPage\",\"@id\":\"https:\/\/admin.industriall-union.org\/es\/archive\/imf\/las-negociaciones-de-la-omc-llegan-a-una-fase-critica\/\",\"url\":\"https:\/\/admin.industriall-union.org\/es\/archive\/imf\/las-negociaciones-de-la-omc-llegan-a-una-fase-critica\/\",\"name\":\"Las negociaciones de la OMC llegan a una fase cr\u00edtica - industriall-union\",\"isPartOf\":{\"@id\":\"https:\/\/admin.industriall-union.org\/#website\"},\"datePublished\":\"2008-02-04T12:50:00+00:00\",\"dateModified\":\"2025-01-31T11:04:12+00:00\",\"breadcrumb\":{\"@id\":\"https:\/\/admin.industriall-union.org\/es\/archive\/imf\/las-negociaciones-de-la-omc-llegan-a-una-fase-critica\/#breadcrumb\"},\"inLanguage\":\"es-ES\",\"potentialAction\":[{\"@type\":\"ReadAction\",\"target\":[\"https:\/\/admin.industriall-union.org\/es\/archive\/imf\/las-negociaciones-de-la-omc-llegan-a-una-fase-critica\/\"]}]},{\"@type\":\"BreadcrumbList\",\"@id\":\"https:\/\/admin.industriall-union.org\/es\/archive\/imf\/las-negociaciones-de-la-omc-llegan-a-una-fase-critica\/#breadcrumb\",\"itemListElement\":[{\"@type\":\"ListItem\",\"position\":1,\"name\":\"Home\",\"item\":\"https:\/\/admin.industriall-union.org\/\"},{\"@type\":\"ListItem\",\"position\":2,\"name\":\"Archive Imf\",\"item\":\"https:\/\/admin.industriall-union.org\/es\/archive\/imf\/\"},{\"@type\":\"ListItem\",\"position\":3,\"name\":\"Las negociaciones de la OMC llegan a una fase cr\u00edtica\"}]},{\"@type\":\"WebSite\",\"@id\":\"https:\/\/admin.industriall-union.org\/#website\",\"url\":\"https:\/\/admin.industriall-union.org\/\",\"name\":\"industriall-union\",\"description\":\"\",\"potentialAction\":[{\"@type\":\"SearchAction\",\"target\":{\"@type\":\"EntryPoint\",\"urlTemplate\":\"https:\/\/admin.industriall-union.org\/?s={search_term_string}\"},\"query-input\":{\"@type\":\"PropertyValueSpecification\",\"valueRequired\":true,\"valueName\":\"search_term_string\"}}],\"inLanguage\":\"es-ES\"}]}<\/script>\n<!-- \/ Yoast SEO Premium plugin. -->","yoast_head_json":{"title":"Las negociaciones de la OMC llegan a una fase cr\u00edtica - industriall-union","robots":{"index":"index","follow":"follow","max-snippet":"max-snippet:-1","max-image-preview":"max-image-preview:large","max-video-preview":"max-video-preview:-1"},"canonical":"https:\/\/admin.industriall-union.org\/es\/archive\/imf\/las-negociaciones-de-la-omc-llegan-a-una-fase-critica\/","og_locale":"es_ES","og_type":"article","og_title":"Las negociaciones de la OMC llegan a una fase cr\u00edtica","og_description":"MUNDIAL: Se espera que esta semana se publiquen nuevos textos sobre la Agricultura y el Acceso a mercados no agr\u00edcolas (NAMA en siglas inglesas), ahora que las negociaciones sobre el acuerdo comercial de Doha en la Organizaci\u00f3n Mundial del Comercio llegan a una fase cr\u00edtica. El procedimiento de las pr\u00f3ximas semanas, tal como lo ha [&hellip;]","og_url":"https:\/\/admin.industriall-union.org\/es\/archive\/imf\/las-negociaciones-de-la-omc-llegan-a-una-fase-critica\/","og_site_name":"industriall-union","article_modified_time":"2025-01-31T11:04:12+00:00","twitter_card":"summary_large_image","twitter_misc":{"Est. reading time":"2 minutes"},"schema":{"@context":"https:\/\/schema.org","@graph":[{"@type":"WebPage","@id":"https:\/\/admin.industriall-union.org\/es\/archive\/imf\/las-negociaciones-de-la-omc-llegan-a-una-fase-critica\/","url":"https:\/\/admin.industriall-union.org\/es\/archive\/imf\/las-negociaciones-de-la-omc-llegan-a-una-fase-critica\/","name":"Las negociaciones de la OMC llegan a una fase cr\u00edtica - industriall-union","isPartOf":{"@id":"https:\/\/admin.industriall-union.org\/#website"},"datePublished":"2008-02-04T12:50:00+00:00","dateModified":"2025-01-31T11:04:12+00:00","breadcrumb":{"@id":"https:\/\/admin.industriall-union.org\/es\/archive\/imf\/las-negociaciones-de-la-omc-llegan-a-una-fase-critica\/#breadcrumb"},"inLanguage":"es-ES","potentialAction":[{"@type":"ReadAction","target":["https:\/\/admin.industriall-union.org\/es\/archive\/imf\/las-negociaciones-de-la-omc-llegan-a-una-fase-critica\/"]}]},{"@type":"BreadcrumbList","@id":"https:\/\/admin.industriall-union.org\/es\/archive\/imf\/las-negociaciones-de-la-omc-llegan-a-una-fase-critica\/#breadcrumb","itemListElement":[{"@type":"ListItem","position":1,"name":"Home","item":"https:\/\/admin.industriall-union.org\/"},{"@type":"ListItem","position":2,"name":"Archive Imf","item":"https:\/\/admin.industriall-union.org\/es\/archive\/imf\/"},{"@type":"ListItem","position":3,"name":"Las negociaciones de la OMC llegan a una fase cr\u00edtica"}]},{"@type":"WebSite","@id":"https:\/\/admin.industriall-union.org\/#website","url":"https:\/\/admin.industriall-union.org\/","name":"industriall-union","description":"","potentialAction":[{"@type":"SearchAction","target":{"@type":"EntryPoint","urlTemplate":"https:\/\/admin.industriall-union.org\/?s={search_term_string}"},"query-input":{"@type":"PropertyValueSpecification","valueRequired":true,"valueName":"search_term_string"}}],"inLanguage":"es-ES"}]}},"_links":{"self":[{"href":"https:\/\/admin.industriall-union.org\/es\/wp-json\/wp\/v2\/archive_imf\/204962","targetHints":{"allow":["GET"]}}],"collection":[{"href":"https:\/\/admin.industriall-union.org\/es\/wp-json\/wp\/v2\/archive_imf"}],"about":[{"href":"https:\/\/admin.industriall-union.org\/es\/wp-json\/wp\/v2\/types\/archive_imf"}],"wp:attachment":[{"href":"https:\/\/admin.industriall-union.org\/es\/wp-json\/wp\/v2\/media?parent=204962"}],"curies":[{"name":"wp","href":"https:\/\/api.w.org\/{rel}","templated":true}]}}

Las negociaciones de la OMC llegan a una fase crítica

<p>MUNDIAL: Se espera que esta semana se publiquen nuevos textos sobre la Agricultura y el Acceso a mercados no agrícolas (NAMA en siglas inglesas), ahora que las negociaciones sobre el acuerdo comercial de Doha en la Organización Mundial del Comercio llegan a una fase crítica. </p><p>El procedimiento de las próximas semanas, tal como lo ha propuesto Pascal Lamy, director general de la OMC, y en el que han convenido los ministros en Davos, incluye la publicación de nuevos textos para análisis y negociaciones ulteriores en los grupos de Agricultura y NAMA, separadamente. Seguirá luego un proceso horizontal a nivel de funcionarios superiores, que abrirá la posibilidad de discutir conjuntamente la Agricultura y el NAMA, permitiendo compensaciones. La OMC espera que ese procedimiento termine aproximadamente en la Semana Santa, y posteriormente a él los ministerios adoptarán sus posiciones finales sobre las modalidades restantes. </p><p>Ahora que las negociaciones se acercan a una fase crítica y son cada vez más probables las compensaciones, los sindicatos siguen alarmados por los efectos adversos que tendrá un acuerdo sobre el desarrollo y empleo sostenibles, y están planificando una serie de reuniones de cabildeo en Ginebra, a comienzos de marzo. </p><p>El 17 de enero, se emitieron dos declaraciones sindicales sobre el NAMA: una del grupo de sindicatos NAMA-11 y otra del grupo de sindicatos latinoamericanos sobre el NAMA (en español e inglés). Ambas declaraciones son respuestas a comunicaciones presentadas por Canadá, la Comunidad Europea, Islandia, Japón, Nueva Zelanda, Noruega, Suiza y EE.UU., que proponen restringir el nivel de flexibilidad de que podrían gozar los países en desarrollo en el acuerdo sobre el NAMA. </p><p>&quot;Por consiguiente, las comunicaciones niegan enteramente las necesidades de empleo en nuestros países, muchos de los cuales sufren niveles de desempleo superiores al 10% y altas tasas de subempleo y trabajo informal&quot;, dicen los sindicatos NAMA-11.</p><p>Los sindicatos instan a los gobiernos a que garanticen que los países en desarrollo puedan aplicar una reducción arancelaria conforme a su fase de desarrollo, que se amplíen sustancialmente sus grados de flexibilidad y puedan modificarse en el curso del tiempo. Los sindicatos también reafirman que no se deben hacer propuestas con la intención de romper las agrupaciones de países en desarrollo en el NAMA ni las agrupaciones de integración regional. </p><p>Los textos de ambas declaraciones sindicales se encuentran en el sitio web de la FITIM. </p>

<!-- This site is optimized with the Yoast SEO Premium plugin v27.1 (Yoast SEO v27.1) - https://yoast.com/product/yoast-seo-premium-wordpress/ -->
<title>Las negociaciones de la OMC llegan a una fase crítica - industriall-union</title>
<meta name="robots" content="index, follow, max-snippet:-1, max-image-preview:large, max-video-preview:-1" />
<link rel="canonical" href="https://admin.industriall-union.org/es/archive/imf/las-negociaciones-de-la-omc-llegan-a-una-fase-critica/" />
<meta property="og:locale" content="es_ES" />
<meta property="og:type" content="article" />
<meta property="og:title" content="Las negociaciones de la OMC llegan a una fase crítica" />
<meta property="og:description" content="MUNDIAL: Se espera que esta semana se publiquen nuevos textos sobre la Agricultura y el Acceso a mercados no agrícolas (NAMA en siglas inglesas), ahora que las negociaciones sobre el acuerdo comercial de Doha en la Organización Mundial del Comercio llegan a una fase crítica. El procedimiento de las próximas semanas, tal como lo ha [&hellip;]" />
<meta property="og:url" content="https://admin.industriall-union.org/es/archive/imf/las-negociaciones-de-la-omc-llegan-a-una-fase-critica/" />
<meta property="og:site_name" content="industriall-union" />
<meta property="article:modified_time" content="2025-01-31T11:04:12+00:00" />
<meta name="twitter:card" content="summary_large_image" />
<meta name="twitter:label1" content="Est. reading time" />
	<meta name="twitter:data1" content="2 minutes" />
<script type="application/ld+json" class="yoast-schema-graph">{"@context":"https://schema.org","@graph":[{"@type":"WebPage","@id":"https://admin.industriall-union.org/es/archive/imf/las-negociaciones-de-la-omc-llegan-a-una-fase-critica/","url":"https://admin.industriall-union.org/es/archive/imf/las-negociaciones-de-la-omc-llegan-a-una-fase-critica/","name":"Las negociaciones de la OMC llegan a una fase crítica - industriall-union","isPartOf":{"@id":"https://admin.industriall-union.org/#website"},"datePublished":"2008-02-04T12:50:00+00:00","dateModified":"2025-01-31T11:04:12+00:00","breadcrumb":{"@id":"https://admin.industriall-union.org/es/archive/imf/las-negociaciones-de-la-omc-llegan-a-una-fase-critica/#breadcrumb"},"inLanguage":"es-ES","potentialAction":[{"@type":"ReadAction","target":["https://admin.industriall-union.org/es/archive/imf/las-negociaciones-de-la-omc-llegan-a-una-fase-critica/"]}]},{"@type":"BreadcrumbList","@id":"https://admin.industriall-union.org/es/archive/imf/las-negociaciones-de-la-omc-llegan-a-una-fase-critica/#breadcrumb","itemListElement":[{"@type":"ListItem","position":1,"name":"Home","item":"https://admin.industriall-union.org/"},{"@type":"ListItem","position":2,"name":"Archive Imf","item":"https://admin.industriall-union.org/es/archive/imf/"},{"@type":"ListItem","position":3,"name":"Las negociaciones de la OMC llegan a una fase crítica"}]},{"@type":"WebSite","@id":"https://admin.industriall-union.org/#website","url":"https://admin.industriall-union.org/","name":"industriall-union","description":"","potentialAction":[{"@type":"SearchAction","target":{"@type":"EntryPoint","urlTemplate":"https://admin.industriall-union.org/?s={search_term_string}"},"query-input":{"@type":"PropertyValueSpecification","valueRequired":true,"valueName":"search_term_string"}}],"inLanguage":"es-ES"}]}</script>
<!-- / Yoast SEO Premium plugin. -->

Las negociaciones de la OMC llegan a una fase crítica - industriall-union

MUNDIAL: Se espera que esta semana se publiquen nuevos textos sobre la Agricultura y el Acceso a mercados no agrícolas (NAMA en siglas inglesas), ahora que las negociaciones sobre el acuerdo comercial de Doha en la Organización Mundial del Comercio llegan a una fase crítica. El procedimiento de las próximas semanas, tal como lo ha [&hellip;]
