{"id":204958,"date":"2008-02-08T12:29:00","date_gmt":"2008-02-08T12:29:00","guid":{"rendered":"https:\/\/admin.industriall-union.org\/archive\/imf\/encuesta-de-la-fitim-sobre-el-poder-adquisitivo-del-tiempo-de-trabajo\/"},"modified":"2025-01-31T11:04:10","modified_gmt":"2025-01-31T11:04:10","slug":"encuesta-de-la-fitim-sobre-el-poder-adquisitivo-del-tiempo-de-trabajo","status":"publish","type":"archive_imf","link":"https:\/\/admin.industriall-union.org\/es\/archive\/imf\/encuesta-de-la-fitim-sobre-el-poder-adquisitivo-del-tiempo-de-trabajo\/","title":{"rendered":"Encuesta de la FITIM sobre El poder adquisitivo del tiempo de trabajo"},"content":{"rendered":"<p>MUNDO: \u00bfDesea informaci\u00f3n actualizada sobre la comparaci\u00f3n del tiempo de trabajo que necesitan los trabajadores metal\u00fargicos en diferentes pa\u00edses para adquirir una serie de art\u00edculos de consumo como ropa, productos alimenticios, alquiler y otros productos b\u00e1sicos? <br \/><br \/>Comparar sueldos en un sector, un pa\u00eds o entre pa\u00edses es una tarea dif\u00edcil, y con frecuencia carece de significado una comparaci\u00f3n sencilla de monedas convertidas. Por esta raz\u00f3n, la FITIM ha optado hace tiempo por un m\u00e9todo de hora de trabajo, y cada dos a\u00f1os publica un informe sobre las diferencias de niveles de vida entre trabajadores metal\u00fargicos en distintos pa\u00edses. <br \/><br \/>La encuesta de la FITIM sobre <em>El poder adqusitivo del tiempo de trabajo<\/em> es utilizada por afiliados a la FITIM en todo el mundo para determinar los objetivos de la negociaci\u00f3n colectiva y salariales, a fin de mejorar los sueldos y las condiciones de los trabajadores metal\u00fargicos. <br \/><br \/>Este a\u00f1o, la FITIM actualiza su encuesta sobre <em>El poder adqisitivo del tiempo de trabajo<\/em>, y pide a sus afiliados que respondan a un cuestionario para el 28 de marzo de 2008, proporcionando informaci\u00f3n sobre salarios brutos por hora y el costo de art\u00edculos de consumo en sus pa\u00edses. <br \/><br \/>&#8220;En la \u00faltima encuesta figuraban 66 pa\u00edses. Queremos tener la seguridad de que la encuesta de este a\u00f1o comprende al menos tantos pa\u00edses, y pedimos a los afiliados que nos transmitan su informaci\u00f3n lo antes posible, y a m\u00e1s tardar para el 28 de marzo de 2008&#8221;, dijo Anne-Marie Mureau, encargada de la encuesta. <br \/><br \/>Se ha enviado a todos los afiliados un ejemplar del cuestionario, y puede descargarse del sitio web de la FITIM en todos los idiomas oficiales de la Federaci\u00f3n en: <a href=\"..\/survey08\">www.imfmetal.org\/survey08<\/a> <br \/><br \/>Puede obtenerse una copia de la encuesta sobre el poder adquisitivo de 2006 en el sitio web de la FITIM: <a href=\"..\/main\/index.cfm?n=47&amp;l=2&amp;ol=28&amp;c=15350\">http:\/\/www.imfmetal.org\/main\/index.cfm?n=47&amp;l=2&amp;ol=28&amp;c=15350<\/a> <br \/><br \/>\u00bfPreguntas? S\u00edrvanse enviar un e-mail a <a href=\"mailto:ammureau@imfmetal.org\">ammureau@imfmetal.org<\/a><\/p>","protected":false},"featured_media":0,"template":"","class_list":["post-204958","archive_imf","type-archive_imf","status-publish","hentry"],"acf":[],"yoast_head":"<!-- This site is optimized with the Yoast SEO Premium plugin v27.1 (Yoast SEO v27.1) - https:\/\/yoast.com\/product\/yoast-seo-premium-wordpress\/ -->\n<title>Encuesta de la FITIM sobre El poder adquisitivo del tiempo de trabajo - industriall-union<\/title>\n<meta name=\"robots\" content=\"index, follow, max-snippet:-1, max-image-preview:large, max-video-preview:-1\" \/>\n<link rel=\"canonical\" href=\"https:\/\/admin.industriall-union.org\/es\/archive\/imf\/encuesta-de-la-fitim-sobre-el-poder-adquisitivo-del-tiempo-de-trabajo\/\" \/>\n<meta property=\"og:locale\" content=\"es_ES\" \/>\n<meta property=\"og:type\" content=\"article\" \/>\n<meta property=\"og:title\" content=\"Encuesta de la FITIM sobre El poder adquisitivo del tiempo de trabajo\" \/>\n<meta property=\"og:description\" content=\"MUNDO: \u00bfDesea informaci\u00f3n actualizada sobre la comparaci\u00f3n del tiempo de trabajo que necesitan los trabajadores metal\u00fargicos en diferentes pa\u00edses para adquirir una serie de art\u00edculos de consumo como ropa, productos alimenticios, alquiler y otros productos b\u00e1sicos? Comparar sueldos en un sector, un pa\u00eds o entre pa\u00edses es una tarea dif\u00edcil, y con frecuencia carece de [&hellip;]\" \/>\n<meta property=\"og:url\" content=\"https:\/\/admin.industriall-union.org\/es\/archive\/imf\/encuesta-de-la-fitim-sobre-el-poder-adquisitivo-del-tiempo-de-trabajo\/\" \/>\n<meta property=\"og:site_name\" content=\"industriall-union\" \/>\n<meta property=\"article:modified_time\" content=\"2025-01-31T11:04:10+00:00\" \/>\n<meta name=\"twitter:card\" content=\"summary_large_image\" \/>\n<meta name=\"twitter:label1\" content=\"Est. reading time\" \/>\n\t<meta name=\"twitter:data1\" content=\"2 minutes\" \/>\n<script type=\"application\/ld+json\" class=\"yoast-schema-graph\">{\"@context\":\"https:\/\/schema.org\",\"@graph\":[{\"@type\":\"WebPage\",\"@id\":\"https:\/\/admin.industriall-union.org\/es\/archive\/imf\/encuesta-de-la-fitim-sobre-el-poder-adquisitivo-del-tiempo-de-trabajo\/\",\"url\":\"https:\/\/admin.industriall-union.org\/es\/archive\/imf\/encuesta-de-la-fitim-sobre-el-poder-adquisitivo-del-tiempo-de-trabajo\/\",\"name\":\"Encuesta de la FITIM sobre El poder adquisitivo del tiempo de trabajo - industriall-union\",\"isPartOf\":{\"@id\":\"https:\/\/admin.industriall-union.org\/#website\"},\"datePublished\":\"2008-02-08T12:29:00+00:00\",\"dateModified\":\"2025-01-31T11:04:10+00:00\",\"breadcrumb\":{\"@id\":\"https:\/\/admin.industriall-union.org\/es\/archive\/imf\/encuesta-de-la-fitim-sobre-el-poder-adquisitivo-del-tiempo-de-trabajo\/#breadcrumb\"},\"inLanguage\":\"es-ES\",\"potentialAction\":[{\"@type\":\"ReadAction\",\"target\":[\"https:\/\/admin.industriall-union.org\/es\/archive\/imf\/encuesta-de-la-fitim-sobre-el-poder-adquisitivo-del-tiempo-de-trabajo\/\"]}]},{\"@type\":\"BreadcrumbList\",\"@id\":\"https:\/\/admin.industriall-union.org\/es\/archive\/imf\/encuesta-de-la-fitim-sobre-el-poder-adquisitivo-del-tiempo-de-trabajo\/#breadcrumb\",\"itemListElement\":[{\"@type\":\"ListItem\",\"position\":1,\"name\":\"Home\",\"item\":\"https:\/\/admin.industriall-union.org\/\"},{\"@type\":\"ListItem\",\"position\":2,\"name\":\"Archive Imf\",\"item\":\"https:\/\/admin.industriall-union.org\/es\/archive\/imf\/\"},{\"@type\":\"ListItem\",\"position\":3,\"name\":\"Encuesta de la FITIM sobre El poder adquisitivo del tiempo de trabajo\"}]},{\"@type\":\"WebSite\",\"@id\":\"https:\/\/admin.industriall-union.org\/#website\",\"url\":\"https:\/\/admin.industriall-union.org\/\",\"name\":\"industriall-union\",\"description\":\"\",\"potentialAction\":[{\"@type\":\"SearchAction\",\"target\":{\"@type\":\"EntryPoint\",\"urlTemplate\":\"https:\/\/admin.industriall-union.org\/?s={search_term_string}\"},\"query-input\":{\"@type\":\"PropertyValueSpecification\",\"valueRequired\":true,\"valueName\":\"search_term_string\"}}],\"inLanguage\":\"es-ES\"}]}<\/script>\n<!-- \/ Yoast SEO Premium plugin. -->","yoast_head_json":{"title":"Encuesta de la FITIM sobre El poder adquisitivo del tiempo de trabajo - industriall-union","robots":{"index":"index","follow":"follow","max-snippet":"max-snippet:-1","max-image-preview":"max-image-preview:large","max-video-preview":"max-video-preview:-1"},"canonical":"https:\/\/admin.industriall-union.org\/es\/archive\/imf\/encuesta-de-la-fitim-sobre-el-poder-adquisitivo-del-tiempo-de-trabajo\/","og_locale":"es_ES","og_type":"article","og_title":"Encuesta de la FITIM sobre El poder adquisitivo del tiempo de trabajo","og_description":"MUNDO: \u00bfDesea informaci\u00f3n actualizada sobre la comparaci\u00f3n del tiempo de trabajo que necesitan los trabajadores metal\u00fargicos en diferentes pa\u00edses para adquirir una serie de art\u00edculos de consumo como ropa, productos alimenticios, alquiler y otros productos b\u00e1sicos? Comparar sueldos en un sector, un pa\u00eds o entre pa\u00edses es una tarea dif\u00edcil, y con frecuencia carece de [&hellip;]","og_url":"https:\/\/admin.industriall-union.org\/es\/archive\/imf\/encuesta-de-la-fitim-sobre-el-poder-adquisitivo-del-tiempo-de-trabajo\/","og_site_name":"industriall-union","article_modified_time":"2025-01-31T11:04:10+00:00","twitter_card":"summary_large_image","twitter_misc":{"Est. reading time":"2 minutes"},"schema":{"@context":"https:\/\/schema.org","@graph":[{"@type":"WebPage","@id":"https:\/\/admin.industriall-union.org\/es\/archive\/imf\/encuesta-de-la-fitim-sobre-el-poder-adquisitivo-del-tiempo-de-trabajo\/","url":"https:\/\/admin.industriall-union.org\/es\/archive\/imf\/encuesta-de-la-fitim-sobre-el-poder-adquisitivo-del-tiempo-de-trabajo\/","name":"Encuesta de la FITIM sobre El poder adquisitivo del tiempo de trabajo - industriall-union","isPartOf":{"@id":"https:\/\/admin.industriall-union.org\/#website"},"datePublished":"2008-02-08T12:29:00+00:00","dateModified":"2025-01-31T11:04:10+00:00","breadcrumb":{"@id":"https:\/\/admin.industriall-union.org\/es\/archive\/imf\/encuesta-de-la-fitim-sobre-el-poder-adquisitivo-del-tiempo-de-trabajo\/#breadcrumb"},"inLanguage":"es-ES","potentialAction":[{"@type":"ReadAction","target":["https:\/\/admin.industriall-union.org\/es\/archive\/imf\/encuesta-de-la-fitim-sobre-el-poder-adquisitivo-del-tiempo-de-trabajo\/"]}]},{"@type":"BreadcrumbList","@id":"https:\/\/admin.industriall-union.org\/es\/archive\/imf\/encuesta-de-la-fitim-sobre-el-poder-adquisitivo-del-tiempo-de-trabajo\/#breadcrumb","itemListElement":[{"@type":"ListItem","position":1,"name":"Home","item":"https:\/\/admin.industriall-union.org\/"},{"@type":"ListItem","position":2,"name":"Archive Imf","item":"https:\/\/admin.industriall-union.org\/es\/archive\/imf\/"},{"@type":"ListItem","position":3,"name":"Encuesta de la FITIM sobre El poder adquisitivo del tiempo de trabajo"}]},{"@type":"WebSite","@id":"https:\/\/admin.industriall-union.org\/#website","url":"https:\/\/admin.industriall-union.org\/","name":"industriall-union","description":"","potentialAction":[{"@type":"SearchAction","target":{"@type":"EntryPoint","urlTemplate":"https:\/\/admin.industriall-union.org\/?s={search_term_string}"},"query-input":{"@type":"PropertyValueSpecification","valueRequired":true,"valueName":"search_term_string"}}],"inLanguage":"es-ES"}]}},"_links":{"self":[{"href":"https:\/\/admin.industriall-union.org\/es\/wp-json\/wp\/v2\/archive_imf\/204958","targetHints":{"allow":["GET"]}}],"collection":[{"href":"https:\/\/admin.industriall-union.org\/es\/wp-json\/wp\/v2\/archive_imf"}],"about":[{"href":"https:\/\/admin.industriall-union.org\/es\/wp-json\/wp\/v2\/types\/archive_imf"}],"wp:attachment":[{"href":"https:\/\/admin.industriall-union.org\/es\/wp-json\/wp\/v2\/media?parent=204958"}],"curies":[{"name":"wp","href":"https:\/\/api.w.org\/{rel}","templated":true}]}}

<p>MUNDO: ¿Desea información actualizada sobre la comparación del tiempo de trabajo que necesitan los trabajadores metalúrgicos en diferentes países para adquirir una serie de artículos de consumo como ropa, productos alimenticios, alquiler y otros productos básicos? <br /><br />Comparar sueldos en un sector, un país o entre países es una tarea difícil, y con frecuencia carece de significado una comparación sencilla de monedas convertidas. Por esta razón, la FITIM ha optado hace tiempo por un método de hora de trabajo, y cada dos años publica un informe sobre las diferencias de niveles de vida entre trabajadores metalúrgicos en distintos países. <br /><br />La encuesta de la FITIM sobre <em>El poder adqusitivo del tiempo de trabajo</em> es utilizada por afiliados a la FITIM en todo el mundo para determinar los objetivos de la negociación colectiva y salariales, a fin de mejorar los sueldos y las condiciones de los trabajadores metalúrgicos. <br /><br />Este año, la FITIM actualiza su encuesta sobre <em>El poder adqisitivo del tiempo de trabajo</em>, y pide a sus afiliados que respondan a un cuestionario para el 28 de marzo de 2008, proporcionando información sobre salarios brutos por hora y el costo de artículos de consumo en sus países. <br /><br />&#8220;En la última encuesta figuraban 66 países. Queremos tener la seguridad de que la encuesta de este año comprende al menos tantos países, y pedimos a los afiliados que nos transmitan su información lo antes posible, y a más tardar para el 28 de marzo de 2008&#8221;, dijo Anne-Marie Mureau, encargada de la encuesta. <br /><br />Se ha enviado a todos los afiliados un ejemplar del cuestionario, y puede descargarse del sitio web de la FITIM en todos los idiomas oficiales de la Federación en: <a href="../survey08">www.imfmetal.org/survey08</a> <br /><br />Puede obtenerse una copia de la encuesta sobre el poder adquisitivo de 2006 en el sitio web de la FITIM: <a href="../main/index.cfm?n=47&amp;l=2&amp;ol=28&amp;c=15350">http://www.imfmetal.org/main/index.cfm?n=47&amp;l=2&amp;ol=28&amp;c=15350</a> <br /><br />¿Preguntas? Sírvanse enviar un e-mail a <a href="mailto:ammureau@imfmetal.org">ammureau@imfmetal.org</a></p>

<!-- This site is optimized with the Yoast SEO Premium plugin v27.1 (Yoast SEO v27.1) - https://yoast.com/product/yoast-seo-premium-wordpress/ -->
<title>Encuesta de la FITIM sobre El poder adquisitivo del tiempo de trabajo - industriall-union</title>
<meta name="robots" content="index, follow, max-snippet:-1, max-image-preview:large, max-video-preview:-1" />
<link rel="canonical" href="https://admin.industriall-union.org/es/archive/imf/encuesta-de-la-fitim-sobre-el-poder-adquisitivo-del-tiempo-de-trabajo/" />
<meta property="og:locale" content="es_ES" />
<meta property="og:type" content="article" />
<meta property="og:title" content="Encuesta de la FITIM sobre El poder adquisitivo del tiempo de trabajo" />
<meta property="og:description" content="MUNDO: ¿Desea información actualizada sobre la comparación del tiempo de trabajo que necesitan los trabajadores metalúrgicos en diferentes países para adquirir una serie de artículos de consumo como ropa, productos alimenticios, alquiler y otros productos básicos? Comparar sueldos en un sector, un país o entre países es una tarea difícil, y con frecuencia carece de [&hellip;]" />
<meta property="og:url" content="https://admin.industriall-union.org/es/archive/imf/encuesta-de-la-fitim-sobre-el-poder-adquisitivo-del-tiempo-de-trabajo/" />
<meta property="og:site_name" content="industriall-union" />
<meta property="article:modified_time" content="2025-01-31T11:04:10+00:00" />
<meta name="twitter:card" content="summary_large_image" />
<meta name="twitter:label1" content="Est. reading time" />
	<meta name="twitter:data1" content="2 minutes" />
<script type="application/ld+json" class="yoast-schema-graph">{"@context":"https://schema.org","@graph":[{"@type":"WebPage","@id":"https://admin.industriall-union.org/es/archive/imf/encuesta-de-la-fitim-sobre-el-poder-adquisitivo-del-tiempo-de-trabajo/","url":"https://admin.industriall-union.org/es/archive/imf/encuesta-de-la-fitim-sobre-el-poder-adquisitivo-del-tiempo-de-trabajo/","name":"Encuesta de la FITIM sobre El poder adquisitivo del tiempo de trabajo - industriall-union","isPartOf":{"@id":"https://admin.industriall-union.org/#website"},"datePublished":"2008-02-08T12:29:00+00:00","dateModified":"2025-01-31T11:04:10+00:00","breadcrumb":{"@id":"https://admin.industriall-union.org/es/archive/imf/encuesta-de-la-fitim-sobre-el-poder-adquisitivo-del-tiempo-de-trabajo/#breadcrumb"},"inLanguage":"es-ES","potentialAction":[{"@type":"ReadAction","target":["https://admin.industriall-union.org/es/archive/imf/encuesta-de-la-fitim-sobre-el-poder-adquisitivo-del-tiempo-de-trabajo/"]}]},{"@type":"BreadcrumbList","@id":"https://admin.industriall-union.org/es/archive/imf/encuesta-de-la-fitim-sobre-el-poder-adquisitivo-del-tiempo-de-trabajo/#breadcrumb","itemListElement":[{"@type":"ListItem","position":1,"name":"Home","item":"https://admin.industriall-union.org/"},{"@type":"ListItem","position":2,"name":"Archive Imf","item":"https://admin.industriall-union.org/es/archive/imf/"},{"@type":"ListItem","position":3,"name":"Encuesta de la FITIM sobre El poder adquisitivo del tiempo de trabajo"}]},{"@type":"WebSite","@id":"https://admin.industriall-union.org/#website","url":"https://admin.industriall-union.org/","name":"industriall-union","description":"","potentialAction":[{"@type":"SearchAction","target":{"@type":"EntryPoint","urlTemplate":"https://admin.industriall-union.org/?s={search_term_string}"},"query-input":{"@type":"PropertyValueSpecification","valueRequired":true,"valueName":"search_term_string"}}],"inLanguage":"es-ES"}]}</script>
<!-- / Yoast SEO Premium plugin. -->

MUNDO: ¿Desea información actualizada sobre la comparación del tiempo de trabajo que necesitan los trabajadores metalúrgicos en diferentes países para adquirir una serie de artículos de consumo como ropa, productos alimenticios, alquiler y otros productos básicos? Comparar sueldos en un sector, un país o entre países es una tarea difícil, y con frecuencia carece de [&hellip;]
