{"id":204928,"date":"2008-02-29T15:20:00","date_gmt":"2008-02-29T15:20:00","guid":{"rendered":"https:\/\/admin.industriall-union.org\/archive\/imf\/se-desconoce-identidad-y-paradero-de-mineros-accidentados-en-casapalca\/"},"modified":"2025-01-31T11:04:00","modified_gmt":"2025-01-31T11:04:00","slug":"se-desconoce-identidad-y-paradero-de-mineros-accidentados-en-casapalca","status":"publish","type":"archive_imf","link":"https:\/\/admin.industriall-union.org\/es\/archive\/imf\/se-desconoce-identidad-y-paradero-de-mineros-accidentados-en-casapalca\/","title":{"rendered":"Se Desconoce Identidad y Paradero de Mineros Accidentados en Casapalca"},"content":{"rendered":"<p>Per\u00fa. La Central Nacional de la Mujer Minera inform\u00f3 que dos trabajadores contratistas que laboraban en la Compa\u00f1\u00eda Minera Casapalca sufrieron un accidente de trabajo, el mi\u00e9rcoles 27 de febrero y se desconoce su actual estado de vida o de salud y el lugar donde fueron trasladados.<\/p><p>Seg\u00fan las fuentes de la Central, los trabajadores fueron dejados en la parte posterior de una hostal, ubicada en la carretera central, cerca de las instalaciones del asiento minero. Ambos vest\u00edan la ropa de trabajo, y estaban sin signos de vida, y se encontraban custodiados por personal de vigilancia y del servicio social de la Compa\u00f1\u00eda Minera Casapalca.<\/p><p>Afirman que la empresa ha manifestado que dichos trabajadores no laboraban en la mina sino que proced\u00edan de la zona minera de Morococha. Adem\u00e1s se ha negado a entregar informaci\u00f3n, como la identidad de los mineros y el lugar donde se encuentran.<\/p><p>La CNMM ha solicitado al gobierno peruano, espec\u00edficamente al Ministerio de Energ\u00eda y Minas, que investigue en profundidad esta tragedia, que se informe del estado de vida de los trabajadores, sus nombres, su paradero, las causas del accidente y la responsabilidad de la minera.<\/p><p>Casapalca es un yacimiento minero ubicado en la sierra de Lima, a m\u00e1s de 3,800 metros sobre el nivel del mar, en el que se produce plata, zinc, plomo y cobre.<\/p>","protected":false},"featured_media":0,"template":"","class_list":["post-204928","archive_imf","type-archive_imf","status-publish","hentry"],"acf":[],"yoast_head":"<!-- This site is optimized with the Yoast SEO Premium plugin v27.1 (Yoast SEO v27.1) - https:\/\/yoast.com\/product\/yoast-seo-premium-wordpress\/ -->\n<title>Se Desconoce Identidad y Paradero de Mineros Accidentados en Casapalca - industriall-union<\/title>\n<meta name=\"robots\" content=\"index, follow, max-snippet:-1, max-image-preview:large, max-video-preview:-1\" \/>\n<link rel=\"canonical\" href=\"https:\/\/admin.industriall-union.org\/es\/archive\/imf\/se-desconoce-identidad-y-paradero-de-mineros-accidentados-en-casapalca\/\" \/>\n<meta property=\"og:locale\" content=\"es_ES\" \/>\n<meta property=\"og:type\" content=\"article\" \/>\n<meta property=\"og:title\" content=\"Se Desconoce Identidad y Paradero de Mineros Accidentados en Casapalca\" \/>\n<meta property=\"og:description\" content=\"Per\u00fa. La Central Nacional de la Mujer Minera inform\u00f3 que dos trabajadores contratistas que laboraban en la Compa\u00f1\u00eda Minera Casapalca sufrieron un accidente de trabajo, el mi\u00e9rcoles 27 de febrero y se desconoce su actual estado de vida o de salud y el lugar donde fueron trasladados. Seg\u00fan las fuentes de la Central, los trabajadores [&hellip;]\" \/>\n<meta property=\"og:url\" content=\"https:\/\/admin.industriall-union.org\/es\/archive\/imf\/se-desconoce-identidad-y-paradero-de-mineros-accidentados-en-casapalca\/\" \/>\n<meta property=\"og:site_name\" content=\"industriall-union\" \/>\n<meta property=\"article:modified_time\" content=\"2025-01-31T11:04:00+00:00\" \/>\n<meta name=\"twitter:card\" content=\"summary_large_image\" \/>\n<meta name=\"twitter:label1\" content=\"Est. reading time\" \/>\n\t<meta name=\"twitter:data1\" content=\"1 minute\" \/>\n<script type=\"application\/ld+json\" class=\"yoast-schema-graph\">{\"@context\":\"https:\/\/schema.org\",\"@graph\":[{\"@type\":\"WebPage\",\"@id\":\"https:\/\/admin.industriall-union.org\/es\/archive\/imf\/se-desconoce-identidad-y-paradero-de-mineros-accidentados-en-casapalca\/\",\"url\":\"https:\/\/admin.industriall-union.org\/es\/archive\/imf\/se-desconoce-identidad-y-paradero-de-mineros-accidentados-en-casapalca\/\",\"name\":\"Se Desconoce Identidad y Paradero de Mineros Accidentados en Casapalca - industriall-union\",\"isPartOf\":{\"@id\":\"https:\/\/admin.industriall-union.org\/#website\"},\"datePublished\":\"2008-02-29T15:20:00+00:00\",\"dateModified\":\"2025-01-31T11:04:00+00:00\",\"breadcrumb\":{\"@id\":\"https:\/\/admin.industriall-union.org\/es\/archive\/imf\/se-desconoce-identidad-y-paradero-de-mineros-accidentados-en-casapalca\/#breadcrumb\"},\"inLanguage\":\"es-ES\",\"potentialAction\":[{\"@type\":\"ReadAction\",\"target\":[\"https:\/\/admin.industriall-union.org\/es\/archive\/imf\/se-desconoce-identidad-y-paradero-de-mineros-accidentados-en-casapalca\/\"]}]},{\"@type\":\"BreadcrumbList\",\"@id\":\"https:\/\/admin.industriall-union.org\/es\/archive\/imf\/se-desconoce-identidad-y-paradero-de-mineros-accidentados-en-casapalca\/#breadcrumb\",\"itemListElement\":[{\"@type\":\"ListItem\",\"position\":1,\"name\":\"Home\",\"item\":\"https:\/\/admin.industriall-union.org\/\"},{\"@type\":\"ListItem\",\"position\":2,\"name\":\"Archive Imf\",\"item\":\"https:\/\/admin.industriall-union.org\/es\/archive\/imf\/\"},{\"@type\":\"ListItem\",\"position\":3,\"name\":\"Se Desconoce Identidad y Paradero de Mineros Accidentados en Casapalca\"}]},{\"@type\":\"WebSite\",\"@id\":\"https:\/\/admin.industriall-union.org\/#website\",\"url\":\"https:\/\/admin.industriall-union.org\/\",\"name\":\"industriall-union\",\"description\":\"\",\"potentialAction\":[{\"@type\":\"SearchAction\",\"target\":{\"@type\":\"EntryPoint\",\"urlTemplate\":\"https:\/\/admin.industriall-union.org\/?s={search_term_string}\"},\"query-input\":{\"@type\":\"PropertyValueSpecification\",\"valueRequired\":true,\"valueName\":\"search_term_string\"}}],\"inLanguage\":\"es-ES\"}]}<\/script>\n<!-- \/ Yoast SEO Premium plugin. -->","yoast_head_json":{"title":"Se Desconoce Identidad y Paradero de Mineros Accidentados en Casapalca - industriall-union","robots":{"index":"index","follow":"follow","max-snippet":"max-snippet:-1","max-image-preview":"max-image-preview:large","max-video-preview":"max-video-preview:-1"},"canonical":"https:\/\/admin.industriall-union.org\/es\/archive\/imf\/se-desconoce-identidad-y-paradero-de-mineros-accidentados-en-casapalca\/","og_locale":"es_ES","og_type":"article","og_title":"Se Desconoce Identidad y Paradero de Mineros Accidentados en Casapalca","og_description":"Per\u00fa. La Central Nacional de la Mujer Minera inform\u00f3 que dos trabajadores contratistas que laboraban en la Compa\u00f1\u00eda Minera Casapalca sufrieron un accidente de trabajo, el mi\u00e9rcoles 27 de febrero y se desconoce su actual estado de vida o de salud y el lugar donde fueron trasladados. Seg\u00fan las fuentes de la Central, los trabajadores [&hellip;]","og_url":"https:\/\/admin.industriall-union.org\/es\/archive\/imf\/se-desconoce-identidad-y-paradero-de-mineros-accidentados-en-casapalca\/","og_site_name":"industriall-union","article_modified_time":"2025-01-31T11:04:00+00:00","twitter_card":"summary_large_image","twitter_misc":{"Est. reading time":"1 minute"},"schema":{"@context":"https:\/\/schema.org","@graph":[{"@type":"WebPage","@id":"https:\/\/admin.industriall-union.org\/es\/archive\/imf\/se-desconoce-identidad-y-paradero-de-mineros-accidentados-en-casapalca\/","url":"https:\/\/admin.industriall-union.org\/es\/archive\/imf\/se-desconoce-identidad-y-paradero-de-mineros-accidentados-en-casapalca\/","name":"Se Desconoce Identidad y Paradero de Mineros Accidentados en Casapalca - industriall-union","isPartOf":{"@id":"https:\/\/admin.industriall-union.org\/#website"},"datePublished":"2008-02-29T15:20:00+00:00","dateModified":"2025-01-31T11:04:00+00:00","breadcrumb":{"@id":"https:\/\/admin.industriall-union.org\/es\/archive\/imf\/se-desconoce-identidad-y-paradero-de-mineros-accidentados-en-casapalca\/#breadcrumb"},"inLanguage":"es-ES","potentialAction":[{"@type":"ReadAction","target":["https:\/\/admin.industriall-union.org\/es\/archive\/imf\/se-desconoce-identidad-y-paradero-de-mineros-accidentados-en-casapalca\/"]}]},{"@type":"BreadcrumbList","@id":"https:\/\/admin.industriall-union.org\/es\/archive\/imf\/se-desconoce-identidad-y-paradero-de-mineros-accidentados-en-casapalca\/#breadcrumb","itemListElement":[{"@type":"ListItem","position":1,"name":"Home","item":"https:\/\/admin.industriall-union.org\/"},{"@type":"ListItem","position":2,"name":"Archive Imf","item":"https:\/\/admin.industriall-union.org\/es\/archive\/imf\/"},{"@type":"ListItem","position":3,"name":"Se Desconoce Identidad y Paradero de Mineros Accidentados en Casapalca"}]},{"@type":"WebSite","@id":"https:\/\/admin.industriall-union.org\/#website","url":"https:\/\/admin.industriall-union.org\/","name":"industriall-union","description":"","potentialAction":[{"@type":"SearchAction","target":{"@type":"EntryPoint","urlTemplate":"https:\/\/admin.industriall-union.org\/?s={search_term_string}"},"query-input":{"@type":"PropertyValueSpecification","valueRequired":true,"valueName":"search_term_string"}}],"inLanguage":"es-ES"}]}},"_links":{"self":[{"href":"https:\/\/admin.industriall-union.org\/es\/wp-json\/wp\/v2\/archive_imf\/204928","targetHints":{"allow":["GET"]}}],"collection":[{"href":"https:\/\/admin.industriall-union.org\/es\/wp-json\/wp\/v2\/archive_imf"}],"about":[{"href":"https:\/\/admin.industriall-union.org\/es\/wp-json\/wp\/v2\/types\/archive_imf"}],"wp:attachment":[{"href":"https:\/\/admin.industriall-union.org\/es\/wp-json\/wp\/v2\/media?parent=204928"}],"curies":[{"name":"wp","href":"https:\/\/api.w.org\/{rel}","templated":true}]}}

<p>Perú. La Central Nacional de la Mujer Minera informó que dos trabajadores contratistas que laboraban en la Compañía Minera Casapalca sufrieron un accidente de trabajo, el miércoles 27 de febrero y se desconoce su actual estado de vida o de salud y el lugar donde fueron trasladados.</p><p>Según las fuentes de la Central, los trabajadores fueron dejados en la parte posterior de una hostal, ubicada en la carretera central, cerca de las instalaciones del asiento minero. Ambos vestían la ropa de trabajo, y estaban sin signos de vida, y se encontraban custodiados por personal de vigilancia y del servicio social de la Compañía Minera Casapalca.</p><p>Afirman que la empresa ha manifestado que dichos trabajadores no laboraban en la mina sino que procedían de la zona minera de Morococha. Además se ha negado a entregar información, como la identidad de los mineros y el lugar donde se encuentran.</p><p>La CNMM ha solicitado al gobierno peruano, específicamente al Ministerio de Energía y Minas, que investigue en profundidad esta tragedia, que se informe del estado de vida de los trabajadores, sus nombres, su paradero, las causas del accidente y la responsabilidad de la minera.</p><p>Casapalca es un yacimiento minero ubicado en la sierra de Lima, a más de 3,800 metros sobre el nivel del mar, en el que se produce plata, zinc, plomo y cobre.</p>

<!-- This site is optimized with the Yoast SEO Premium plugin v27.1 (Yoast SEO v27.1) - https://yoast.com/product/yoast-seo-premium-wordpress/ -->
<title>Se Desconoce Identidad y Paradero de Mineros Accidentados en Casapalca - industriall-union</title>
<meta name="robots" content="index, follow, max-snippet:-1, max-image-preview:large, max-video-preview:-1" />
<link rel="canonical" href="https://admin.industriall-union.org/es/archive/imf/se-desconoce-identidad-y-paradero-de-mineros-accidentados-en-casapalca/" />
<meta property="og:locale" content="es_ES" />
<meta property="og:type" content="article" />
<meta property="og:title" content="Se Desconoce Identidad y Paradero de Mineros Accidentados en Casapalca" />
<meta property="og:description" content="Perú. La Central Nacional de la Mujer Minera informó que dos trabajadores contratistas que laboraban en la Compañía Minera Casapalca sufrieron un accidente de trabajo, el miércoles 27 de febrero y se desconoce su actual estado de vida o de salud y el lugar donde fueron trasladados. Según las fuentes de la Central, los trabajadores [&hellip;]" />
<meta property="og:url" content="https://admin.industriall-union.org/es/archive/imf/se-desconoce-identidad-y-paradero-de-mineros-accidentados-en-casapalca/" />
<meta property="og:site_name" content="industriall-union" />
<meta property="article:modified_time" content="2025-01-31T11:04:00+00:00" />
<meta name="twitter:card" content="summary_large_image" />
<meta name="twitter:label1" content="Est. reading time" />
	<meta name="twitter:data1" content="1 minute" />
<script type="application/ld+json" class="yoast-schema-graph">{"@context":"https://schema.org","@graph":[{"@type":"WebPage","@id":"https://admin.industriall-union.org/es/archive/imf/se-desconoce-identidad-y-paradero-de-mineros-accidentados-en-casapalca/","url":"https://admin.industriall-union.org/es/archive/imf/se-desconoce-identidad-y-paradero-de-mineros-accidentados-en-casapalca/","name":"Se Desconoce Identidad y Paradero de Mineros Accidentados en Casapalca - industriall-union","isPartOf":{"@id":"https://admin.industriall-union.org/#website"},"datePublished":"2008-02-29T15:20:00+00:00","dateModified":"2025-01-31T11:04:00+00:00","breadcrumb":{"@id":"https://admin.industriall-union.org/es/archive/imf/se-desconoce-identidad-y-paradero-de-mineros-accidentados-en-casapalca/#breadcrumb"},"inLanguage":"es-ES","potentialAction":[{"@type":"ReadAction","target":["https://admin.industriall-union.org/es/archive/imf/se-desconoce-identidad-y-paradero-de-mineros-accidentados-en-casapalca/"]}]},{"@type":"BreadcrumbList","@id":"https://admin.industriall-union.org/es/archive/imf/se-desconoce-identidad-y-paradero-de-mineros-accidentados-en-casapalca/#breadcrumb","itemListElement":[{"@type":"ListItem","position":1,"name":"Home","item":"https://admin.industriall-union.org/"},{"@type":"ListItem","position":2,"name":"Archive Imf","item":"https://admin.industriall-union.org/es/archive/imf/"},{"@type":"ListItem","position":3,"name":"Se Desconoce Identidad y Paradero de Mineros Accidentados en Casapalca"}]},{"@type":"WebSite","@id":"https://admin.industriall-union.org/#website","url":"https://admin.industriall-union.org/","name":"industriall-union","description":"","potentialAction":[{"@type":"SearchAction","target":{"@type":"EntryPoint","urlTemplate":"https://admin.industriall-union.org/?s={search_term_string}"},"query-input":{"@type":"PropertyValueSpecification","valueRequired":true,"valueName":"search_term_string"}}],"inLanguage":"es-ES"}]}</script>
<!-- / Yoast SEO Premium plugin. -->

Perú. La Central Nacional de la Mujer Minera informó que dos trabajadores contratistas que laboraban en la Compañía Minera Casapalca sufrieron un accidente de trabajo, el miércoles 27 de febrero y se desconoce su actual estado de vida o de salud y el lugar donde fueron trasladados. Según las fuentes de la Central, los trabajadores [&hellip;]
