{"id":204733,"date":"2008-04-09T13:17:07","date_gmt":"2008-04-09T13:17:07","guid":{"rendered":"https:\/\/admin.industriall-union.org\/archive\/imf\/aumento-del-salario-minimo-en-pakistan\/"},"modified":"2025-01-31T11:03:25","modified_gmt":"2025-01-31T11:03:25","slug":"aumento-del-salario-minimo-en-pakistan","status":"publish","type":"archive_imf","link":"https:\/\/admin.industriall-union.org\/es\/archive\/imf\/aumento-del-salario-minimo-en-pakistan\/","title":{"rendered":"Aumento del salario m\u00ednimo en Pakist\u00e1n"},"content":{"rendered":"<p>PAKISTAN: Los trabajadores de Pakist\u00e1n han acogido con satisfacci\u00f3n el aumento del salario m\u00ednimo anunciado por el Primer Ministro Syed Youssuf Raza Gilani el 29 de marzo. El salario m\u00ednimo ha pasado de 4.000 Rs (63 $ EE.UU.) a 6.000 Rs (95 $ EE.UU.) mensuales.<\/p><p>Los trabajadores tambi\u00e9n se han sentido muy satisfechos con el establecimiento de la Comisi\u00f3n Nacional de Empleo, que tratar\u00e1 de incrementar las oportunidades de empleo de los j\u00f3venes y de la fuerza de trabajo, y con el rechazo de la Ordenanza de Relaciones de Trabajo antisindical de 2002, que impon\u00eda restricciones indebidas a los sindicatos.<\/p><p>La Federaci\u00f3n de Trabajadores de Pakist\u00e1n declar\u00f3 a la prensa que el rechazo de la ley que impon\u00eda restricciones a los sindicatos era necesaria, porque violaba los convenios de la Organizaci\u00f3n Internacional del Trabajo. El sindicato declar\u00f3 asimismo que si bien la subida del salario m\u00ednimo era insuficiente el aumento supondr\u00eda alg\u00fan alivio para los trabajadores.<\/p>","protected":false},"featured_media":0,"template":"","class_list":["post-204733","archive_imf","type-archive_imf","status-publish","hentry"],"acf":[],"yoast_head":"<!-- This site is optimized with the Yoast SEO Premium plugin v27.1 (Yoast SEO v27.1) - https:\/\/yoast.com\/product\/yoast-seo-premium-wordpress\/ -->\n<title>Aumento del salario m\u00ednimo en Pakist\u00e1n - industriall-union<\/title>\n<meta name=\"robots\" content=\"index, follow, max-snippet:-1, max-image-preview:large, max-video-preview:-1\" \/>\n<link rel=\"canonical\" href=\"https:\/\/admin.industriall-union.org\/es\/archive\/imf\/aumento-del-salario-minimo-en-pakistan\/\" \/>\n<meta property=\"og:locale\" content=\"es_ES\" \/>\n<meta property=\"og:type\" content=\"article\" \/>\n<meta property=\"og:title\" content=\"Aumento del salario m\u00ednimo en Pakist\u00e1n\" \/>\n<meta property=\"og:description\" content=\"PAKISTAN: Los trabajadores de Pakist\u00e1n han acogido con satisfacci\u00f3n el aumento del salario m\u00ednimo anunciado por el Primer Ministro Syed Youssuf Raza Gilani el 29 de marzo. El salario m\u00ednimo ha pasado de 4.000 Rs (63 $ EE.UU.) a 6.000 Rs (95 $ EE.UU.) mensuales. Los trabajadores tambi\u00e9n se han sentido muy satisfechos con el [&hellip;]\" \/>\n<meta property=\"og:url\" content=\"https:\/\/admin.industriall-union.org\/es\/archive\/imf\/aumento-del-salario-minimo-en-pakistan\/\" \/>\n<meta property=\"og:site_name\" content=\"industriall-union\" \/>\n<meta property=\"article:modified_time\" content=\"2025-01-31T11:03:25+00:00\" \/>\n<meta name=\"twitter:card\" content=\"summary_large_image\" \/>\n<meta name=\"twitter:label1\" content=\"Est. reading time\" \/>\n\t<meta name=\"twitter:data1\" content=\"1 minute\" \/>\n<script type=\"application\/ld+json\" class=\"yoast-schema-graph\">{\"@context\":\"https:\/\/schema.org\",\"@graph\":[{\"@type\":\"WebPage\",\"@id\":\"https:\/\/admin.industriall-union.org\/es\/archive\/imf\/aumento-del-salario-minimo-en-pakistan\/\",\"url\":\"https:\/\/admin.industriall-union.org\/es\/archive\/imf\/aumento-del-salario-minimo-en-pakistan\/\",\"name\":\"Aumento del salario m\u00ednimo en Pakist\u00e1n - industriall-union\",\"isPartOf\":{\"@id\":\"https:\/\/admin.industriall-union.org\/#website\"},\"datePublished\":\"2008-04-09T13:17:07+00:00\",\"dateModified\":\"2025-01-31T11:03:25+00:00\",\"breadcrumb\":{\"@id\":\"https:\/\/admin.industriall-union.org\/es\/archive\/imf\/aumento-del-salario-minimo-en-pakistan\/#breadcrumb\"},\"inLanguage\":\"es-ES\",\"potentialAction\":[{\"@type\":\"ReadAction\",\"target\":[\"https:\/\/admin.industriall-union.org\/es\/archive\/imf\/aumento-del-salario-minimo-en-pakistan\/\"]}]},{\"@type\":\"BreadcrumbList\",\"@id\":\"https:\/\/admin.industriall-union.org\/es\/archive\/imf\/aumento-del-salario-minimo-en-pakistan\/#breadcrumb\",\"itemListElement\":[{\"@type\":\"ListItem\",\"position\":1,\"name\":\"Home\",\"item\":\"https:\/\/admin.industriall-union.org\/\"},{\"@type\":\"ListItem\",\"position\":2,\"name\":\"Archive Imf\",\"item\":\"https:\/\/admin.industriall-union.org\/es\/archive\/imf\/\"},{\"@type\":\"ListItem\",\"position\":3,\"name\":\"Aumento del salario m\u00ednimo en Pakist\u00e1n\"}]},{\"@type\":\"WebSite\",\"@id\":\"https:\/\/admin.industriall-union.org\/#website\",\"url\":\"https:\/\/admin.industriall-union.org\/\",\"name\":\"industriall-union\",\"description\":\"\",\"potentialAction\":[{\"@type\":\"SearchAction\",\"target\":{\"@type\":\"EntryPoint\",\"urlTemplate\":\"https:\/\/admin.industriall-union.org\/?s={search_term_string}\"},\"query-input\":{\"@type\":\"PropertyValueSpecification\",\"valueRequired\":true,\"valueName\":\"search_term_string\"}}],\"inLanguage\":\"es-ES\"}]}<\/script>\n<!-- \/ Yoast SEO Premium plugin. -->","yoast_head_json":{"title":"Aumento del salario m\u00ednimo en Pakist\u00e1n - industriall-union","robots":{"index":"index","follow":"follow","max-snippet":"max-snippet:-1","max-image-preview":"max-image-preview:large","max-video-preview":"max-video-preview:-1"},"canonical":"https:\/\/admin.industriall-union.org\/es\/archive\/imf\/aumento-del-salario-minimo-en-pakistan\/","og_locale":"es_ES","og_type":"article","og_title":"Aumento del salario m\u00ednimo en Pakist\u00e1n","og_description":"PAKISTAN: Los trabajadores de Pakist\u00e1n han acogido con satisfacci\u00f3n el aumento del salario m\u00ednimo anunciado por el Primer Ministro Syed Youssuf Raza Gilani el 29 de marzo. El salario m\u00ednimo ha pasado de 4.000 Rs (63 $ EE.UU.) a 6.000 Rs (95 $ EE.UU.) mensuales. Los trabajadores tambi\u00e9n se han sentido muy satisfechos con el [&hellip;]","og_url":"https:\/\/admin.industriall-union.org\/es\/archive\/imf\/aumento-del-salario-minimo-en-pakistan\/","og_site_name":"industriall-union","article_modified_time":"2025-01-31T11:03:25+00:00","twitter_card":"summary_large_image","twitter_misc":{"Est. reading time":"1 minute"},"schema":{"@context":"https:\/\/schema.org","@graph":[{"@type":"WebPage","@id":"https:\/\/admin.industriall-union.org\/es\/archive\/imf\/aumento-del-salario-minimo-en-pakistan\/","url":"https:\/\/admin.industriall-union.org\/es\/archive\/imf\/aumento-del-salario-minimo-en-pakistan\/","name":"Aumento del salario m\u00ednimo en Pakist\u00e1n - industriall-union","isPartOf":{"@id":"https:\/\/admin.industriall-union.org\/#website"},"datePublished":"2008-04-09T13:17:07+00:00","dateModified":"2025-01-31T11:03:25+00:00","breadcrumb":{"@id":"https:\/\/admin.industriall-union.org\/es\/archive\/imf\/aumento-del-salario-minimo-en-pakistan\/#breadcrumb"},"inLanguage":"es-ES","potentialAction":[{"@type":"ReadAction","target":["https:\/\/admin.industriall-union.org\/es\/archive\/imf\/aumento-del-salario-minimo-en-pakistan\/"]}]},{"@type":"BreadcrumbList","@id":"https:\/\/admin.industriall-union.org\/es\/archive\/imf\/aumento-del-salario-minimo-en-pakistan\/#breadcrumb","itemListElement":[{"@type":"ListItem","position":1,"name":"Home","item":"https:\/\/admin.industriall-union.org\/"},{"@type":"ListItem","position":2,"name":"Archive Imf","item":"https:\/\/admin.industriall-union.org\/es\/archive\/imf\/"},{"@type":"ListItem","position":3,"name":"Aumento del salario m\u00ednimo en Pakist\u00e1n"}]},{"@type":"WebSite","@id":"https:\/\/admin.industriall-union.org\/#website","url":"https:\/\/admin.industriall-union.org\/","name":"industriall-union","description":"","potentialAction":[{"@type":"SearchAction","target":{"@type":"EntryPoint","urlTemplate":"https:\/\/admin.industriall-union.org\/?s={search_term_string}"},"query-input":{"@type":"PropertyValueSpecification","valueRequired":true,"valueName":"search_term_string"}}],"inLanguage":"es-ES"}]}},"_links":{"self":[{"href":"https:\/\/admin.industriall-union.org\/es\/wp-json\/wp\/v2\/archive_imf\/204733","targetHints":{"allow":["GET"]}}],"collection":[{"href":"https:\/\/admin.industriall-union.org\/es\/wp-json\/wp\/v2\/archive_imf"}],"about":[{"href":"https:\/\/admin.industriall-union.org\/es\/wp-json\/wp\/v2\/types\/archive_imf"}],"wp:attachment":[{"href":"https:\/\/admin.industriall-union.org\/es\/wp-json\/wp\/v2\/media?parent=204733"}],"curies":[{"name":"wp","href":"https:\/\/api.w.org\/{rel}","templated":true}]}}

Aumento del salario mínimo en Pakistán

<p>PAKISTAN: Los trabajadores de Pakistán han acogido con satisfacción el aumento del salario mínimo anunciado por el Primer Ministro Syed Youssuf Raza Gilani el 29 de marzo. El salario mínimo ha pasado de 4.000 Rs (63 $ EE.UU.) a 6.000 Rs (95 $ EE.UU.) mensuales.</p><p>Los trabajadores también se han sentido muy satisfechos con el establecimiento de la Comisión Nacional de Empleo, que tratará de incrementar las oportunidades de empleo de los jóvenes y de la fuerza de trabajo, y con el rechazo de la Ordenanza de Relaciones de Trabajo antisindical de 2002, que imponía restricciones indebidas a los sindicatos.</p><p>La Federación de Trabajadores de Pakistán declaró a la prensa que el rechazo de la ley que imponía restricciones a los sindicatos era necesaria, porque violaba los convenios de la Organización Internacional del Trabajo. El sindicato declaró asimismo que si bien la subida del salario mínimo era insuficiente el aumento supondría algún alivio para los trabajadores.</p>

<!-- This site is optimized with the Yoast SEO Premium plugin v27.1 (Yoast SEO v27.1) - https://yoast.com/product/yoast-seo-premium-wordpress/ -->
<title>Aumento del salario mínimo en Pakistán - industriall-union</title>
<meta name="robots" content="index, follow, max-snippet:-1, max-image-preview:large, max-video-preview:-1" />
<link rel="canonical" href="https://admin.industriall-union.org/es/archive/imf/aumento-del-salario-minimo-en-pakistan/" />
<meta property="og:locale" content="es_ES" />
<meta property="og:type" content="article" />
<meta property="og:title" content="Aumento del salario mínimo en Pakistán" />
<meta property="og:description" content="PAKISTAN: Los trabajadores de Pakistán han acogido con satisfacción el aumento del salario mínimo anunciado por el Primer Ministro Syed Youssuf Raza Gilani el 29 de marzo. El salario mínimo ha pasado de 4.000 Rs (63 $ EE.UU.) a 6.000 Rs (95 $ EE.UU.) mensuales. Los trabajadores también se han sentido muy satisfechos con el [&hellip;]" />
<meta property="og:url" content="https://admin.industriall-union.org/es/archive/imf/aumento-del-salario-minimo-en-pakistan/" />
<meta property="og:site_name" content="industriall-union" />
<meta property="article:modified_time" content="2025-01-31T11:03:25+00:00" />
<meta name="twitter:card" content="summary_large_image" />
<meta name="twitter:label1" content="Est. reading time" />
	<meta name="twitter:data1" content="1 minute" />
<script type="application/ld+json" class="yoast-schema-graph">{"@context":"https://schema.org","@graph":[{"@type":"WebPage","@id":"https://admin.industriall-union.org/es/archive/imf/aumento-del-salario-minimo-en-pakistan/","url":"https://admin.industriall-union.org/es/archive/imf/aumento-del-salario-minimo-en-pakistan/","name":"Aumento del salario mínimo en Pakistán - industriall-union","isPartOf":{"@id":"https://admin.industriall-union.org/#website"},"datePublished":"2008-04-09T13:17:07+00:00","dateModified":"2025-01-31T11:03:25+00:00","breadcrumb":{"@id":"https://admin.industriall-union.org/es/archive/imf/aumento-del-salario-minimo-en-pakistan/#breadcrumb"},"inLanguage":"es-ES","potentialAction":[{"@type":"ReadAction","target":["https://admin.industriall-union.org/es/archive/imf/aumento-del-salario-minimo-en-pakistan/"]}]},{"@type":"BreadcrumbList","@id":"https://admin.industriall-union.org/es/archive/imf/aumento-del-salario-minimo-en-pakistan/#breadcrumb","itemListElement":[{"@type":"ListItem","position":1,"name":"Home","item":"https://admin.industriall-union.org/"},{"@type":"ListItem","position":2,"name":"Archive Imf","item":"https://admin.industriall-union.org/es/archive/imf/"},{"@type":"ListItem","position":3,"name":"Aumento del salario mínimo en Pakistán"}]},{"@type":"WebSite","@id":"https://admin.industriall-union.org/#website","url":"https://admin.industriall-union.org/","name":"industriall-union","description":"","potentialAction":[{"@type":"SearchAction","target":{"@type":"EntryPoint","urlTemplate":"https://admin.industriall-union.org/?s={search_term_string}"},"query-input":{"@type":"PropertyValueSpecification","valueRequired":true,"valueName":"search_term_string"}}],"inLanguage":"es-ES"}]}</script>
<!-- / Yoast SEO Premium plugin. -->

Aumento del salario mínimo en Pakistán - industriall-union

PAKISTAN: Los trabajadores de Pakistán han acogido con satisfacción el aumento del salario mínimo anunciado por el Primer Ministro Syed Youssuf Raza Gilani el 29 de marzo. El salario mínimo ha pasado de 4.000 Rs (63 $ EE.UU.) a 6.000 Rs (95 $ EE.UU.) mensuales. Los trabajadores también se han sentido muy satisfechos con el [&hellip;]
