{"id":204698,"date":"2008-04-28T12:27:54","date_gmt":"2008-04-28T12:27:54","guid":{"rendered":"https:\/\/admin.industriall-union.org\/archive\/imf\/noche-de-cortometrajes-sobre-los-trabajadores\/"},"modified":"2025-01-31T11:03:16","modified_gmt":"2025-01-31T11:03:16","slug":"noche-de-cortometrajes-sobre-los-trabajadores-2","status":"publish","type":"archive_imf","link":"https:\/\/admin.industriall-union.org\/es\/archive\/imf\/noche-de-cortometrajes-sobre-los-trabajadores-2\/","title":{"rendered":"Noche de cortometrajes sobre los trabajadores"},"content":{"rendered":"<p>Este Primero de Mayo, el movimiento sindical internacional acoger\u00e1 una Noche de cortometrajes sobre los trabajadores, para presentar pel\u00edculas de sindicatos de diferentes sectores y diversas partes del mundo que abordan cuestiones importantes para la clase trabajadora.<\/p><p>&quot;Cada vez hay m\u00e1s sindicatos en todo el mundo que utilizan filmes y v\u00eddeos para explicar cuestiones, motivar a los sindicatos, persuadir a los responsables de las pol\u00edticas y educar al p\u00fablico&quot;, dijo Anna Biondi, Directora de la Oficina de Ginebra de la Confederaci\u00f3n Sindical Internacional y Secretaria del Grupo de los Trabajadores de la Organizaci\u00f3n Internacional del Trabajo, que declar\u00e1 inaugurado el acto el 1 de mayo de 2008.<\/p><p>El programa incluir\u00e1 cortometrajes de Australia, Ir\u00e1n, M\u00e9xico, Noruega, Suecia,Suiza, Taiw\u00e1n y el Reino Unido, as\u00ed como el documental <strong>Morristown: In the Air and Sun<\/strong> (Morristown: En el aire y el sol), de Anne Lewis. Filmada en las monta\u00f1as del este de Tennessee, en el interior M\u00e9xico y Ciudad Ju\u00e1rez, <strong>Morristown<\/strong> presenta una respuesta de la clase trabajadora a la globalizaci\u00f3n, la inmigraci\u00f3n, la lucha en las f\u00e1bricas y la demanda organizada por la justicia econ\u00f3mica y social.<\/p><p>La lucha por la igualdad salarial (Equal Pay Story: Scenes from a Turbulent History), la lucha por los derechos humanos fundamentales (Freedom Will Come &#8211; The Story of Mansour Osanloo), An Injury to One: The Mexican Miners&#8217; Struggle for Union Independence (Un agravio a uno: La lucha de los mineros mexicanos por la independencia del sindicato), y los esfuerzos de los sindicatos para lograr mejores condiciones (1 er novembre 2007: les chantiers de Zurich en gr\u00e8ve, Our Story Our Dream) son s\u00f3lo algunos de los temas de los cortometrajes.<\/p><p>&quot;Un tema com\u00fan en todas estas cintas es c\u00f3mo la clase trabajadora trata de conseguir y defender sus derechos, sueldos y condiciones, con la esperanza de mejorar sus vidas&quot;, explic\u00f3 la Sra.Biondi. &quot;Estas historias nos hablan a todos, en cualquier parte del mundo.&quot;<\/p><p><strong>QUE:<\/strong> Una noche de cortometrajes sobre los trabajadores<\/p><p><strong>DONDE:<\/strong> Le Th\u00e9\u00e2tre Gr\u00fctli , Rue du General-Dufour 16, Ginebra<\/p><p><strong>CUANDO:<\/strong> 1 de mayo, de 19h00 a 22h00<\/p><p><strong>RSVP:<\/strong> Aunque la entrada es libre, se ruega consultar hasta el 28 de abril para tener la seguridad de que se dispone de plaza: tel\u00e9fono +41 22 308 5050 o correo electr\u00f3nicol: <a href=\"mailto:info@imfmetal.org\">info@imfmetal.org<\/a><\/p><p><strong>Se puede consultar el programa completo y obtener m\u00e1s informaci\u00f3n en:<\/strong> <a href=\"..\/main\/index.cfm?n=47&amp;l=2&amp;ol=28&amp;c=17457\">http:\/\/www.imfmetal.org\/main\/index.cfm?n=47&amp;l=2&amp;ol=28&amp;c=17457<\/a><\/p>","protected":false},"featured_media":0,"template":"","class_list":["post-204698","archive_imf","type-archive_imf","status-publish","hentry"],"acf":[],"yoast_head":"<!-- This site is optimized with the Yoast SEO Premium plugin v27.1 (Yoast SEO v27.1) - https:\/\/yoast.com\/product\/yoast-seo-premium-wordpress\/ -->\n<title>Noche de cortometrajes sobre los trabajadores - industriall-union<\/title>\n<meta name=\"robots\" content=\"index, follow, max-snippet:-1, max-image-preview:large, max-video-preview:-1\" \/>\n<link rel=\"canonical\" href=\"https:\/\/admin.industriall-union.org\/es\/archive\/imf\/noche-de-cortometrajes-sobre-los-trabajadores-2\/\" \/>\n<meta property=\"og:locale\" content=\"es_ES\" \/>\n<meta property=\"og:type\" content=\"article\" \/>\n<meta property=\"og:title\" content=\"Noche de cortometrajes sobre los trabajadores\" \/>\n<meta property=\"og:description\" content=\"Este Primero de Mayo, el movimiento sindical internacional acoger\u00e1 una Noche de cortometrajes sobre los trabajadores, para presentar pel\u00edculas de sindicatos de diferentes sectores y diversas partes del mundo que abordan cuestiones importantes para la clase trabajadora. &quot;Cada vez hay m\u00e1s sindicatos en todo el mundo que utilizan filmes y v\u00eddeos para explicar cuestiones, motivar [&hellip;]\" \/>\n<meta property=\"og:url\" content=\"https:\/\/admin.industriall-union.org\/es\/archive\/imf\/noche-de-cortometrajes-sobre-los-trabajadores-2\/\" \/>\n<meta property=\"og:site_name\" content=\"industriall-union\" \/>\n<meta property=\"article:modified_time\" content=\"2025-01-31T11:03:16+00:00\" \/>\n<meta name=\"twitter:card\" content=\"summary_large_image\" \/>\n<meta name=\"twitter:label1\" content=\"Est. reading time\" \/>\n\t<meta name=\"twitter:data1\" content=\"2 minutes\" \/>\n<script type=\"application\/ld+json\" class=\"yoast-schema-graph\">{\"@context\":\"https:\/\/schema.org\",\"@graph\":[{\"@type\":\"WebPage\",\"@id\":\"https:\/\/admin.industriall-union.org\/es\/archive\/imf\/noche-de-cortometrajes-sobre-los-trabajadores-2\/\",\"url\":\"https:\/\/admin.industriall-union.org\/es\/archive\/imf\/noche-de-cortometrajes-sobre-los-trabajadores-2\/\",\"name\":\"Noche de cortometrajes sobre los trabajadores - industriall-union\",\"isPartOf\":{\"@id\":\"https:\/\/admin.industriall-union.org\/#website\"},\"datePublished\":\"2008-04-28T12:27:54+00:00\",\"dateModified\":\"2025-01-31T11:03:16+00:00\",\"breadcrumb\":{\"@id\":\"https:\/\/admin.industriall-union.org\/es\/archive\/imf\/noche-de-cortometrajes-sobre-los-trabajadores-2\/#breadcrumb\"},\"inLanguage\":\"es-ES\",\"potentialAction\":[{\"@type\":\"ReadAction\",\"target\":[\"https:\/\/admin.industriall-union.org\/es\/archive\/imf\/noche-de-cortometrajes-sobre-los-trabajadores-2\/\"]}]},{\"@type\":\"BreadcrumbList\",\"@id\":\"https:\/\/admin.industriall-union.org\/es\/archive\/imf\/noche-de-cortometrajes-sobre-los-trabajadores-2\/#breadcrumb\",\"itemListElement\":[{\"@type\":\"ListItem\",\"position\":1,\"name\":\"Home\",\"item\":\"https:\/\/admin.industriall-union.org\/\"},{\"@type\":\"ListItem\",\"position\":2,\"name\":\"Archive Imf\",\"item\":\"https:\/\/admin.industriall-union.org\/es\/archive\/imf\/\"},{\"@type\":\"ListItem\",\"position\":3,\"name\":\"Noche de cortometrajes sobre los trabajadores\"}]},{\"@type\":\"WebSite\",\"@id\":\"https:\/\/admin.industriall-union.org\/#website\",\"url\":\"https:\/\/admin.industriall-union.org\/\",\"name\":\"industriall-union\",\"description\":\"\",\"potentialAction\":[{\"@type\":\"SearchAction\",\"target\":{\"@type\":\"EntryPoint\",\"urlTemplate\":\"https:\/\/admin.industriall-union.org\/?s={search_term_string}\"},\"query-input\":{\"@type\":\"PropertyValueSpecification\",\"valueRequired\":true,\"valueName\":\"search_term_string\"}}],\"inLanguage\":\"es-ES\"}]}<\/script>\n<!-- \/ Yoast SEO Premium plugin. -->","yoast_head_json":{"title":"Noche de cortometrajes sobre los trabajadores - industriall-union","robots":{"index":"index","follow":"follow","max-snippet":"max-snippet:-1","max-image-preview":"max-image-preview:large","max-video-preview":"max-video-preview:-1"},"canonical":"https:\/\/admin.industriall-union.org\/es\/archive\/imf\/noche-de-cortometrajes-sobre-los-trabajadores-2\/","og_locale":"es_ES","og_type":"article","og_title":"Noche de cortometrajes sobre los trabajadores","og_description":"Este Primero de Mayo, el movimiento sindical internacional acoger\u00e1 una Noche de cortometrajes sobre los trabajadores, para presentar pel\u00edculas de sindicatos de diferentes sectores y diversas partes del mundo que abordan cuestiones importantes para la clase trabajadora. &quot;Cada vez hay m\u00e1s sindicatos en todo el mundo que utilizan filmes y v\u00eddeos para explicar cuestiones, motivar [&hellip;]","og_url":"https:\/\/admin.industriall-union.org\/es\/archive\/imf\/noche-de-cortometrajes-sobre-los-trabajadores-2\/","og_site_name":"industriall-union","article_modified_time":"2025-01-31T11:03:16+00:00","twitter_card":"summary_large_image","twitter_misc":{"Est. reading time":"2 minutes"},"schema":{"@context":"https:\/\/schema.org","@graph":[{"@type":"WebPage","@id":"https:\/\/admin.industriall-union.org\/es\/archive\/imf\/noche-de-cortometrajes-sobre-los-trabajadores-2\/","url":"https:\/\/admin.industriall-union.org\/es\/archive\/imf\/noche-de-cortometrajes-sobre-los-trabajadores-2\/","name":"Noche de cortometrajes sobre los trabajadores - industriall-union","isPartOf":{"@id":"https:\/\/admin.industriall-union.org\/#website"},"datePublished":"2008-04-28T12:27:54+00:00","dateModified":"2025-01-31T11:03:16+00:00","breadcrumb":{"@id":"https:\/\/admin.industriall-union.org\/es\/archive\/imf\/noche-de-cortometrajes-sobre-los-trabajadores-2\/#breadcrumb"},"inLanguage":"es-ES","potentialAction":[{"@type":"ReadAction","target":["https:\/\/admin.industriall-union.org\/es\/archive\/imf\/noche-de-cortometrajes-sobre-los-trabajadores-2\/"]}]},{"@type":"BreadcrumbList","@id":"https:\/\/admin.industriall-union.org\/es\/archive\/imf\/noche-de-cortometrajes-sobre-los-trabajadores-2\/#breadcrumb","itemListElement":[{"@type":"ListItem","position":1,"name":"Home","item":"https:\/\/admin.industriall-union.org\/"},{"@type":"ListItem","position":2,"name":"Archive Imf","item":"https:\/\/admin.industriall-union.org\/es\/archive\/imf\/"},{"@type":"ListItem","position":3,"name":"Noche de cortometrajes sobre los trabajadores"}]},{"@type":"WebSite","@id":"https:\/\/admin.industriall-union.org\/#website","url":"https:\/\/admin.industriall-union.org\/","name":"industriall-union","description":"","potentialAction":[{"@type":"SearchAction","target":{"@type":"EntryPoint","urlTemplate":"https:\/\/admin.industriall-union.org\/?s={search_term_string}"},"query-input":{"@type":"PropertyValueSpecification","valueRequired":true,"valueName":"search_term_string"}}],"inLanguage":"es-ES"}]}},"_links":{"self":[{"href":"https:\/\/admin.industriall-union.org\/es\/wp-json\/wp\/v2\/archive_imf\/204698","targetHints":{"allow":["GET"]}}],"collection":[{"href":"https:\/\/admin.industriall-union.org\/es\/wp-json\/wp\/v2\/archive_imf"}],"about":[{"href":"https:\/\/admin.industriall-union.org\/es\/wp-json\/wp\/v2\/types\/archive_imf"}],"wp:attachment":[{"href":"https:\/\/admin.industriall-union.org\/es\/wp-json\/wp\/v2\/media?parent=204698"}],"curies":[{"name":"wp","href":"https:\/\/api.w.org\/{rel}","templated":true}]}}

<p>Este Primero de Mayo, el movimiento sindical internacional acogerá una Noche de cortometrajes sobre los trabajadores, para presentar películas de sindicatos de diferentes sectores y diversas partes del mundo que abordan cuestiones importantes para la clase trabajadora.</p><p>&quot;Cada vez hay más sindicatos en todo el mundo que utilizan filmes y vídeos para explicar cuestiones, motivar a los sindicatos, persuadir a los responsables de las políticas y educar al público&quot;, dijo Anna Biondi, Directora de la Oficina de Ginebra de la Confederación Sindical Internacional y Secretaria del Grupo de los Trabajadores de la Organización Internacional del Trabajo, que declará inaugurado el acto el 1 de mayo de 2008.</p><p>El programa incluirá cortometrajes de Australia, Irán, México, Noruega, Suecia,Suiza, Taiwán y el Reino Unido, así como el documental <strong>Morristown: In the Air and Sun</strong> (Morristown: En el aire y el sol), de Anne Lewis. Filmada en las montañas del este de Tennessee, en el interior México y Ciudad Juárez, <strong>Morristown</strong> presenta una respuesta de la clase trabajadora a la globalización, la inmigración, la lucha en las fábricas y la demanda organizada por la justicia económica y social.</p><p>La lucha por la igualdad salarial (Equal Pay Story: Scenes from a Turbulent History), la lucha por los derechos humanos fundamentales (Freedom Will Come &#8211; The Story of Mansour Osanloo), An Injury to One: The Mexican Miners&#8217; Struggle for Union Independence (Un agravio a uno: La lucha de los mineros mexicanos por la independencia del sindicato), y los esfuerzos de los sindicatos para lograr mejores condiciones (1 er novembre 2007: les chantiers de Zurich en grève, Our Story Our Dream) son sólo algunos de los temas de los cortometrajes.</p><p>&quot;Un tema común en todas estas cintas es cómo la clase trabajadora trata de conseguir y defender sus derechos, sueldos y condiciones, con la esperanza de mejorar sus vidas&quot;, explicó la Sra.Biondi. &quot;Estas historias nos hablan a todos, en cualquier parte del mundo.&quot;</p><p><strong>QUE:</strong> Una noche de cortometrajes sobre los trabajadores</p><p><strong>DONDE:</strong> Le Théâtre Grütli , Rue du General-Dufour 16, Ginebra</p><p><strong>CUANDO:</strong> 1 de mayo, de 19h00 a 22h00</p><p><strong>RSVP:</strong> Aunque la entrada es libre, se ruega consultar hasta el 28 de abril para tener la seguridad de que se dispone de plaza: teléfono +41 22 308 5050 o correo electrónicol: <a href="mailto:info@imfmetal.org">info@imfmetal.org</a></p><p><strong>Se puede consultar el programa completo y obtener más información en:</strong> <a href="../main/index.cfm?n=47&amp;l=2&amp;ol=28&amp;c=17457">http://www.imfmetal.org/main/index.cfm?n=47&amp;l=2&amp;ol=28&amp;c=17457</a></p>

<!-- This site is optimized with the Yoast SEO Premium plugin v27.1 (Yoast SEO v27.1) - https://yoast.com/product/yoast-seo-premium-wordpress/ -->
<title>Noche de cortometrajes sobre los trabajadores - industriall-union</title>
<meta name="robots" content="index, follow, max-snippet:-1, max-image-preview:large, max-video-preview:-1" />
<link rel="canonical" href="https://admin.industriall-union.org/es/archive/imf/noche-de-cortometrajes-sobre-los-trabajadores-2/" />
<meta property="og:locale" content="es_ES" />
<meta property="og:type" content="article" />
<meta property="og:title" content="Noche de cortometrajes sobre los trabajadores" />
<meta property="og:description" content="Este Primero de Mayo, el movimiento sindical internacional acogerá una Noche de cortometrajes sobre los trabajadores, para presentar películas de sindicatos de diferentes sectores y diversas partes del mundo que abordan cuestiones importantes para la clase trabajadora. &quot;Cada vez hay más sindicatos en todo el mundo que utilizan filmes y vídeos para explicar cuestiones, motivar [&hellip;]" />
<meta property="og:url" content="https://admin.industriall-union.org/es/archive/imf/noche-de-cortometrajes-sobre-los-trabajadores-2/" />
<meta property="og:site_name" content="industriall-union" />
<meta property="article:modified_time" content="2025-01-31T11:03:16+00:00" />
<meta name="twitter:card" content="summary_large_image" />
<meta name="twitter:label1" content="Est. reading time" />
	<meta name="twitter:data1" content="2 minutes" />
<script type="application/ld+json" class="yoast-schema-graph">{"@context":"https://schema.org","@graph":[{"@type":"WebPage","@id":"https://admin.industriall-union.org/es/archive/imf/noche-de-cortometrajes-sobre-los-trabajadores-2/","url":"https://admin.industriall-union.org/es/archive/imf/noche-de-cortometrajes-sobre-los-trabajadores-2/","name":"Noche de cortometrajes sobre los trabajadores - industriall-union","isPartOf":{"@id":"https://admin.industriall-union.org/#website"},"datePublished":"2008-04-28T12:27:54+00:00","dateModified":"2025-01-31T11:03:16+00:00","breadcrumb":{"@id":"https://admin.industriall-union.org/es/archive/imf/noche-de-cortometrajes-sobre-los-trabajadores-2/#breadcrumb"},"inLanguage":"es-ES","potentialAction":[{"@type":"ReadAction","target":["https://admin.industriall-union.org/es/archive/imf/noche-de-cortometrajes-sobre-los-trabajadores-2/"]}]},{"@type":"BreadcrumbList","@id":"https://admin.industriall-union.org/es/archive/imf/noche-de-cortometrajes-sobre-los-trabajadores-2/#breadcrumb","itemListElement":[{"@type":"ListItem","position":1,"name":"Home","item":"https://admin.industriall-union.org/"},{"@type":"ListItem","position":2,"name":"Archive Imf","item":"https://admin.industriall-union.org/es/archive/imf/"},{"@type":"ListItem","position":3,"name":"Noche de cortometrajes sobre los trabajadores"}]},{"@type":"WebSite","@id":"https://admin.industriall-union.org/#website","url":"https://admin.industriall-union.org/","name":"industriall-union","description":"","potentialAction":[{"@type":"SearchAction","target":{"@type":"EntryPoint","urlTemplate":"https://admin.industriall-union.org/?s={search_term_string}"},"query-input":{"@type":"PropertyValueSpecification","valueRequired":true,"valueName":"search_term_string"}}],"inLanguage":"es-ES"}]}</script>
<!-- / Yoast SEO Premium plugin. -->

Este Primero de Mayo, el movimiento sindical internacional acogerá una Noche de cortometrajes sobre los trabajadores, para presentar películas de sindicatos de diferentes sectores y diversas partes del mundo que abordan cuestiones importantes para la clase trabajadora. &quot;Cada vez hay más sindicatos en todo el mundo que utilizan filmes y vídeos para explicar cuestiones, motivar [&hellip;]
