{"id":204695,"date":"2008-05-05T12:23:00","date_gmt":"2008-05-05T12:23:00","guid":{"rendered":"https:\/\/admin.industriall-union.org\/archive\/imf\/grupo-mexico-anuncia-cierre-de-cananea-por-huelga\/"},"modified":"2025-01-31T11:03:15","modified_gmt":"2025-01-31T11:03:15","slug":"grupo-mexico-anuncia-cierre-de-cananea-por-huelga","status":"publish","type":"archive_imf","link":"https:\/\/admin.industriall-union.org\/es\/archive\/imf\/grupo-mexico-anuncia-cierre-de-cananea-por-huelga\/","title":{"rendered":"Grupo M\u00e9xico Anuncia Cierre de Cananea Por Huelga"},"content":{"rendered":"<p>M\u00e9xico: La huelga en la mina Cananea, que se inici\u00f3 el 30 de julio de 2007, y que ha sido declarada y ratificada en su legalidad, es la causa por la que Grupo M\u00e9xico decidi\u00f3 cerrar el yacimiento.<\/p><p>Por medio de un comunicado Grupo M\u00e9xico anunci\u00f3, el cierre de la mina, ya que se\u00f1al\u00f3 que ha ra\u00edz de la huelga que lleva nueve meses &#8220;la minera ha decidido clausurar y liquidar al personal conforme a la ley&#8221;.<\/p><p>Frente a ello el sindicato minero consider\u00f3 la medida como una t\u00e1ctica de Grupo M\u00e9xico. El secretario de Asuntos Pol\u00edticos del sindicato minero, Carlos Pav\u00f3n, consider\u00f3 que el anuncio del cierre de la empresa Mexicana de Cananea y el ofrecimiento para liquidar a los trabajadores, &#8220;lo tomamos como una t\u00e1ctica de la empresa. Ya es conocido que la huelga es legal, no pueden hacer nada, s\u00f3lo intentan asustar a los trabajadores&#8221;, dijo en entrevista.<\/p><p>Explic\u00f3 que la empresa no puede cerrar de manera unilateral porque hay un contrato colectivo de trabajo, y primero se tiene que demandar ante la Junta de Conciliaci\u00f3n y Arbitraje para luego solicitar el cierre.<\/p><p>El vocero del gremio asegur\u00f3 que los trabajadores est\u00e1n tranquilos y conscientes de lo que ocurre. Consider\u00f3 que en Grupo M\u00e9xico &#8220;esperaban que la revisi\u00f3n del amparo que solicitaron fuera a salir a favor de ellos, pero no sali\u00f3 como ellos esperaban por eso dan patadas de ahogado&#8221;.<\/p><p>Cabe se\u00f1alar que alrededor de mil 300 trabajadores sindicalizados laboran en Mexicana de Cananea, considerada la planta productora como una de las m\u00e1s grandes del mundo.<\/p>","protected":false},"featured_media":0,"template":"","class_list":["post-204695","archive_imf","type-archive_imf","status-publish","hentry"],"acf":[],"yoast_head":"<!-- This site is optimized with the Yoast SEO Premium plugin v27.1 (Yoast SEO v27.1) - https:\/\/yoast.com\/product\/yoast-seo-premium-wordpress\/ -->\n<title>Grupo M\u00e9xico Anuncia Cierre de Cananea Por Huelga - industriall-union<\/title>\n<meta name=\"robots\" content=\"index, follow, max-snippet:-1, max-image-preview:large, max-video-preview:-1\" \/>\n<link rel=\"canonical\" href=\"https:\/\/admin.industriall-union.org\/es\/archive\/imf\/grupo-mexico-anuncia-cierre-de-cananea-por-huelga\/\" \/>\n<meta property=\"og:locale\" content=\"es_ES\" \/>\n<meta property=\"og:type\" content=\"article\" \/>\n<meta property=\"og:title\" content=\"Grupo M\u00e9xico Anuncia Cierre de Cananea Por Huelga\" \/>\n<meta property=\"og:description\" content=\"M\u00e9xico: La huelga en la mina Cananea, que se inici\u00f3 el 30 de julio de 2007, y que ha sido declarada y ratificada en su legalidad, es la causa por la que Grupo M\u00e9xico decidi\u00f3 cerrar el yacimiento. Por medio de un comunicado Grupo M\u00e9xico anunci\u00f3, el cierre de la mina, ya que se\u00f1al\u00f3 que [&hellip;]\" \/>\n<meta property=\"og:url\" content=\"https:\/\/admin.industriall-union.org\/es\/archive\/imf\/grupo-mexico-anuncia-cierre-de-cananea-por-huelga\/\" \/>\n<meta property=\"og:site_name\" content=\"industriall-union\" \/>\n<meta property=\"article:modified_time\" content=\"2025-01-31T11:03:15+00:00\" \/>\n<meta name=\"twitter:card\" content=\"summary_large_image\" \/>\n<meta name=\"twitter:label1\" content=\"Est. reading time\" \/>\n\t<meta name=\"twitter:data1\" content=\"1 minute\" \/>\n<script type=\"application\/ld+json\" class=\"yoast-schema-graph\">{\"@context\":\"https:\/\/schema.org\",\"@graph\":[{\"@type\":\"WebPage\",\"@id\":\"https:\/\/admin.industriall-union.org\/es\/archive\/imf\/grupo-mexico-anuncia-cierre-de-cananea-por-huelga\/\",\"url\":\"https:\/\/admin.industriall-union.org\/es\/archive\/imf\/grupo-mexico-anuncia-cierre-de-cananea-por-huelga\/\",\"name\":\"Grupo M\u00e9xico Anuncia Cierre de Cananea Por Huelga - industriall-union\",\"isPartOf\":{\"@id\":\"https:\/\/admin.industriall-union.org\/#website\"},\"datePublished\":\"2008-05-05T12:23:00+00:00\",\"dateModified\":\"2025-01-31T11:03:15+00:00\",\"breadcrumb\":{\"@id\":\"https:\/\/admin.industriall-union.org\/es\/archive\/imf\/grupo-mexico-anuncia-cierre-de-cananea-por-huelga\/#breadcrumb\"},\"inLanguage\":\"es-ES\",\"potentialAction\":[{\"@type\":\"ReadAction\",\"target\":[\"https:\/\/admin.industriall-union.org\/es\/archive\/imf\/grupo-mexico-anuncia-cierre-de-cananea-por-huelga\/\"]}]},{\"@type\":\"BreadcrumbList\",\"@id\":\"https:\/\/admin.industriall-union.org\/es\/archive\/imf\/grupo-mexico-anuncia-cierre-de-cananea-por-huelga\/#breadcrumb\",\"itemListElement\":[{\"@type\":\"ListItem\",\"position\":1,\"name\":\"Home\",\"item\":\"https:\/\/admin.industriall-union.org\/\"},{\"@type\":\"ListItem\",\"position\":2,\"name\":\"Archive Imf\",\"item\":\"https:\/\/admin.industriall-union.org\/es\/archive\/imf\/\"},{\"@type\":\"ListItem\",\"position\":3,\"name\":\"Grupo M\u00e9xico Anuncia Cierre de Cananea Por Huelga\"}]},{\"@type\":\"WebSite\",\"@id\":\"https:\/\/admin.industriall-union.org\/#website\",\"url\":\"https:\/\/admin.industriall-union.org\/\",\"name\":\"industriall-union\",\"description\":\"\",\"potentialAction\":[{\"@type\":\"SearchAction\",\"target\":{\"@type\":\"EntryPoint\",\"urlTemplate\":\"https:\/\/admin.industriall-union.org\/?s={search_term_string}\"},\"query-input\":{\"@type\":\"PropertyValueSpecification\",\"valueRequired\":true,\"valueName\":\"search_term_string\"}}],\"inLanguage\":\"es-ES\"}]}<\/script>\n<!-- \/ Yoast SEO Premium plugin. -->","yoast_head_json":{"title":"Grupo M\u00e9xico Anuncia Cierre de Cananea Por Huelga - industriall-union","robots":{"index":"index","follow":"follow","max-snippet":"max-snippet:-1","max-image-preview":"max-image-preview:large","max-video-preview":"max-video-preview:-1"},"canonical":"https:\/\/admin.industriall-union.org\/es\/archive\/imf\/grupo-mexico-anuncia-cierre-de-cananea-por-huelga\/","og_locale":"es_ES","og_type":"article","og_title":"Grupo M\u00e9xico Anuncia Cierre de Cananea Por Huelga","og_description":"M\u00e9xico: La huelga en la mina Cananea, que se inici\u00f3 el 30 de julio de 2007, y que ha sido declarada y ratificada en su legalidad, es la causa por la que Grupo M\u00e9xico decidi\u00f3 cerrar el yacimiento. Por medio de un comunicado Grupo M\u00e9xico anunci\u00f3, el cierre de la mina, ya que se\u00f1al\u00f3 que [&hellip;]","og_url":"https:\/\/admin.industriall-union.org\/es\/archive\/imf\/grupo-mexico-anuncia-cierre-de-cananea-por-huelga\/","og_site_name":"industriall-union","article_modified_time":"2025-01-31T11:03:15+00:00","twitter_card":"summary_large_image","twitter_misc":{"Est. reading time":"1 minute"},"schema":{"@context":"https:\/\/schema.org","@graph":[{"@type":"WebPage","@id":"https:\/\/admin.industriall-union.org\/es\/archive\/imf\/grupo-mexico-anuncia-cierre-de-cananea-por-huelga\/","url":"https:\/\/admin.industriall-union.org\/es\/archive\/imf\/grupo-mexico-anuncia-cierre-de-cananea-por-huelga\/","name":"Grupo M\u00e9xico Anuncia Cierre de Cananea Por Huelga - industriall-union","isPartOf":{"@id":"https:\/\/admin.industriall-union.org\/#website"},"datePublished":"2008-05-05T12:23:00+00:00","dateModified":"2025-01-31T11:03:15+00:00","breadcrumb":{"@id":"https:\/\/admin.industriall-union.org\/es\/archive\/imf\/grupo-mexico-anuncia-cierre-de-cananea-por-huelga\/#breadcrumb"},"inLanguage":"es-ES","potentialAction":[{"@type":"ReadAction","target":["https:\/\/admin.industriall-union.org\/es\/archive\/imf\/grupo-mexico-anuncia-cierre-de-cananea-por-huelga\/"]}]},{"@type":"BreadcrumbList","@id":"https:\/\/admin.industriall-union.org\/es\/archive\/imf\/grupo-mexico-anuncia-cierre-de-cananea-por-huelga\/#breadcrumb","itemListElement":[{"@type":"ListItem","position":1,"name":"Home","item":"https:\/\/admin.industriall-union.org\/"},{"@type":"ListItem","position":2,"name":"Archive Imf","item":"https:\/\/admin.industriall-union.org\/es\/archive\/imf\/"},{"@type":"ListItem","position":3,"name":"Grupo M\u00e9xico Anuncia Cierre de Cananea Por Huelga"}]},{"@type":"WebSite","@id":"https:\/\/admin.industriall-union.org\/#website","url":"https:\/\/admin.industriall-union.org\/","name":"industriall-union","description":"","potentialAction":[{"@type":"SearchAction","target":{"@type":"EntryPoint","urlTemplate":"https:\/\/admin.industriall-union.org\/?s={search_term_string}"},"query-input":{"@type":"PropertyValueSpecification","valueRequired":true,"valueName":"search_term_string"}}],"inLanguage":"es-ES"}]}},"_links":{"self":[{"href":"https:\/\/admin.industriall-union.org\/es\/wp-json\/wp\/v2\/archive_imf\/204695","targetHints":{"allow":["GET"]}}],"collection":[{"href":"https:\/\/admin.industriall-union.org\/es\/wp-json\/wp\/v2\/archive_imf"}],"about":[{"href":"https:\/\/admin.industriall-union.org\/es\/wp-json\/wp\/v2\/types\/archive_imf"}],"wp:attachment":[{"href":"https:\/\/admin.industriall-union.org\/es\/wp-json\/wp\/v2\/media?parent=204695"}],"curies":[{"name":"wp","href":"https:\/\/api.w.org\/{rel}","templated":true}]}}

Grupo México Anuncia Cierre de Cananea Por Huelga

<p>México: La huelga en la mina Cananea, que se inició el 30 de julio de 2007, y que ha sido declarada y ratificada en su legalidad, es la causa por la que Grupo México decidió cerrar el yacimiento.</p><p>Por medio de un comunicado Grupo México anunció, el cierre de la mina, ya que señaló que ha raíz de la huelga que lleva nueve meses &#8220;la minera ha decidido clausurar y liquidar al personal conforme a la ley&#8221;.</p><p>Frente a ello el sindicato minero consideró la medida como una táctica de Grupo México. El secretario de Asuntos Políticos del sindicato minero, Carlos Pavón, consideró que el anuncio del cierre de la empresa Mexicana de Cananea y el ofrecimiento para liquidar a los trabajadores, &#8220;lo tomamos como una táctica de la empresa. Ya es conocido que la huelga es legal, no pueden hacer nada, sólo intentan asustar a los trabajadores&#8221;, dijo en entrevista.</p><p>Explicó que la empresa no puede cerrar de manera unilateral porque hay un contrato colectivo de trabajo, y primero se tiene que demandar ante la Junta de Conciliación y Arbitraje para luego solicitar el cierre.</p><p>El vocero del gremio aseguró que los trabajadores están tranquilos y conscientes de lo que ocurre. Consideró que en Grupo México &#8220;esperaban que la revisión del amparo que solicitaron fuera a salir a favor de ellos, pero no salió como ellos esperaban por eso dan patadas de ahogado&#8221;.</p><p>Cabe señalar que alrededor de mil 300 trabajadores sindicalizados laboran en Mexicana de Cananea, considerada la planta productora como una de las más grandes del mundo.</p>

<!-- This site is optimized with the Yoast SEO Premium plugin v27.1 (Yoast SEO v27.1) - https://yoast.com/product/yoast-seo-premium-wordpress/ -->
<title>Grupo México Anuncia Cierre de Cananea Por Huelga - industriall-union</title>
<meta name="robots" content="index, follow, max-snippet:-1, max-image-preview:large, max-video-preview:-1" />
<link rel="canonical" href="https://admin.industriall-union.org/es/archive/imf/grupo-mexico-anuncia-cierre-de-cananea-por-huelga/" />
<meta property="og:locale" content="es_ES" />
<meta property="og:type" content="article" />
<meta property="og:title" content="Grupo México Anuncia Cierre de Cananea Por Huelga" />
<meta property="og:description" content="México: La huelga en la mina Cananea, que se inició el 30 de julio de 2007, y que ha sido declarada y ratificada en su legalidad, es la causa por la que Grupo México decidió cerrar el yacimiento. Por medio de un comunicado Grupo México anunció, el cierre de la mina, ya que señaló que [&hellip;]" />
<meta property="og:url" content="https://admin.industriall-union.org/es/archive/imf/grupo-mexico-anuncia-cierre-de-cananea-por-huelga/" />
<meta property="og:site_name" content="industriall-union" />
<meta property="article:modified_time" content="2025-01-31T11:03:15+00:00" />
<meta name="twitter:card" content="summary_large_image" />
<meta name="twitter:label1" content="Est. reading time" />
	<meta name="twitter:data1" content="1 minute" />
<script type="application/ld+json" class="yoast-schema-graph">{"@context":"https://schema.org","@graph":[{"@type":"WebPage","@id":"https://admin.industriall-union.org/es/archive/imf/grupo-mexico-anuncia-cierre-de-cananea-por-huelga/","url":"https://admin.industriall-union.org/es/archive/imf/grupo-mexico-anuncia-cierre-de-cananea-por-huelga/","name":"Grupo México Anuncia Cierre de Cananea Por Huelga - industriall-union","isPartOf":{"@id":"https://admin.industriall-union.org/#website"},"datePublished":"2008-05-05T12:23:00+00:00","dateModified":"2025-01-31T11:03:15+00:00","breadcrumb":{"@id":"https://admin.industriall-union.org/es/archive/imf/grupo-mexico-anuncia-cierre-de-cananea-por-huelga/#breadcrumb"},"inLanguage":"es-ES","potentialAction":[{"@type":"ReadAction","target":["https://admin.industriall-union.org/es/archive/imf/grupo-mexico-anuncia-cierre-de-cananea-por-huelga/"]}]},{"@type":"BreadcrumbList","@id":"https://admin.industriall-union.org/es/archive/imf/grupo-mexico-anuncia-cierre-de-cananea-por-huelga/#breadcrumb","itemListElement":[{"@type":"ListItem","position":1,"name":"Home","item":"https://admin.industriall-union.org/"},{"@type":"ListItem","position":2,"name":"Archive Imf","item":"https://admin.industriall-union.org/es/archive/imf/"},{"@type":"ListItem","position":3,"name":"Grupo México Anuncia Cierre de Cananea Por Huelga"}]},{"@type":"WebSite","@id":"https://admin.industriall-union.org/#website","url":"https://admin.industriall-union.org/","name":"industriall-union","description":"","potentialAction":[{"@type":"SearchAction","target":{"@type":"EntryPoint","urlTemplate":"https://admin.industriall-union.org/?s={search_term_string}"},"query-input":{"@type":"PropertyValueSpecification","valueRequired":true,"valueName":"search_term_string"}}],"inLanguage":"es-ES"}]}</script>
<!-- / Yoast SEO Premium plugin. -->

Grupo México Anuncia Cierre de Cananea Por Huelga - industriall-union

México: La huelga en la mina Cananea, que se inició el 30 de julio de 2007, y que ha sido declarada y ratificada en su legalidad, es la causa por la que Grupo México decidió cerrar el yacimiento. Por medio de un comunicado Grupo México anunció, el cierre de la mina, ya que señaló que [&hellip;]
