{"id":204673,"date":"2008-05-16T15:30:00","date_gmt":"2008-05-16T15:30:00","guid":{"rendered":"https:\/\/admin.industriall-union.org\/archive\/imf\/trabajadores-reintegrados-a-sus-puestos-en-planta-bosal-de-turquia\/"},"modified":"2025-01-31T10:59:17","modified_gmt":"2025-01-31T10:59:17","slug":"trabajadores-reintegrados-a-sus-puestos-en-planta-bosal-de-turquia","status":"publish","type":"archive_imf","link":"https:\/\/admin.industriall-union.org\/es\/archive\/imf\/trabajadores-reintegrados-a-sus-puestos-en-planta-bosal-de-turquia\/","title":{"rendered":"Trabajadores reintegrados a sus puestos en planta Bosal de Turqu\u00eda"},"content":{"rendered":"TURQU\u00cdA: El 9 de mayo, seis trabajadores fueron reintegrados a su empleo en una f\u00e1brica de partes de autom\u00f3viles de Turqu\u00eda, tras semanas de negociaciones de Birle\u015fik Metal-Is con la direcci\u00f3n local de la empresa y gracias a la solidaridad del extranjero. <br \/><br \/>Los seis trabajadores hab\u00edan sido despedidos el 2 de abril, durante una lucha por mantener la legitimidad de Birle\u015fik como sindicato que representa a los trabajadores en el establecimiento. Seg\u00fan la legislaci\u00f3n turca, los sindicatos tienen que solicitar autorizaci\u00f3n cada dos a\u00f1os para seguir representando al personal en un lugar de trabajo. Birle\u015fik, que est\u00e1 afiliado a la FITIM, era blanco de ataques de la direcci\u00f3n local de la empresa Bosal, que estaba presionando a los trabajadores para que se retiraran de su sindicato y se afiliaran a otro. <br \/><br \/>El 5 de abril, fecha crucial para la autorizaci\u00f3n, Birle\u015fik pudo demostrar que m\u00e1s del 51% de los trabajadores del establecimiento estaban afiliados a \u00e9l, confirmando as\u00ed su derecho de negociaci\u00f3n colectiva con la empresa por otros dos a\u00f1os. <br \/><br \/>A pesar de obtener el reconocimiento en el establecimiento, la direcci\u00f3n se negaba a reintegrar a sus puestos a los seis trabajadores despedidos. Como reacci\u00f3n a esa actitud, el 6 de mayo los trabajadores redujeron la marcha de la producci\u00f3n al 20% y siguieron luchando por la reintegraci\u00f3n de sus compa\u00f1eros. <br \/><br \/>El 9 de mayo, tras numerosas reuniones y cartas de apoyo de otros sindicatos y de la Federaci\u00f3n Europea de Metal\u00fargicos y la Federaci\u00f3n Internacional de Trabajadores de las Industrias Metal\u00fargicas, la empresa convino en reintegrar a los seis despedidos a su trabajo. <br \/><br \/>&quot;Este proceso tan duro, doloroso y lleno de antagonismo tuvo fuertes repercusiones sobre los trabajadores de Bosal. Fue para ellos una oportunidad de entender la importancia de la solidaridad y la unidad, primero entre ellos mismos y luego internacionalmente&#8221;, declar\u00f3 el sindicato, que tambi\u00e9n envi\u00f3 su mensaje de agradecimiento a quienes hab\u00edan manifestado apoyo solidario a los trabajadores. ","protected":false},"featured_media":0,"template":"","class_list":["post-204673","archive_imf","type-archive_imf","status-publish","hentry"],"acf":[],"yoast_head":"<!-- This site is optimized with the Yoast SEO Premium plugin v27.1 (Yoast SEO v27.1) - https:\/\/yoast.com\/product\/yoast-seo-premium-wordpress\/ -->\n<title>Trabajadores reintegrados a sus puestos en planta Bosal de Turqu\u00eda - industriall-union<\/title>\n<meta name=\"robots\" content=\"index, follow, max-snippet:-1, max-image-preview:large, max-video-preview:-1\" \/>\n<link rel=\"canonical\" href=\"https:\/\/admin.industriall-union.org\/es\/archive\/imf\/trabajadores-reintegrados-a-sus-puestos-en-planta-bosal-de-turquia\/\" \/>\n<meta property=\"og:locale\" content=\"es_ES\" \/>\n<meta property=\"og:type\" content=\"article\" \/>\n<meta property=\"og:title\" content=\"Trabajadores reintegrados a sus puestos en planta Bosal de Turqu\u00eda\" \/>\n<meta property=\"og:description\" content=\"TURQU\u00cdA: El 9 de mayo, seis trabajadores fueron reintegrados a su empleo en una f\u00e1brica de partes de autom\u00f3viles de Turqu\u00eda, tras semanas de negociaciones de Birle\u015fik Metal-Is con la direcci\u00f3n local de la empresa y gracias a la solidaridad del extranjero. Los seis trabajadores hab\u00edan sido despedidos el 2 de abril, durante una lucha [&hellip;]\" \/>\n<meta property=\"og:url\" content=\"https:\/\/admin.industriall-union.org\/es\/archive\/imf\/trabajadores-reintegrados-a-sus-puestos-en-planta-bosal-de-turquia\/\" \/>\n<meta property=\"og:site_name\" content=\"industriall-union\" \/>\n<meta property=\"article:modified_time\" content=\"2025-01-31T10:59:17+00:00\" \/>\n<meta name=\"twitter:card\" content=\"summary_large_image\" \/>\n<meta name=\"twitter:label1\" content=\"Est. reading time\" \/>\n\t<meta name=\"twitter:data1\" content=\"2 minutes\" \/>\n<script type=\"application\/ld+json\" class=\"yoast-schema-graph\">{\"@context\":\"https:\/\/schema.org\",\"@graph\":[{\"@type\":\"WebPage\",\"@id\":\"https:\/\/admin.industriall-union.org\/es\/archive\/imf\/trabajadores-reintegrados-a-sus-puestos-en-planta-bosal-de-turquia\/\",\"url\":\"https:\/\/admin.industriall-union.org\/es\/archive\/imf\/trabajadores-reintegrados-a-sus-puestos-en-planta-bosal-de-turquia\/\",\"name\":\"Trabajadores reintegrados a sus puestos en planta Bosal de Turqu\u00eda - industriall-union\",\"isPartOf\":{\"@id\":\"https:\/\/admin.industriall-union.org\/#website\"},\"datePublished\":\"2008-05-16T15:30:00+00:00\",\"dateModified\":\"2025-01-31T10:59:17+00:00\",\"breadcrumb\":{\"@id\":\"https:\/\/admin.industriall-union.org\/es\/archive\/imf\/trabajadores-reintegrados-a-sus-puestos-en-planta-bosal-de-turquia\/#breadcrumb\"},\"inLanguage\":\"es-ES\",\"potentialAction\":[{\"@type\":\"ReadAction\",\"target\":[\"https:\/\/admin.industriall-union.org\/es\/archive\/imf\/trabajadores-reintegrados-a-sus-puestos-en-planta-bosal-de-turquia\/\"]}]},{\"@type\":\"BreadcrumbList\",\"@id\":\"https:\/\/admin.industriall-union.org\/es\/archive\/imf\/trabajadores-reintegrados-a-sus-puestos-en-planta-bosal-de-turquia\/#breadcrumb\",\"itemListElement\":[{\"@type\":\"ListItem\",\"position\":1,\"name\":\"Home\",\"item\":\"https:\/\/admin.industriall-union.org\/\"},{\"@type\":\"ListItem\",\"position\":2,\"name\":\"Archive Imf\",\"item\":\"https:\/\/admin.industriall-union.org\/es\/archive\/imf\/\"},{\"@type\":\"ListItem\",\"position\":3,\"name\":\"Trabajadores reintegrados a sus puestos en planta Bosal de Turqu\u00eda\"}]},{\"@type\":\"WebSite\",\"@id\":\"https:\/\/admin.industriall-union.org\/#website\",\"url\":\"https:\/\/admin.industriall-union.org\/\",\"name\":\"industriall-union\",\"description\":\"\",\"potentialAction\":[{\"@type\":\"SearchAction\",\"target\":{\"@type\":\"EntryPoint\",\"urlTemplate\":\"https:\/\/admin.industriall-union.org\/?s={search_term_string}\"},\"query-input\":{\"@type\":\"PropertyValueSpecification\",\"valueRequired\":true,\"valueName\":\"search_term_string\"}}],\"inLanguage\":\"es-ES\"}]}<\/script>\n<!-- \/ Yoast SEO Premium plugin. -->","yoast_head_json":{"title":"Trabajadores reintegrados a sus puestos en planta Bosal de Turqu\u00eda - industriall-union","robots":{"index":"index","follow":"follow","max-snippet":"max-snippet:-1","max-image-preview":"max-image-preview:large","max-video-preview":"max-video-preview:-1"},"canonical":"https:\/\/admin.industriall-union.org\/es\/archive\/imf\/trabajadores-reintegrados-a-sus-puestos-en-planta-bosal-de-turquia\/","og_locale":"es_ES","og_type":"article","og_title":"Trabajadores reintegrados a sus puestos en planta Bosal de Turqu\u00eda","og_description":"TURQU\u00cdA: El 9 de mayo, seis trabajadores fueron reintegrados a su empleo en una f\u00e1brica de partes de autom\u00f3viles de Turqu\u00eda, tras semanas de negociaciones de Birle\u015fik Metal-Is con la direcci\u00f3n local de la empresa y gracias a la solidaridad del extranjero. Los seis trabajadores hab\u00edan sido despedidos el 2 de abril, durante una lucha [&hellip;]","og_url":"https:\/\/admin.industriall-union.org\/es\/archive\/imf\/trabajadores-reintegrados-a-sus-puestos-en-planta-bosal-de-turquia\/","og_site_name":"industriall-union","article_modified_time":"2025-01-31T10:59:17+00:00","twitter_card":"summary_large_image","twitter_misc":{"Est. reading time":"2 minutes"},"schema":{"@context":"https:\/\/schema.org","@graph":[{"@type":"WebPage","@id":"https:\/\/admin.industriall-union.org\/es\/archive\/imf\/trabajadores-reintegrados-a-sus-puestos-en-planta-bosal-de-turquia\/","url":"https:\/\/admin.industriall-union.org\/es\/archive\/imf\/trabajadores-reintegrados-a-sus-puestos-en-planta-bosal-de-turquia\/","name":"Trabajadores reintegrados a sus puestos en planta Bosal de Turqu\u00eda - industriall-union","isPartOf":{"@id":"https:\/\/admin.industriall-union.org\/#website"},"datePublished":"2008-05-16T15:30:00+00:00","dateModified":"2025-01-31T10:59:17+00:00","breadcrumb":{"@id":"https:\/\/admin.industriall-union.org\/es\/archive\/imf\/trabajadores-reintegrados-a-sus-puestos-en-planta-bosal-de-turquia\/#breadcrumb"},"inLanguage":"es-ES","potentialAction":[{"@type":"ReadAction","target":["https:\/\/admin.industriall-union.org\/es\/archive\/imf\/trabajadores-reintegrados-a-sus-puestos-en-planta-bosal-de-turquia\/"]}]},{"@type":"BreadcrumbList","@id":"https:\/\/admin.industriall-union.org\/es\/archive\/imf\/trabajadores-reintegrados-a-sus-puestos-en-planta-bosal-de-turquia\/#breadcrumb","itemListElement":[{"@type":"ListItem","position":1,"name":"Home","item":"https:\/\/admin.industriall-union.org\/"},{"@type":"ListItem","position":2,"name":"Archive Imf","item":"https:\/\/admin.industriall-union.org\/es\/archive\/imf\/"},{"@type":"ListItem","position":3,"name":"Trabajadores reintegrados a sus puestos en planta Bosal de Turqu\u00eda"}]},{"@type":"WebSite","@id":"https:\/\/admin.industriall-union.org\/#website","url":"https:\/\/admin.industriall-union.org\/","name":"industriall-union","description":"","potentialAction":[{"@type":"SearchAction","target":{"@type":"EntryPoint","urlTemplate":"https:\/\/admin.industriall-union.org\/?s={search_term_string}"},"query-input":{"@type":"PropertyValueSpecification","valueRequired":true,"valueName":"search_term_string"}}],"inLanguage":"es-ES"}]}},"_links":{"self":[{"href":"https:\/\/admin.industriall-union.org\/es\/wp-json\/wp\/v2\/archive_imf\/204673","targetHints":{"allow":["GET"]}}],"collection":[{"href":"https:\/\/admin.industriall-union.org\/es\/wp-json\/wp\/v2\/archive_imf"}],"about":[{"href":"https:\/\/admin.industriall-union.org\/es\/wp-json\/wp\/v2\/types\/archive_imf"}],"wp:attachment":[{"href":"https:\/\/admin.industriall-union.org\/es\/wp-json\/wp\/v2\/media?parent=204673"}],"curies":[{"name":"wp","href":"https:\/\/api.w.org\/{rel}","templated":true}]}}

Trabajadores reintegrados a sus puestos en planta Bosal de Turquía

TURQUÍA: El 9 de mayo, seis trabajadores fueron reintegrados a su empleo en una fábrica de partes de automóviles de Turquía, tras semanas de negociaciones de Birleşik Metal-Is con la dirección local de la empresa y gracias a la solidaridad del extranjero. <br /><br />Los seis trabajadores habían sido despedidos el 2 de abril, durante una lucha por mantener la legitimidad de Birleşik como sindicato que representa a los trabajadores en el establecimiento. Según la legislación turca, los sindicatos tienen que solicitar autorización cada dos años para seguir representando al personal en un lugar de trabajo. Birleşik, que está afiliado a la FITIM, era blanco de ataques de la dirección local de la empresa Bosal, que estaba presionando a los trabajadores para que se retiraran de su sindicato y se afiliaran a otro. <br /><br />El 5 de abril, fecha crucial para la autorización, Birleşik pudo demostrar que más del 51% de los trabajadores del establecimiento estaban afiliados a él, confirmando así su derecho de negociación colectiva con la empresa por otros dos años. <br /><br />A pesar de obtener el reconocimiento en el establecimiento, la dirección se negaba a reintegrar a sus puestos a los seis trabajadores despedidos. Como reacción a esa actitud, el 6 de mayo los trabajadores redujeron la marcha de la producción al 20% y siguieron luchando por la reintegración de sus compañeros. <br /><br />El 9 de mayo, tras numerosas reuniones y cartas de apoyo de otros sindicatos y de la Federación Europea de Metalúrgicos y la Federación Internacional de Trabajadores de las Industrias Metalúrgicas, la empresa convino en reintegrar a los seis despedidos a su trabajo. <br /><br />&quot;Este proceso tan duro, doloroso y lleno de antagonismo tuvo fuertes repercusiones sobre los trabajadores de Bosal. Fue para ellos una oportunidad de entender la importancia de la solidaridad y la unidad, primero entre ellos mismos y luego internacionalmente&#8221;, declaró el sindicato, que también envió su mensaje de agradecimiento a quienes habían manifestado apoyo solidario a los trabajadores.

<!-- This site is optimized with the Yoast SEO Premium plugin v27.1 (Yoast SEO v27.1) - https://yoast.com/product/yoast-seo-premium-wordpress/ -->
<title>Trabajadores reintegrados a sus puestos en planta Bosal de Turquía - industriall-union</title>
<meta name="robots" content="index, follow, max-snippet:-1, max-image-preview:large, max-video-preview:-1" />
<link rel="canonical" href="https://admin.industriall-union.org/es/archive/imf/trabajadores-reintegrados-a-sus-puestos-en-planta-bosal-de-turquia/" />
<meta property="og:locale" content="es_ES" />
<meta property="og:type" content="article" />
<meta property="og:title" content="Trabajadores reintegrados a sus puestos en planta Bosal de Turquía" />
<meta property="og:description" content="TURQUÍA: El 9 de mayo, seis trabajadores fueron reintegrados a su empleo en una fábrica de partes de automóviles de Turquía, tras semanas de negociaciones de Birleşik Metal-Is con la dirección local de la empresa y gracias a la solidaridad del extranjero. Los seis trabajadores habían sido despedidos el 2 de abril, durante una lucha [&hellip;]" />
<meta property="og:url" content="https://admin.industriall-union.org/es/archive/imf/trabajadores-reintegrados-a-sus-puestos-en-planta-bosal-de-turquia/" />
<meta property="og:site_name" content="industriall-union" />
<meta property="article:modified_time" content="2025-01-31T10:59:17+00:00" />
<meta name="twitter:card" content="summary_large_image" />
<meta name="twitter:label1" content="Est. reading time" />
	<meta name="twitter:data1" content="2 minutes" />
<script type="application/ld+json" class="yoast-schema-graph">{"@context":"https://schema.org","@graph":[{"@type":"WebPage","@id":"https://admin.industriall-union.org/es/archive/imf/trabajadores-reintegrados-a-sus-puestos-en-planta-bosal-de-turquia/","url":"https://admin.industriall-union.org/es/archive/imf/trabajadores-reintegrados-a-sus-puestos-en-planta-bosal-de-turquia/","name":"Trabajadores reintegrados a sus puestos en planta Bosal de Turquía - industriall-union","isPartOf":{"@id":"https://admin.industriall-union.org/#website"},"datePublished":"2008-05-16T15:30:00+00:00","dateModified":"2025-01-31T10:59:17+00:00","breadcrumb":{"@id":"https://admin.industriall-union.org/es/archive/imf/trabajadores-reintegrados-a-sus-puestos-en-planta-bosal-de-turquia/#breadcrumb"},"inLanguage":"es-ES","potentialAction":[{"@type":"ReadAction","target":["https://admin.industriall-union.org/es/archive/imf/trabajadores-reintegrados-a-sus-puestos-en-planta-bosal-de-turquia/"]}]},{"@type":"BreadcrumbList","@id":"https://admin.industriall-union.org/es/archive/imf/trabajadores-reintegrados-a-sus-puestos-en-planta-bosal-de-turquia/#breadcrumb","itemListElement":[{"@type":"ListItem","position":1,"name":"Home","item":"https://admin.industriall-union.org/"},{"@type":"ListItem","position":2,"name":"Archive Imf","item":"https://admin.industriall-union.org/es/archive/imf/"},{"@type":"ListItem","position":3,"name":"Trabajadores reintegrados a sus puestos en planta Bosal de Turquía"}]},{"@type":"WebSite","@id":"https://admin.industriall-union.org/#website","url":"https://admin.industriall-union.org/","name":"industriall-union","description":"","potentialAction":[{"@type":"SearchAction","target":{"@type":"EntryPoint","urlTemplate":"https://admin.industriall-union.org/?s={search_term_string}"},"query-input":{"@type":"PropertyValueSpecification","valueRequired":true,"valueName":"search_term_string"}}],"inLanguage":"es-ES"}]}</script>
<!-- / Yoast SEO Premium plugin. -->

Trabajadores reintegrados a sus puestos en planta Bosal de Turquía - industriall-union

TURQUÍA: El 9 de mayo, seis trabajadores fueron reintegrados a su empleo en una fábrica de partes de automóviles de Turquía, tras semanas de negociaciones de Birleşik Metal-Is con la dirección local de la empresa y gracias a la solidaridad del extranjero. Los seis trabajadores habían sido despedidos el 2 de abril, durante una lucha [&hellip;]
