{"id":204649,"date":"2008-05-30T08:58:00","date_gmt":"2008-05-30T08:58:00","guid":{"rendered":"https:\/\/admin.industriall-union.org\/archive\/imf\/continua-la-solidaridad-internacional-con-los-mineros-mexicanos\/"},"modified":"2025-01-31T10:59:09","modified_gmt":"2025-01-31T10:59:09","slug":"continua-la-solidaridad-internacional-con-los-mineros-mexicanos","status":"publish","type":"archive_imf","link":"https:\/\/admin.industriall-union.org\/es\/archive\/imf\/continua-la-solidaridad-internacional-con-los-mineros-mexicanos\/","title":{"rendered":"Continua la solidaridad internacional con los mineros mexicanos"},"content":{"rendered":"<p>MUNDO: En los dos \u00faltimos meses, afiliados a la FITIM en Europa y en las Am\u00e9ricas han llevado a cabo una serie de acciones en apoyo de la lucha del Sindicato de Mineros de M\u00e9xico por la independencia sindical.<\/p><p>En M\u00e9xico, la mayor empresa minera del pa\u00eds, el Grupo M\u00e9xico, y el Gobierno nacional &#8211;primero bajo la presidencia del presidente Fox y ahora bajo la de Felipe Calder\u00f3n &#8212; han violado sistem\u00e1ticamente y repetidas veces la legislaci\u00f3n mexicana y las normas internacionales, con el fin de destruir al Sindicato Nacional de Trabajadores Mineros, Metal\u00fargicos y Similares de la Rep\u00fablica Mexicana (SNTMMSRM).<\/p><p>La FITIM y sus afiliados piden el Gobierno mexicano que:<\/p><ul><li>libere todos los fondos sindicales confiscados ilegalmente por el Gobierno;<\/li><li>retire todos los cargos a\u00fan pendientes contra Napole\u00f3n G\u00f3mez Urrutia y otros miembros del SNTMMSRM;<\/li><li>enjuicie, de forma inmediata y transparente, a todos los responsables de adulteraci\u00f3n de documentos y de hechos, e<\/li><li>investigue la implicaci\u00f3n del Grupo M\u00e9xico en el asesinato de Reynaldo Hern\u00e1ndez Gonz\u00e1lez y en la detenci\u00f3n y tortura de 20 miembros del SNTMMSRM en Nacozari, Sonora.<\/li><\/ul><p>Como parte de sus constantes esfuerzos de solidaridad en apoyo del sindicato, el 23 de abril de 2008 la FITIM public\u00f3 &quot;Un agravio a uno: La lucha de los mineros mexicanos por la independencia del sindicato&quot;, un libro blanco y un DVD de 18 minutos, en los que se documenta el abuso de los derechos humanos y sindicales en M\u00e9xico. Tras la publicaci\u00f3n de ese material, sindicatos de todo elmundo realizaron una serie de acciones para seguir mostrando su apoyo al Sindicato de Mineros de M\u00e9xico.<\/p><p><strong>Argentina:<\/strong><\/p><p>In Argentina, afiliados a la FITIM escribieron al Cogreso nacional denunciando la situaci\u00f3n en M\u00e9xico. Con el apoyo de varios miembros del Congreso, el asunto figura ahora en el programa del Congreso, para considerarlo.<\/p><p><strong>Brasil:<\/strong><\/p><p>En Brasil, la CNM-CUT dio a conocer el libro blanco y el DVD de la FITIM en su sitio web y en varias publicaciones. Adem\u00e1s, el sindicato envi\u00f3 copias del libro blanco y cartas a los miembros del parlamento, pidi\u00e9ndoles que abordaran la cuesti\u00f3n con el embajador mexicano. El sindicato envi\u00f3 tambi\u00e9n comunicados de prensa a la prensa local sobre esas acciones.<\/p><p><strong>FEM:<\/strong><\/p><p>En Europa, la Federaci\u00f3n Europea de Metal\u00fargicos inst\u00f3 a la MPE Erika Mann a plantear la cuesti\u00f3n en la cumbre de Lima. En el sitio web de la FITIM figura la carta de la FEM.<\/p><p><strong>FITIM:<\/strong><\/p><p>El 23 de abril de 2008, la FITIM lanz\u00f3 internacionalmente el libro blanco &quot;Un agravio a uno: La lucha de los mineros mexicanos por la independencia del sindicato&quot; y un DVD de 18 minutos en que se documenta el abuso de los derechos humanos y sindicales en M\u00e9xico, en conjunci\u00f3n con el Sindicato de Mineros Mexicano. La FITIM proyect\u00f3 el DVD en la Noche de Pel\u00edculas sobre los Trabajadores, en Ginebra, el 1 de mayo, y ha publicado el material en el sitio web de la FITIM, distribuyendo copias a los afiliados de la Federaci\u00f3n. Adem\u00e1s, la FITIM envi\u00f3 cartas a Comisarios de la UE y a un miembro del Parlamento de la UE, inst\u00e1ndole a plantear la cuesti\u00f3n en la Cumbre LAC\/UE en Per\u00fa. Las cartas figuran en el sitio web de la FITIM.<\/p><p><strong>Alemania:<\/strong><\/p><p>En Alemania, IG Metall escribi\u00f3 el ministro de Relaciones Exteriores y a miembros del Ministerio, pidi\u00e9ndoles que el Gobierno considerara la situaci\u00f3n en M\u00e9xico y suscitara el asunto ante el Gobierno mexicano.<\/p><p><strong>M\u00e9xico:<\/strong><\/p><p>El Sindicato de Trabajadores de M\u00e9xico celebr\u00f3 una conferencia de prensa el 23 de abril, solicitando el fin de la represi\u00f3n contra el Sindicato de Mineros, en honor de los dos trabajadores en huelga matados a tiros por las fuerzas de seguridad, cuyo aniversario se cumpl\u00eda, en L\u00e1zaro C\u00e1rdenas (M\u00e9xico).<\/p><p><strong>Espa\u00f1a:<\/strong><\/p><p>En Espa\u00f1a, la Federaci\u00f3n Minerometal\u00fargica de Comisiones Obreras (FMCO) organiz\u00f3 una petici\u00f3n, reuniendo firmas de los trabajadores para exigir la recuperaci\u00f3n de los cuerpos de los mineros sepultados en Pasta de Conches.<\/p><p><strong>Per\u00fa:<\/strong><\/p><p>En Per\u00fa, en la Cumbre de los Pueblos, del 13 al 16 de mayo, celebrada coincidiendo con la V Reuni\u00f3n en la Cumbre de la Uni\u00f3n Europea ( UE) y de Jefes de Estado y de Gobierno de la ALC, la Central Nacional de la Mujer Minera del Per\u00fa (CNMM) y el Sindicato Nacional de Trabajadores Mineros, Metal\u00fargicos y Similares de la Rep\u00fablica Mexicana (SNTMMSRM) hicieron p\u00fablica la represion y la persecuci\u00f3n de los mineros mexicanos. Se proyect\u00f3 el documental &quot;Un agravio a uno&quot;, y se distribuyeron copias del libro blanco de la FITIM. Para m\u00e1s informaci\u00f3n, <a href=\"..\/main\/index.cfm?n=47&amp;l=2&amp;ol=28&amp;c=17689\">h\u00e1gase clic aqu\u00ed<\/a>.<\/p><p><strong>Reino Unido:<\/strong><\/p><p>En el Reino Unido se present\u00f3 en el Parlamento una moci\u00f3n especial (Early Day Motion) en apoyo de Napole\u00f3n G\u00f3mez y del Sindicato de Mineros de M\u00e9xico, con el apoyo de 38 miembros del Parlamento. Adem\u00e1s, la Comunidad escribi\u00f3 al ministro de Relaciones Exteriores, David Miliband, con copia del primer ministro, Minster Gordon Brown, pidiendo que el Gobierno del Reino Unido exponga sus preocupaciones sobre la situaci\u00f3n en M\u00e9xico al Gobierno mexicano. En el sitio web de la FITIM figura el texto de la moci\u00f3n.<\/p><p><strong>Estados Unidos y Canad\u00e1:<\/strong><\/p><p>En Estados Unidos, el United Steelworkers celebr\u00f3 reuniones con el Caucus Hispano del Congreso, se reuni\u00f3 con los embajadores mexicanos y envi\u00f3 delegaciones a M\u00e9xico para la conferencia de prensa del 23 de abril. Una delegaci\u00f3n del USW asisti\u00f3 tambi\u00e9n al congreso del sindicato de Mineros de M\u00e9xico, y se envi\u00f3 a 12 mujeres del UWW, miembros sider\u00fargicos, en misi\u00f3n a Cananea, en apoyo de los trabajadores en huelga.<\/p><p>El 13 de mayo, el USW also anunci\u00f3 adem\u00e1s la creaci\u00f3n de un sitio web para difundir informaci\u00f3n sobre las pr\u00e1cticas empresariales de Grupo M\u00e9xico. La p\u00e1gina web, que puede encontrarse en http:\/\/www.therecordspeaksforitself.com\/, contiene enlaces con cierto n\u00famero de recursos que instruir\u00e1n al p\u00fablico sobre la conducta de Grupo M\u00e9xico respecto a sus trabajadores, tanto en el pa\u00eds como en el extranjero, as\u00ed como el entorno y la forma en que la compa\u00f1\u00eda realiza sus actividades.<\/p>","protected":false},"featured_media":0,"template":"","class_list":["post-204649","archive_imf","type-archive_imf","status-publish","hentry"],"acf":[],"yoast_head":"<!-- This site is optimized with the Yoast SEO Premium plugin v27.1 (Yoast SEO v27.1) - https:\/\/yoast.com\/product\/yoast-seo-premium-wordpress\/ -->\n<title>Continua la solidaridad internacional con los mineros mexicanos - industriall-union<\/title>\n<meta name=\"robots\" content=\"index, follow, max-snippet:-1, max-image-preview:large, max-video-preview:-1\" \/>\n<link rel=\"canonical\" href=\"https:\/\/admin.industriall-union.org\/es\/archive\/imf\/continua-la-solidaridad-internacional-con-los-mineros-mexicanos\/\" \/>\n<meta property=\"og:locale\" content=\"es_ES\" \/>\n<meta property=\"og:type\" content=\"article\" \/>\n<meta property=\"og:title\" content=\"Continua la solidaridad internacional con los mineros mexicanos\" \/>\n<meta property=\"og:description\" content=\"MUNDO: En los dos \u00faltimos meses, afiliados a la FITIM en Europa y en las Am\u00e9ricas han llevado a cabo una serie de acciones en apoyo de la lucha del Sindicato de Mineros de M\u00e9xico por la independencia sindical. En M\u00e9xico, la mayor empresa minera del pa\u00eds, el Grupo M\u00e9xico, y el Gobierno nacional &#8211;primero [&hellip;]\" \/>\n<meta property=\"og:url\" content=\"https:\/\/admin.industriall-union.org\/es\/archive\/imf\/continua-la-solidaridad-internacional-con-los-mineros-mexicanos\/\" \/>\n<meta property=\"og:site_name\" content=\"industriall-union\" \/>\n<meta property=\"article:modified_time\" content=\"2025-01-31T10:59:09+00:00\" \/>\n<meta name=\"twitter:card\" content=\"summary_large_image\" \/>\n<meta name=\"twitter:label1\" content=\"Est. reading time\" \/>\n\t<meta name=\"twitter:data1\" content=\"5 minutes\" \/>\n<script type=\"application\/ld+json\" class=\"yoast-schema-graph\">{\"@context\":\"https:\/\/schema.org\",\"@graph\":[{\"@type\":\"WebPage\",\"@id\":\"https:\/\/admin.industriall-union.org\/es\/archive\/imf\/continua-la-solidaridad-internacional-con-los-mineros-mexicanos\/\",\"url\":\"https:\/\/admin.industriall-union.org\/es\/archive\/imf\/continua-la-solidaridad-internacional-con-los-mineros-mexicanos\/\",\"name\":\"Continua la solidaridad internacional con los mineros mexicanos - industriall-union\",\"isPartOf\":{\"@id\":\"https:\/\/admin.industriall-union.org\/#website\"},\"datePublished\":\"2008-05-30T08:58:00+00:00\",\"dateModified\":\"2025-01-31T10:59:09+00:00\",\"breadcrumb\":{\"@id\":\"https:\/\/admin.industriall-union.org\/es\/archive\/imf\/continua-la-solidaridad-internacional-con-los-mineros-mexicanos\/#breadcrumb\"},\"inLanguage\":\"es-ES\",\"potentialAction\":[{\"@type\":\"ReadAction\",\"target\":[\"https:\/\/admin.industriall-union.org\/es\/archive\/imf\/continua-la-solidaridad-internacional-con-los-mineros-mexicanos\/\"]}]},{\"@type\":\"BreadcrumbList\",\"@id\":\"https:\/\/admin.industriall-union.org\/es\/archive\/imf\/continua-la-solidaridad-internacional-con-los-mineros-mexicanos\/#breadcrumb\",\"itemListElement\":[{\"@type\":\"ListItem\",\"position\":1,\"name\":\"Home\",\"item\":\"https:\/\/admin.industriall-union.org\/\"},{\"@type\":\"ListItem\",\"position\":2,\"name\":\"Archive Imf\",\"item\":\"https:\/\/admin.industriall-union.org\/es\/archive\/imf\/\"},{\"@type\":\"ListItem\",\"position\":3,\"name\":\"Continua la solidaridad internacional con los mineros mexicanos\"}]},{\"@type\":\"WebSite\",\"@id\":\"https:\/\/admin.industriall-union.org\/#website\",\"url\":\"https:\/\/admin.industriall-union.org\/\",\"name\":\"industriall-union\",\"description\":\"\",\"potentialAction\":[{\"@type\":\"SearchAction\",\"target\":{\"@type\":\"EntryPoint\",\"urlTemplate\":\"https:\/\/admin.industriall-union.org\/?s={search_term_string}\"},\"query-input\":{\"@type\":\"PropertyValueSpecification\",\"valueRequired\":true,\"valueName\":\"search_term_string\"}}],\"inLanguage\":\"es-ES\"}]}<\/script>\n<!-- \/ Yoast SEO Premium plugin. -->","yoast_head_json":{"title":"Continua la solidaridad internacional con los mineros mexicanos - industriall-union","robots":{"index":"index","follow":"follow","max-snippet":"max-snippet:-1","max-image-preview":"max-image-preview:large","max-video-preview":"max-video-preview:-1"},"canonical":"https:\/\/admin.industriall-union.org\/es\/archive\/imf\/continua-la-solidaridad-internacional-con-los-mineros-mexicanos\/","og_locale":"es_ES","og_type":"article","og_title":"Continua la solidaridad internacional con los mineros mexicanos","og_description":"MUNDO: En los dos \u00faltimos meses, afiliados a la FITIM en Europa y en las Am\u00e9ricas han llevado a cabo una serie de acciones en apoyo de la lucha del Sindicato de Mineros de M\u00e9xico por la independencia sindical. En M\u00e9xico, la mayor empresa minera del pa\u00eds, el Grupo M\u00e9xico, y el Gobierno nacional &#8211;primero [&hellip;]","og_url":"https:\/\/admin.industriall-union.org\/es\/archive\/imf\/continua-la-solidaridad-internacional-con-los-mineros-mexicanos\/","og_site_name":"industriall-union","article_modified_time":"2025-01-31T10:59:09+00:00","twitter_card":"summary_large_image","twitter_misc":{"Est. reading time":"5 minutes"},"schema":{"@context":"https:\/\/schema.org","@graph":[{"@type":"WebPage","@id":"https:\/\/admin.industriall-union.org\/es\/archive\/imf\/continua-la-solidaridad-internacional-con-los-mineros-mexicanos\/","url":"https:\/\/admin.industriall-union.org\/es\/archive\/imf\/continua-la-solidaridad-internacional-con-los-mineros-mexicanos\/","name":"Continua la solidaridad internacional con los mineros mexicanos - industriall-union","isPartOf":{"@id":"https:\/\/admin.industriall-union.org\/#website"},"datePublished":"2008-05-30T08:58:00+00:00","dateModified":"2025-01-31T10:59:09+00:00","breadcrumb":{"@id":"https:\/\/admin.industriall-union.org\/es\/archive\/imf\/continua-la-solidaridad-internacional-con-los-mineros-mexicanos\/#breadcrumb"},"inLanguage":"es-ES","potentialAction":[{"@type":"ReadAction","target":["https:\/\/admin.industriall-union.org\/es\/archive\/imf\/continua-la-solidaridad-internacional-con-los-mineros-mexicanos\/"]}]},{"@type":"BreadcrumbList","@id":"https:\/\/admin.industriall-union.org\/es\/archive\/imf\/continua-la-solidaridad-internacional-con-los-mineros-mexicanos\/#breadcrumb","itemListElement":[{"@type":"ListItem","position":1,"name":"Home","item":"https:\/\/admin.industriall-union.org\/"},{"@type":"ListItem","position":2,"name":"Archive Imf","item":"https:\/\/admin.industriall-union.org\/es\/archive\/imf\/"},{"@type":"ListItem","position":3,"name":"Continua la solidaridad internacional con los mineros mexicanos"}]},{"@type":"WebSite","@id":"https:\/\/admin.industriall-union.org\/#website","url":"https:\/\/admin.industriall-union.org\/","name":"industriall-union","description":"","potentialAction":[{"@type":"SearchAction","target":{"@type":"EntryPoint","urlTemplate":"https:\/\/admin.industriall-union.org\/?s={search_term_string}"},"query-input":{"@type":"PropertyValueSpecification","valueRequired":true,"valueName":"search_term_string"}}],"inLanguage":"es-ES"}]}},"_links":{"self":[{"href":"https:\/\/admin.industriall-union.org\/es\/wp-json\/wp\/v2\/archive_imf\/204649","targetHints":{"allow":["GET"]}}],"collection":[{"href":"https:\/\/admin.industriall-union.org\/es\/wp-json\/wp\/v2\/archive_imf"}],"about":[{"href":"https:\/\/admin.industriall-union.org\/es\/wp-json\/wp\/v2\/types\/archive_imf"}],"wp:attachment":[{"href":"https:\/\/admin.industriall-union.org\/es\/wp-json\/wp\/v2\/media?parent=204649"}],"curies":[{"name":"wp","href":"https:\/\/api.w.org\/{rel}","templated":true}]}}

<p>MUNDO: En los dos últimos meses, afiliados a la FITIM en Europa y en las Américas han llevado a cabo una serie de acciones en apoyo de la lucha del Sindicato de Mineros de México por la independencia sindical.</p><p>En México, la mayor empresa minera del país, el Grupo México, y el Gobierno nacional &#8211;primero bajo la presidencia del presidente Fox y ahora bajo la de Felipe Calderón &#8212; han violado sistemáticamente y repetidas veces la legislación mexicana y las normas internacionales, con el fin de destruir al Sindicato Nacional de Trabajadores Mineros, Metalúrgicos y Similares de la República Mexicana (SNTMMSRM).</p><p>La FITIM y sus afiliados piden el Gobierno mexicano que:</p><ul><li>libere todos los fondos sindicales confiscados ilegalmente por el Gobierno;</li><li>retire todos los cargos aún pendientes contra Napoleón Gómez Urrutia y otros miembros del SNTMMSRM;</li><li>enjuicie, de forma inmediata y transparente, a todos los responsables de adulteración de documentos y de hechos, e</li><li>investigue la implicación del Grupo México en el asesinato de Reynaldo Hernández González y en la detención y tortura de 20 miembros del SNTMMSRM en Nacozari, Sonora.</li></ul><p>Como parte de sus constantes esfuerzos de solidaridad en apoyo del sindicato, el 23 de abril de 2008 la FITIM publicó &quot;Un agravio a uno: La lucha de los mineros mexicanos por la independencia del sindicato&quot;, un libro blanco y un DVD de 18 minutos, en los que se documenta el abuso de los derechos humanos y sindicales en México. Tras la publicación de ese material, sindicatos de todo elmundo realizaron una serie de acciones para seguir mostrando su apoyo al Sindicato de Mineros de México.</p><p><strong>Argentina:</strong></p><p>In Argentina, afiliados a la FITIM escribieron al Cogreso nacional denunciando la situación en México. Con el apoyo de varios miembros del Congreso, el asunto figura ahora en el programa del Congreso, para considerarlo.</p><p><strong>Brasil:</strong></p><p>En Brasil, la CNM-CUT dio a conocer el libro blanco y el DVD de la FITIM en su sitio web y en varias publicaciones. Además, el sindicato envió copias del libro blanco y cartas a los miembros del parlamento, pidiéndoles que abordaran la cuestión con el embajador mexicano. El sindicato envió también comunicados de prensa a la prensa local sobre esas acciones.</p><p><strong>FEM:</strong></p><p>En Europa, la Federación Europea de Metalúrgicos instó a la MPE Erika Mann a plantear la cuestión en la cumbre de Lima. En el sitio web de la FITIM figura la carta de la FEM.</p><p><strong>FITIM:</strong></p><p>El 23 de abril de 2008, la FITIM lanzó internacionalmente el libro blanco &quot;Un agravio a uno: La lucha de los mineros mexicanos por la independencia del sindicato&quot; y un DVD de 18 minutos en que se documenta el abuso de los derechos humanos y sindicales en México, en conjunción con el Sindicato de Mineros Mexicano. La FITIM proyectó el DVD en la Noche de Películas sobre los Trabajadores, en Ginebra, el 1 de mayo, y ha publicado el material en el sitio web de la FITIM, distribuyendo copias a los afiliados de la Federación. Además, la FITIM envió cartas a Comisarios de la UE y a un miembro del Parlamento de la UE, instándole a plantear la cuestión en la Cumbre LAC/UE en Perú. Las cartas figuran en el sitio web de la FITIM.</p><p><strong>Alemania:</strong></p><p>En Alemania, IG Metall escribió el ministro de Relaciones Exteriores y a miembros del Ministerio, pidiéndoles que el Gobierno considerara la situación en México y suscitara el asunto ante el Gobierno mexicano.</p><p><strong>México:</strong></p><p>El Sindicato de Trabajadores de México celebró una conferencia de prensa el 23 de abril, solicitando el fin de la represión contra el Sindicato de Mineros, en honor de los dos trabajadores en huelga matados a tiros por las fuerzas de seguridad, cuyo aniversario se cumplía, en Lázaro Cárdenas (México).</p><p><strong>España:</strong></p><p>En España, la Federación Minerometalúrgica de Comisiones Obreras (FMCO) organizó una petición, reuniendo firmas de los trabajadores para exigir la recuperación de los cuerpos de los mineros sepultados en Pasta de Conches.</p><p><strong>Perú:</strong></p><p>En Perú, en la Cumbre de los Pueblos, del 13 al 16 de mayo, celebrada coincidiendo con la V Reunión en la Cumbre de la Unión Europea ( UE) y de Jefes de Estado y de Gobierno de la ALC, la Central Nacional de la Mujer Minera del Perú (CNMM) y el Sindicato Nacional de Trabajadores Mineros, Metalúrgicos y Similares de la República Mexicana (SNTMMSRM) hicieron pública la represion y la persecución de los mineros mexicanos. Se proyectó el documental &quot;Un agravio a uno&quot;, y se distribuyeron copias del libro blanco de la FITIM. Para más información, <a href="../main/index.cfm?n=47&amp;l=2&amp;ol=28&amp;c=17689">hágase clic aquí</a>.</p><p><strong>Reino Unido:</strong></p><p>En el Reino Unido se presentó en el Parlamento una moción especial (Early Day Motion) en apoyo de Napoleón Gómez y del Sindicato de Mineros de México, con el apoyo de 38 miembros del Parlamento. Además, la Comunidad escribió al ministro de Relaciones Exteriores, David Miliband, con copia del primer ministro, Minster Gordon Brown, pidiendo que el Gobierno del Reino Unido exponga sus preocupaciones sobre la situación en México al Gobierno mexicano. En el sitio web de la FITIM figura el texto de la moción.</p><p><strong>Estados Unidos y Canadá:</strong></p><p>En Estados Unidos, el United Steelworkers celebró reuniones con el Caucus Hispano del Congreso, se reunió con los embajadores mexicanos y envió delegaciones a México para la conferencia de prensa del 23 de abril. Una delegación del USW asistió también al congreso del sindicato de Mineros de México, y se envió a 12 mujeres del UWW, miembros siderúrgicos, en misión a Cananea, en apoyo de los trabajadores en huelga.</p><p>El 13 de mayo, el USW also anunció además la creación de un sitio web para difundir información sobre las prácticas empresariales de Grupo México. La página web, que puede encontrarse en http://www.therecordspeaksforitself.com/, contiene enlaces con cierto número de recursos que instruirán al público sobre la conducta de Grupo México respecto a sus trabajadores, tanto en el país como en el extranjero, así como el entorno y la forma en que la compañía realiza sus actividades.</p>

<!-- This site is optimized with the Yoast SEO Premium plugin v27.1 (Yoast SEO v27.1) - https://yoast.com/product/yoast-seo-premium-wordpress/ -->
<title>Continua la solidaridad internacional con los mineros mexicanos - industriall-union</title>
<meta name="robots" content="index, follow, max-snippet:-1, max-image-preview:large, max-video-preview:-1" />
<link rel="canonical" href="https://admin.industriall-union.org/es/archive/imf/continua-la-solidaridad-internacional-con-los-mineros-mexicanos/" />
<meta property="og:locale" content="es_ES" />
<meta property="og:type" content="article" />
<meta property="og:title" content="Continua la solidaridad internacional con los mineros mexicanos" />
<meta property="og:description" content="MUNDO: En los dos últimos meses, afiliados a la FITIM en Europa y en las Américas han llevado a cabo una serie de acciones en apoyo de la lucha del Sindicato de Mineros de México por la independencia sindical. En México, la mayor empresa minera del país, el Grupo México, y el Gobierno nacional &#8211;primero [&hellip;]" />
<meta property="og:url" content="https://admin.industriall-union.org/es/archive/imf/continua-la-solidaridad-internacional-con-los-mineros-mexicanos/" />
<meta property="og:site_name" content="industriall-union" />
<meta property="article:modified_time" content="2025-01-31T10:59:09+00:00" />
<meta name="twitter:card" content="summary_large_image" />
<meta name="twitter:label1" content="Est. reading time" />
	<meta name="twitter:data1" content="5 minutes" />
<script type="application/ld+json" class="yoast-schema-graph">{"@context":"https://schema.org","@graph":[{"@type":"WebPage","@id":"https://admin.industriall-union.org/es/archive/imf/continua-la-solidaridad-internacional-con-los-mineros-mexicanos/","url":"https://admin.industriall-union.org/es/archive/imf/continua-la-solidaridad-internacional-con-los-mineros-mexicanos/","name":"Continua la solidaridad internacional con los mineros mexicanos - industriall-union","isPartOf":{"@id":"https://admin.industriall-union.org/#website"},"datePublished":"2008-05-30T08:58:00+00:00","dateModified":"2025-01-31T10:59:09+00:00","breadcrumb":{"@id":"https://admin.industriall-union.org/es/archive/imf/continua-la-solidaridad-internacional-con-los-mineros-mexicanos/#breadcrumb"},"inLanguage":"es-ES","potentialAction":[{"@type":"ReadAction","target":["https://admin.industriall-union.org/es/archive/imf/continua-la-solidaridad-internacional-con-los-mineros-mexicanos/"]}]},{"@type":"BreadcrumbList","@id":"https://admin.industriall-union.org/es/archive/imf/continua-la-solidaridad-internacional-con-los-mineros-mexicanos/#breadcrumb","itemListElement":[{"@type":"ListItem","position":1,"name":"Home","item":"https://admin.industriall-union.org/"},{"@type":"ListItem","position":2,"name":"Archive Imf","item":"https://admin.industriall-union.org/es/archive/imf/"},{"@type":"ListItem","position":3,"name":"Continua la solidaridad internacional con los mineros mexicanos"}]},{"@type":"WebSite","@id":"https://admin.industriall-union.org/#website","url":"https://admin.industriall-union.org/","name":"industriall-union","description":"","potentialAction":[{"@type":"SearchAction","target":{"@type":"EntryPoint","urlTemplate":"https://admin.industriall-union.org/?s={search_term_string}"},"query-input":{"@type":"PropertyValueSpecification","valueRequired":true,"valueName":"search_term_string"}}],"inLanguage":"es-ES"}]}</script>
<!-- / Yoast SEO Premium plugin. -->

MUNDO: En los dos últimos meses, afiliados a la FITIM en Europa y en las Américas han llevado a cabo una serie de acciones en apoyo de la lucha del Sindicato de Mineros de México por la independencia sindical. En México, la mayor empresa minera del país, el Grupo México, y el Gobierno nacional &#8211;primero [&hellip;]
