{"id":204620,"date":"2008-06-18T14:56:00","date_gmt":"2008-06-18T14:56:00","guid":{"rendered":"https:\/\/admin.industriall-union.org\/archive\/imf\/la-oit-adopta-una-declaracion-sobre-la-justicia-social\/"},"modified":"2025-01-31T10:58:58","modified_gmt":"2025-01-31T10:58:58","slug":"la-oit-adopta-una-declaracion-sobre-la-justicia-social","status":"publish","type":"archive_imf","link":"https:\/\/admin.industriall-union.org\/es\/archive\/imf\/la-oit-adopta-una-declaracion-sobre-la-justicia-social\/","title":{"rendered":"La OIT adopta una Declaraci\u00f3n sobre la justicia social"},"content":{"rendered":"MUNDO: La Conferencia Internacional del Trabajo adopt\u00f3 el 13 de junio una hist\u00f3rica Declaraci\u00f3n destinada a reforzar la capacidad de la Organizaci\u00f3n Internacional del Trabajo para abordar los crecientes desaf\u00edos de la globalizaci\u00f3n. <br \/><br \/>La &#8220;Declaraci\u00f3n sobre la justicia social para una globalizaci\u00f3n justa&#8221; fue apoyada por gobiernos, trabajadores y empleadores, y sit\u00faa la justicia social en el centro de la globalizaci\u00f3n. <br \/><br \/>La Declaraci\u00f3n ofrece una v\u00eda para la aplicaci\u00f3n del programa de la OIT sobre el trabajo decente, y deja claro que los diferentes componentes del trabajo decente son inseparables y est\u00e1n correlacionados. La Declaraci\u00f3n insta a la OIT y a todos los Estados miembros a que luchen por el trabajo decente y reconozcan la especial funci\u00f3n de la libertad de asociaci\u00f3n y la negociaci\u00f3n colectiva para alcanzar ese objetivo. <br \/><br \/>Adem\u00e1s, la Declaraci\u00f3n reafirma el mandato de la OIT para examinar las politicas econ\u00f3micas, financieras y comerciales, puesto que todas ellas afectan al empleo. No hay duda de que a la OIT le corresponde evaluar esos efectos sobre el empleo, a fin de situar el empleo y el trabajo decente en el centro de las pol\u00edticas econ\u00f3micas. <br \/><br \/>Y para lograrlo la OIT habr\u00e1 de tener un fuerte y efectivo impacto en las actividades y las pol\u00edticas propuestas por el Fondo Monetario Internacional, el Banco Mundial y la Organizaci\u00f3n Mundial del Comercio. <br \/><br \/>El sindicalista sudafricano Ebrahim Patel, que encabez\u00f3 el Grupo de los Trabajadores en las negociaciones, dijo: &#8220;Se trata de una Declaraci\u00f3n excelente, sobre el presente y sobre el futuro, sobre ayudar a crear un mundo en el que la justicia social ocupe un lugar central en la econom\u00eda mundial y en el que el trabajo decente sea el instrumento para conseguirlo.&#8221; <br \/><br \/>&quot;Se\u00f1ala que la libertad de asociaci\u00f3n, la negociaci\u00f3n colectiva y la centralidad de la relaci\u00f3n de trabajo son m\u00e1s v\u00e1lidas que nunca&#8221;, agreg\u00f3 Patel. <br \/><br \/>La Declaraci\u00f3n puede encontrarse en el sitio web de la OIT, en este enlace: <a href=\"http:\/\/www.ilo.org\/wcmsp5\/groups\/public\/---ed_norm\/---relconf\/documents\/meetingdocument\/wcms_094042.pdf\">http:\/\/www.ilo.org\/wcmsp5\/groups\/public\/&#8212;ed_norm\/&#8212;relconf\/documents\/meetingdocument\/wcms_094042.pdf<\/a> ","protected":false},"featured_media":0,"template":"","class_list":["post-204620","archive_imf","type-archive_imf","status-publish","hentry"],"acf":[],"yoast_head":"<!-- This site is optimized with the Yoast SEO Premium plugin v27.1 (Yoast SEO v27.1) - https:\/\/yoast.com\/product\/yoast-seo-premium-wordpress\/ -->\n<title>La OIT adopta una Declaraci\u00f3n sobre la justicia social - industriall-union<\/title>\n<meta name=\"robots\" content=\"index, follow, max-snippet:-1, max-image-preview:large, max-video-preview:-1\" \/>\n<link rel=\"canonical\" href=\"https:\/\/admin.industriall-union.org\/es\/archive\/imf\/la-oit-adopta-una-declaracion-sobre-la-justicia-social\/\" \/>\n<meta property=\"og:locale\" content=\"es_ES\" \/>\n<meta property=\"og:type\" content=\"article\" \/>\n<meta property=\"og:title\" content=\"La OIT adopta una Declaraci\u00f3n sobre la justicia social\" \/>\n<meta property=\"og:description\" content=\"MUNDO: La Conferencia Internacional del Trabajo adopt\u00f3 el 13 de junio una hist\u00f3rica Declaraci\u00f3n destinada a reforzar la capacidad de la Organizaci\u00f3n Internacional del Trabajo para abordar los crecientes desaf\u00edos de la globalizaci\u00f3n. La &#8220;Declaraci\u00f3n sobre la justicia social para una globalizaci\u00f3n justa&#8221; fue apoyada por gobiernos, trabajadores y empleadores, y sit\u00faa la justicia social [&hellip;]\" \/>\n<meta property=\"og:url\" content=\"https:\/\/admin.industriall-union.org\/es\/archive\/imf\/la-oit-adopta-una-declaracion-sobre-la-justicia-social\/\" \/>\n<meta property=\"og:site_name\" content=\"industriall-union\" \/>\n<meta property=\"article:modified_time\" content=\"2025-01-31T10:58:58+00:00\" \/>\n<meta name=\"twitter:card\" content=\"summary_large_image\" \/>\n<meta name=\"twitter:label1\" content=\"Est. reading time\" \/>\n\t<meta name=\"twitter:data1\" content=\"2 minutes\" \/>\n<script type=\"application\/ld+json\" class=\"yoast-schema-graph\">{\"@context\":\"https:\/\/schema.org\",\"@graph\":[{\"@type\":\"WebPage\",\"@id\":\"https:\/\/admin.industriall-union.org\/es\/archive\/imf\/la-oit-adopta-una-declaracion-sobre-la-justicia-social\/\",\"url\":\"https:\/\/admin.industriall-union.org\/es\/archive\/imf\/la-oit-adopta-una-declaracion-sobre-la-justicia-social\/\",\"name\":\"La OIT adopta una Declaraci\u00f3n sobre la justicia social - industriall-union\",\"isPartOf\":{\"@id\":\"https:\/\/admin.industriall-union.org\/es\/#website\"},\"datePublished\":\"2008-06-18T14:56:00+00:00\",\"dateModified\":\"2025-01-31T10:58:58+00:00\",\"breadcrumb\":{\"@id\":\"https:\/\/admin.industriall-union.org\/es\/archive\/imf\/la-oit-adopta-una-declaracion-sobre-la-justicia-social\/#breadcrumb\"},\"inLanguage\":\"es-ES\",\"potentialAction\":[{\"@type\":\"ReadAction\",\"target\":[\"https:\/\/admin.industriall-union.org\/es\/archive\/imf\/la-oit-adopta-una-declaracion-sobre-la-justicia-social\/\"]}]},{\"@type\":\"BreadcrumbList\",\"@id\":\"https:\/\/admin.industriall-union.org\/es\/archive\/imf\/la-oit-adopta-una-declaracion-sobre-la-justicia-social\/#breadcrumb\",\"itemListElement\":[{\"@type\":\"ListItem\",\"position\":1,\"name\":\"Home\",\"item\":\"https:\/\/admin.industriall-union.org\/es\/\"},{\"@type\":\"ListItem\",\"position\":2,\"name\":\"Archive Imf\",\"item\":\"https:\/\/admin.industriall-union.org\/archive\/imf\/\"},{\"@type\":\"ListItem\",\"position\":3,\"name\":\"La OIT adopta una Declaraci\u00f3n sobre la justicia social\"}]},{\"@type\":\"WebSite\",\"@id\":\"https:\/\/admin.industriall-union.org\/es\/#website\",\"url\":\"https:\/\/admin.industriall-union.org\/es\/\",\"name\":\"industriall-union\",\"description\":\"\",\"potentialAction\":[{\"@type\":\"SearchAction\",\"target\":{\"@type\":\"EntryPoint\",\"urlTemplate\":\"https:\/\/admin.industriall-union.org\/es\/?s={search_term_string}\"},\"query-input\":{\"@type\":\"PropertyValueSpecification\",\"valueRequired\":true,\"valueName\":\"search_term_string\"}}],\"inLanguage\":\"es-ES\"}]}<\/script>\n<!-- \/ Yoast SEO Premium plugin. -->","yoast_head_json":{"title":"La OIT adopta una Declaraci\u00f3n sobre la justicia social - industriall-union","robots":{"index":"index","follow":"follow","max-snippet":"max-snippet:-1","max-image-preview":"max-image-preview:large","max-video-preview":"max-video-preview:-1"},"canonical":"https:\/\/admin.industriall-union.org\/es\/archive\/imf\/la-oit-adopta-una-declaracion-sobre-la-justicia-social\/","og_locale":"es_ES","og_type":"article","og_title":"La OIT adopta una Declaraci\u00f3n sobre la justicia social","og_description":"MUNDO: La Conferencia Internacional del Trabajo adopt\u00f3 el 13 de junio una hist\u00f3rica Declaraci\u00f3n destinada a reforzar la capacidad de la Organizaci\u00f3n Internacional del Trabajo para abordar los crecientes desaf\u00edos de la globalizaci\u00f3n. La &#8220;Declaraci\u00f3n sobre la justicia social para una globalizaci\u00f3n justa&#8221; fue apoyada por gobiernos, trabajadores y empleadores, y sit\u00faa la justicia social [&hellip;]","og_url":"https:\/\/admin.industriall-union.org\/es\/archive\/imf\/la-oit-adopta-una-declaracion-sobre-la-justicia-social\/","og_site_name":"industriall-union","article_modified_time":"2025-01-31T10:58:58+00:00","twitter_card":"summary_large_image","twitter_misc":{"Est. reading time":"2 minutes"},"schema":{"@context":"https:\/\/schema.org","@graph":[{"@type":"WebPage","@id":"https:\/\/admin.industriall-union.org\/es\/archive\/imf\/la-oit-adopta-una-declaracion-sobre-la-justicia-social\/","url":"https:\/\/admin.industriall-union.org\/es\/archive\/imf\/la-oit-adopta-una-declaracion-sobre-la-justicia-social\/","name":"La OIT adopta una Declaraci\u00f3n sobre la justicia social - industriall-union","isPartOf":{"@id":"https:\/\/admin.industriall-union.org\/es\/#website"},"datePublished":"2008-06-18T14:56:00+00:00","dateModified":"2025-01-31T10:58:58+00:00","breadcrumb":{"@id":"https:\/\/admin.industriall-union.org\/es\/archive\/imf\/la-oit-adopta-una-declaracion-sobre-la-justicia-social\/#breadcrumb"},"inLanguage":"es-ES","potentialAction":[{"@type":"ReadAction","target":["https:\/\/admin.industriall-union.org\/es\/archive\/imf\/la-oit-adopta-una-declaracion-sobre-la-justicia-social\/"]}]},{"@type":"BreadcrumbList","@id":"https:\/\/admin.industriall-union.org\/es\/archive\/imf\/la-oit-adopta-una-declaracion-sobre-la-justicia-social\/#breadcrumb","itemListElement":[{"@type":"ListItem","position":1,"name":"Home","item":"https:\/\/admin.industriall-union.org\/es\/"},{"@type":"ListItem","position":2,"name":"Archive Imf","item":"https:\/\/admin.industriall-union.org\/archive\/imf\/"},{"@type":"ListItem","position":3,"name":"La OIT adopta una Declaraci\u00f3n sobre la justicia social"}]},{"@type":"WebSite","@id":"https:\/\/admin.industriall-union.org\/es\/#website","url":"https:\/\/admin.industriall-union.org\/es\/","name":"industriall-union","description":"","potentialAction":[{"@type":"SearchAction","target":{"@type":"EntryPoint","urlTemplate":"https:\/\/admin.industriall-union.org\/es\/?s={search_term_string}"},"query-input":{"@type":"PropertyValueSpecification","valueRequired":true,"valueName":"search_term_string"}}],"inLanguage":"es-ES"}]}},"_links":{"self":[{"href":"https:\/\/admin.industriall-union.org\/es\/wp-json\/wp\/v2\/archive_imf\/204620","targetHints":{"allow":["GET"]}}],"collection":[{"href":"https:\/\/admin.industriall-union.org\/es\/wp-json\/wp\/v2\/archive_imf"}],"about":[{"href":"https:\/\/admin.industriall-union.org\/es\/wp-json\/wp\/v2\/types\/archive_imf"}],"wp:attachment":[{"href":"https:\/\/admin.industriall-union.org\/es\/wp-json\/wp\/v2\/media?parent=204620"}],"curies":[{"name":"wp","href":"https:\/\/api.w.org\/{rel}","templated":true}]}}

La OIT adopta una Declaración sobre la justicia social

MUNDO: La Conferencia Internacional del Trabajo adoptó el 13 de junio una histórica Declaración destinada a reforzar la capacidad de la Organización Internacional del Trabajo para abordar los crecientes desafíos de la globalización. <br /><br />La &#8220;Declaración sobre la justicia social para una globalización justa&#8221; fue apoyada por gobiernos, trabajadores y empleadores, y sitúa la justicia social en el centro de la globalización. <br /><br />La Declaración ofrece una vía para la aplicación del programa de la OIT sobre el trabajo decente, y deja claro que los diferentes componentes del trabajo decente son inseparables y están correlacionados. La Declaración insta a la OIT y a todos los Estados miembros a que luchen por el trabajo decente y reconozcan la especial función de la libertad de asociación y la negociación colectiva para alcanzar ese objetivo. <br /><br />Además, la Declaración reafirma el mandato de la OIT para examinar las politicas económicas, financieras y comerciales, puesto que todas ellas afectan al empleo. No hay duda de que a la OIT le corresponde evaluar esos efectos sobre el empleo, a fin de situar el empleo y el trabajo decente en el centro de las políticas económicas. <br /><br />Y para lograrlo la OIT habrá de tener un fuerte y efectivo impacto en las actividades y las políticas propuestas por el Fondo Monetario Internacional, el Banco Mundial y la Organización Mundial del Comercio. <br /><br />El sindicalista sudafricano Ebrahim Patel, que encabezó el Grupo de los Trabajadores en las negociaciones, dijo: &#8220;Se trata de una Declaración excelente, sobre el presente y sobre el futuro, sobre ayudar a crear un mundo en el que la justicia social ocupe un lugar central en la economía mundial y en el que el trabajo decente sea el instrumento para conseguirlo.&#8221; <br /><br />&quot;Señala que la libertad de asociación, la negociación colectiva y la centralidad de la relación de trabajo son más válidas que nunca&#8221;, agregó Patel. <br /><br />La Declaración puede encontrarse en el sitio web de la OIT, en este enlace: <a href="http://www.ilo.org/wcmsp5/groups/public/---ed_norm/---relconf/documents/meetingdocument/wcms_094042.pdf">http://www.ilo.org/wcmsp5/groups/public/&#8212;ed_norm/&#8212;relconf/documents/meetingdocument/wcms_094042.pdf</a>

<!-- This site is optimized with the Yoast SEO Premium plugin v27.1 (Yoast SEO v27.1) - https://yoast.com/product/yoast-seo-premium-wordpress/ -->
<title>La OIT adopta una Declaración sobre la justicia social - industriall-union</title>
<meta name="robots" content="index, follow, max-snippet:-1, max-image-preview:large, max-video-preview:-1" />
<link rel="canonical" href="https://admin.industriall-union.org/es/archive/imf/la-oit-adopta-una-declaracion-sobre-la-justicia-social/" />
<meta property="og:locale" content="es_ES" />
<meta property="og:type" content="article" />
<meta property="og:title" content="La OIT adopta una Declaración sobre la justicia social" />
<meta property="og:description" content="MUNDO: La Conferencia Internacional del Trabajo adoptó el 13 de junio una histórica Declaración destinada a reforzar la capacidad de la Organización Internacional del Trabajo para abordar los crecientes desafíos de la globalización. La &#8220;Declaración sobre la justicia social para una globalización justa&#8221; fue apoyada por gobiernos, trabajadores y empleadores, y sitúa la justicia social [&hellip;]" />
<meta property="og:url" content="https://admin.industriall-union.org/es/archive/imf/la-oit-adopta-una-declaracion-sobre-la-justicia-social/" />
<meta property="og:site_name" content="industriall-union" />
<meta property="article:modified_time" content="2025-01-31T10:58:58+00:00" />
<meta name="twitter:card" content="summary_large_image" />
<meta name="twitter:label1" content="Est. reading time" />
	<meta name="twitter:data1" content="2 minutes" />
<script type="application/ld+json" class="yoast-schema-graph">{"@context":"https://schema.org","@graph":[{"@type":"WebPage","@id":"https://admin.industriall-union.org/es/archive/imf/la-oit-adopta-una-declaracion-sobre-la-justicia-social/","url":"https://admin.industriall-union.org/es/archive/imf/la-oit-adopta-una-declaracion-sobre-la-justicia-social/","name":"La OIT adopta una Declaración sobre la justicia social - industriall-union","isPartOf":{"@id":"https://admin.industriall-union.org/es/#website"},"datePublished":"2008-06-18T14:56:00+00:00","dateModified":"2025-01-31T10:58:58+00:00","breadcrumb":{"@id":"https://admin.industriall-union.org/es/archive/imf/la-oit-adopta-una-declaracion-sobre-la-justicia-social/#breadcrumb"},"inLanguage":"es-ES","potentialAction":[{"@type":"ReadAction","target":["https://admin.industriall-union.org/es/archive/imf/la-oit-adopta-una-declaracion-sobre-la-justicia-social/"]}]},{"@type":"BreadcrumbList","@id":"https://admin.industriall-union.org/es/archive/imf/la-oit-adopta-una-declaracion-sobre-la-justicia-social/#breadcrumb","itemListElement":[{"@type":"ListItem","position":1,"name":"Home","item":"https://admin.industriall-union.org/es/"},{"@type":"ListItem","position":2,"name":"Archive Imf","item":"https://admin.industriall-union.org/archive/imf/"},{"@type":"ListItem","position":3,"name":"La OIT adopta una Declaración sobre la justicia social"}]},{"@type":"WebSite","@id":"https://admin.industriall-union.org/es/#website","url":"https://admin.industriall-union.org/es/","name":"industriall-union","description":"","potentialAction":[{"@type":"SearchAction","target":{"@type":"EntryPoint","urlTemplate":"https://admin.industriall-union.org/es/?s={search_term_string}"},"query-input":{"@type":"PropertyValueSpecification","valueRequired":true,"valueName":"search_term_string"}}],"inLanguage":"es-ES"}]}</script>
<!-- / Yoast SEO Premium plugin. -->

La OIT adopta una Declaración sobre la justicia social - industriall-union

MUNDO: La Conferencia Internacional del Trabajo adoptó el 13 de junio una histórica Declaración destinada a reforzar la capacidad de la Organización Internacional del Trabajo para abordar los crecientes desafíos de la globalización. La &#8220;Declaración sobre la justicia social para una globalización justa&#8221; fue apoyada por gobiernos, trabajadores y empleadores, y sitúa la justicia social [&hellip;]
